HEX
Server: nginx/1.24.0
System: Linux webserver 6.8.0-85-generic #85-Ubuntu SMP PREEMPT_DYNAMIC Thu Sep 18 15:26:59 UTC 2025 x86_64
User: wpuser (1002)
PHP: 8.3.6
Disabled: NONE
Upload Files
File: //var/log/nginx/gsudice.dataconn.net.access.log.1
66.135.21.75 - - [03/Nov/2025:01:10:18 +0000] "POST /wp-cron.php?doing_wp_cron=1762132218.3550748825073242187500 HTTP/1.1" 200 31 "-" "WordPress/6.3.1; https://gsudice.dataconn.net"
34.122.147.229 - - [03/Nov/2025:01:10:18 +0000] "GET / HTTP/1.1" 200 115835 "-" "Mozilla/5.0 (X11; Linux x86_64) AppleWebKit/537.36 (KHTML, like Gecko) HeadlessChrome/125.0.6422.60 Safari/537.36"
205.169.39.15 - - [03/Nov/2025:01:10:26 +0000] "GET / HTTP/1.1" 200 115835 "http://gsudice.dataconn.net" "Mozilla/5.0 (Windows NT 10.0) AppleWebKit/537.36 (KHTML, like Gecko) Chrome/106.0.0.0 Safari/537.36"
34.116.239.175 - - [03/Nov/2025:01:10:33 +0000] "GET / HTTP/1.1" 200 115835 "-" "Mozilla/5.0 (Windows NT 10.0; Win64; x64) AppleWebKit/537.36 (KHTML, like Gecko) Chrome/117.0.5938.132 Safari/537.36"
66.135.21.75 - - [03/Nov/2025:01:11:19 +0000] "POST /wp-cron.php?doing_wp_cron=1762132278.1691861152648925781250 HTTP/1.1" 200 31 "-" "WordPress/6.3.1; https://gsudice.dataconn.net"
34.118.51.217 - - [03/Nov/2025:01:11:19 +0000] "GET / HTTP/1.1" 200 115835 "-" "Mozilla/5.0 (iPhone13,2; U; CPU iPhone OS 14_0 like Mac OS X) AppleWebKit/602.1.50 (KHTML, like Gecko) Version/10.0 Mobile/15E148 Safari/602.1"
66.135.21.75 - - [03/Nov/2025:01:14:14 +0000] "POST /wp-cron.php?doing_wp_cron=1762132453.1962139606475830078125 HTTP/1.1" 499 0 "-" "WordPress/6.3.1; https://gsudice.dataconn.net"
205.169.39.15 - - [03/Nov/2025:01:14:14 +0000] "GET / HTTP/1.1" 200 115835 "-" "Mozilla/5.0 (Windows NT 10.0; Win64; x64) AppleWebKit/537.36 (KHTML, like Gecko) Chrome/117.0.5938.132 Safari/537.36"
66.135.21.75 - - [03/Nov/2025:02:17:18 +0000] "POST /wp-cron.php?doing_wp_cron=1762136237.7136299610137939453125 HTTP/1.1" 499 0 "-" "WordPress/6.3.1; https://gsudice.dataconn.net"
216.73.216.186 - - [03/Nov/2025:02:17:18 +0000] "GET /robots.txt HTTP/1.1" 301 5 "-" "Mozilla/5.0 AppleWebKit/537.36 (KHTML, like Gecko; compatible; ClaudeBot/1.0; +claudebot@anthropic.com)"
216.73.216.186 - - [03/Nov/2025:02:17:18 +0000] "GET /robots.txt/ HTTP/1.1" 200 115835 "https://gsudice.dataconn.net/robots.txt" "Mozilla/5.0 AppleWebKit/537.36 (KHTML, like Gecko; compatible; ClaudeBot/1.0; +claudebot@anthropic.com)"
216.73.216.186 - - [03/Nov/2025:02:17:19 +0000] "GET /sitemap.xml HTTP/1.1" 301 5 "-" "Mozilla/5.0 AppleWebKit/537.36 (KHTML, like Gecko; compatible; ClaudeBot/1.0; +claudebot@anthropic.com)"
216.73.216.186 - - [03/Nov/2025:02:17:20 +0000] "GET /sitemap.xml/ HTTP/1.1" 200 115835 "https://gsudice.dataconn.net/sitemap.xml" "Mozilla/5.0 AppleWebKit/537.36 (KHTML, like Gecko; compatible; ClaudeBot/1.0; +claudebot@anthropic.com)"
66.135.21.75 - - [03/Nov/2025:03:41:26 +0000] "POST /wp-cron.php?doing_wp_cron=1762141285.8925609588623046875000 HTTP/1.1" 499 0 "-" "WordPress/6.3.1; https://gsudice.dataconn.net"
216.73.216.186 - - [03/Nov/2025:03:41:26 +0000] "GET /robots.txt HTTP/1.1" 301 5 "-" "Mozilla/5.0 AppleWebKit/537.36 (KHTML, like Gecko; compatible; ClaudeBot/1.0; +claudebot@anthropic.com)"
216.73.216.186 - - [03/Nov/2025:03:41:28 +0000] "GET /robots.txt/ HTTP/1.1" 200 115835 "https://gsudice.dataconn.net/robots.txt" "Mozilla/5.0 AppleWebKit/537.36 (KHTML, like Gecko; compatible; ClaudeBot/1.0; +claudebot@anthropic.com)"
216.73.216.186 - - [03/Nov/2025:03:41:29 +0000] "GET /sitemap.xml HTTP/1.1" 301 5 "-" "Mozilla/5.0 AppleWebKit/537.36 (KHTML, like Gecko; compatible; ClaudeBot/1.0; +claudebot@anthropic.com)"
216.73.216.186 - - [03/Nov/2025:03:41:29 +0000] "GET /sitemap.xml/ HTTP/1.1" 200 115835 "https://gsudice.dataconn.net/sitemap.xml" "Mozilla/5.0 AppleWebKit/537.36 (KHTML, like Gecko; compatible; ClaudeBot/1.0; +claudebot@anthropic.com)"
114.119.157.46 - - [03/Nov/2025:04:27:26 +0000] "GET /wp-admin HTTP/1.1" 301 178 "-" "Mozilla/5.0 (Linux; Android 7.0;) AppleWebKit/537.36 (KHTML, like Gecko) Mobile Safari/537.36 (compatible; PetalBot;+https://webmaster.petalsearch.com/site/petalbot)"
66.135.21.75 - - [03/Nov/2025:04:27:29 +0000] "POST /wp-cron.php?doing_wp_cron=1762144048.0423829555511474609375 HTTP/1.1" 499 0 "-" "WordPress/6.3.1; https://gsudice.dataconn.net"
114.119.157.46 - - [03/Nov/2025:04:27:29 +0000] "GET /wp-admin/ HTTP/1.1" 302 5 "-" "Mozilla/5.0 (Linux; Android 7.0;) AppleWebKit/537.36 (KHTML, like Gecko) Mobile Safari/537.36 (compatible; PetalBot;+https://webmaster.petalsearch.com/site/petalbot)"
114.119.157.46 - - [03/Nov/2025:04:27:31 +0000] "GET /wp-login.php?redirect_to=https://gsudice.dataconn.net/wp-admin/&reauth=1 HTTP/1.1" 200 2167 "-" "Mozilla/5.0 (Linux; Android 7.0;) AppleWebKit/537.36 (KHTML, like Gecko) Mobile Safari/537.36 (compatible; PetalBot;+https://webmaster.petalsearch.com/site/petalbot)"
66.135.21.75 - - [03/Nov/2025:04:40:36 +0000] "POST /wp-cron.php?doing_wp_cron=1762144835.1496210098266601562500 HTTP/1.1" 499 0 "-" "WordPress/6.3.1; https://gsudice.dataconn.net"
24.126.132.81 - - [03/Nov/2025:04:40:36 +0000] "GET / HTTP/1.1" 200 115835 "-" "Mozilla/5.0 (Macintosh; Intel Mac OS X 10_15_7) AppleWebKit/537.36 (KHTML, like Gecko) Chrome/140.0.0.0 Safari/537.36"
66.135.21.75 - - [03/Nov/2025:05:36:03 +0000] "POST /wp-cron.php?doing_wp_cron=1762148162.4155468940734863281250 HTTP/1.1" 499 0 "-" "WordPress/6.3.1; https://gsudice.dataconn.net"
74.7.227.140 - - [03/Nov/2025:05:36:03 +0000] "GET / HTTP/1.1" 200 115835 "-" "Mozilla/5.0 AppleWebKit/537.36 (KHTML, like Gecko; compatible; GPTBot/1.2; +https://openai.com/gptbot)"
74.7.227.140 - - [03/Nov/2025:05:36:12 +0000] "GET /?page_id=1573 HTTP/1.1" 200 17951 "-" "Mozilla/5.0 AppleWebKit/537.36 (KHTML, like Gecko; compatible; GPTBot/1.2; +https://openai.com/gptbot)"
66.135.21.75 - - [03/Nov/2025:05:36:15 +0000] "POST /wp-cron.php?doing_wp_cron=1762148174.6525108814239501953125 HTTP/1.1" 499 0 "-" "WordPress/6.3.1; https://gsudice.dataconn.net"
74.7.227.140 - - [03/Nov/2025:05:36:15 +0000] "GET /?page_id=122 HTTP/1.1" 200 19523 "-" "Mozilla/5.0 AppleWebKit/537.36 (KHTML, like Gecko; compatible; GPTBot/1.2; +https://openai.com/gptbot)"
74.7.227.140 - - [03/Nov/2025:05:36:27 +0000] "GET /?page_id=608 HTTP/1.1" 200 21854 "-" "Mozilla/5.0 AppleWebKit/537.36 (KHTML, like Gecko; compatible; GPTBot/1.2; +https://openai.com/gptbot)"
74.7.227.140 - - [03/Nov/2025:05:36:32 +0000] "GET /?feed=rss2 HTTP/1.1" 200 1192 "-" "Mozilla/5.0 AppleWebKit/537.36 (KHTML, like Gecko; compatible; GPTBot/1.2; +https://openai.com/gptbot)"
74.7.227.140 - - [03/Nov/2025:05:36:34 +0000] "GET /?page_id=126 HTTP/1.1" 200 23321 "-" "Mozilla/5.0 AppleWebKit/537.36 (KHTML, like Gecko; compatible; GPTBot/1.2; +https://openai.com/gptbot)"
74.7.227.140 - - [03/Nov/2025:05:36:39 +0000] "GET /?feed=comments-rss2 HTTP/1.1" 200 783 "-" "Mozilla/5.0 AppleWebKit/537.36 (KHTML, like Gecko; compatible; GPTBot/1.2; +https://openai.com/gptbot)"
74.7.227.140 - - [03/Nov/2025:05:36:41 +0000] "GET /?page_id=182 HTTP/1.1" 200 45375 "-" "Mozilla/5.0 AppleWebKit/537.36 (KHTML, like Gecko; compatible; GPTBot/1.2; +https://openai.com/gptbot)"
74.7.227.140 - - [03/Nov/2025:05:36:46 +0000] "GET /?page_id=185 HTTP/1.1" 200 18119 "-" "Mozilla/5.0 AppleWebKit/537.36 (KHTML, like Gecko; compatible; GPTBot/1.2; +https://openai.com/gptbot)"
66.135.21.75 - - [03/Nov/2025:05:37:03 +0000] "POST /wp-cron.php?doing_wp_cron=1762148222.8750290870666503906250 HTTP/1.1" 499 0 "-" "WordPress/6.3.1; https://gsudice.dataconn.net"
74.7.227.140 - - [03/Nov/2025:05:37:03 +0000] "GET /xmlrpc.php?rsd HTTP/1.1" 200 333 "-" "Mozilla/5.0 AppleWebKit/537.36 (KHTML, like Gecko; compatible; GPTBot/1.2; +https://openai.com/gptbot)"
66.135.21.75 - - [03/Nov/2025:05:37:14 +0000] "POST /wp-cron.php?doing_wp_cron=1762148233.6852929592132568359375 HTTP/1.1" 499 0 "-" "WordPress/6.3.1; https://gsudice.dataconn.net"
74.7.227.140 - - [03/Nov/2025:05:37:14 +0000] "GET /index.php?rest_route=/wp/v2/pages/126 HTTP/1.1" 200 5569 "-" "Mozilla/5.0 AppleWebKit/537.36 (KHTML, like Gecko; compatible; GPTBot/1.2; +https://openai.com/gptbot)"
74.7.227.140 - - [03/Nov/2025:05:37:24 +0000] "GET /?p=182 HTTP/1.1" 301 5 "-" "Mozilla/5.0 AppleWebKit/537.36 (KHTML, like Gecko; compatible; GPTBot/1.2; +https://openai.com/gptbot)"
74.7.227.140 - - [03/Nov/2025:05:37:24 +0000] "GET /?page_id=182 HTTP/1.1" 200 45375 "-" "Mozilla/5.0 AppleWebKit/537.36 (KHTML, like Gecko; compatible; GPTBot/1.2; +https://openai.com/gptbot)"
74.7.227.140 - - [03/Nov/2025:05:37:30 +0000] "GET /?p=122 HTTP/1.1" 301 5 "-" "Mozilla/5.0 AppleWebKit/537.36 (KHTML, like Gecko; compatible; GPTBot/1.2; +https://openai.com/gptbot)"
74.7.227.140 - - [03/Nov/2025:05:37:30 +0000] "GET /?page_id=122 HTTP/1.1" 200 19523 "-" "Mozilla/5.0 AppleWebKit/537.36 (KHTML, like Gecko; compatible; GPTBot/1.2; +https://openai.com/gptbot)"
74.7.227.140 - - [03/Nov/2025:05:37:34 +0000] "GET /?p=185 HTTP/1.1" 301 5 "-" "Mozilla/5.0 AppleWebKit/537.36 (KHTML, like Gecko; compatible; GPTBot/1.2; +https://openai.com/gptbot)"
74.7.227.140 - - [03/Nov/2025:05:37:35 +0000] "GET /?page_id=185 HTTP/1.1" 200 18119 "-" "Mozilla/5.0 AppleWebKit/537.36 (KHTML, like Gecko; compatible; GPTBot/1.2; +https://openai.com/gptbot)"
74.7.227.140 - - [03/Nov/2025:05:37:43 +0000] "GET /?p=608 HTTP/1.1" 301 5 "-" "Mozilla/5.0 AppleWebKit/537.36 (KHTML, like Gecko; compatible; GPTBot/1.2; +https://openai.com/gptbot)"
74.7.227.140 - - [03/Nov/2025:05:37:43 +0000] "GET /?page_id=608 HTTP/1.1" 200 21854 "-" "Mozilla/5.0 AppleWebKit/537.36 (KHTML, like Gecko; compatible; GPTBot/1.2; +https://openai.com/gptbot)"
74.7.227.140 - - [03/Nov/2025:05:37:52 +0000] "GET /index.php?rest_route=%2Foembed%2F1.0%2Fembed&url=https%3A%2F%2Fgsudice.dataconn.net%2F%3Fpage_id%3D608 HTTP/1.1" 200 1275 "-" "Mozilla/5.0 AppleWebKit/537.36 (KHTML, like Gecko; compatible; GPTBot/1.2; +https://openai.com/gptbot)"
74.7.227.140 - - [03/Nov/2025:05:37:55 +0000] "GET /?p=126 HTTP/1.1" 301 5 "-" "Mozilla/5.0 AppleWebKit/537.36 (KHTML, like Gecko; compatible; GPTBot/1.2; +https://openai.com/gptbot)"
74.7.227.140 - - [03/Nov/2025:05:37:56 +0000] "GET /?page_id=126 HTTP/1.1" 200 23321 "-" "Mozilla/5.0 AppleWebKit/537.36 (KHTML, like Gecko; compatible; GPTBot/1.2; +https://openai.com/gptbot)"
74.7.227.140 - - [03/Nov/2025:05:37:58 +0000] "GET /index.php?format=xml&rest_route=%2Foembed%2F1.0%2Fembed&url=https%3A%2F%2Fgsudice.dataconn.net%2F%3Fpage_id%3D126 HTTP/1.1" 200 1296 "-" "Mozilla/5.0 AppleWebKit/537.36 (KHTML, like Gecko; compatible; GPTBot/1.2; +https://openai.com/gptbot)"
66.135.21.75 - - [03/Nov/2025:05:38:09 +0000] "POST /wp-cron.php?doing_wp_cron=1762148288.5452840328216552734375 HTTP/1.1" 499 0 "-" "WordPress/6.3.1; https://gsudice.dataconn.net"
74.7.227.140 - - [03/Nov/2025:05:38:09 +0000] "GET /?p=1573 HTTP/1.1" 301 5 "-" "Mozilla/5.0 AppleWebKit/537.36 (KHTML, like Gecko; compatible; GPTBot/1.2; +https://openai.com/gptbot)"
74.7.227.140 - - [03/Nov/2025:05:38:10 +0000] "GET /?page_id=1573 HTTP/1.1" 200 17951 "-" "Mozilla/5.0 AppleWebKit/537.36 (KHTML, like Gecko; compatible; GPTBot/1.2; +https://openai.com/gptbot)"
66.135.21.75 - - [03/Nov/2025:05:38:23 +0000] "POST /wp-cron.php?doing_wp_cron=1762148302.8236849308013916015625 HTTP/1.1" 499 0 "-" "WordPress/6.3.1; https://gsudice.dataconn.net"
160.225.180.5 - - [03/Nov/2025:05:38:23 +0000] "GET /?page_id=1573 HTTP/1.1" 200 17951 "-" "Mozilla/5.0 (Linux; Android 5.0; SM-G900P Build/LRX21T) AppleWebKit/537.36 (KHTML, like Gecko) Chrome/44.0.2643.1742 Mobile Safari/537.36"
74.7.227.140 - - [03/Nov/2025:05:38:26 +0000] "GET /?author=1 HTTP/1.1" 200 20939 "-" "Mozilla/5.0 AppleWebKit/537.36 (KHTML, like Gecko; compatible; GPTBot/1.2; +https://openai.com/gptbot)"
110.249.201.120 - - [03/Nov/2025:05:38:30 +0000] "GET /robots.txt HTTP/1.1" 301 5 "-" "Mozilla/5.0 (Linux; Android 5.0) AppleWebKit/537.36 (KHTML, like Gecko) Mobile Safari/537.36 (compatible; Bytespider; https://zhanzhang.toutiao.com/)"
110.249.201.228 - - [03/Nov/2025:05:38:33 +0000] "GET /robots.txt/ HTTP/1.1" 200 115835 "-" "Mozilla/5.0 (Linux; Android 5.0) AppleWebKit/537.36 (KHTML, like Gecko) Mobile Safari/537.36 (compatible; Bytespider; https://zhanzhang.toutiao.com/)"
74.7.227.140 - - [03/Nov/2025:05:38:44 +0000] "GET /?author=1&feed=rss2 HTTP/1.1" 200 1232 "-" "Mozilla/5.0 AppleWebKit/537.36 (KHTML, like Gecko; compatible; GPTBot/1.2; +https://openai.com/gptbot)"
66.135.21.75 - - [03/Nov/2025:05:39:38 +0000] "POST /wp-cron.php?doing_wp_cron=1762148378.1556580066680908203125 HTTP/1.1" 200 31 "-" "WordPress/6.3.1; https://gsudice.dataconn.net"
77.74.177.114 - - [03/Nov/2025:05:39:38 +0000] "GET / HTTP/1.1" 200 115835 "-" "Mozilla/5.0 (Linux; arm_64; Android 12; CPH2205) AppleWebKit/537.36 (KHTML, like Gecko) Chrome/110.0.0.0 YaBrowser/23.3.3.86.00 SA/3 Mobile Safari/537.36"
66.135.21.75 - - [03/Nov/2025:05:52:02 +0000] "POST /wp-cron.php?doing_wp_cron=1762149121.0985839366912841796875 HTTP/1.1" 499 0 "-" "WordPress/6.3.1; https://gsudice.dataconn.net"
47.128.45.197 - - [03/Nov/2025:05:52:02 +0000] "GET /robots.txt HTTP/1.1" 301 5 "-" "Mozilla/5.0 (Linux; Android 5.0) AppleWebKit/537.36 (KHTML, like Gecko) Mobile Safari/537.36 (compatible; Bytespider; spider-feedback@bytedance.com)"
47.128.45.197 - - [03/Nov/2025:05:52:03 +0000] "GET /robots.txt/ HTTP/1.1" 200 115835 "-" "Mozilla/5.0 (Linux; Android 5.0) AppleWebKit/537.36 (KHTML, like Gecko) Mobile Safari/537.36 (compatible; Bytespider; spider-feedback@bytedance.com)"
66.135.21.75 - - [03/Nov/2025:06:23:16 +0000] "POST /wp-cron.php?doing_wp_cron=1762150995.8978269100189208984375 HTTP/1.1" 499 0 "-" "WordPress/6.3.1; https://gsudice.dataconn.net"
35.203.210.188 - - [03/Nov/2025:06:23:16 +0000] "GET //gsudice.dataconn.net HTTP/1.1" 301 5 "-" "Hello from Palo Alto Networks, find out more about our scans in https://docs-cortex.paloaltonetworks.com/r/1/Cortex-Xpanse/Scanning-activity"
35.203.210.188 - - [03/Nov/2025:06:23:18 +0000] "GET /gsudice.dataconn.net/ HTTP/1.1" 200 356449 "-" "Hello from Palo Alto Networks, find out more about our scans in https://docs-cortex.paloaltonetworks.com/r/1/Cortex-Xpanse/Scanning-activity"
66.135.21.75 - - [03/Nov/2025:06:31:59 +0000] "POST /wp-cron.php?doing_wp_cron=1762151519.7721869945526123046875 HTTP/1.1" 200 31 "-" "WordPress/6.3.1; https://gsudice.dataconn.net"
101.47.54.55 - - [03/Nov/2025:06:31:59 +0000] "GET / HTTP/1.1" 200 115835 "-" "Mozilla/5.0 (Macintosh; Intel Mac OS X 10_15_7) AppleWebKit/537.36 (KHTML, like Gecko) Chrome/136.0.0.0 Safari/537.36"
66.135.21.75 - - [03/Nov/2025:07:06:10 +0000] "POST /wp-cron.php?doing_wp_cron=1762153569.9758310317993164062500 HTTP/1.1" 499 0 "-" "WordPress/6.3.1; https://gsudice.dataconn.net"
43.130.16.140 - - [03/Nov/2025:07:06:11 +0000] "GET / HTTP/1.1" 200 115835 "http://gsudice.dataconn.net" "Mozilla/5.0 (iPhone; CPU iPhone OS 13_2_3 like Mac OS X) AppleWebKit/605.1.15 (KHTML, like Gecko) Version/13.0.3 Mobile/15E148 Safari/604.1"
66.135.21.75 - - [03/Nov/2025:07:41:02 +0000] "POST /wp-cron.php?doing_wp_cron=1762155661.0996630191802978515625 HTTP/1.1" 499 0 "-" "WordPress/6.3.1; https://gsudice.dataconn.net"
207.244.245.83 - - [03/Nov/2025:07:41:02 +0000] "GET /wp-content/plugins/wp-automatic/readme.txt HTTP/1.1" 301 5 "-" "Go-http-client/1.1"
66.135.21.75 - - [03/Nov/2025:08:10:24 +0000] "POST /wp-cron.php?doing_wp_cron=1762157423.8881340026855468750000 HTTP/1.1" 499 0 "-" "WordPress/6.3.1; https://gsudice.dataconn.net"
216.73.216.186 - - [03/Nov/2025:08:10:24 +0000] "GET /robots.txt HTTP/1.1" 301 5 "-" "Mozilla/5.0 AppleWebKit/537.36 (KHTML, like Gecko; compatible; ClaudeBot/1.0; +claudebot@anthropic.com)"
216.73.216.186 - - [03/Nov/2025:08:10:25 +0000] "GET /robots.txt/ HTTP/1.1" 200 115835 "https://gsudice.dataconn.net/robots.txt" "Mozilla/5.0 AppleWebKit/537.36 (KHTML, like Gecko; compatible; ClaudeBot/1.0; +claudebot@anthropic.com)"
216.73.216.186 - - [03/Nov/2025:08:10:26 +0000] "GET /sitemap.xml HTTP/1.1" 301 5 "-" "Mozilla/5.0 AppleWebKit/537.36 (KHTML, like Gecko; compatible; ClaudeBot/1.0; +claudebot@anthropic.com)"
216.73.216.186 - - [03/Nov/2025:08:10:26 +0000] "GET /sitemap.xml/ HTTP/1.1" 200 115835 "https://gsudice.dataconn.net/sitemap.xml" "Mozilla/5.0 AppleWebKit/537.36 (KHTML, like Gecko; compatible; ClaudeBot/1.0; +claudebot@anthropic.com)"
66.135.21.75 - - [03/Nov/2025:08:20:03 +0000] "POST /wp-cron.php?doing_wp_cron=1762158002.3498969078063964843750 HTTP/1.1" 499 0 "-" "WordPress/6.3.1; https://gsudice.dataconn.net"
207.244.245.83 - - [03/Nov/2025:08:20:03 +0000] "GET /wp-content/plugins/wp-automatic/readme.txt HTTP/1.1" 301 5 "-" "Go-http-client/1.1"
66.135.21.75 - - [03/Nov/2025:09:24:25 +0000] "POST /wp-cron.php?doing_wp_cron=1762161864.7421081066131591796875 HTTP/1.1" 499 0 "-" "WordPress/6.3.1; https://gsudice.dataconn.net"
40.77.167.93 - - [03/Nov/2025:09:24:25 +0000] "GET /robots.txt HTTP/1.1" 301 5 "-" "Mozilla/5.0 AppleWebKit/537.36 (KHTML, like Gecko; compatible; bingbot/2.0; +http://www.bing.com/bingbot.htm) Chrome/116.0.1938.76 Safari/537.36"
40.77.167.93 - - [03/Nov/2025:09:24:26 +0000] "GET /robots.txt/ HTTP/1.1" 200 115835 "-" "Mozilla/5.0 AppleWebKit/537.36 (KHTML, like Gecko; compatible; bingbot/2.0; +http://www.bing.com/bingbot.htm) Chrome/116.0.1938.76 Safari/537.36"
207.46.13.141 - - [03/Nov/2025:09:24:39 +0000] "GET /index.php?rest_route=/wp/v2/pages/126 HTTP/1.1" 200 5569 "-" "Mozilla/5.0 AppleWebKit/537.36 (KHTML, like Gecko; compatible; bingbot/2.0; +http://www.bing.com/bingbot.htm) Chrome/116.0.1938.76 Safari/537.36"
66.135.21.75 - - [03/Nov/2025:09:58:46 +0000] "POST /wp-cron.php?doing_wp_cron=1762163925.9751119613647460937500 HTTP/1.1" 499 0 "-" "WordPress/6.3.1; https://gsudice.dataconn.net"
52.167.144.182 - - [03/Nov/2025:09:58:47 +0000] "GET /?page_id=126 HTTP/1.1" 200 23321 "-" "Mozilla/5.0 AppleWebKit/537.36 (KHTML, like Gecko; compatible; bingbot/2.0; +http://www.bing.com/bingbot.htm) Chrome/116.0.1938.76 Safari/537.36"
66.135.21.75 - - [03/Nov/2025:09:58:52 +0000] "GET / HTTP/1.1" 499 0 "-" "WordPress/6.3.1; https://gsudice.dataconn.net"
66.135.21.75 - - [03/Nov/2025:09:58:57 +0000] "GET / HTTP/1.1" 499 0 "-" "WordPress/6.3.1; https://gsudice.dataconn.net"
66.135.21.75 - - [03/Nov/2025:09:59:02 +0000] "POST /wp-cron.php?doing_wp_cron=1762163941.1668319702148437500000 HTTP/1.1" 499 0 "-" "WordPress/6.3.1; https://gsudice.dataconn.net"
66.135.21.75 - - [03/Nov/2025:10:32:43 +0000] "POST /wp-cron.php?doing_wp_cron=1762165962.6283431053161621093750 HTTP/1.1" 499 0 "-" "WordPress/6.3.1; https://gsudice.dataconn.net"
57.141.0.51 - - [03/Nov/2025:10:32:43 +0000] "GET / HTTP/1.1" 200 356566 "-" "meta-externalagent/1.1 (+https://developers.facebook.com/docs/sharing/webmasters/crawler)"
66.135.21.75 - - [03/Nov/2025:10:39:07 +0000] "POST /wp-cron.php?doing_wp_cron=1762166346.3815639019012451171875 HTTP/1.1" 499 0 "-" "WordPress/6.3.1; https://gsudice.dataconn.net"
104.210.140.128 - - [03/Nov/2025:10:39:07 +0000] "GET /robots.txt HTTP/1.1" 301 5 "-" "Mozilla/5.0 (Macintosh; Intel Mac OS X 10_15_7) AppleWebKit/537.36 (KHTML, like Gecko) Chrome/131.0.0.0 Safari/537.36; compatible; OAI-SearchBot/1.0; +https://openai.com/searchbot"
104.210.140.128 - - [03/Nov/2025:10:39:07 +0000] "GET /robots.txt/ HTTP/1.1" 200 115835 "-" "Mozilla/5.0 (Macintosh; Intel Mac OS X 10_15_7) AppleWebKit/537.36 (KHTML, like Gecko) Chrome/131.0.0.0 Safari/537.36; compatible; OAI-SearchBot/1.0; +https://openai.com/searchbot"
66.135.21.75 - - [03/Nov/2025:12:27:14 +0000] "POST /wp-cron.php?doing_wp_cron=1762172833.0410830974578857421875 HTTP/1.1" 499 0 "-" "WordPress/6.3.1; https://gsudice.dataconn.net"
43.155.26.193 - - [03/Nov/2025:12:27:14 +0000] "GET / HTTP/1.1" 200 115835 "http://gsudice.dataconn.net" "Mozilla/5.0 (iPhone; CPU iPhone OS 13_2_3 like Mac OS X) AppleWebKit/605.1.15 (KHTML, like Gecko) Version/13.0.3 Mobile/15E148 Safari/604.1"
193.142.147.5 - - [03/Nov/2025:12:56:40 +0000] "GET /wp-content/plugins/WordPressCore/include.php HTTP/1.1" 404 564 "-" "Mozlila/5.0 (Linux; Android 7.0; SM-G892A Bulid/NRD90M; wv) AppleWebKit/537.36 (KHTML, like Gecko) Version/4.0 Chrome/60.0.3112.107 Moblie Safari/537.36"
193.142.147.5 - - [03/Nov/2025:12:56:45 +0000] "GET /wp-content/plugins/WordPressCore/include.php HTTP/1.1" 404 564 "-" "Mozlila/5.0 (Linux; Android 7.0; SM-G892A Bulid/NRD90M; wv) AppleWebKit/537.36 (KHTML, like Gecko) Version/4.0 Chrome/60.0.3112.107 Moblie Safari/537.36"
193.142.147.5 - - [03/Nov/2025:12:56:48 +0000] "GET /wp-includes/images/include.php HTTP/1.1" 404 564 "-" "Mozlila/5.0 (Linux; Android 7.0; SM-G892A Bulid/NRD90M; wv) AppleWebKit/537.36 (KHTML, like Gecko) Version/4.0 Chrome/60.0.3112.107 Moblie Safari/537.36"
193.142.147.5 - - [03/Nov/2025:12:56:51 +0000] "GET /wp-includes/images/include.php HTTP/1.1" 404 564 "-" "Mozlila/5.0 (Linux; Android 7.0; SM-G892A Bulid/NRD90M; wv) AppleWebKit/537.36 (KHTML, like Gecko) Version/4.0 Chrome/60.0.3112.107 Moblie Safari/537.36"
193.142.147.5 - - [03/Nov/2025:12:56:55 +0000] "GET /wp-content/themes/include.php HTTP/1.1" 404 564 "-" "Mozlila/5.0 (Linux; Android 7.0; SM-G892A Bulid/NRD90M; wv) AppleWebKit/537.36 (KHTML, like Gecko) Version/4.0 Chrome/60.0.3112.107 Moblie Safari/537.36"
66.135.21.75 - - [03/Nov/2025:14:02:23 +0000] "POST /wp-cron.php?doing_wp_cron=1762178542.7678730487823486328125 HTTP/1.1" 499 0 "-" "WordPress/6.3.1; https://gsudice.dataconn.net"
3.25.98.191 - - [03/Nov/2025:14:02:23 +0000] "POST /wp-admin/admin-ajax.php HTTP/1.1" 400 11 "-" "Mozilla/5.0 (Windows NT 10.0; Win64; x64) AppleWebKit/537.36 (KHTML, like Gecko) Chrome/135.0.0.0 Safari/537.36"
66.135.21.75 - - [03/Nov/2025:14:14:39 +0000] "POST /wp-cron.php?doing_wp_cron=1762179279.6822030544281005859375 HTTP/1.1" 200 31 "-" "WordPress/6.3.1; https://gsudice.dataconn.net"
207.244.245.83 - - [03/Nov/2025:14:14:39 +0000] "GET /wp-content/plugins/king-addons/readme.txt HTTP/1.1" 301 5 "-" "Mozilla/5.0 (Windows NT 10.0; Win64; x64) AppleWebKit/537.36 (KHTML, like Gecko) Chrome/120.0.0.0 Safari/537.36"
66.135.21.75 - - [03/Nov/2025:15:12:12 +0000] "POST /wp-cron.php?doing_wp_cron=1762182731.9665129184722900390625 HTTP/1.1" 499 0 "-" "WordPress/6.3.1; https://gsudice.dataconn.net"
104.140.188.42 - - [03/Nov/2025:15:12:12 +0000] "GET //gsudice.dataconn.net HTTP/1.1" 301 5 "-" "https://gdnplus.com:Gather Analyze Provide."
66.135.21.75 - - [03/Nov/2025:15:26:24 +0000] "POST /wp-cron.php?doing_wp_cron=1762183583.1493279933929443359375 HTTP/1.1" 499 0 "-" "WordPress/6.3.1; https://gsudice.dataconn.net"
109.196.68.44 - - [03/Nov/2025:15:26:24 +0000] "GET / HTTP/1.1" 200 356432 "-" "Mozilla/5.0 (Macintosh; Intel Mac OS X 10_15_7) AppleWebKit/537.36 (KHTML, like Gecko) Chrome/133.0.0.0 Safari/537.36"
89.76.5.13 - - [03/Nov/2025:15:26:32 +0000] "GET / HTTP/1.1" 200 356439 "-" "Mozilla/5.0 (Windows NT 10.0; Win64; x64) AppleWebKit/537.36 (KHTML, like Gecko) Chrome/138.0.0.0 Safari/537.36"
66.135.21.75 - - [03/Nov/2025:15:27:06 +0000] "POST /wp-cron.php?doing_wp_cron=1762183625.3050029277801513671875 HTTP/1.1" 499 0 "-" "WordPress/6.3.1; https://gsudice.dataconn.net"
185.92.139.2 - - [03/Nov/2025:15:27:06 +0000] "GET / HTTP/1.1" 200 356439 "-" "Mozilla/5.0 (Macintosh; Intel Mac OS X 10_15_7) AppleWebKit/605.1.15 (KHTML, like Gecko) Version/17.6 Safari/605.1.15"
66.135.21.75 - - [03/Nov/2025:15:39:09 +0000] "POST /wp-cron.php?doing_wp_cron=1762184348.6503291130065917968750 HTTP/1.1" 499 0 "-" "WordPress/6.3.1; https://gsudice.dataconn.net"
69.63.189.37 - - [03/Nov/2025:15:39:09 +0000] "GET /robots.txt HTTP/1.1" 301 5 "-" "facebookexternalhit/1.1 (+http://www.facebook.com/externalhit_uatext.php)"
69.63.189.37 - - [03/Nov/2025:15:39:10 +0000] "GET /robots.txt/ HTTP/1.1" 200 356401 "-" "facebookexternalhit/1.1 (+http://www.facebook.com/externalhit_uatext.php)"
66.135.21.75 - - [03/Nov/2025:15:39:33 +0000] "POST /wp-cron.php?doing_wp_cron=1762184372.9903240203857421875000 HTTP/1.1" 499 0 "-" "WordPress/6.3.1; https://gsudice.dataconn.net"
57.141.0.43 - - [03/Nov/2025:15:39:34 +0000] "GET /?page_id=608 HTTP/1.1" 200 106127 "-" "meta-externalagent/1.1 (+https://developers.facebook.com/docs/sharing/webmasters/crawler)"
66.135.21.75 - - [03/Nov/2025:16:00:38 +0000] "POST /wp-cron.php?doing_wp_cron=1762185637.4542300701141357421875 HTTP/1.1" 200 31 "-" "WordPress/6.3.1; https://gsudice.dataconn.net"
207.46.13.116 - - [03/Nov/2025:16:00:38 +0000] "GET / HTTP/1.1" 200 115835 "-" "Mozilla/5.0 AppleWebKit/537.36 (KHTML, like Gecko; compatible; bingbot/2.0; +http://www.bing.com/bingbot.htm) Chrome/116.0.1938.76 Safari/537.36"
66.135.21.75 - - [03/Nov/2025:16:08:43 +0000] "POST /wp-cron.php?doing_wp_cron=1762186122.4688599109649658203125 HTTP/1.1" 499 0 "-" "WordPress/6.3.1; https://gsudice.dataconn.net"
185.247.137.14 - - [03/Nov/2025:16:08:43 +0000] "GET / HTTP/1.1" 200 115835 "-" "Mozilla/5.0 (compatible; InternetMeasurement/1.0; +https://internet-measurement.com/)"
66.135.21.75 - - [03/Nov/2025:16:20:51 +0000] "POST /wp-cron.php?doing_wp_cron=1762186850.0288259983062744140625 HTTP/1.1" 499 0 "-" "WordPress/6.3.1; https://gsudice.dataconn.net"
43.166.239.145 - - [03/Nov/2025:16:20:51 +0000] "GET / HTTP/1.1" 200 115835 "-" "Mozilla/5.0 (iPhone; CPU iPhone OS 13_2_3 like Mac OS X) AppleWebKit/605.1.15 (KHTML, like Gecko) Version/13.0.3 Mobile/15E148 Safari/604.1"
66.135.21.75 - - [03/Nov/2025:16:33:47 +0000] "POST /wp-cron.php?doing_wp_cron=1762187626.3996899127960205078125 HTTP/1.1" 499 0 "-" "WordPress/6.3.1; https://gsudice.dataconn.net"
43.157.188.74 - - [03/Nov/2025:16:33:47 +0000] "GET /?page_id=122 HTTP/1.1" 200 19523 "-" "Mozilla/5.0 (iPhone; CPU iPhone OS 13_2_3 like Mac OS X) AppleWebKit/605.1.15 (KHTML, like Gecko) Version/13.0.3 Mobile/15E148 Safari/604.1"
66.135.21.75 - - [03/Nov/2025:16:44:46 +0000] "POST /wp-cron.php?doing_wp_cron=1762188285.7060229778289794921875 HTTP/1.1" 499 0 "-" "WordPress/6.3.1; https://gsudice.dataconn.net"
43.131.36.84 - - [03/Nov/2025:16:44:46 +0000] "GET /?page_id=185 HTTP/1.1" 200 18119 "-" "Mozilla/5.0 (iPhone; CPU iPhone OS 13_2_3 like Mac OS X) AppleWebKit/605.1.15 (KHTML, like Gecko) Version/13.0.3 Mobile/15E148 Safari/604.1"
66.135.21.75 - - [03/Nov/2025:16:45:02 +0000] "POST /wp-cron.php?doing_wp_cron=1762188301.2859969139099121093750 HTTP/1.1" 499 0 "-" "WordPress/6.3.1; https://gsudice.dataconn.net"
131.96.220.98 - - [03/Nov/2025:16:45:02 +0000] "GET / HTTP/1.1" 200 115835 "https://geosciences.gsu.edu/" "Mozilla/5.0 (Macintosh; Intel Mac OS X 10_15_7) AppleWebKit/537.36 (KHTML, like Gecko) Chrome/140.0.0.0 Safari/537.36"
131.96.220.98 - - [03/Nov/2025:16:45:07 +0000] "GET /?page_id=126 HTTP/1.1" 200 23321 "https://gsudice.dataconn.net/" "Mozilla/5.0 (Macintosh; Intel Mac OS X 10_15_7) AppleWebKit/537.36 (KHTML, like Gecko) Chrome/140.0.0.0 Safari/537.36"
131.96.220.98 - - [03/Nov/2025:16:45:10 +0000] "GET /?page_id=1573 HTTP/1.1" 200 17951 "https://gsudice.dataconn.net/?page_id=126" "Mozilla/5.0 (Macintosh; Intel Mac OS X 10_15_7) AppleWebKit/537.36 (KHTML, like Gecko) Chrome/140.0.0.0 Safari/537.36"
66.135.21.75 - - [03/Nov/2025:16:45:18 +0000] "POST /wp-cron.php?doing_wp_cron=1762188317.6255340576171875000000 HTTP/1.1" 499 0 "-" "WordPress/6.3.1; https://gsudice.dataconn.net"
131.96.220.98 - - [03/Nov/2025:16:45:18 +0000] "GET /?page_id=182 HTTP/1.1" 200 45375 "https://gsudice.dataconn.net/?page_id=1573" "Mozilla/5.0 (Macintosh; Intel Mac OS X 10_15_7) AppleWebKit/537.36 (KHTML, like Gecko) Chrome/140.0.0.0 Safari/537.36"
131.96.220.98 - - [03/Nov/2025:16:45:49 +0000] "GET /?page_id=122 HTTP/1.1" 200 19523 "https://gsudice.dataconn.net/?page_id=1573" "Mozilla/5.0 (Macintosh; Intel Mac OS X 10_15_7) AppleWebKit/537.36 (KHTML, like Gecko) Chrome/140.0.0.0 Safari/537.36"
66.135.21.75 - - [03/Nov/2025:16:53:10 +0000] "POST /wp-cron.php?doing_wp_cron=1762188789.8317689895629882812500 HTTP/1.1" 499 0 "-" "WordPress/6.3.1; https://gsudice.dataconn.net"
119.8.53.151 - - [03/Nov/2025:16:53:10 +0000] "GET /?page_id=185 HTTP/1.1" 200 18119 "https://gsudice.dataconn.net/?page_id=185" "Mozilla/5.0 (Macintosh; Intel Mac OS X 10_15_7) AppleWebKit/537.36 (KHTML, like Gecko) Chrome/119.0.0.0 Safari/537.36"
66.135.21.75 - - [03/Nov/2025:16:56:40 +0000] "POST /wp-cron.php?doing_wp_cron=1762188999.6986329555511474609375 HTTP/1.1" 499 0 "-" "WordPress/6.3.1; https://gsudice.dataconn.net"
49.51.73.183 - - [03/Nov/2025:16:56:40 +0000] "GET /index.php?rest_route=%2Foembed%2F1.0%2Fembed&url=https%3A%2F%2Fgsudice.dataconn.net%2F&format=xml HTTP/1.1" 200 1290 "-" "Mozilla/5.0 (iPhone; CPU iPhone OS 13_2_3 like Mac OS X) AppleWebKit/605.1.15 (KHTML, like Gecko) Version/13.0.3 Mobile/15E148 Safari/604.1"
66.135.21.75 - - [03/Nov/2025:17:04:19 +0000] "POST /wp-cron.php?doing_wp_cron=1762189458.0724349021911621093750 HTTP/1.1" 499 0 "-" "WordPress/6.3.1; https://gsudice.dataconn.net"
66.249.88.5 - - [03/Nov/2025:17:04:19 +0000] "GET /.well-known/traffic-advice HTTP/1.1" 301 5 "-" "Chrome Privacy Preserving Prefetch Proxy"
72.14.201.226 - - [03/Nov/2025:17:04:19 +0000] "GET / HTTP/1.1" 200 115835 "https://www.google.com/" "Mozilla/5.0 (Windows NT 10.0; Win64; x64) AppleWebKit/537.36 (KHTML, like Gecko) Chrome/142.0.0.0 Safari/537.36"
66.135.21.75 - - [03/Nov/2025:17:09:29 +0000] "POST /wp-cron.php?doing_wp_cron=1762189768.1072800159454345703125 HTTP/1.1" 499 0 "-" "WordPress/6.3.1; https://gsudice.dataconn.net"
43.135.115.233 - - [03/Nov/2025:17:09:29 +0000] "GET /?page_id=608 HTTP/1.1" 200 21854 "-" "Mozilla/5.0 (iPhone; CPU iPhone OS 13_2_3 like Mac OS X) AppleWebKit/605.1.15 (KHTML, like Gecko) Version/13.0.3 Mobile/15E148 Safari/604.1"
66.135.21.75 - - [03/Nov/2025:17:17:28 +0000] "POST /wp-cron.php?doing_wp_cron=1762190247.2993528842926025390625 HTTP/1.1" 499 0 "-" "WordPress/6.3.1; https://gsudice.dataconn.net"
43.153.85.46 - - [03/Nov/2025:17:17:28 +0000] "GET /?page_id=1573 HTTP/1.1" 200 17951 "-" "Mozilla/5.0 (iPhone; CPU iPhone OS 13_2_3 like Mac OS X) AppleWebKit/605.1.15 (KHTML, like Gecko) Version/13.0.3 Mobile/15E148 Safari/604.1"
66.135.21.75 - - [03/Nov/2025:17:22:05 +0000] "POST /wp-cron.php?doing_wp_cron=1762190524.8972029685974121093750 HTTP/1.1" 499 0 "-" "WordPress/6.3.1; https://gsudice.dataconn.net"
114.119.157.46 - - [03/Nov/2025:17:22:05 +0000] "GET /?page_id=122 HTTP/1.1" 200 19523 "-" "Mozilla/5.0 (Linux; Android 7.0;) AppleWebKit/537.36 (KHTML, like Gecko) Mobile Safari/537.36 (compatible; PetalBot;+https://webmaster.petalsearch.com/site/petalbot)"
66.135.21.75 - - [03/Nov/2025:17:23:22 +0000] "POST /wp-cron.php?doing_wp_cron=1762190601.7190139293670654296875 HTTP/1.1" 200 31 "-" "WordPress/6.3.1; https://gsudice.dataconn.net"
114.119.143.114 - - [03/Nov/2025:17:23:22 +0000] "GET / HTTP/1.1" 200 115835 "-" "Mozilla/5.0 (Linux; Android 7.0;) AppleWebKit/537.36 (KHTML, like Gecko) Mobile Safari/537.36 (compatible; PetalBot;+https://webmaster.petalsearch.com/site/petalbot)"
66.135.21.75 - - [03/Nov/2025:17:25:50 +0000] "POST /wp-cron.php?doing_wp_cron=1762190749.8894801139831542968750 HTTP/1.1" 499 0 "-" "WordPress/6.3.1; https://gsudice.dataconn.net"
217.113.194.140 - - [03/Nov/2025:17:25:50 +0000] "GET /robots.txt HTTP/1.1" 301 5 "-" "Mozilla/5.0 (compatible; Barkrowler/0.9; +https://babbar.tech/crawler)"
217.113.194.140 - - [03/Nov/2025:17:25:53 +0000] "GET /robots.txt/ HTTP/1.1" 200 115835 "-" "Mozilla/5.0 (compatible; Barkrowler/0.9; +https://babbar.tech/crawler)"
66.135.21.75 - - [03/Nov/2025:17:26:11 +0000] "POST /wp-cron.php?doing_wp_cron=1762190770.6134610176086425781250 HTTP/1.1" 499 0 "-" "WordPress/6.3.1; https://gsudice.dataconn.net"
217.113.194.138 - - [03/Nov/2025:17:26:11 +0000] "GET /?page_id=182 HTTP/1.1" 200 45375 "-" "Mozilla/5.0 (compatible; Barkrowler/0.9; +https://babbar.tech/crawler)"
66.135.21.75 - - [03/Nov/2025:17:27:42 +0000] "POST /wp-cron.php?doing_wp_cron=1762190861.7119090557098388671875 HTTP/1.1" 200 31 "-" "WordPress/6.3.1; https://gsudice.dataconn.net"
43.135.182.95 - - [03/Nov/2025:17:27:42 +0000] "GET /index.php?rest_route=/wp/v2/pages/20 HTTP/1.1" 200 3183 "-" "Mozilla/5.0 (iPhone; CPU iPhone OS 13_2_3 like Mac OS X) AppleWebKit/605.1.15 (KHTML, like Gecko) Version/13.0.3 Mobile/15E148 Safari/604.1"
66.135.21.75 - - [03/Nov/2025:17:30:33 +0000] "POST /wp-cron.php?doing_wp_cron=1762191032.5962529182434082031250 HTTP/1.1" 499 0 "-" "WordPress/6.3.1; https://gsudice.dataconn.net"
217.113.194.137 - - [03/Nov/2025:17:30:33 +0000] "GET /?page_id=608 HTTP/1.1" 200 21854 "-" "Mozilla/5.0 (compatible; Barkrowler/0.9; +https://babbar.tech/crawler)"
217.113.194.138 - - [03/Nov/2025:17:30:51 +0000] "GET /index.php?rest_route=/wp/v2/pages/122 HTTP/1.1" 200 2370 "-" "Mozilla/5.0 (compatible; Barkrowler/0.9; +https://babbar.tech/crawler)"
66.135.21.75 - - [03/Nov/2025:17:31:10 +0000] "POST /wp-cron.php?doing_wp_cron=1762191069.4196910858154296875000 HTTP/1.1" 499 0 "-" "WordPress/6.3.1; https://gsudice.dataconn.net"
217.113.194.229 - - [03/Nov/2025:17:31:10 +0000] "GET /index.php?rest_route=/wp/v2/pages/185 HTTP/1.1" 200 1451 "-" "Mozilla/5.0 (compatible; Barkrowler/0.9; +https://babbar.tech/crawler)"
66.135.21.75 - - [03/Nov/2025:17:31:28 +0000] "POST /wp-cron.php?doing_wp_cron=1762191087.3753120899200439453125 HTTP/1.1" 499 0 "-" "WordPress/6.3.1; https://gsudice.dataconn.net"
217.113.194.140 - - [03/Nov/2025:17:31:28 +0000] "GET /index.php?rest_route=/wp/v2/pages/126 HTTP/1.1" 200 5569 "-" "Mozilla/5.0 (compatible; Barkrowler/0.9; +https://babbar.tech/crawler)"
217.113.194.133 - - [03/Nov/2025:17:31:45 +0000] "GET /index.php?rest_route=/wp/v2/pages/608 HTTP/1.1" 200 5325 "-" "Mozilla/5.0 (compatible; Barkrowler/0.9; +https://babbar.tech/crawler)"
66.135.21.75 - - [03/Nov/2025:17:32:03 +0000] "POST /wp-cron.php?doing_wp_cron=1762191122.9387590885162353515625 HTTP/1.1" 200 31 "-" "WordPress/6.3.1; https://gsudice.dataconn.net"
217.113.194.141 - - [03/Nov/2025:17:32:03 +0000] "GET /index.php?rest_route=/wp/v2/pages/182 HTTP/1.1" 200 27947 "-" "Mozilla/5.0 (compatible; Barkrowler/0.9; +https://babbar.tech/crawler)"
66.135.21.75 - - [03/Nov/2025:17:32:21 +0000] "POST /wp-cron.php?doing_wp_cron=1762191140.5487890243530273437500 HTTP/1.1" 499 0 "-" "WordPress/6.3.1; https://gsudice.dataconn.net"
217.113.194.140 - - [03/Nov/2025:17:32:21 +0000] "GET /index.php?rest_route=/wp/v2/pages/20 HTTP/1.1" 200 3183 "-" "Mozilla/5.0 (compatible; Barkrowler/0.9; +https://babbar.tech/crawler)"
217.113.194.138 - - [03/Nov/2025:17:32:40 +0000] "GET /index.php?rest_route=/wp/v2/pages/1573 HTTP/1.1" 200 1571 "-" "Mozilla/5.0 (compatible; Barkrowler/0.9; +https://babbar.tech/crawler)"
66.135.21.75 - - [03/Nov/2025:17:35:35 +0000] "POST /wp-cron.php?doing_wp_cron=1762191334.9200611114501953125000 HTTP/1.1" 499 0 "-" "WordPress/6.3.1; https://gsudice.dataconn.net"
43.173.178.24 - - [03/Nov/2025:17:35:35 +0000] "GET /?page_id=182 HTTP/1.1" 200 45375 "-" "Mozilla/5.0 (Windows NT 6.1; Win64; x64) AppleWebKit/537.36 (KHTML, like Gecko) Chrome/126.0.6478.114 Safari/537.36"
66.135.21.75 - - [03/Nov/2025:17:37:17 +0000] "POST /wp-cron.php?doing_wp_cron=1762191436.0731909275054931640625 HTTP/1.1" 499 0 "-" "WordPress/6.3.1; https://gsudice.dataconn.net"
49.51.50.147 - - [03/Nov/2025:17:37:17 +0000] "GET /index.php?rest_route=/wp/v2/pages/122 HTTP/1.1" 200 2370 "-" "Mozilla/5.0 (iPhone; CPU iPhone OS 13_2_3 like Mac OS X) AppleWebKit/605.1.15 (KHTML, like Gecko) Version/13.0.3 Mobile/15E148 Safari/604.1"
66.135.21.75 - - [03/Nov/2025:17:41:04 +0000] "POST /wp-cron.php?doing_wp_cron=1762191663.1720750331878662109375 HTTP/1.1" 499 0 "-" "WordPress/6.3.1; https://gsudice.dataconn.net"
43.132.65.77 - - [03/Nov/2025:17:41:04 +0000] "GET /?page_id=182 HTTP/1.1" 200 45375 "-" "Mozilla/5.0 (Windows NT 10.0; Win64; x64) AppleWebKit/537.36 (KHTML, like Gecko) Chrome/134.0.0.0 Safari/537.36"
66.135.21.75 - - [03/Nov/2025:17:47:53 +0000] "POST /wp-cron.php?doing_wp_cron=1762192072.7506840229034423828125 HTTP/1.1" 499 0 "-" "WordPress/6.3.1; https://gsudice.dataconn.net"
49.51.233.95 - - [03/Nov/2025:17:47:53 +0000] "GET /xmlrpc.php?rsd HTTP/1.1" 200 333 "-" "Mozilla/5.0 (iPhone; CPU iPhone OS 13_2_3 like Mac OS X) AppleWebKit/605.1.15 (KHTML, like Gecko) Version/13.0.3 Mobile/15E148 Safari/604.1"
66.135.21.75 - - [03/Nov/2025:17:56:14 +0000] "POST /wp-cron.php?doing_wp_cron=1762192573.0071411132812500000000 HTTP/1.1" 499 0 "-" "WordPress/6.3.1; https://gsudice.dataconn.net"
45.169.190.14 - - [03/Nov/2025:17:56:14 +0000] "GET /?page_id=122 HTTP/1.1" 200 19523 "-" "Mozilla/5.0 (Macintosh; Intel Mac OS X 10_10_5) AppleWebKit/537.36 (KHTML, like Gecko) Chrome/87.0.4280.88 Safari/537.36"
66.135.21.75 - - [03/Nov/2025:17:58:16 +0000] "POST /wp-cron.php?doing_wp_cron=1762192695.0805099010467529296875 HTTP/1.1" 499 0 "-" "WordPress/6.3.1; https://gsudice.dataconn.net"
43.130.111.40 - - [03/Nov/2025:17:58:16 +0000] "GET /?embed=true HTTP/1.1" 200 7498 "-" "Mozilla/5.0 (iPhone; CPU iPhone OS 13_2_3 like Mac OS X) AppleWebKit/605.1.15 (KHTML, like Gecko) Version/13.0.3 Mobile/15E148 Safari/604.1"
66.135.21.75 - - [03/Nov/2025:18:04:51 +0000] "POST /wp-cron.php?doing_wp_cron=1762193090.2529890537261962890625 HTTP/1.1" 499 0 "-" "WordPress/6.3.1; https://gsudice.dataconn.net"
43.156.228.27 - - [03/Nov/2025:18:04:51 +0000] "GET /?page_id=182 HTTP/1.1" 200 45375 "-" "Mozilla/5.0 (iPhone; CPU iPhone OS 13_2_3 like Mac OS X) AppleWebKit/605.1.15 (KHTML, like Gecko) Version/13.0.3 Mobile/15E148 Safari/604.1"
66.135.21.75 - - [03/Nov/2025:18:21:16 +0000] "POST /wp-cron.php?doing_wp_cron=1762194075.9037630558013916015625 HTTP/1.1" 499 0 "-" "WordPress/6.3.1; https://gsudice.dataconn.net"
170.106.113.159 - - [03/Nov/2025:18:21:16 +0000] "GET /index.php?rest_route=%2Foembed%2F1.0%2Fembed&url=https%3A%2F%2Fgsudice.dataconn.net%2F%3Fpage_id%3D1573&format=xml HTTP/1.1" 200 1311 "-" "Mozilla/5.0 (iPhone; CPU iPhone OS 13_2_3 like Mac OS X) AppleWebKit/605.1.15 (KHTML, like Gecko) Version/13.0.3 Mobile/15E148 Safari/604.1"
66.135.21.75 - - [03/Nov/2025:18:24:20 +0000] "POST /wp-cron.php?doing_wp_cron=1762194259.6832449436187744140625 HTTP/1.1" 499 0 "-" "WordPress/6.3.1; https://gsudice.dataconn.net"
49.51.47.100 - - [03/Nov/2025:18:24:20 +0000] "GET / HTTP/1.1" 200 115835 "http://gsudice.dataconn.net" "Mozilla/5.0 (iPhone; CPU iPhone OS 13_2_3 like Mac OS X) AppleWebKit/605.1.15 (KHTML, like Gecko) Version/13.0.3 Mobile/15E148 Safari/604.1"
66.135.21.75 - - [03/Nov/2025:18:43:05 +0000] "POST /wp-cron.php?doing_wp_cron=1762195385.1533260345458984375000 HTTP/1.1" 200 31 "-" "WordPress/6.3.1; https://gsudice.dataconn.net"
43.159.145.149 - - [03/Nov/2025:18:43:05 +0000] "GET /?feed=comments-rss2 HTTP/1.1" 200 783 "-" "Mozilla/5.0 (iPhone; CPU iPhone OS 13_2_3 like Mac OS X) AppleWebKit/605.1.15 (KHTML, like Gecko) Version/13.0.3 Mobile/15E148 Safari/604.1"
66.135.21.75 - - [03/Nov/2025:19:28:44 +0000] "POST /wp-cron.php?doing_wp_cron=1762198124.3240780830383300781250 HTTP/1.1" 200 31 "-" "WordPress/6.3.1; https://gsudice.dataconn.net"
77.75.78.164 - - [03/Nov/2025:19:28:44 +0000] "GET /robots.txt HTTP/1.1" 301 5 "-" "Mozilla/5.0 (compatible; SeznamBot/4.0; +https://o-seznam.cz/napoveda/vyhledavani/en/seznambot-crawler/)"
77.75.78.164 - - [03/Nov/2025:19:28:45 +0000] "GET / HTTP/1.1" 200 115835 "-" "Mozilla/5.0 (compatible; SeznamBot/4.0; +https://o-seznam.cz/napoveda/vyhledavani/en/seznambot-crawler/)"
66.135.21.75 - - [03/Nov/2025:20:43:12 +0000] "POST /wp-cron.php?doing_wp_cron=1762202592.1516599655151367187500 HTTP/1.1" 200 31 "-" "WordPress/6.3.1; https://gsudice.dataconn.net"
43.174.26.29 - - [03/Nov/2025:20:43:12 +0000] "GET /?page_id=182 HTTP/1.1" 200 45375 "-" "Mozilla/5.0 (Windows NT 10.0; Win64; x64) AppleWebKit/537.36 (KHTML, like Gecko) Chrome/134.0.0.0 Safari/537.36"
66.135.21.75 - - [03/Nov/2025:22:38:34 +0000] "POST /wp-cron.php?doing_wp_cron=1762209514.7689120769500732421875 HTTP/1.1" 200 31 "-" "WordPress/6.3.1; https://gsudice.dataconn.net"
157.55.39.200 - - [03/Nov/2025:22:38:34 +0000] "GET /index.php?rest_route=/wp/v2/pages/182 HTTP/1.1" 200 27947 "-" "Mozilla/5.0 AppleWebKit/537.36 (KHTML, like Gecko; compatible; bingbot/2.0; +http://www.bing.com/bingbot.htm) Chrome/116.0.1938.76 Safari/537.36"
66.135.21.75 - - [03/Nov/2025:22:38:35 +0000] "GET / HTTP/1.1" 200 115835 "-" "WordPress/6.3.1; https://gsudice.dataconn.net"
66.135.21.75 - - [03/Nov/2025:22:39:45 +0000] "POST /wp-cron.php?doing_wp_cron=1762209585.8009660243988037109375 HTTP/1.1" 200 31 "-" "WordPress/6.3.1; https://gsudice.dataconn.net"
87.236.176.150 - - [03/Nov/2025:22:39:45 +0000] "GET / HTTP/1.1" 200 115835 "http://gsudice.dataconn.net" "Mozilla/5.0 (compatible; InternetMeasurement/1.0; +https://internet-measurement.com/)"
162.19.145.34 - - [03/Nov/2025:23:10:19 +0000] "GET /?page_id=608 HTTP/1.1" 499 0 "-" "Mozilla/5.0 (Linux; Android 9; ASUS_I005DA Build/PI; wv) AppleWebKit/537.36 (KHTML, like Gecko) Version/4.0 Chrome/133.0.6943.122 Mobile"
66.135.21.75 - - [03/Nov/2025:23:10:20 +0000] "POST /wp-cron.php?doing_wp_cron=1762211420.0571320056915283203125 HTTP/1.1" 200 31 "-" "WordPress/6.3.1; https://gsudice.dataconn.net"