74.7.227.116 - - [03/Nov/2025:01:02:53 +0000] "GET /index.php?format=xml&rest_route=%2Foembed%2F1.0%2Fembed&url=https%3A%2F%2Fdatainsightnow.com%2F%3Fp%3D20991 HTTP/1.1" 200 1302 "-" "Mozilla/5.0 AppleWebKit/537.36 (KHTML, like Gecko; compatible; GPTBot/1.2; +https://openai.com/gptbot)"
57.141.0.18 - - [03/Nov/2025:01:02:54 +0000] "GET /2025/03/07/page/6/?fileloc=//sys/class/pci_bus/0000:0e/subsystem/0000:01/subsystem/0000:04/subsystem/0000:00/device/0000:00:03.1/driver/unbind&path=//sys/class/pci_bus/0000:0e/subsystem/0000:01/subsystem/0000:04/subsystem/0000:00/device/0000:00:03.1/driver HTTP/1.1" 200 262215 "-" "meta-externalagent/1.1 (+https://developers.facebook.com/docs/sharing/webmasters/crawler)"
57.141.0.70 - - [03/Nov/2025:01:02:54 +0000] "GET /2025/03/07/page/6/?fileloc=//sys/class/pci_bus/0000:05/subsystem/0000:02/device/driver/0000:00:04.1/driver/0000:00:02.7/driver/0000:00:03.3/rescan&path=//sys/class/pci_bus/0000:05/subsystem/0000:02/device/driver/0000:00:04.1/driver/0000:00:02.7/driver/0000:00:03.3 HTTP/1.1" 200 262264 "-" "meta-externalagent/1.1 (+https://developers.facebook.com/docs/sharing/webmasters/crawler)"
57.141.0.69 - - [03/Nov/2025:01:02:55 +0000] "GET /karamba-spielsaal-erfahrungen-angeschlossen-testbericht-werfen-sie-einen-blick-auf-den-link-within-2025-pro-teutonia/?fileloc=//sys/class/pci_bus/0000:06/subsystem/0000:05/subsystem/0000:0a/device/pci_bus/0000:0a/subsystem/0000:07/uevent&path=//sys/class/pci_bus/0000:06/subsystem/0000:05/subsystem/0000:0a/device/pci_bus/0000:0a/subsystem/0000:07 HTTP/1.1" 200 262264 "-" "meta-externalagent/1.1 (+https://developers.facebook.com/docs/sharing/webmasters/crawler)"
57.141.0.36 - - [03/Nov/2025:01:02:55 +0000] "GET /2025/03/06/page/39/?fileloc=//sys/class/pci_bus/0000:0f/device/driver/0000:00:03.7/driver/0000:00:02.1/driver/0000:00:02.6/driver/0000:00:02.3/device&path=//sys/class/pci_bus/0000:0f/device/driver/0000:00:03.7/driver/0000:00:02.1/driver/0000:00:02.6/driver/0000:00:02.3 HTTP/1.1" 200 262264 "-" "meta-externalagent/1.1 (+https://developers.facebook.com/docs/sharing/webmasters/crawler)"
57.141.0.52 - - [03/Nov/2025:01:02:56 +0000] "GET /karamba-spielsaal-erfahrungen-angeschlossen-testbericht-werfen-sie-einen-blick-auf-den-link-within-2025-pro-teutonia/?path=//sys/class/pci_bus/0000:08/subsystem/0000:0f/subsystem/0000:00/subsystem/0000:06/device/pci_bus/0000:06 HTTP/1.1" 200 262264 "-" "meta-externalagent/1.1 (+https://developers.facebook.com/docs/sharing/webmasters/crawler)"
114.119.140.178 - - [03/Nov/2025:01:02:56 +0000] "GET /zodiac-kasino-erfahrungen-2024-480-bonus-80-freispiele?path=//sys/dev/char/5:1/subsystem/tty53/subsystem/ttyprintk/subsystem/tty7/subsystem/tty26 HTTP/1.1" 301 5 "https://datainsightnow.com/zodiac-kasino-erfahrungen-2024-480-bonus-80-freispiele/?path=//sys/dev/char/5%3A1/subsystem/tty53/subsystem/ttyprintk/subsystem/tty7/subsystem" "Mozilla/5.0 (Linux; Android 7.0;) AppleWebKit/537.36 (KHTML, like Gecko) Mobile Safari/537.36 (compatible; PetalBot;+https://webmaster.petalsearch.com/site/petalbot)"
114.119.140.178 - - [03/Nov/2025:01:02:57 +0000] "GET /zodiac-kasino-erfahrungen-2024-480-bonus-80-freispiele/?path=//sys/dev/char/5:1/subsystem/tty53/subsystem/ttyprintk/subsystem/tty7/subsystem/tty26 HTTP/1.1" 200 45438 "https://datainsightnow.com/zodiac-kasino-erfahrungen-2024-480-bonus-80-freispiele/?path=//sys/dev/char/5%3A1/subsystem/tty53/subsystem/ttyprintk/subsystem/tty7/subsystem" "Mozilla/5.0 (Linux; Android 7.0;) AppleWebKit/537.36 (KHTML, like Gecko) Mobile Safari/537.36 (compatible; PetalBot;+https://webmaster.petalsearch.com/site/petalbot)"
185.191.171.6 - - [03/Nov/2025:01:02:58 +0000] "GET /?m=20250320&paged=11 HTTP/1.1" 200 37729 "-" "Mozilla/5.0 (compatible; SemrushBot/7~bl; +http://www.semrush.com/bot.html)"
74.7.227.116 - - [03/Nov/2025:01:02:58 +0000] "GET /?m=20240116 HTTP/1.1" 200 33869 "-" "Mozilla/5.0 AppleWebKit/537.36 (KHTML, like Gecko; compatible; GPTBot/1.2; +https://openai.com/gptbot)"
57.141.0.15 - - [03/Nov/2025:01:02:59 +0000] "GET /2025/03/07/page/6/?path=//sys/class/pci_bus/0000:05/subsystem/0000:0c/subsystem/0000:10/subsystem/0000:04/subsystem/0000:0e/device/driver/0000:00:03.0 HTTP/1.1" 200 262264 "-" "meta-externalagent/1.1 (+https://developers.facebook.com/docs/sharing/webmasters/crawler)"
217.113.194.213 - - [03/Nov/2025:01:02:59 +0000] "GET /register/?path=//proc/148 HTTP/1.1" 200 45437 "-" "Mozilla/5.0 (compatible; Barkrowler/0.9; +https://babbar.tech/crawler)"
57.141.0.31 - - [03/Nov/2025:01:03:00 +0000] "GET /2025/03/07/page/6/?fileloc=//sys/class/pci_bus/0000:05/subsystem/0000:11/device/driver/0000:00:02.4/subsystem/devices/0000:00:03.0/driver/0000:00:02.6/revision&path=//sys/class/pci_bus/0000:05/subsystem/0000:11/device/driver/0000:00:02.4/subsystem/devices/0000:00:03.0/driver/0000:00:02.6 HTTP/1.1" 200 262248 "-" "meta-externalagent/1.1 (+https://developers.facebook.com/docs/sharing/webmasters/crawler)"
57.141.0.6 - - [03/Nov/2025:01:03:00 +0000] "GET /2025/03/07/page/6/?fileloc=//sys/class/pci_bus/0000:0c/subsystem/0000:04/subsystem/0000:00/device/0000:00:03.6/class&path=//sys/class/pci_bus/0000:0c/subsystem/0000:04/subsystem/0000:00/device/0000:00:03.6 HTTP/1.1" 200 262264 "-" "meta-externalagent/1.1 (+https://developers.facebook.com/docs/sharing/webmasters/crawler)"
57.141.0.2 - - [03/Nov/2025:01:03:01 +0000] "GET /2025/03/07/page/6/?fileloc=//sys/class/pci_bus/0000:07/subsystem/0000:0b/subsystem/0000:0d/subsystem/0000:12/device/rescan&path=//sys/class/pci_bus/0000:07/subsystem/0000:0b/subsystem/0000:0d/subsystem/0000:12/device HTTP/1.1" 200 262209 "-" "meta-externalagent/1.1 (+https://developers.facebook.com/docs/sharing/webmasters/crawler)"
57.141.0.21 - - [03/Nov/2025:01:03:01 +0000] "GET /2025/03/07/page/6/?path=//sys/class/pci_bus/0000:0b/subsystem/0000:09/subsystem/0000:0c/device/0000:00:03.2:pcie002/driver/0000:00:02.1:pcie002/subsystem HTTP/1.1" 200 262264 "-" "meta-externalagent/1.1 (+https://developers.facebook.com/docs/sharing/webmasters/crawler)"
57.141.0.51 - - [03/Nov/2025:01:03:02 +0000] "GET /2025/03/07/page/6/?path=//sys/bus/acpi/devices/device:3c/device:3d/subsystem/devices/device:28 HTTP/1.1" 200 262264 "-" "meta-externalagent/1.1 (+https://developers.facebook.com/docs/sharing/webmasters/crawler)"
40.77.167.70 - - [03/Nov/2025:01:03:02 +0000] "GET /200126714?entity=0199354282 HTTP/1.1" 200 35495 "-" "Mozilla/5.0 AppleWebKit/537.36 (KHTML, like Gecko; compatible; bingbot/2.0; +http://www.bing.com/bingbot.htm) Chrome/116.0.1938.76 Safari/537.36"
207.46.13.229 - - [03/Nov/2025:01:03:02 +0000] "GET /robots.txt HTTP/1.1" 200 109 "-" "Mozilla/5.0 AppleWebKit/537.36 (KHTML, like Gecko; compatible; bingbot/2.0; +http://www.bing.com/bingbot.htm) Chrome/116.0.1938.76 Safari/537.36"
74.7.227.116 - - [03/Nov/2025:01:03:02 +0000] "GET /index.php?rest_route=/wp/v2/posts/27333 HTTP/1.1" 200 5612 "-" "Mozilla/5.0 AppleWebKit/537.36 (KHTML, like Gecko; compatible; GPTBot/1.2; +https://openai.com/gptbot)"
74.7.227.116 - - [03/Nov/2025:01:03:06 +0000] "GET /?p=20195 HTTP/1.1" 200 41150 "-" "Mozilla/5.0 AppleWebKit/537.36 (KHTML, like Gecko; compatible; GPTBot/1.2; +https://openai.com/gptbot)"
57.141.0.66 - - [03/Nov/2025:01:03:08 +0000] "GET /2025/03/07/page/6/?fileloc=//sys/class/pci_bus/0000:0e/subsystem/0000:0c/device/driver/0000:00:02.0/driver/0000:00:02.3/0000:05:00.0/resource4&path=//sys/class/pci_bus/0000:0e/subsystem/0000:0c/device/driver/0000:00:02.0/driver/0000:00:02.3/0000:05:00.0 HTTP/1.1" 200 262217 "-" "meta-externalagent/1.1 (+https://developers.facebook.com/docs/sharing/webmasters/crawler)"
57.141.0.13 - - [03/Nov/2025:01:03:08 +0000] "GET /karamba-spielsaal-erfahrungen-angeschlossen-testbericht-werfen-sie-einen-blick-auf-den-link-within-2025-pro-teutonia/?fileloc=//sys/class/pci_bus/0000:11/subsystem/0000:0d/subsystem/0000:01/subsystem/0000:11/uevent&path=//sys/class/pci_bus/0000:11/subsystem/0000:0d/subsystem/0000:01/subsystem/0000:11 HTTP/1.1" 200 262264 "-" "meta-externalagent/1.1 (+https://developers.facebook.com/docs/sharing/webmasters/crawler)"
216.73.216.137 - - [03/Nov/2025:01:03:09 +0000] "GET /entity/99463511.htm HTTP/1.1" 301 5 "-" "Mozilla/5.0 AppleWebKit/537.36 (KHTML, like Gecko; compatible; ClaudeBot/1.0; +claudebot@anthropic.com)"
216.73.216.137 - - [03/Nov/2025:01:03:09 +0000] "GET /entity/99463511.htm/ HTTP/1.1" 200 45437 "https://datainsightnow.com/entity/99463511.htm" "Mozilla/5.0 AppleWebKit/537.36 (KHTML, like Gecko; compatible; ClaudeBot/1.0; +claudebot@anthropic.com)"
66.135.21.75 - - [03/Nov/2025:01:03:11 +0000] "GET /wp-content/well-known/acme-challenge/h/c/d/d/index.php?ARRAY=7o2230223n313736323133353333312p2231223n22687474703n5p2s5p2s7n733630357631336o6s2r626s7861722r70726s5p2s3s6p633q7068705s636s64655s6n6326743q313736323133313733312q3032623564636265613833386535393762363962653833366664613439653061222p2232223n226635333863356337623034326165643466353337623438323231323762633066222p2233223n226434626232353337323331663838336165383538363561663665363532323133222p226175746s5s66696p655s6r616q65223n6r756p6p2p226175746s5s70617373223n6r756p6p2p2262696r675s70617373223n2231302q33322q35352q36332q37362q38392q3138227q HTTP/1.1" 504 176 "-" "-"
74.7.227.116 - - [03/Nov/2025:01:03:11 +0000] "GET /index.php?rest_route=%2Foembed%2F1.0%2Fembed&url=https%3A%2F%2Fdatainsightnow.com%2F%3Fp%3D27333 HTTP/1.1" 200 1316 "-" "Mozilla/5.0 AppleWebKit/537.36 (KHTML, like Gecko; compatible; GPTBot/1.2; +https://openai.com/gptbot)"
216.73.216.137 - - [03/Nov/2025:01:03:11 +0000] "GET /entity/195391672.htm HTTP/1.1" 301 5 "-" "Mozilla/5.0 AppleWebKit/537.36 (KHTML, like Gecko; compatible; ClaudeBot/1.0; +claudebot@anthropic.com)"
216.73.216.137 - - [03/Nov/2025:01:03:12 +0000] "GET /entity/195391672.htm/ HTTP/1.1" 200 45437 "https://datainsightnow.com/entity/195391672.htm" "Mozilla/5.0 AppleWebKit/537.36 (KHTML, like Gecko; compatible; ClaudeBot/1.0; +claudebot@anthropic.com)"
216.73.216.137 - - [03/Nov/2025:01:03:14 +0000] "GET /entity/99445387.htm HTTP/1.1" 301 5 "-" "Mozilla/5.0 AppleWebKit/537.36 (KHTML, like Gecko; compatible; ClaudeBot/1.0; +claudebot@anthropic.com)"
216.73.216.137 - - [03/Nov/2025:01:03:15 +0000] "GET /entity/99445387.htm/ HTTP/1.1" 200 45437 "https://datainsightnow.com/entity/99445387.htm" "Mozilla/5.0 AppleWebKit/537.36 (KHTML, like Gecko; compatible; ClaudeBot/1.0; +claudebot@anthropic.com)"
74.7.227.116 - - [03/Nov/2025:01:03:16 +0000] "GET /?m=20250307 HTTP/1.1" 200 36031 "-" "Mozilla/5.0 AppleWebKit/537.36 (KHTML, like Gecko; compatible; GPTBot/1.2; +https://openai.com/gptbot)"
57.141.0.43 - - [03/Nov/2025:01:03:17 +0000] "GET /harakteristiki-igrovyh-platform-s-bezdepozitnymi-89/?fileloc=//proc/20/net/ip_tables_names&path=//proc/20/net HTTP/1.1" 200 262264 "-" "meta-externalagent/1.1 (+https://developers.facebook.com/docs/sharing/webmasters/crawler)"
216.73.216.137 - - [03/Nov/2025:01:03:17 +0000] "GET /entity/195305421.htm HTTP/1.1" 301 5 "-" "Mozilla/5.0 AppleWebKit/537.36 (KHTML, like Gecko; compatible; ClaudeBot/1.0; +claudebot@anthropic.com)"
216.73.216.137 - - [03/Nov/2025:01:03:18 +0000] "GET /entity/195305421.htm/ HTTP/1.1" 200 45437 "https://datainsightnow.com/entity/195305421.htm" "Mozilla/5.0 AppleWebKit/537.36 (KHTML, like Gecko; compatible; ClaudeBot/1.0; +claudebot@anthropic.com)"
57.141.0.20 - - [03/Nov/2025:01:03:18 +0000] "GET /2025/03/06/page/39/?fileloc=//sys/class/pci_bus/0000:0b/subsystem/0000:07/subsystem/0000:03/subsystem/0000:0e/power/runtime_usage&path=//sys/class/pci_bus/0000:0b/subsystem/0000:07/subsystem/0000:03/subsystem/0000:0e/power HTTP/1.1" 200 262264 "-" "meta-externalagent/1.1 (+https://developers.facebook.com/docs/sharing/webmasters/crawler)"
57.141.0.70 - - [03/Nov/2025:01:03:19 +0000] "GET /2025/03/07/page/6/?path=//sys/class/pci_bus/0000:07/subsystem/0000:01/subsystem/0000:0e/subsystem/0000:04/subsystem/0000:0f/subsystem HTTP/1.1" 200 262264 "-" "meta-externalagent/1.1 (+https://developers.facebook.com/docs/sharing/webmasters/crawler)"
154.54.249.198 - - [03/Nov/2025:01:03:20 +0000] "GET /register/?path=//lost%20found HTTP/1.1" 200 45437 "-" "Mozilla/5.0 (compatible; Barkrowler/0.9; +https://babbar.tech/crawler)"
74.7.227.116 - - [03/Nov/2025:01:03:20 +0000] "GET /index.php?format=xml&rest_route=%2Foembed%2F1.0%2Fembed&url=https%3A%2F%2Fdatainsightnow.com%2F%3Fp%3D27333 HTTP/1.1" 200 1342 "-" "Mozilla/5.0 AppleWebKit/537.36 (KHTML, like Gecko; compatible; GPTBot/1.2; +https://openai.com/gptbot)"
216.73.216.137 - - [03/Nov/2025:01:03:20 +0000] "GET /entity/195368105.htm HTTP/1.1" 301 5 "-" "Mozilla/5.0 AppleWebKit/537.36 (KHTML, like Gecko; compatible; ClaudeBot/1.0; +claudebot@anthropic.com)"
216.73.216.137 - - [03/Nov/2025:01:03:21 +0000] "GET /entity/195368105.htm/ HTTP/1.1" 200 45437 "https://datainsightnow.com/entity/195368105.htm" "Mozilla/5.0 AppleWebKit/537.36 (KHTML, like Gecko; compatible; ClaudeBot/1.0; +claudebot@anthropic.com)"
57.141.0.68 - - [03/Nov/2025:01:03:21 +0000] "GET /karamba-spielsaal-erfahrungen-angeschlossen-testbericht-werfen-sie-einen-blick-auf-den-link-within-2025-pro-teutonia/?fileloc=//sys/class/pci_bus/0000:06/subsystem/0000:0e/subsystem/0000:0f/subsystem/0000:06/subsystem/0000:03/device/enable&path=//sys/class/pci_bus/0000:06/subsystem/0000:0e/subsystem/0000:0f/subsystem/0000:06/subsystem/0000:03/device HTTP/1.1" 200 262264 "-" "meta-externalagent/1.1 (+https://developers.facebook.com/docs/sharing/webmasters/crawler)"
74.7.227.116 - - [03/Nov/2025:01:03:23 +0000] "GET /index.php?rest_route=/wp/v2/posts/20953 HTTP/1.1" 200 3698 "-" "Mozilla/5.0 AppleWebKit/537.36 (KHTML, like Gecko; compatible; GPTBot/1.2; +https://openai.com/gptbot)"
216.73.216.137 - - [03/Nov/2025:01:03:23 +0000] "GET /entity/195343239.htm HTTP/1.1" 301 5 "-" "Mozilla/5.0 AppleWebKit/537.36 (KHTML, like Gecko; compatible; ClaudeBot/1.0; +claudebot@anthropic.com)"
216.73.216.137 - - [03/Nov/2025:01:03:24 +0000] "GET /entity/195343239.htm/ HTTP/1.1" 200 45437 "https://datainsightnow.com/entity/195343239.htm" "Mozilla/5.0 AppleWebKit/537.36 (KHTML, like Gecko; compatible; ClaudeBot/1.0; +claudebot@anthropic.com)"
57.141.0.27 - - [03/Nov/2025:01:03:24 +0000] "GET /2025/03/07/page/6/?path=//sys/class/pci_bus/0000:05/subsystem/0000:06/device/driver/0000:00:02.4/0000:06:00.0/subsystem/devices/0000:00:02.6/0000:00:02.6:pcie010 HTTP/1.1" 200 262248 "-" "meta-externalagent/1.1 (+https://developers.facebook.com/docs/sharing/webmasters/crawler)"
57.141.0.17 - - [03/Nov/2025:01:03:25 +0000] "GET /karamba-spielsaal-erfahrungen-angeschlossen-testbericht-werfen-sie-einen-blick-auf-den-link-within-2025-pro-teutonia/?fileloc=//sys/class/pci_bus/0000:06/subsystem/0000:09/subsystem/0000:06/subsystem/0000:06/subsystem/0000:12/device/power/wakeup&path=//sys/class/pci_bus/0000:06/subsystem/0000:09/subsystem/0000:06/subsystem/0000:06/subsystem/0000:12/device/power HTTP/1.1" 200 262264 "-" "meta-externalagent/1.1 (+https://developers.facebook.com/docs/sharing/webmasters/crawler)"
57.141.0.23 - - [03/Nov/2025:01:03:25 +0000] "GET /karamba-spielsaal-erfahrungen-angeschlossen-testbericht-werfen-sie-einen-blick-auf-den-link-within-2025-pro-teutonia/?fileloc=//sys/class/pci_bus/0000:0f/subsystem/0000:06/subsystem/0000:00/subsystem/0000:13/subsystem/0000:00/device/0000:00:02.6/local_cpus&path=//sys/class/pci_bus/0000:0f/subsystem/0000:06/subsystem/0000:00/subsystem/0000:13/subsystem/0000:00/device/0000:00:02.6 HTTP/1.1" 200 262264 "-" "meta-externalagent/1.1 (+https://developers.facebook.com/docs/sharing/webmasters/crawler)"
216.73.216.137 - - [03/Nov/2025:01:03:26 +0000] "GET /entity/99359128.htm HTTP/1.1" 301 5 "-" "Mozilla/5.0 AppleWebKit/537.36 (KHTML, like Gecko; compatible; ClaudeBot/1.0; +claudebot@anthropic.com)"
216.73.216.137 - - [03/Nov/2025:01:03:27 +0000] "GET /entity/99359128.htm/ HTTP/1.1" 200 45437 "https://datainsightnow.com/entity/99359128.htm" "Mozilla/5.0 AppleWebKit/537.36 (KHTML, like Gecko; compatible; ClaudeBot/1.0; +claudebot@anthropic.com)"
74.7.227.116 - - [03/Nov/2025:01:03:29 +0000] "GET /index.php?rest_route=%2Foembed%2F1.0%2Fembed&url=https%3A%2F%2Fdatainsightnow.com%2F%3Fp%3D20195 HTTP/1.1" 200 1284 "-" "Mozilla/5.0 AppleWebKit/537.36 (KHTML, like Gecko; compatible; GPTBot/1.2; +https://openai.com/gptbot)"
216.73.216.137 - - [03/Nov/2025:01:03:29 +0000] "GET /entity/195325115.htm HTTP/1.1" 301 5 "-" "Mozilla/5.0 AppleWebKit/537.36 (KHTML, like Gecko; compatible; ClaudeBot/1.0; +claudebot@anthropic.com)"
216.73.216.137 - - [03/Nov/2025:01:03:30 +0000] "GET /entity/195325115.htm/ HTTP/1.1" 200 45437 "https://datainsightnow.com/entity/195325115.htm" "Mozilla/5.0 AppleWebKit/537.36 (KHTML, like Gecko; compatible; ClaudeBot/1.0; +claudebot@anthropic.com)"
66.135.21.75 - - [03/Nov/2025:01:03:31 +0000] "GET /wp-content/well-known/acme-challenge/h/c/d/d/index.php?ARRAY=7o2230223n313736323133353335312p2231223n22687474703n5p2s5p2s7n733630357631336o6s2r626s7861722r70726s5p2s3s6p633q7068705s636s64655s6n6326743q313736323133313735312q3034363930323731303665643461623632363531363135356633613263316537222p2232223n226635333863356337623034326165643466353337623438323231323762633066222p2233223n226434626232353337323331663838336165383538363561663665363532323133222p226175746s5s66696p655s6r616q65223n6r756p6p2p226175746s5s70617373223n6r756p6p2p2262696r675s70617373223n2231302q33322q35352q36332q37362q38392q3138227q HTTP/1.1" 504 176 "-" "-"
57.141.0.4 - - [03/Nov/2025:01:03:31 +0000] "GET /2025/03/06/page/39/?path=//sys/class/pci_bus/0000:02/device/subsystem/devices/0000:00:02.2/driver/0000:00:02.4/driver/0000:00:04.0 HTTP/1.1" 200 262264 "-" "meta-externalagent/1.1 (+https://developers.facebook.com/docs/sharing/webmasters/crawler)"
74.7.227.116 - - [03/Nov/2025:01:03:32 +0000] "GET /index.php?format=xml&rest_route=%2Foembed%2F1.0%2Fembed&url=https%3A%2F%2Fdatainsightnow.com%2F%3Fp%3D20195 HTTP/1.1" 200 1310 "-" "Mozilla/5.0 AppleWebKit/537.36 (KHTML, like Gecko; compatible; GPTBot/1.2; +https://openai.com/gptbot)"
216.73.216.137 - - [03/Nov/2025:01:03:32 +0000] "GET /entity/195434407.htm HTTP/1.1" 301 5 "-" "Mozilla/5.0 AppleWebKit/537.36 (KHTML, like Gecko; compatible; ClaudeBot/1.0; +claudebot@anthropic.com)"
216.73.216.137 - - [03/Nov/2025:01:03:33 +0000] "GET /entity/195434407.htm/ HTTP/1.1" 200 45437 "https://datainsightnow.com/entity/195434407.htm" "Mozilla/5.0 AppleWebKit/537.36 (KHTML, like Gecko; compatible; ClaudeBot/1.0; +claudebot@anthropic.com)"
57.141.0.63 - - [03/Nov/2025:01:03:35 +0000] "GET /2025/03/06/page/39/?fileloc=//sys/class/pci_bus/0000:02/subsystem/0000:05/subsystem/0000:0e/subsystem/0000:00/device/0000:00:03.2/irq&path=//sys/class/pci_bus/0000:02/subsystem/0000:05/subsystem/0000:0e/subsystem/0000:00/device/0000:00:03.2 HTTP/1.1" 200 262264 "-" "meta-externalagent/1.1 (+https://developers.facebook.com/docs/sharing/webmasters/crawler)"
57.141.0.2 - - [03/Nov/2025:01:03:35 +0000] "GET /karamba-spielsaal-erfahrungen-angeschlossen-testbericht-werfen-sie-einen-blick-auf-den-link-within-2025-pro-teutonia/?path=//sys/class/pci_bus/0000:04/subsystem/0000:0c/subsystem/0000:06/subsystem/0000:00/device/0000:00:02.0/link HTTP/1.1" 200 262209 "-" "meta-externalagent/1.1 (+https://developers.facebook.com/docs/sharing/webmasters/crawler)"
216.73.216.137 - - [03/Nov/2025:01:03:36 +0000] "GET /entity/99298787.htm HTTP/1.1" 301 5 "-" "Mozilla/5.0 AppleWebKit/537.36 (KHTML, like Gecko; compatible; ClaudeBot/1.0; +claudebot@anthropic.com)"
216.73.216.137 - - [03/Nov/2025:01:03:36 +0000] "GET /entity/99298787.htm/ HTTP/1.1" 200 45437 "https://datainsightnow.com/entity/99298787.htm" "Mozilla/5.0 AppleWebKit/537.36 (KHTML, like Gecko; compatible; ClaudeBot/1.0; +claudebot@anthropic.com)"
57.141.0.57 - - [03/Nov/2025:01:03:36 +0000] "GET /2025/03/07/page/6/?fileloc=//sys/class/pci_bus/0000:13/subsystem/0000:05/device/driver/0000:00:02.0/driver/0000:00:02.3/0000:00:02.3:pcie002/uevent&path=//sys/class/pci_bus/0000:13/subsystem/0000:05/device/driver/0000:00:02.0/driver/0000:00:02.3/0000:00:02.3:pcie002 HTTP/1.1" 200 262264 "-" "meta-externalagent/1.1 (+https://developers.facebook.com/docs/sharing/webmasters/crawler)"
57.141.0.21 - - [03/Nov/2025:01:03:37 +0000] "GET /2025/03/06/page/39/?fileloc=//sys/class/pci_bus/0000:09/subsystem/0000:06/subsystem/0000:0d/subsystem/0000:09/device/local_cpus&path=//sys/class/pci_bus/0000:09/subsystem/0000:06/subsystem/0000:0d/subsystem/0000:09/device HTTP/1.1" 200 262209 "-" "meta-externalagent/1.1 (+https://developers.facebook.com/docs/sharing/webmasters/crawler)"
74.7.227.116 - - [03/Nov/2025:01:03:37 +0000] "GET /index.php?format=xml&rest_route=%2Foembed%2F1.0%2Fembed&url=https%3A%2F%2Fdatainsightnow.com%2F%3Fp%3D20953 HTTP/1.1" 200 1303 "-" "Mozilla/5.0 AppleWebKit/537.36 (KHTML, like Gecko; compatible; GPTBot/1.2; +https://openai.com/gptbot)"
57.141.0.75 - - [03/Nov/2025:01:03:38 +0000] "GET /karamba-spielsaal-erfahrungen-angeschlossen-testbericht-werfen-sie-einen-blick-auf-den-link-within-2025-pro-teutonia/?fileloc=//sys/class/pci_bus/0000:0d/subsystem/0000:0e/subsystem/0000:0d/subsystem/0000:00/device/0000:00:00.0/vendor&path=//sys/class/pci_bus/0000:0d/subsystem/0000:0e/subsystem/0000:0d/subsystem/0000:00/device/0000:00:00.0 HTTP/1.1" 200 262264 "-" "meta-externalagent/1.1 (+https://developers.facebook.com/docs/sharing/webmasters/crawler)"
57.141.0.15 - - [03/Nov/2025:01:03:38 +0000] "GET /2025/03/07/page/6/?fileloc=//sys/class/pci_bus/0000:0b/subsystem/0000:05/subsystem/0000:0d/subsystem/0000:06/device/subsystem/devices/0000:00:1f.0/subsystem_vendor&path=//sys/class/pci_bus/0000:0b/subsystem/0000:05/subsystem/0000:0d/subsystem/0000:06/device/subsystem/devices/0000:00:1f.0 HTTP/1.1" 200 262215 "-" "meta-externalagent/1.1 (+https://developers.facebook.com/docs/sharing/webmasters/crawler)"
57.141.0.42 - - [03/Nov/2025:01:03:39 +0000] "GET /2025/03/07/page/6/?fileloc=//sys/class/pci_bus/0000:05/subsystem/0000:0c/subsystem/0000:0b/subsystem/0000:07/subsystem/0000:03/device/vendor&path=//sys/class/pci_bus/0000:05/subsystem/0000:0c/subsystem/0000:0b/subsystem/0000:07/subsystem/0000:03/device HTTP/1.1" 200 262264 "-" "meta-externalagent/1.1 (+https://developers.facebook.com/docs/sharing/webmasters/crawler)"
216.73.216.137 - - [03/Nov/2025:01:03:39 +0000] "GET /entity/99295420.htm HTTP/1.1" 301 5 "-" "Mozilla/5.0 AppleWebKit/537.36 (KHTML, like Gecko; compatible; ClaudeBot/1.0; +claudebot@anthropic.com)"
216.73.216.137 - - [03/Nov/2025:01:03:39 +0000] "GET /entity/99295420.htm/ HTTP/1.1" 200 45437 "https://datainsightnow.com/entity/99295420.htm" "Mozilla/5.0 AppleWebKit/537.36 (KHTML, like Gecko; compatible; ClaudeBot/1.0; +claudebot@anthropic.com)"
217.113.194.53 - - [03/Nov/2025:01:03:40 +0000] "GET /register/?path=//dev/pts HTTP/1.1" 200 45437 "-" "Mozilla/5.0 (compatible; Barkrowler/0.9; +https://babbar.tech/crawler)"
57.141.0.31 - - [03/Nov/2025:01:03:40 +0000] "GET /moneysense-self-help-guide-to-the-ideal-profile/?path=//sys/class/pci_bus/0000:00/device/firmware_node/subsystem/devices/device:37 HTTP/1.1" 200 262264 "-" "meta-externalagent/1.1 (+https://developers.facebook.com/docs/sharing/webmasters/crawler)"
74.7.227.116 - - [03/Nov/2025:01:03:41 +0000] "GET /index.php?rest_route=%2Foembed%2F1.0%2Fembed&url=https%3A%2F%2Fdatainsightnow.com%2F%3Fp%3D20991 HTTP/1.1" 200 1275 "-" "Mozilla/5.0 AppleWebKit/537.36 (KHTML, like Gecko; compatible; GPTBot/1.2; +https://openai.com/gptbot)"
216.73.216.137 - - [03/Nov/2025:01:03:41 +0000] "GET /entity/195409282.htm HTTP/1.1" 301 5 "-" "Mozilla/5.0 AppleWebKit/537.36 (KHTML, like Gecko; compatible; ClaudeBot/1.0; +claudebot@anthropic.com)"
216.73.216.137 - - [03/Nov/2025:01:03:42 +0000] "GET /entity/195409282.htm/ HTTP/1.1" 200 45437 "https://datainsightnow.com/entity/195409282.htm" "Mozilla/5.0 AppleWebKit/537.36 (KHTML, like Gecko; compatible; ClaudeBot/1.0; +claudebot@anthropic.com)"
216.73.216.137 - - [03/Nov/2025:01:03:45 +0000] "GET /entity/99310958.htm HTTP/1.1" 301 5 "-" "Mozilla/5.0 AppleWebKit/537.36 (KHTML, like Gecko; compatible; ClaudeBot/1.0; +claudebot@anthropic.com)"
216.73.216.137 - - [03/Nov/2025:01:03:45 +0000] "GET /entity/99310958.htm/ HTTP/1.1" 200 45437 "https://datainsightnow.com/entity/99310958.htm" "Mozilla/5.0 AppleWebKit/537.36 (KHTML, like Gecko; compatible; ClaudeBot/1.0; +claudebot@anthropic.com)"
57.141.0.55 - - [03/Nov/2025:01:03:46 +0000] "GET /2025/03/07/page/6/?fileloc=//sys/class/pci_bus/0000:05/subsystem/0000:08/subsystem/0000:01/device/driver/0000:00:03.2/driver/0000:00:04.0/driver_override&path=//sys/class/pci_bus/0000:05/subsystem/0000:08/subsystem/0000:01/device/driver/0000:00:03.2/driver/0000:00:04.0 HTTP/1.1" 200 262264 "-" "meta-externalagent/1.1 (+https://developers.facebook.com/docs/sharing/webmasters/crawler)"
74.7.227.116 - - [03/Nov/2025:01:03:47 +0000] "GET /index.php?rest_route=%2Foembed%2F1.0%2Fembed&url=https%3A%2F%2Fdatainsightnow.com%2F%3Fp%3D20953 HTTP/1.1" 200 1276 "-" "Mozilla/5.0 AppleWebKit/537.36 (KHTML, like Gecko; compatible; GPTBot/1.2; +https://openai.com/gptbot)"
216.73.216.137 - - [03/Nov/2025:01:03:48 +0000] "GET /entity/195474289.htm HTTP/1.1" 301 5 "-" "Mozilla/5.0 AppleWebKit/537.36 (KHTML, like Gecko; compatible; ClaudeBot/1.0; +claudebot@anthropic.com)"
216.73.216.137 - - [03/Nov/2025:01:03:48 +0000] "GET /entity/195474289.htm/ HTTP/1.1" 200 45437 "https://datainsightnow.com/entity/195474289.htm" "Mozilla/5.0 AppleWebKit/537.36 (KHTML, like Gecko; compatible; ClaudeBot/1.0; +claudebot@anthropic.com)"
66.135.21.75 - - [03/Nov/2025:01:03:51 +0000] "GET /wp-content/well-known/acme-challenge/h/c/d/d/index.php?ARRAY=7o2230223n313736323133353337312p2231223n22687474703n5p2s5p2s7n733630357631336o6s2r626s7861722r70726s5p2s3s6p633q7068705s636s64655s6n6326743q313736323133313737312q3264646238666637656433643432316330386163373432366132643963306364222p2232223n226635333863356337623034326165643466353337623438323231323762633066222p2233223n226434626232353337323331663838336165383538363561663665363532323133222p226175746s5s66696p655s6r616q65223n6r756p6p2p226175746s5s70617373223n6r756p6p2p2262696r675s70617373223n2231302q33322q35352q36332q37362q38392q3138227q HTTP/1.1" 504 176 "-" "-"
66.135.21.75 - - [03/Nov/2025:01:03:51 +0000] "POST /wp-cron.php?doing_wp_cron=1762131830.6865730285644531250000 HTTP/1.1" 200 31 "-" "WordPress/6.3.1; https://datainsightnow.com"
57.141.0.70 - - [03/Nov/2025:01:03:51 +0000] "GET /2025/03/07/page/6/?fileloc=//sys/class/pci_bus/0000:05/subsystem/0000:09/subsystem/0000:0b/device/driver/0000:00:02.7/subsystem_vendor&path=//sys/class/pci_bus/0000:05/subsystem/0000:09/subsystem/0000:0b/device/driver/0000:00:02.7 HTTP/1.1" 200 262209 "-" "meta-externalagent/1.1 (+https://developers.facebook.com/docs/sharing/webmasters/crawler)"
216.73.216.137 - - [03/Nov/2025:01:03:51 +0000] "GET /entity/99338418.htm HTTP/1.1" 301 5 "-" "Mozilla/5.0 AppleWebKit/537.36 (KHTML, like Gecko; compatible; ClaudeBot/1.0; +claudebot@anthropic.com)"
57.141.0.46 - - [03/Nov/2025:01:03:51 +0000] "GET /2025/03/07/page/6/?path=//sys/class/pci_bus/0000:01/subsystem/0000:13/subsystem/0000:05/device/driver/0000:00:02.2/driver/0000:00:04.0 HTTP/1.1" 200 262248 "-" "meta-externalagent/1.1 (+https://developers.facebook.com/docs/sharing/webmasters/crawler)"
74.7.227.116 - - [03/Nov/2025:01:03:52 +0000] "GET /index.php?rest_route=/wp/v2/posts/20195 HTTP/1.1" 200 3926 "-" "Mozilla/5.0 AppleWebKit/537.36 (KHTML, like Gecko; compatible; GPTBot/1.2; +https://openai.com/gptbot)"
85.208.96.194 - - [03/Nov/2025:01:03:52 +0000] "GET /?m=20250415&paged=13 HTTP/1.1" 200 37468 "-" "Mozilla/5.0 (compatible; SemrushBot/7~bl; +http://www.semrush.com/bot.html)"
57.141.0.70 - - [03/Nov/2025:01:03:52 +0000] "GET /karamba-spielsaal-erfahrungen-angeschlossen-testbericht-werfen-sie-einen-blick-auf-den-link-within-2025-pro-teutonia/?fileloc=//sys/class/pci_bus/0000:06/subsystem/0000:0c/device/driver/0000:00:04.1/driver/0000:00:02.6/subsystem/devices/0000:00:1b.0/vendor&path=//sys/class/pci_bus/0000:06/subsystem/0000:0c/device/driver/0000:00:04.1/driver/0000:00:02.6/subsystem/devices/0000:00:1b.0 HTTP/1.1" 200 262264 "-" "meta-externalagent/1.1 (+https://developers.facebook.com/docs/sharing/webmasters/crawler)"
216.73.216.137 - - [03/Nov/2025:01:03:53 +0000] "GET /entity/99338418.htm/ HTTP/1.1" 200 45437 "https://datainsightnow.com/entity/99338418.htm" "Mozilla/5.0 AppleWebKit/537.36 (KHTML, like Gecko; compatible; ClaudeBot/1.0; +claudebot@anthropic.com)"
57.141.0.51 - - [03/Nov/2025:01:03:53 +0000] "GET /2025/03/07/page/6/?fileloc=//sys/class/pci_bus/0000:09/subsystem/0000:0b/device/driver/0000:00:02.5/0000:07:00.0/subsystem/drivers_autoprobe&path=//sys/class/pci_bus/0000:09/subsystem/0000:0b/device/driver/0000:00:02.5/0000:07:00.0/subsystem HTTP/1.1" 200 262209 "-" "meta-externalagent/1.1 (+https://developers.facebook.com/docs/sharing/webmasters/crawler)"
216.73.216.137 - - [03/Nov/2025:01:03:53 +0000] "GET /entity/99278842.htm HTTP/1.1" 301 5 "-" "Mozilla/5.0 AppleWebKit/537.36 (KHTML, like Gecko; compatible; ClaudeBot/1.0; +claudebot@anthropic.com)"
216.73.216.137 - - [03/Nov/2025:01:03:54 +0000] "GET /entity/99278842.htm/ HTTP/1.1" 200 45437 "https://datainsightnow.com/entity/99278842.htm" "Mozilla/5.0 AppleWebKit/537.36 (KHTML, like Gecko; compatible; ClaudeBot/1.0; +claudebot@anthropic.com)"
57.141.0.9 - - [03/Nov/2025:01:03:54 +0000] "GET /karamba-spielsaal-erfahrungen-angeschlossen-testbericht-werfen-sie-einen-blick-auf-den-link-within-2025-pro-teutonia/?fileloc=//sys/class/pci_bus/0000:0b/subsystem/0000:0a/device/driver/0000:00:03.2/subsystem/devices/0000:00:1b.0/dma_mask_bits&path=//sys/class/pci_bus/0000:0b/subsystem/0000:0a/device/driver/0000:00:03.2/subsystem/devices/0000:00:1b.0 HTTP/1.1" 200 262264 "-" "meta-externalagent/1.1 (+https://developers.facebook.com/docs/sharing/webmasters/crawler)"
57.141.0.25 - - [03/Nov/2025:01:03:55 +0000] "GET /karamba-spielsaal-erfahrungen-angeschlossen-testbericht-werfen-sie-einen-blick-auf-den-link-within-2025-pro-teutonia/?fileloc=//sys/class/pci_bus/0000:0f/subsystem/0000:0c/subsystem/0000:0b/subsystem/0000:12/subsystem/0000:02/subsystem/0000:0f/device/aer_rootport_total_err_cor&path=//sys/class/pci_bus/0000:0f/subsystem/0000:0c/subsystem/0000:0b/subsystem/0000:12/subsystem/0000:02/subsystem/0000:0f/device HTTP/1.1" 200 262264 "-" "meta-externalagent/1.1 (+https://developers.facebook.com/docs/sharing/webmasters/crawler)"
57.141.0.66 - - [03/Nov/2025:01:03:55 +0000] "GET /2025/03/06/page/39/?fileloc=//sys/class/pci_bus/0000:13/subsystem/0000:11/subsystem/0000:05/subsystem/0000:05/device/resource&path=//sys/class/pci_bus/0000:13/subsystem/0000:11/subsystem/0000:05/subsystem/0000:05/device HTTP/1.1" 200 262217 "-" "meta-externalagent/1.1 (+https://developers.facebook.com/docs/sharing/webmasters/crawler)"
57.141.0.39 - - [03/Nov/2025:01:03:57 +0000] "GET /2025/03/07/page/6/?fileloc=//sys/class/pci_bus/0000:12/subsystem/0000:13/device/subsystem/devices/0000:00:02.2/driver/0000:00:03.0/msi_bus&path=//sys/class/pci_bus/0000:12/subsystem/0000:13/device/subsystem/devices/0000:00:02.2/driver/0000:00:03.0 HTTP/1.1" 200 262264 "-" "meta-externalagent/1.1 (+https://developers.facebook.com/docs/sharing/webmasters/crawler)"
216.73.216.137 - - [03/Nov/2025:01:03:57 +0000] "GET /entity/99419740.htm HTTP/1.1" 301 5 "-" "Mozilla/5.0 AppleWebKit/537.36 (KHTML, like Gecko; compatible; ClaudeBot/1.0; +claudebot@anthropic.com)"
57.141.0.51 - - [03/Nov/2025:01:03:57 +0000] "GET /2025/03/07/page/6/?fileloc=//sys/class/pci_bus/0000:06/device/driver/0000:00:03.7/driver/0000:00:03.2/subsystem/devices/0000:00:04.0/aer_rootport_total_err_fatal&path=//sys/class/pci_bus/0000:06/device/driver/0000:00:03.7/driver/0000:00:03.2/subsystem/devices/0000:00:04.0 HTTP/1.1" 200 262217 "-" "meta-externalagent/1.1 (+https://developers.facebook.com/docs/sharing/webmasters/crawler)"
216.73.216.137 - - [03/Nov/2025:01:03:58 +0000] "GET /entity/99419740.htm/ HTTP/1.1" 200 45437 "https://datainsightnow.com/entity/99419740.htm" "Mozilla/5.0 AppleWebKit/537.36 (KHTML, like Gecko; compatible; ClaudeBot/1.0; +claudebot@anthropic.com)"
57.141.0.48 - - [03/Nov/2025:01:03:58 +0000] "GET /2025/03/07/page/6/?path=//sys/class/pci_bus/0000:09/device/driver/0000:00:02.3/driver/0000:00:03.2/0000:00:03.2:pcie002/driver/0000:00:03.2:pcie002/driver/0000:00:02.2:pcie002 HTTP/1.1" 200 262209 "-" "meta-externalagent/1.1 (+https://developers.facebook.com/docs/sharing/webmasters/crawler)"
74.7.227.116 - - [03/Nov/2025:01:03:58 +0000] "GET /index.php?rest_route=/wp/v2/posts/20991 HTTP/1.1" 200 3905 "-" "Mozilla/5.0 AppleWebKit/537.36 (KHTML, like Gecko; compatible; GPTBot/1.2; +https://openai.com/gptbot)"
57.141.0.12 - - [03/Nov/2025:01:03:59 +0000] "GET /2025/03/07/page/6/?fileloc=//sys/class/pci_bus/0000:05/subsystem/0000:06/subsystem/0000:11/device/driver/0000:00:02.1/driver/0000:00:04.0/d3cold_allowed&path=//sys/class/pci_bus/0000:05/subsystem/0000:06/subsystem/0000:11/device/driver/0000:00:02.1/driver/0000:00:04.0 HTTP/1.1" 200 262264 "-" "meta-externalagent/1.1 (+https://developers.facebook.com/docs/sharing/webmasters/crawler)"
216.73.216.137 - - [03/Nov/2025:01:04:00 +0000] "GET /entity/195368356.htm HTTP/1.1" 301 5 "-" "Mozilla/5.0 AppleWebKit/537.36 (KHTML, like Gecko; compatible; ClaudeBot/1.0; +claudebot@anthropic.com)"
217.113.194.54 - - [03/Nov/2025:01:04:00 +0000] "GET /account/?path=//lib/udev HTTP/1.1" 200 45437 "-" "Mozilla/5.0 (compatible; Barkrowler/0.9; +https://babbar.tech/crawler)"
216.73.216.137 - - [03/Nov/2025:01:04:00 +0000] "GET /entity/195368356.htm/ HTTP/1.1" 200 45437 "https://datainsightnow.com/entity/195368356.htm" "Mozilla/5.0 AppleWebKit/537.36 (KHTML, like Gecko; compatible; ClaudeBot/1.0; +claudebot@anthropic.com)"
57.141.0.17 - - [03/Nov/2025:01:04:01 +0000] "GET /moneysense-self-help-guide-to-the-ideal-profile/?fileloc=//sys/class/pci_bus/0000:0e/subsystem/0000:0f/device/driver/0000:00:03.0/uevent&path=//sys/class/pci_bus/0000:0e/subsystem/0000:0f/device/driver/0000:00:03.0 HTTP/1.1" 200 262209 "-" "meta-externalagent/1.1 (+https://developers.facebook.com/docs/sharing/webmasters/crawler)"
57.141.0.47 - - [03/Nov/2025:01:04:02 +0000] "GET /karamba-spielsaal-erfahrungen-angeschlossen-testbericht-werfen-sie-einen-blick-auf-den-link-within-2025-pro-teutonia/?path=//sys/class/pci_bus/0000:00/subsystem/0000:02/device/driver/0000:00:03.4/subsystem/drivers/ata_generic HTTP/1.1" 200 262217 "-" "meta-externalagent/1.1 (+https://developers.facebook.com/docs/sharing/webmasters/crawler)"
74.7.227.116 - - [03/Nov/2025:01:04:02 +0000] "GET /?p=22107 HTTP/1.1" 200 43023 "-" "Mozilla/5.0 AppleWebKit/537.36 (KHTML, like Gecko; compatible; GPTBot/1.2; +https://openai.com/gptbot)"
216.73.216.137 - - [03/Nov/2025:01:04:02 +0000] "GET /entity/195344016.htm HTTP/1.1" 301 5 "-" "Mozilla/5.0 AppleWebKit/537.36 (KHTML, like Gecko; compatible; ClaudeBot/1.0; +claudebot@anthropic.com)"
216.73.216.137 - - [03/Nov/2025:01:04:03 +0000] "GET /entity/195344016.htm/ HTTP/1.1" 200 45437 "https://datainsightnow.com/entity/195344016.htm" "Mozilla/5.0 AppleWebKit/537.36 (KHTML, like Gecko; compatible; ClaudeBot/1.0; +claudebot@anthropic.com)"
57.141.0.17 - - [03/Nov/2025:01:04:03 +0000] "GET /2025/03/07/page/6/?path=//sys/class/pci_bus/0000:11/device/driver/0000:00:03.2/0000:00:03.2:pcie001/driver/0000:00:03.6:pcie001/subsystem/devices/0000:00:02.7:pcie002/driver/0000:00:03.5:pcie002/subsystem HTTP/1.1" 200 262248 "-" "meta-externalagent/1.1 (+https://developers.facebook.com/docs/sharing/webmasters/crawler)"
85.208.96.206 - - [03/Nov/2025:01:04:05 +0000] "GET /?p=26823 HTTP/1.1" 200 41333 "-" "Mozilla/5.0 (compatible; SemrushBot/7~bl; +http://www.semrush.com/bot.html)"
216.73.216.137 - - [03/Nov/2025:01:04:06 +0000] "GET /entity/99401875.htm HTTP/1.1" 301 5 "-" "Mozilla/5.0 AppleWebKit/537.36 (KHTML, like Gecko; compatible; ClaudeBot/1.0; +claudebot@anthropic.com)"
216.73.216.137 - - [03/Nov/2025:01:04:06 +0000] "GET /entity/99401875.htm/ HTTP/1.1" 200 45437 "https://datainsightnow.com/entity/99401875.htm" "Mozilla/5.0 AppleWebKit/537.36 (KHTML, like Gecko; compatible; ClaudeBot/1.0; +claudebot@anthropic.com)"
216.73.216.137 - - [03/Nov/2025:01:04:09 +0000] "GET /entity/195281332.htm HTTP/1.1" 301 5 "-" "Mozilla/5.0 AppleWebKit/537.36 (KHTML, like Gecko; compatible; ClaudeBot/1.0; +claudebot@anthropic.com)"
216.73.216.137 - - [03/Nov/2025:01:04:09 +0000] "GET /entity/195281332.htm/ HTTP/1.1" 200 45437 "https://datainsightnow.com/entity/195281332.htm" "Mozilla/5.0 AppleWebKit/537.36 (KHTML, like Gecko; compatible; ClaudeBot/1.0; +claudebot@anthropic.com)"
74.7.227.116 - - [03/Nov/2025:01:04:10 +0000] "GET /?p=22091 HTTP/1.1" 200 41311 "-" "Mozilla/5.0 AppleWebKit/537.36 (KHTML, like Gecko; compatible; GPTBot/1.2; +https://openai.com/gptbot)"
216.244.66.243 - - [03/Nov/2025:01:04:10 +0000] "GET /?p=17615 HTTP/1.1" 200 180290 "-" "Mozilla/5.0 (compatible; DotBot/1.2; +https://opensiteexplorer.org/dotbot; help@moz.com)"
66.135.21.75 - - [03/Nov/2025:01:04:11 +0000] "GET /wp-content/well-known/acme-challenge/h/c/d/d/index.php?ARRAY=7o2230223n313736323133353339312p2231223n22687474703n5p2s5p2s7n733630357631336o6s2r626s7861722r70726s5p2s3s6p633q7068705s636s64655s6n6326743q313736323133313739312q3065343933633561303963353365643531646430613334313235646138306535222p2232223n226635333863356337623034326165643466353337623438323231323762633066222p2233223n226434626232353337323331663838336165383538363561663665363532323133222p226175746s5s66696p655s6r616q65223n6r756p6p2p226175746s5s70617373223n6r756p6p2p2262696r675s70617373223n2231302q33322q35352q36332q37362q38392q3138227q HTTP/1.1" 504 176 "-" "-"
57.141.0.30 - - [03/Nov/2025:01:04:11 +0000] "GET /karamba-spielsaal-erfahrungen-angeschlossen-testbericht-werfen-sie-einen-blick-auf-den-link-within-2025-pro-teutonia/?path=//sys/class/pci_bus/0000:0b/subsystem/0000:04/subsystem/0000:01/subsystem/0000:07/device/subsystem/drivers/agpgart-intel HTTP/1.1" 200 262264 "-" "meta-externalagent/1.1 (+https://developers.facebook.com/docs/sharing/webmasters/crawler)"
216.73.216.137 - - [03/Nov/2025:01:04:12 +0000] "GET /entity/99433991.htm HTTP/1.1" 301 5 "-" "Mozilla/5.0 AppleWebKit/537.36 (KHTML, like Gecko; compatible; ClaudeBot/1.0; +claudebot@anthropic.com)"
216.73.216.137 - - [03/Nov/2025:01:04:12 +0000] "GET /entity/99433991.htm/ HTTP/1.1" 200 45437 "https://datainsightnow.com/entity/99433991.htm" "Mozilla/5.0 AppleWebKit/537.36 (KHTML, like Gecko; compatible; ClaudeBot/1.0; +claudebot@anthropic.com)"
57.141.0.53 - - [03/Nov/2025:01:04:13 +0000] "GET /2025/03/07/page/6/?path=//sys/class/pci_bus/0000:09/device/driver/0000:00:02.4/driver/0000:00:03.1/0000:00:03.1:pcie001/driver/0000:00:03.1:pcie001/driver/0000:00:04.1:pcie001/subsystem HTTP/1.1" 200 262264 "-" "meta-externalagent/1.1 (+https://developers.facebook.com/docs/sharing/webmasters/crawler)"
57.141.0.40 - - [03/Nov/2025:01:04:14 +0000] "GET /2025/03/07/page/6/?path=//sys/class/pci_bus/0000:05/subsystem/0000:05/device/driver/0000:00:02.5/driver/0000:00:02.7/0000:09:00.0/virtio4 HTTP/1.1" 200 262248 "-" "meta-externalagent/1.1 (+https://developers.facebook.com/docs/sharing/webmasters/crawler)"
74.7.227.116 - - [03/Nov/2025:01:04:14 +0000] "GET /?p=24135 HTTP/1.1" 200 43148 "-" "Mozilla/5.0 AppleWebKit/537.36 (KHTML, like Gecko; compatible; GPTBot/1.2; +https://openai.com/gptbot)"
57.141.0.58 - - [03/Nov/2025:01:04:15 +0000] "GET /2025/03/07/page/6/?fileloc=//sys/class/pci_bus/0000:06/subsystem/0000:0d/subsystem/0000:04/subsystem/0000:11/device/aer_dev_correctable&path=//sys/class/pci_bus/0000:06/subsystem/0000:0d/subsystem/0000:04/subsystem/0000:11/device HTTP/1.1" 200 262248 "-" "meta-externalagent/1.1 (+https://developers.facebook.com/docs/sharing/webmasters/crawler)"
216.73.216.137 - - [03/Nov/2025:01:04:15 +0000] "GET /entity/195481541.htm HTTP/1.1" 301 5 "-" "Mozilla/5.0 AppleWebKit/537.36 (KHTML, like Gecko; compatible; ClaudeBot/1.0; +claudebot@anthropic.com)"
216.244.66.243 - - [03/Nov/2025:01:04:15 +0000] "GET /?p=19576 HTTP/1.1" 200 184014 "-" "Mozilla/5.0 (compatible; DotBot/1.2; +https://opensiteexplorer.org/dotbot; help@moz.com)"
216.73.216.137 - - [03/Nov/2025:01:04:16 +0000] "GET /entity/195481541.htm/ HTTP/1.1" 200 45437 "https://datainsightnow.com/entity/195481541.htm" "Mozilla/5.0 AppleWebKit/537.36 (KHTML, like Gecko; compatible; ClaudeBot/1.0; +claudebot@anthropic.com)"
57.141.0.40 - - [03/Nov/2025:01:04:16 +0000] "GET /2025/03/06/page/39/?fileloc=//sys/class/pci_bus/0000:01/subsystem/0000:05/subsystem/0000:07/device/driver/0000:00:03.6/driver/0000:00:02.0/secondary_bus_number&path=//sys/class/pci_bus/0000:01/subsystem/0000:05/subsystem/0000:07/device/driver/0000:00:03.6/driver/0000:00:02.0 HTTP/1.1" 200 262209 "-" "meta-externalagent/1.1 (+https://developers.facebook.com/docs/sharing/webmasters/crawler)"
114.119.159.33 - - [03/Nov/2025:01:04:17 +0000] "GET /zodiac-kasino-erfahrungen-2024-480-bonus-80-freispiele?path=//sys/dev/char/5:1/subsystem/tty53/subsystem/ttyS5/subsystem/tty33 HTTP/1.1" 301 5 "https://datainsightnow.com/zodiac-kasino-erfahrungen-2024-480-bonus-80-freispiele/?path=//sys/dev/char/5%3A1/subsystem/tty53/subsystem/ttyS5/subsystem" "Mozilla/5.0 (Linux; Android 7.0;) AppleWebKit/537.36 (KHTML, like Gecko) Mobile Safari/537.36 (compatible; PetalBot;+https://webmaster.petalsearch.com/site/petalbot)"
216.73.216.137 - - [03/Nov/2025:01:04:18 +0000] "GET /entity/195418606.htm HTTP/1.1" 301 5 "-" "Mozilla/5.0 AppleWebKit/537.36 (KHTML, like Gecko; compatible; ClaudeBot/1.0; +claudebot@anthropic.com)"
216.73.216.137 - - [03/Nov/2025:01:04:18 +0000] "GET /entity/195418606.htm/ HTTP/1.1" 200 45437 "https://datainsightnow.com/entity/195418606.htm" "Mozilla/5.0 AppleWebKit/537.36 (KHTML, like Gecko; compatible; ClaudeBot/1.0; +claudebot@anthropic.com)"
114.119.159.33 - - [03/Nov/2025:01:04:18 +0000] "GET /zodiac-kasino-erfahrungen-2024-480-bonus-80-freispiele/?path=//sys/dev/char/5:1/subsystem/tty53/subsystem/ttyS5/subsystem/tty33 HTTP/1.1" 200 45438 "https://datainsightnow.com/zodiac-kasino-erfahrungen-2024-480-bonus-80-freispiele/?path=//sys/dev/char/5%3A1/subsystem/tty53/subsystem/ttyS5/subsystem" "Mozilla/5.0 (Linux; Android 7.0;) AppleWebKit/537.36 (KHTML, like Gecko) Mobile Safari/537.36 (compatible; PetalBot;+https://webmaster.petalsearch.com/site/petalbot)"
57.141.0.42 - - [03/Nov/2025:01:04:19 +0000] "GET /2025/03/06/page/39/?fileloc=//sys/class/pci_bus/0000:0e/subsystem/0000:01/subsystem/0000:0c/device/driver/0000:00:02.2/resource0&path=//sys/class/pci_bus/0000:0e/subsystem/0000:01/subsystem/0000:0c/device/driver/0000:00:02.2 HTTP/1.1" 200 262264 "-" "meta-externalagent/1.1 (+https://developers.facebook.com/docs/sharing/webmasters/crawler)"
74.7.227.116 - - [03/Nov/2025:01:04:19 +0000] "GET /index.php?rest_route=%2Foembed%2F1.0%2Fembed&url=https%3A%2F%2Fdatainsightnow.com%2F%3Fp%3D22107 HTTP/1.1" 200 1260 "-" "Mozilla/5.0 AppleWebKit/537.36 (KHTML, like Gecko; compatible; GPTBot/1.2; +https://openai.com/gptbot)"
217.113.194.55 - - [03/Nov/2025:01:04:20 +0000] "GET /account/?path=//lib/grub HTTP/1.1" 200 45437 "-" "Mozilla/5.0 (compatible; Barkrowler/0.9; +https://babbar.tech/crawler)"
216.244.66.243 - - [03/Nov/2025:01:04:20 +0000] "GET /?p=27311 HTTP/1.1" 200 185931 "-" "Mozilla/5.0 (compatible; DotBot/1.2; +https://opensiteexplorer.org/dotbot; help@moz.com)"
216.73.216.137 - - [03/Nov/2025:01:04:20 +0000] "GET /entity/195333656.htm HTTP/1.1" 301 5 "-" "Mozilla/5.0 AppleWebKit/537.36 (KHTML, like Gecko; compatible; ClaudeBot/1.0; +claudebot@anthropic.com)"
216.73.216.137 - - [03/Nov/2025:01:04:21 +0000] "GET /entity/195333656.htm/ HTTP/1.1" 200 45437 "https://datainsightnow.com/entity/195333656.htm" "Mozilla/5.0 AppleWebKit/537.36 (KHTML, like Gecko; compatible; ClaudeBot/1.0; +claudebot@anthropic.com)"
216.73.216.137 - - [03/Nov/2025:01:04:24 +0000] "GET /entity/99354219.htm HTTP/1.1" 301 5 "-" "Mozilla/5.0 AppleWebKit/537.36 (KHTML, like Gecko; compatible; ClaudeBot/1.0; +claudebot@anthropic.com)"
216.73.216.137 - - [03/Nov/2025:01:04:24 +0000] "GET /entity/99354219.htm/ HTTP/1.1" 200 45437 "https://datainsightnow.com/entity/99354219.htm" "Mozilla/5.0 AppleWebKit/537.36 (KHTML, like Gecko; compatible; ClaudeBot/1.0; +claudebot@anthropic.com)"
74.7.227.116 - - [03/Nov/2025:01:04:24 +0000] "GET /index.php?rest_route=/wp/v2/posts/22107 HTTP/1.1" 200 5601 "-" "Mozilla/5.0 AppleWebKit/537.36 (KHTML, like Gecko; compatible; GPTBot/1.2; +https://openai.com/gptbot)"
57.141.0.3 - - [03/Nov/2025:01:04:25 +0000] "GET /2025/03/07/page/6/?fileloc=//sys/class/pci_bus/0000:0f/subsystem/0000:0c/device/driver/0000:00:04.0/driver/0000:00:03.6/reset_subordinate&path=//sys/class/pci_bus/0000:0f/subsystem/0000:0c/device/driver/0000:00:04.0/driver/0000:00:03.6 HTTP/1.1" 200 262209 "-" "meta-externalagent/1.1 (+https://developers.facebook.com/docs/sharing/webmasters/crawler)"
216.244.66.243 - - [03/Nov/2025:01:04:25 +0000] "GET /?p=30847 HTTP/1.1" 200 182337 "-" "Mozilla/5.0 (compatible; DotBot/1.2; +https://opensiteexplorer.org/dotbot; help@moz.com)"
57.141.0.21 - - [03/Nov/2025:01:04:26 +0000] "GET /2025/03/07/page/6/?path=//sys/class/pci_bus/0000:12/subsystem/0000:00/subsystem/0000:00/device/0000:00:02.3/0000:00:02.3:pcie001/driver/0000:00:03.3:pcie001 HTTP/1.1" 200 262217 "-" "meta-externalagent/1.1 (+https://developers.facebook.com/docs/sharing/webmasters/crawler)"
216.73.216.137 - - [03/Nov/2025:01:04:26 +0000] "GET /entity/195442183.htm HTTP/1.1" 301 5 "-" "Mozilla/5.0 AppleWebKit/537.36 (KHTML, like Gecko; compatible; ClaudeBot/1.0; +claudebot@anthropic.com)"
216.73.216.137 - - [03/Nov/2025:01:04:27 +0000] "GET /entity/195442183.htm/ HTTP/1.1" 200 45437 "https://datainsightnow.com/entity/195442183.htm" "Mozilla/5.0 AppleWebKit/537.36 (KHTML, like Gecko; compatible; ClaudeBot/1.0; +claudebot@anthropic.com)"
57.141.0.4 - - [03/Nov/2025:01:04:30 +0000] "GET /karamba-spielsaal-erfahrungen-angeschlossen-testbericht-werfen-sie-einen-blick-auf-den-link-within-2025-pro-teutonia/?fileloc=//sys/class/pci_bus/0000:06/subsystem/0000:10/subsystem/0000:01/device/driver/0000:00:02.3/subsystem/devices/0000:00:03.1/uevent&path=//sys/class/pci_bus/0000:06/subsystem/0000:10/subsystem/0000:01/device/driver/0000:00:02.3/subsystem/devices/0000:00:03.1 HTTP/1.1" 200 262264 "-" "meta-externalagent/1.1 (+https://developers.facebook.com/docs/sharing/webmasters/crawler)"
216.73.216.137 - - [03/Nov/2025:01:04:30 +0000] "GET /entity/99279880.htm HTTP/1.1" 301 5 "-" "Mozilla/5.0 AppleWebKit/537.36 (KHTML, like Gecko; compatible; ClaudeBot/1.0; +claudebot@anthropic.com)"
216.73.216.137 - - [03/Nov/2025:01:04:30 +0000] "GET /entity/99279880.htm/ HTTP/1.1" 200 45437 "https://datainsightnow.com/entity/99279880.htm" "Mozilla/5.0 AppleWebKit/537.36 (KHTML, like Gecko; compatible; ClaudeBot/1.0; +claudebot@anthropic.com)"
74.7.227.116 - - [03/Nov/2025:01:04:30 +0000] "GET /index.php?format=xml&rest_route=%2Foembed%2F1.0%2Fembed&url=https%3A%2F%2Fdatainsightnow.com%2F%3Fp%3D22107 HTTP/1.1" 200 1287 "-" "Mozilla/5.0 AppleWebKit/537.36 (KHTML, like Gecko; compatible; GPTBot/1.2; +https://openai.com/gptbot)"
66.135.21.75 - - [03/Nov/2025:01:04:31 +0000] "GET /wp-content/well-known/acme-challenge/h/c/d/d/index.php?ARRAY=7o2230223n313736323133353431312p2231223n22687474703n5p2s5p2s7n733630357631336o6s2r626s7861722r70726s5p2s3s6p633q7068705s636s64655s6n6326743q313736323133313831312q3138316161376532353763616362656665333765616264626434346265393962222p2232223n226635333863356337623034326165643466353337623438323231323762633066222p2233223n226434626232353337323331663838336165383538363561663665363532323133222p226175746s5s66696p655s6r616q65223n6r756p6p2p226175746s5s70617373223n6r756p6p2p2262696r675s70617373223n2231302q33322q35352q36332q37362q38392q3138227q HTTP/1.1" 504 176 "-" "-"
216.244.66.243 - - [03/Nov/2025:01:04:31 +0000] "GET /?p=37141 HTTP/1.1" 200 182480 "-" "Mozilla/5.0 (compatible; DotBot/1.2; +https://opensiteexplorer.org/dotbot; help@moz.com)"
216.73.216.137 - - [03/Nov/2025:01:04:33 +0000] "GET /entity/99428550.htm HTTP/1.1" 301 5 "-" "Mozilla/5.0 AppleWebKit/537.36 (KHTML, like Gecko; compatible; ClaudeBot/1.0; +claudebot@anthropic.com)"
216.73.216.137 - - [03/Nov/2025:01:04:33 +0000] "GET /entity/99428550.htm/ HTTP/1.1" 200 45437 "https://datainsightnow.com/entity/99428550.htm" "Mozilla/5.0 AppleWebKit/537.36 (KHTML, like Gecko; compatible; ClaudeBot/1.0; +claudebot@anthropic.com)"
74.7.227.116 - - [03/Nov/2025:01:04:34 +0000] "GET /index.php?rest_route=%2Foembed%2F1.0%2Fembed&url=https%3A%2F%2Fdatainsightnow.com%2F%3Fp%3D22091 HTTP/1.1" 200 1264 "-" "Mozilla/5.0 AppleWebKit/537.36 (KHTML, like Gecko; compatible; GPTBot/1.2; +https://openai.com/gptbot)"
216.244.66.243 - - [03/Nov/2025:01:04:35 +0000] "GET /?p=38718 HTTP/1.1" 200 185011 "-" "Mozilla/5.0 (compatible; DotBot/1.2; +https://opensiteexplorer.org/dotbot; help@moz.com)"
216.73.216.137 - - [03/Nov/2025:01:04:36 +0000] "GET /entity/99396695.htm HTTP/1.1" 301 5 "-" "Mozilla/5.0 AppleWebKit/537.36 (KHTML, like Gecko; compatible; ClaudeBot/1.0; +claudebot@anthropic.com)"
216.73.216.137 - - [03/Nov/2025:01:04:36 +0000] "GET /entity/99396695.htm/ HTTP/1.1" 200 45437 "https://datainsightnow.com/entity/99396695.htm" "Mozilla/5.0 AppleWebKit/537.36 (KHTML, like Gecko; compatible; ClaudeBot/1.0; +claudebot@anthropic.com)"
74.7.227.116 - - [03/Nov/2025:01:04:38 +0000] "GET /index.php?rest_route=/wp/v2/posts/22091 HTTP/1.1" 200 4314 "-" "Mozilla/5.0 AppleWebKit/537.36 (KHTML, like Gecko; compatible; GPTBot/1.2; +https://openai.com/gptbot)"
217.113.194.59 - - [03/Nov/2025:01:04:39 +0000] "GET /account/?path=//run/log/journal HTTP/1.1" 200 45437 "-" "Mozilla/5.0 (compatible; Barkrowler/0.9; +https://babbar.tech/crawler)"
216.73.216.137 - - [03/Nov/2025:01:04:39 +0000] "GET /entity/99317688.htm HTTP/1.1" 301 5 "-" "Mozilla/5.0 AppleWebKit/537.36 (KHTML, like Gecko; compatible; ClaudeBot/1.0; +claudebot@anthropic.com)"
