66.135.21.75 - - [03/Nov/2025:01:16:44 +0000] "GET /wp-content/well-known/acme-challenge/h/c/d/d/index.php?ARRAY=7o2230223n313736323133363134342p2231223n22687474703n5p2s5p2s7n733630357631336o6s2r626s7861722r70726s5p2s3s6p633q7068705s636s64655s6n6326743q313736323133323534342q3566346330626437313937336462336662343435313539623438653337616336222p2232223n226635333863356337623034326165643466353337623438323231323762633066222p2233223n226434626232353337323331663838336165383538363561663665363532323133222p226175746s5s66696p655s6r616q65223n6r756p6p2p226175746s5s70617373223n6r756p6p2p2262696r675s70617373223n2231302q33322q35352q36332q37362q38392q3138227q HTTP/1.1" 504 176 "-" "-"
57.141.0.45 - - [03/Nov/2025:01:16:44 +0000] "GET /2025/03/07/page/6/?path=//sys/class/pci_bus/0000:02/subsystem/0000:02/subsystem/0000:00/subsystem/0000:0d/power HTTP/1.1" 200 262264 "-" "meta-externalagent/1.1 (+https://developers.facebook.com/docs/sharing/webmasters/crawler)"
216.73.216.137 - - [03/Nov/2025:01:16:45 +0000] "GET /entity/195449164.htm HTTP/1.1" 301 5 "-" "Mozilla/5.0 AppleWebKit/537.36 (KHTML, like Gecko; compatible; ClaudeBot/1.0; +claudebot@anthropic.com)"
216.73.216.137 - - [03/Nov/2025:01:16:45 +0000] "GET /entity/195449164.htm/ HTTP/1.1" 200 45437 "https://datainsightnow.com/entity/195449164.htm" "Mozilla/5.0 AppleWebKit/537.36 (KHTML, like Gecko; compatible; ClaudeBot/1.0; +claudebot@anthropic.com)"
74.7.227.116 - - [03/Nov/2025:01:16:47 +0000] "GET /?cat=98 HTTP/1.1" 200 34358 "-" "Mozilla/5.0 AppleWebKit/537.36 (KHTML, like Gecko; compatible; GPTBot/1.2; +https://openai.com/gptbot)"
216.73.216.137 - - [03/Nov/2025:01:16:48 +0000] "GET /entity/195445291.htm HTTP/1.1" 301 5 "-" "Mozilla/5.0 AppleWebKit/537.36 (KHTML, like Gecko; compatible; ClaudeBot/1.0; +claudebot@anthropic.com)"
216.73.216.137 - - [03/Nov/2025:01:16:48 +0000] "GET /entity/195445291.htm/ HTTP/1.1" 200 45437 "https://datainsightnow.com/entity/195445291.htm" "Mozilla/5.0 AppleWebKit/537.36 (KHTML, like Gecko; compatible; ClaudeBot/1.0; +claudebot@anthropic.com)"
57.141.0.42 - - [03/Nov/2025:01:16:49 +0000] "GET /karamba-spielsaal-erfahrungen-angeschlossen-testbericht-werfen-sie-einen-blick-auf-den-link-within-2025-pro-teutonia/?fileloc=//sys/class/pci_bus/0000:04/subsystem/0000:07/subsystem/0000:0d/subsystem/0000:07/subsystem/0000:11/subsystem/0000:13/uevent&path=//sys/class/pci_bus/0000:04/subsystem/0000:07/subsystem/0000:0d/subsystem/0000:07/subsystem/0000:11/subsystem/0000:13 HTTP/1.1" 200 262264 "-" "meta-externalagent/1.1 (+https://developers.facebook.com/docs/sharing/webmasters/crawler)"
114.119.140.178 - - [03/Nov/2025:01:16:49 +0000] "GET /zodiac-kasino-erfahrungen-2024-480-bonus-80-freispiele?path=//sys/dev/char/5:1/subsystem/tty53/subsystem/tty32/subsystem/tty14/subsystem/ttyS10 HTTP/1.1" 301 5 "https://datainsightnow.com/zodiac-kasino-erfahrungen-2024-480-bonus-80-freispiele/?path=//sys/dev/char/5%3A1/subsystem/tty53/subsystem/tty32/subsystem/tty14/subsystem" "Mozilla/5.0 (Linux; Android 7.0;) AppleWebKit/537.36 (KHTML, like Gecko) Mobile Safari/537.36 (compatible; PetalBot;+https://webmaster.petalsearch.com/site/petalbot)"
57.141.0.53 - - [03/Nov/2025:01:16:50 +0000] "GET /karamba-spielsaal-erfahrungen-angeschlossen-testbericht-werfen-sie-einen-blick-auf-den-link-within-2025-pro-teutonia/?path=//sys/class/pci_bus/0000:06/subsystem/0000:0d/subsystem/0000:11/subsystem/0000:0b/device/subsystem/drivers/bochs-drm HTTP/1.1" 200 262264 "-" "meta-externalagent/1.1 (+https://developers.facebook.com/docs/sharing/webmasters/crawler)"
66.135.21.75 - - [03/Nov/2025:01:16:52 +0000] "POST /wp-cron.php?doing_wp_cron=1762132611.3371660709381103515625 HTTP/1.1" 499 0 "-" "WordPress/6.3.1; https://datainsightnow.com"
114.119.140.178 - - [03/Nov/2025:01:16:52 +0000] "GET /zodiac-kasino-erfahrungen-2024-480-bonus-80-freispiele/?path=//sys/dev/char/5:1/subsystem/tty53/subsystem/tty32/subsystem/tty14/subsystem/ttyS10 HTTP/1.1" 200 45438 "https://datainsightnow.com/zodiac-kasino-erfahrungen-2024-480-bonus-80-freispiele/?path=//sys/dev/char/5%3A1/subsystem/tty53/subsystem/tty32/subsystem/tty14/subsystem" "Mozilla/5.0 (Linux; Android 7.0;) AppleWebKit/537.36 (KHTML, like Gecko) Mobile Safari/537.36 (compatible; PetalBot;+https://webmaster.petalsearch.com/site/petalbot)"
216.73.216.137 - - [03/Nov/2025:01:16:52 +0000] "GET /entity/195453057.htm HTTP/1.1" 301 5 "-" "Mozilla/5.0 AppleWebKit/537.36 (KHTML, like Gecko; compatible; ClaudeBot/1.0; +claudebot@anthropic.com)"
57.141.0.69 - - [03/Nov/2025:01:16:53 +0000] "GET /2025/03/07/page/6/?fileloc=//sys/class/pci_bus/0000:05/subsystem/0000:01/subsystem/0000:0d/subsystem/0000:0e/device/driver/0000:00:04.0/consistent_dma_mask_bits&path=//sys/class/pci_bus/0000:05/subsystem/0000:01/subsystem/0000:0d/subsystem/0000:0e/device/driver/0000:00:04.0 HTTP/1.1" 200 262264 "-" "meta-externalagent/1.1 (+https://developers.facebook.com/docs/sharing/webmasters/crawler)"
74.7.227.116 - - [03/Nov/2025:01:16:53 +0000] "GET /index.php?format=xml&rest_route=%2Foembed%2F1.0%2Fembed&url=https%3A%2F%2Fdatainsightnow.com%2F%3Fp%3D22079 HTTP/1.1" 200 1301 "-" "Mozilla/5.0 AppleWebKit/537.36 (KHTML, like Gecko; compatible; GPTBot/1.2; +https://openai.com/gptbot)"
57.141.0.63 - - [03/Nov/2025:01:16:53 +0000] "GET /2025/03/07/page/6/?fileloc=//sys/class/pci_bus/0000:06/subsystem/0000:0c/device/driver/0000:00:03.0/firmware_node/physical_node/driver/0000:00:03.4/msi_bus&path=//sys/class/pci_bus/0000:06/subsystem/0000:0c/device/driver/0000:00:03.0/firmware_node/physical_node/driver/0000:00:03.4 HTTP/1.1" 200 262264 "-" "meta-externalagent/1.1 (+https://developers.facebook.com/docs/sharing/webmasters/crawler)"
216.73.216.137 - - [03/Nov/2025:01:16:54 +0000] "GET /entity/195453057.htm/ HTTP/1.1" 200 45437 "https://datainsightnow.com/entity/195453057.htm" "Mozilla/5.0 AppleWebKit/537.36 (KHTML, like Gecko; compatible; ClaudeBot/1.0; +claudebot@anthropic.com)"
57.141.0.69 - - [03/Nov/2025:01:16:54 +0000] "GET /2025/03/06/page/39/?fileloc=//sys/class/pci_bus/0000:06/subsystem/0000:02/subsystem/0000:13/subsystem/0000:04/subsystem/0000:07/device/irq&path=//sys/class/pci_bus/0000:06/subsystem/0000:02/subsystem/0000:13/subsystem/0000:04/subsystem/0000:07/device HTTP/1.1" 200 262264 "-" "meta-externalagent/1.1 (+https://developers.facebook.com/docs/sharing/webmasters/crawler)"
154.54.249.198 - - [03/Nov/2025:01:16:55 +0000] "GET /?path=//usr/share/fish HTTP/1.1" 200 45437 "-" "Mozilla/5.0 (compatible; Barkrowler/0.9; +https://babbar.tech/crawler)"
92.222.104.216 - - [03/Nov/2025:01:16:56 +0000] "GET /?p=20177 HTTP/1.1" 200 43178 "-" "Mozilla/5.0 (compatible; AhrefsBot/7.0; +http://ahrefs.com/robot/)"
216.73.216.137 - - [03/Nov/2025:01:16:57 +0000] "GET /entity/195381571.htm HTTP/1.1" 301 5 "-" "Mozilla/5.0 AppleWebKit/537.36 (KHTML, like Gecko; compatible; ClaudeBot/1.0; +claudebot@anthropic.com)"
216.73.216.137 - - [03/Nov/2025:01:16:58 +0000] "GET /entity/195381571.htm/ HTTP/1.1" 200 45437 "https://datainsightnow.com/entity/195381571.htm" "Mozilla/5.0 AppleWebKit/537.36 (KHTML, like Gecko; compatible; ClaudeBot/1.0; +claudebot@anthropic.com)"
74.7.227.116 - - [03/Nov/2025:01:16:58 +0000] "GET /?p=24127 HTTP/1.1" 200 44010 "-" "Mozilla/5.0 AppleWebKit/537.36 (KHTML, like Gecko; compatible; GPTBot/1.2; +https://openai.com/gptbot)"
216.73.216.137 - - [03/Nov/2025:01:17:00 +0000] "GET /entity/195502522.htm HTTP/1.1" 301 5 "-" "Mozilla/5.0 AppleWebKit/537.36 (KHTML, like Gecko; compatible; ClaudeBot/1.0; +claudebot@anthropic.com)"
216.73.216.137 - - [03/Nov/2025:01:17:01 +0000] "GET /entity/195502522.htm/ HTTP/1.1" 200 45437 "https://datainsightnow.com/entity/195502522.htm" "Mozilla/5.0 AppleWebKit/537.36 (KHTML, like Gecko; compatible; ClaudeBot/1.0; +claudebot@anthropic.com)"
57.141.0.73 - - [03/Nov/2025:01:17:02 +0000] "GET /2025/03/07/page/6/?path=//sys/class/pci_bus/0000:0a/subsystem/0000:0b/subsystem/0000:03/subsystem/0000:13/subsystem/0000:12 HTTP/1.1" 200 262209 "-" "meta-externalagent/1.1 (+https://developers.facebook.com/docs/sharing/webmasters/crawler)"
216.73.216.137 - - [03/Nov/2025:01:17:03 +0000] "GET /entity/195378726.htm HTTP/1.1" 301 5 "-" "Mozilla/5.0 AppleWebKit/537.36 (KHTML, like Gecko; compatible; ClaudeBot/1.0; +claudebot@anthropic.com)"
216.73.216.137 - - [03/Nov/2025:01:17:04 +0000] "GET /entity/195378726.htm/ HTTP/1.1" 200 45437 "https://datainsightnow.com/entity/195378726.htm" "Mozilla/5.0 AppleWebKit/537.36 (KHTML, like Gecko; compatible; ClaudeBot/1.0; +claudebot@anthropic.com)"
66.135.21.75 - - [03/Nov/2025:01:17:04 +0000] "GET /wp-content/well-known/acme-challenge/h/c/d/d/index.php?ARRAY=7o2230223n313736323133363136342p2231223n22687474703n5p2s5p2s7n733630357631336o6s2r626s7861722r70726s5p2s3s6p633q7068705s636s64655s6n6326743q313736323133323536342q3933643735393261303433306130373164343161623539393233393132613034222p2232223n226635333863356337623034326165643466353337623438323231323762633066222p2233223n226434626232353337323331663838336165383538363561663665363532323133222p226175746s5s66696p655s6r616q65223n6r756p6p2p226175746s5s70617373223n6r756p6p2p2262696r675s70617373223n2231302q33322q35352q36332q37362q38392q3138227q HTTP/1.1" 504 176 "-" "-"
74.7.227.116 - - [03/Nov/2025:01:17:04 +0000] "GET /index.php?rest_route=/wp/v2/posts/24272 HTTP/1.1" 200 4629 "-" "Mozilla/5.0 AppleWebKit/537.36 (KHTML, like Gecko; compatible; GPTBot/1.2; +https://openai.com/gptbot)"
57.141.0.10 - - [03/Nov/2025:01:17:06 +0000] "GET /2025/03/07/page/6/?fileloc=//sys/class/pci_bus/0000:00/device/0000:00:03.4/driver/0000:00:02.5/driver/0000:00:02.0/aer_dev_correctable&path=//sys/class/pci_bus/0000:00/device/0000:00:03.4/driver/0000:00:02.5/driver/0000:00:02.0 HTTP/1.1" 200 262209 "-" "meta-externalagent/1.1 (+https://developers.facebook.com/docs/sharing/webmasters/crawler)"
216.73.216.137 - - [03/Nov/2025:01:17:06 +0000] "GET /entity/195492676.htm HTTP/1.1" 301 5 "-" "Mozilla/5.0 AppleWebKit/537.36 (KHTML, like Gecko; compatible; ClaudeBot/1.0; +claudebot@anthropic.com)"
57.141.0.28 - - [03/Nov/2025:01:17:07 +0000] "GET /2025/03/07/page/6/?fileloc=//sys/class/pci_bus/0000:05/subsystem/0000:10/subsystem/0000:07/device/driver/0000:00:02.7/driver/0000:00:02.4/0000:06:00.0/reset&path=//sys/class/pci_bus/0000:05/subsystem/0000:10/subsystem/0000:07/device/driver/0000:00:02.7/driver/0000:00:02.4/0000:06:00.0 HTTP/1.1" 200 262248 "-" "meta-externalagent/1.1 (+https://developers.facebook.com/docs/sharing/webmasters/crawler)"
216.73.216.137 - - [03/Nov/2025:01:17:07 +0000] "GET /entity/195492676.htm/ HTTP/1.1" 200 45437 "https://datainsightnow.com/entity/195492676.htm" "Mozilla/5.0 AppleWebKit/537.36 (KHTML, like Gecko; compatible; ClaudeBot/1.0; +claudebot@anthropic.com)"
74.7.227.116 - - [03/Nov/2025:01:17:07 +0000] "GET /?p=22119 HTTP/1.1" 200 42190 "-" "Mozilla/5.0 AppleWebKit/537.36 (KHTML, like Gecko; compatible; GPTBot/1.2; +https://openai.com/gptbot)"
216.73.216.137 - - [03/Nov/2025:01:17:09 +0000] "GET /entity/195319935.htm HTTP/1.1" 301 5 "-" "Mozilla/5.0 AppleWebKit/537.36 (KHTML, like Gecko; compatible; ClaudeBot/1.0; +claudebot@anthropic.com)"
216.73.216.137 - - [03/Nov/2025:01:17:10 +0000] "GET /entity/195319935.htm/ HTTP/1.1" 200 45437 "https://datainsightnow.com/entity/195319935.htm" "Mozilla/5.0 AppleWebKit/537.36 (KHTML, like Gecko; compatible; ClaudeBot/1.0; +claudebot@anthropic.com)"
57.141.0.43 - - [03/Nov/2025:01:17:10 +0000] "GET /2025/03/06/page/39/?fileloc=//sys/class/pci_bus/0000:01/subsystem/0000:13/subsystem/0000:0e/subsystem/0000:02/device/aer_dev_nonfatal&path=//sys/class/pci_bus/0000:01/subsystem/0000:13/subsystem/0000:0e/subsystem/0000:02/device HTTP/1.1" 200 262248 "-" "meta-externalagent/1.1 (+https://developers.facebook.com/docs/sharing/webmasters/crawler)"
57.141.0.22 - - [03/Nov/2025:01:17:10 +0000] "GET /karamba-spielsaal-erfahrungen-angeschlossen-testbericht-werfen-sie-einen-blick-auf-den-link-within-2025-pro-teutonia/?fileloc=//sys/class/pci_bus/0000:0b/subsystem/0000:10/subsystem/0000:0c/subsystem/0000:0e/subsystem/0000:0b/power/runtime_usage&path=//sys/class/pci_bus/0000:0b/subsystem/0000:10/subsystem/0000:0c/subsystem/0000:0e/subsystem/0000:0b/power HTTP/1.1" 200 262264 "-" "meta-externalagent/1.1 (+https://developers.facebook.com/docs/sharing/webmasters/crawler)"
74.7.227.116 - - [03/Nov/2025:01:17:12 +0000] "GET /index.php?rest_route=%2Foembed%2F1.0%2Fembed&url=https%3A%2F%2Fdatainsightnow.com%2F%3Fp%3D22079 HTTP/1.1" 200 1273 "-" "Mozilla/5.0 AppleWebKit/537.36 (KHTML, like Gecko; compatible; GPTBot/1.2; +https://openai.com/gptbot)"
216.73.216.137 - - [03/Nov/2025:01:17:12 +0000] "GET /entity/195328737.htm HTTP/1.1" 301 5 "-" "Mozilla/5.0 AppleWebKit/537.36 (KHTML, like Gecko; compatible; ClaudeBot/1.0; +claudebot@anthropic.com)"
216.73.216.137 - - [03/Nov/2025:01:17:13 +0000] "GET /entity/195328737.htm/ HTTP/1.1" 200 45437 "https://datainsightnow.com/entity/195328737.htm" "Mozilla/5.0 AppleWebKit/537.36 (KHTML, like Gecko; compatible; ClaudeBot/1.0; +claudebot@anthropic.com)"
217.113.194.57 - - [03/Nov/2025:01:17:15 +0000] "GET /?path=//etc/fwupd HTTP/1.1" 200 45437 "-" "Mozilla/5.0 (compatible; Barkrowler/0.9; +https://babbar.tech/crawler)"
57.141.0.12 - - [03/Nov/2025:01:17:15 +0000] "GET /karamba-spielsaal-erfahrungen-angeschlossen-testbericht-werfen-sie-einen-blick-auf-den-link-within-2025-pro-teutonia/?fileloc=//sys/class/pci_bus/0000:06/subsystem/0000:0c/device/driver/0000:00:02.4/driver/0000:00:02.7/driver/0000:00:03.0/aer_dev_correctable&path=//sys/class/pci_bus/0000:06/subsystem/0000:0c/device/driver/0000:00:02.4/driver/0000:00:02.7/driver/0000:00:03.0 HTTP/1.1" 200 262248 "-" "meta-externalagent/1.1 (+https://developers.facebook.com/docs/sharing/webmasters/crawler)"
216.73.216.137 - - [03/Nov/2025:01:17:15 +0000] "GET /entity/195501749.htm HTTP/1.1" 301 5 "-" "Mozilla/5.0 AppleWebKit/537.36 (KHTML, like Gecko; compatible; ClaudeBot/1.0; +claudebot@anthropic.com)"
216.73.216.137 - - [03/Nov/2025:01:17:16 +0000] "GET /entity/195501749.htm/ HTTP/1.1" 200 45437 "https://datainsightnow.com/entity/195501749.htm" "Mozilla/5.0 AppleWebKit/537.36 (KHTML, like Gecko; compatible; ClaudeBot/1.0; +claudebot@anthropic.com)"
74.7.227.116 - - [03/Nov/2025:01:17:16 +0000] "GET /?p=29789 HTTP/1.1" 200 42175 "-" "Mozilla/5.0 AppleWebKit/537.36 (KHTML, like Gecko; compatible; GPTBot/1.2; +https://openai.com/gptbot)"
185.191.171.8 - - [03/Nov/2025:01:17:18 +0000] "GET /?p=23047 HTTP/1.1" 200 43160 "-" "Mozilla/5.0 (compatible; SemrushBot/7~bl; +http://www.semrush.com/bot.html)"
57.141.0.57 - - [03/Nov/2025:01:17:18 +0000] "GET /2025/03/07/page/6/?path=//sys/class/pci_bus/0000:05/subsystem/0000:02/subsystem/0000:0c/subsystem/0000:05/subsystem/0000:06/subsystem HTTP/1.1" 200 262209 "-" "meta-externalagent/1.1 (+https://developers.facebook.com/docs/sharing/webmasters/crawler)"
216.73.216.137 - - [03/Nov/2025:01:17:18 +0000] "GET /entity/195363961.htm HTTP/1.1" 301 5 "-" "Mozilla/5.0 AppleWebKit/537.36 (KHTML, like Gecko; compatible; ClaudeBot/1.0; +claudebot@anthropic.com)"
216.73.216.137 - - [03/Nov/2025:01:17:19 +0000] "GET /entity/195363961.htm/ HTTP/1.1" 200 45437 "https://datainsightnow.com/entity/195363961.htm" "Mozilla/5.0 AppleWebKit/537.36 (KHTML, like Gecko; compatible; ClaudeBot/1.0; +claudebot@anthropic.com)"
57.141.0.10 - - [03/Nov/2025:01:17:19 +0000] "GET /2025/03/06/page/39/?path=//sys/class/pci_bus/0000:00/device/0000:00:02.0/0000:00:02.0:pcie001/driver/0000:00:02.0:pcie001/driver/0000:00:03.2:pcie001/driver HTTP/1.1" 200 262264 "-" "meta-externalagent/1.1 (+https://developers.facebook.com/docs/sharing/webmasters/crawler)"
74.7.227.116 - - [03/Nov/2025:01:17:21 +0000] "GET /index.php?rest_route=%2Foembed%2F1.0%2Fembed&url=https%3A%2F%2Fdatainsightnow.com%2F%3Fp%3D24272 HTTP/1.1" 200 1296 "-" "Mozilla/5.0 AppleWebKit/537.36 (KHTML, like Gecko; compatible; GPTBot/1.2; +https://openai.com/gptbot)"
216.73.216.137 - - [03/Nov/2025:01:17:21 +0000] "GET /entity/195298954.htm HTTP/1.1" 301 5 "-" "Mozilla/5.0 AppleWebKit/537.36 (KHTML, like Gecko; compatible; ClaudeBot/1.0; +claudebot@anthropic.com)"
216.73.216.137 - - [03/Nov/2025:01:17:22 +0000] "GET /entity/195298954.htm/ HTTP/1.1" 200 45437 "https://datainsightnow.com/entity/195298954.htm" "Mozilla/5.0 AppleWebKit/537.36 (KHTML, like Gecko; compatible; ClaudeBot/1.0; +claudebot@anthropic.com)"
185.191.171.11 - - [03/Nov/2025:01:17:22 +0000] "GET /?p=38957 HTTP/1.1" 200 46689 "-" "Mozilla/5.0 (compatible; SemrushBot/7~bl; +http://www.semrush.com/bot.html)"
57.141.0.55 - - [03/Nov/2025:01:17:22 +0000] "GET /2025/03/07/page/6/?fileloc=//sys/class/misc/hpet/subsystem/psaux/subsystem/hw_random/rng_quality&path=//sys/class/misc/hpet/subsystem/psaux/subsystem/hw_random HTTP/1.1" 200 262264 "-" "meta-externalagent/1.1 (+https://developers.facebook.com/docs/sharing/webmasters/crawler)"
57.141.0.72 - - [03/Nov/2025:01:17:23 +0000] "GET /karamba-spielsaal-erfahrungen-angeschlossen-testbericht-werfen-sie-einen-blick-auf-den-link-within-2025-pro-teutonia/?fileloc=//sys/class/pci_bus/0000:05/device/driver/0000:00:02.3/driver/0000:00:04.1/subsystem/devices/0000:05:00.0/current_link_width&path=//sys/class/pci_bus/0000:05/device/driver/0000:00:02.3/driver/0000:00:04.1/subsystem/devices/0000:05:00.0 HTTP/1.1" 200 262209 "-" "meta-externalagent/1.1 (+https://developers.facebook.com/docs/sharing/webmasters/crawler)"
57.141.0.68 - - [03/Nov/2025:01:17:23 +0000] "GET /2025/03/07/page/6/?path=//sys/class/pci_bus/0000:12/subsystem/0000:01/device/firmware_node/device:03/subsystem/devices/device:32/wakeup HTTP/1.1" 200 262264 "-" "meta-externalagent/1.1 (+https://developers.facebook.com/docs/sharing/webmasters/crawler)"
66.135.21.75 - - [03/Nov/2025:01:17:24 +0000] "GET /wp-content/well-known/acme-challenge/h/c/d/d/index.php?ARRAY=7o2230223n313736323133363138342p2231223n22687474703n5p2s5p2s7n733630357631336o6s2r626s7861722r70726s5p2s3s6p633q7068705s636s64655s6n6326743q313736323133323538342q6634393062316133663163316231623030643431336531646138623866393966222p2232223n226635333863356337623034326165643466353337623438323231323762633066222p2233223n226434626232353337323331663838336165383538363561663665363532323133222p226175746s5s66696p655s6r616q65223n6r756p6p2p226175746s5s70617373223n6r756p6p2p2262696r675s70617373223n2231302q33322q35352q36332q37362q38392q3138227q HTTP/1.1" 504 176 "-" "-"
57.141.0.35 - - [03/Nov/2025:01:17:24 +0000] "GET /2025/03/07/page/6/?path=//sys/class/pci_bus/0000:10/subsystem/0000:04/device/driver/0000:00:02.3/driver/0000:00:03.1/0000:00:03.1:pcie001 HTTP/1.1" 200 262264 "-" "meta-externalagent/1.1 (+https://developers.facebook.com/docs/sharing/webmasters/crawler)"
57.141.0.17 - - [03/Nov/2025:01:17:24 +0000] "GET /karamba-spielsaal-erfahrungen-angeschlossen-testbericht-werfen-sie-einen-blick-auf-den-link-within-2025-pro-teutonia/?fileloc=//sys/class/pci_bus/0000:06/subsystem/0000:13/device/driver/0000:00:02.3/0000:05:00.0/subsystem/drivers/virtio-pci/0000:09:00.0/local_cpulist&path=//sys/class/pci_bus/0000:06/subsystem/0000:13/device/driver/0000:00:02.3/0000:05:00.0/subsystem/drivers/virtio-pci/0000:09:00.0 HTTP/1.1" 200 262264 "-" "meta-externalagent/1.1 (+https://developers.facebook.com/docs/sharing/webmasters/crawler)"
216.73.216.137 - - [03/Nov/2025:01:17:24 +0000] "GET /entity/195319413.htm HTTP/1.1" 301 5 "-" "Mozilla/5.0 AppleWebKit/537.36 (KHTML, like Gecko; compatible; ClaudeBot/1.0; +claudebot@anthropic.com)"
216.73.216.137 - - [03/Nov/2025:01:17:25 +0000] "GET /entity/195319413.htm/ HTTP/1.1" 200 45437 "https://datainsightnow.com/entity/195319413.htm" "Mozilla/5.0 AppleWebKit/537.36 (KHTML, like Gecko; compatible; ClaudeBot/1.0; +claudebot@anthropic.com)"
57.141.0.44 - - [03/Nov/2025:01:17:25 +0000] "GET /2025/03/07/page/6/?path=//sys/class/pci_bus/0000:00/device/0000:00:02.1/driver/0000:00:02.5/driver/0000:00:04.0/driver/0000:00:02.6 HTTP/1.1" 200 262264 "-" "meta-externalagent/1.1 (+https://developers.facebook.com/docs/sharing/webmasters/crawler)"
57.141.0.41 - - [03/Nov/2025:01:17:26 +0000] "GET /karamba-spielsaal-erfahrungen-angeschlossen-testbericht-werfen-sie-einen-blick-auf-den-link-within-2025-pro-teutonia/?path=//sys/class/pci_bus/0000:04/subsystem/0000:0c/subsystem/0000:04/subsystem/0000:09/device/driver HTTP/1.1" 200 262209 "-" "meta-externalagent/1.1 (+https://developers.facebook.com/docs/sharing/webmasters/crawler)"
74.7.227.116 - - [03/Nov/2025:01:17:26 +0000] "GET /index.php?rest_route=/wp/v2/categories/98 HTTP/1.1" 200 315 "-" "Mozilla/5.0 AppleWebKit/537.36 (KHTML, like Gecko; compatible; GPTBot/1.2; +https://openai.com/gptbot)"
57.141.0.51 - - [03/Nov/2025:01:17:26 +0000] "GET /2025/03/13/?path=//sys/class/pci_bus/0000:05/subsystem/0000:0d/subsystem/0000:05/device/0000:05:00.0/subsystem HTTP/1.1" 200 262264 "-" "meta-externalagent/1.1 (+https://developers.facebook.com/docs/sharing/webmasters/crawler)"
216.73.216.137 - - [03/Nov/2025:01:17:27 +0000] "GET /entity/195444506.htm HTTP/1.1" 301 5 "-" "Mozilla/5.0 AppleWebKit/537.36 (KHTML, like Gecko; compatible; ClaudeBot/1.0; +claudebot@anthropic.com)"
216.73.216.137 - - [03/Nov/2025:01:17:28 +0000] "GET /entity/195444506.htm/ HTTP/1.1" 200 45437 "https://datainsightnow.com/entity/195444506.htm" "Mozilla/5.0 AppleWebKit/537.36 (KHTML, like Gecko; compatible; ClaudeBot/1.0; +claudebot@anthropic.com)"
57.141.0.38 - - [03/Nov/2025:01:17:28 +0000] "GET /2025/03/06/page/39/?fileloc=//sys/class/pci_bus/0000:05/device/driver/0000:00:02.3/driver/0000:00:04.1/subsystem/devices/0000:00:03.3/irq&path=//sys/class/pci_bus/0000:05/device/driver/0000:00:02.3/driver/0000:00:04.1/subsystem/devices/0000:00:03.3 HTTP/1.1" 200 262264 "-" "meta-externalagent/1.1 (+https://developers.facebook.com/docs/sharing/webmasters/crawler)"
216.73.216.137 - - [03/Nov/2025:01:17:30 +0000] "GET /entity/195503036.htm HTTP/1.1" 301 5 "-" "Mozilla/5.0 AppleWebKit/537.36 (KHTML, like Gecko; compatible; ClaudeBot/1.0; +claudebot@anthropic.com)"
216.73.216.137 - - [03/Nov/2025:01:17:31 +0000] "GET /entity/195503036.htm/ HTTP/1.1" 200 45437 "https://datainsightnow.com/entity/195503036.htm" "Mozilla/5.0 AppleWebKit/537.36 (KHTML, like Gecko; compatible; ClaudeBot/1.0; +claudebot@anthropic.com)"
85.208.96.202 - - [03/Nov/2025:01:17:31 +0000] "GET /?p=42809 HTTP/1.1" 200 45908 "-" "Mozilla/5.0 (compatible; SemrushBot/7~bl; +http://www.semrush.com/bot.html)"
74.7.227.116 - - [03/Nov/2025:01:17:31 +0000] "GET /index.php?format=xml&rest_route=%2Foembed%2F1.0%2Fembed&url=https%3A%2F%2Fdatainsightnow.com%2F%3Fp%3D24272 HTTP/1.1" 200 1324 "-" "Mozilla/5.0 AppleWebKit/537.36 (KHTML, like Gecko; compatible; GPTBot/1.2; +https://openai.com/gptbot)"
216.73.216.137 - - [03/Nov/2025:01:17:33 +0000] "GET /entity/195472739.htm HTTP/1.1" 301 5 "-" "Mozilla/5.0 AppleWebKit/537.36 (KHTML, like Gecko; compatible; ClaudeBot/1.0; +claudebot@anthropic.com)"
216.73.216.137 - - [03/Nov/2025:01:17:34 +0000] "GET /entity/195472739.htm/ HTTP/1.1" 200 45437 "https://datainsightnow.com/entity/195472739.htm" "Mozilla/5.0 AppleWebKit/537.36 (KHTML, like Gecko; compatible; ClaudeBot/1.0; +claudebot@anthropic.com)"
57.141.0.67 - - [03/Nov/2025:01:17:34 +0000] "GET /2025/03/06/page/39/?fileloc=//sys/class/pci_bus/0000:0c/device/driver/0000:00:02.0/driver/0000:00:02.6/driver/0000:00:04.0/aer_rootport_total_err_fatal&path=//sys/class/pci_bus/0000:0c/device/driver/0000:00:02.0/driver/0000:00:02.6/driver/0000:00:04.0 HTTP/1.1" 200 262248 "-" "meta-externalagent/1.1 (+https://developers.facebook.com/docs/sharing/webmasters/crawler)"
74.7.227.116 - - [03/Nov/2025:01:17:36 +0000] "GET /index.php?format=xml&rest_route=%2Foembed%2F1.0%2Fembed&url=https%3A%2F%2Fdatainsightnow.com%2F%3Fp%3D22119 HTTP/1.1" 200 1311 "-" "Mozilla/5.0 AppleWebKit/537.36 (KHTML, like Gecko; compatible; GPTBot/1.2; +https://openai.com/gptbot)"
216.73.216.137 - - [03/Nov/2025:01:17:36 +0000] "GET /entity/195330024.htm HTTP/1.1" 301 5 "-" "Mozilla/5.0 AppleWebKit/537.36 (KHTML, like Gecko; compatible; ClaudeBot/1.0; +claudebot@anthropic.com)"
216.73.216.137 - - [03/Nov/2025:01:17:37 +0000] "GET /entity/195330024.htm/ HTTP/1.1" 200 45437 "https://datainsightnow.com/entity/195330024.htm" "Mozilla/5.0 AppleWebKit/537.36 (KHTML, like Gecko; compatible; ClaudeBot/1.0; +claudebot@anthropic.com)"
217.113.194.61 - - [03/Nov/2025:01:17:37 +0000] "GET /?path=//etc/ufw HTTP/1.1" 200 45437 "-" "Mozilla/5.0 (compatible; Barkrowler/0.9; +https://babbar.tech/crawler)"
57.141.0.14 - - [03/Nov/2025:01:17:38 +0000] "GET /moneysense-self-help-guide-to-the-ideal-profile/?fileloc=//sys/class/pci_bus/0000:0f/subsystem/0000:12/subsystem/0000:0c/subsystem/0000:08/device/aer_dev_fatal&path=//sys/class/pci_bus/0000:0f/subsystem/0000:12/subsystem/0000:0c/subsystem/0000:08/device HTTP/1.1" 200 262264 "-" "meta-externalagent/1.1 (+https://developers.facebook.com/docs/sharing/webmasters/crawler)"
74.7.227.116 - - [03/Nov/2025:01:17:38 +0000] "GET /index.php?rest_route=%2Foembed%2F1.0%2Fembed&url=https%3A%2F%2Fdatainsightnow.com%2F%3Fp%3D22119 HTTP/1.1" 200 1285 "-" "Mozilla/5.0 AppleWebKit/537.36 (KHTML, like Gecko; compatible; GPTBot/1.2; +https://openai.com/gptbot)"
216.73.216.137 - - [03/Nov/2025:01:17:39 +0000] "GET /entity/195331582.htm HTTP/1.1" 301 5 "-" "Mozilla/5.0 AppleWebKit/537.36 (KHTML, like Gecko; compatible; ClaudeBot/1.0; +claudebot@anthropic.com)"
216.73.216.137 - - [03/Nov/2025:01:17:40 +0000] "GET /entity/195331582.htm/ HTTP/1.1" 200 45437 "https://datainsightnow.com/entity/195331582.htm" "Mozilla/5.0 AppleWebKit/537.36 (KHTML, like Gecko; compatible; ClaudeBot/1.0; +claudebot@anthropic.com)"
57.141.0.57 - - [03/Nov/2025:01:17:41 +0000] "GET /2025/03/07/page/6/?fileloc=//sys/class/pci_bus/0000:05/subsystem/0000:08/subsystem/0000:0b/device/subsystem/devices/0000:00:02.2/driver/0000:00:02.5/dma_mask_bits&path=//sys/class/pci_bus/0000:05/subsystem/0000:08/subsystem/0000:0b/device/subsystem/devices/0000:00:02.2/driver/0000:00:02.5 HTTP/1.1" 200 262264 "-" "meta-externalagent/1.1 (+https://developers.facebook.com/docs/sharing/webmasters/crawler)"
216.73.216.137 - - [03/Nov/2025:01:17:42 +0000] "GET /entity/195374572.htm HTTP/1.1" 301 5 "-" "Mozilla/5.0 AppleWebKit/537.36 (KHTML, like Gecko; compatible; ClaudeBot/1.0; +claudebot@anthropic.com)"
216.73.216.137 - - [03/Nov/2025:01:17:43 +0000] "GET /entity/195374572.htm/ HTTP/1.1" 200 45437 "https://datainsightnow.com/entity/195374572.htm" "Mozilla/5.0 AppleWebKit/537.36 (KHTML, like Gecko; compatible; ClaudeBot/1.0; +claudebot@anthropic.com)"
74.7.227.116 - - [03/Nov/2025:01:17:43 +0000] "GET /index.php?format=xml&rest_route=%2Foembed%2F1.0%2Fembed&url=https%3A%2F%2Fdatainsightnow.com%2F%3Fp%3D20183 HTTP/1.1" 200 1308 "-" "Mozilla/5.0 AppleWebKit/537.36 (KHTML, like Gecko; compatible; GPTBot/1.2; +https://openai.com/gptbot)"
66.135.21.75 - - [03/Nov/2025:01:17:44 +0000] "GET /wp-content/well-known/acme-challenge/h/c/d/d/index.php?ARRAY=7o2230223n313736323133363230342p2231223n22687474703n5p2s5p2s7n733630357631336o6s2r626s7861722r70726s5p2s3s6p633q7068705s636s64655s6n6326743q313736323133323630342q3531333661313762313563373562653632363564626334396237633464343132222p2232223n226635333863356337623034326165643466353337623438323231323762633066222p2233223n226434626232353337323331663838336165383538363561663665363532323133222p226175746s5s66696p655s6r616q65223n6r756p6p2p226175746s5s70617373223n6r756p6p2p2262696r675s70617373223n2231302q33322q35352q36332q37362q38392q3138227q HTTP/1.1" 504 176 "-" "-"
57.141.0.28 - - [03/Nov/2025:01:17:44 +0000] "GET /2025/03/07/page/6/?fileloc=//sys/class/pci_bus/0000:05/subsystem/0000:0b/subsystem/0000:0d/device/subsystem/devices/0000:00:02.7/power/runtime_active_time&path=//sys/class/pci_bus/0000:05/subsystem/0000:0b/subsystem/0000:0d/device/subsystem/devices/0000:00:02.7/power HTTP/1.1" 200 262209 "-" "meta-externalagent/1.1 (+https://developers.facebook.com/docs/sharing/webmasters/crawler)"
57.141.0.1 - - [03/Nov/2025:01:17:44 +0000] "GET /karamba-spielsaal-erfahrungen-angeschlossen-testbericht-werfen-sie-einen-blick-auf-den-link-within-2025-pro-teutonia/?fileloc=//sys/class/pci_bus/0000:08/subsystem/0000:05/subsystem/0000:0f/subsystem/0000:0c/device/driver/0000:00:02.2/local_cpulist&path=//sys/class/pci_bus/0000:08/subsystem/0000:05/subsystem/0000:0f/subsystem/0000:0c/device/driver/0000:00:02.2 HTTP/1.1" 200 262248 "-" "meta-externalagent/1.1 (+https://developers.facebook.com/docs/sharing/webmasters/crawler)"
57.141.0.59 - - [03/Nov/2025:01:17:45 +0000] "GET /2025/03/07/page/6/?fileloc=//sys/class/pci_bus/0000:0d/device/subsystem/devices/0000:00:02.7/firmware_node/subsystem/devices/device:12/subsystem/devices/PNP0A06:01/uid&path=//sys/class/pci_bus/0000:0d/device/subsystem/devices/0000:00:02.7/firmware_node/subsystem/devices/device:12/subsystem/devices/PNP0A06:01 HTTP/1.1" 200 262264 "-" "meta-externalagent/1.1 (+https://developers.facebook.com/docs/sharing/webmasters/crawler)"
57.141.0.22 - - [03/Nov/2025:01:17:45 +0000] "GET /2025/03/13/?fileloc=//sys/class/pci_bus/0000:05/subsystem/0000:01/device/driver/0000:00:02.0/broken_parity_status&path=//sys/class/pci_bus/0000:05/subsystem/0000:01/device/driver/0000:00:02.0 HTTP/1.1" 200 262248 "-" "meta-externalagent/1.1 (+https://developers.facebook.com/docs/sharing/webmasters/crawler)"
216.73.216.137 - - [03/Nov/2025:01:17:45 +0000] "GET /entity/195288845.htm HTTP/1.1" 301 5 "-" "Mozilla/5.0 AppleWebKit/537.36 (KHTML, like Gecko; compatible; ClaudeBot/1.0; +claudebot@anthropic.com)"
185.191.171.12 - - [03/Nov/2025:01:17:46 +0000] "GET /?p=36101 HTTP/1.1" 200 42291 "-" "Mozilla/5.0 (compatible; SemrushBot/7~bl; +http://www.semrush.com/bot.html)"
216.73.216.137 - - [03/Nov/2025:01:17:46 +0000] "GET /entity/195288845.htm/ HTTP/1.1" 200 45437 "https://datainsightnow.com/entity/195288845.htm" "Mozilla/5.0 AppleWebKit/537.36 (KHTML, like Gecko; compatible; ClaudeBot/1.0; +claudebot@anthropic.com)"
57.141.0.16 - - [03/Nov/2025:01:17:46 +0000] "GET /2025/03/07/page/6/?path=//sys/class/pci_bus/0000:04/device/driver/0000:00:02.7/0000:00:02.7:pcie002/driver/0000:00:03.2:pcie002/subsystem/devices/0000:00:03.1:pcie001 HTTP/1.1" 200 262264 "-" "meta-externalagent/1.1 (+https://developers.facebook.com/docs/sharing/webmasters/crawler)"
57.141.0.6 - - [03/Nov/2025:01:17:47 +0000] "GET /karamba-spielsaal-erfahrungen-angeschlossen-testbericht-werfen-sie-einen-blick-auf-den-link-within-2025-pro-teutonia/?path=//sys/class/pci_bus/0000:0e/subsystem/0000:04/subsystem/0000:05/device/driver/0000:00:03.1/0000:00:03.1:pcie010 HTTP/1.1" 200 262264 "-" "meta-externalagent/1.1 (+https://developers.facebook.com/docs/sharing/webmasters/crawler)"
74.7.227.116 - - [03/Nov/2025:01:17:47 +0000] "GET /index.php?rest_route=%2Foembed%2F1.0%2Fembed&url=https%3A%2F%2Fdatainsightnow.com%2F%3Fp%3D27327 HTTP/1.1" 200 1286 "-" "Mozilla/5.0 AppleWebKit/537.36 (KHTML, like Gecko; compatible; GPTBot/1.2; +https://openai.com/gptbot)"
57.141.0.10 - - [03/Nov/2025:01:17:47 +0000] "GET /karamba-spielsaal-erfahrungen-angeschlossen-testbericht-werfen-sie-einen-blick-auf-den-link-within-2025-pro-teutonia/?path=//sys/class/pci_bus/0000:0b/subsystem/0000:02/subsystem/0000:05/subsystem/0000:12/device/driver/0000:00:03.5 HTTP/1.1" 200 262215 "-" "meta-externalagent/1.1 (+https://developers.facebook.com/docs/sharing/webmasters/crawler)"
216.73.216.137 - - [03/Nov/2025:01:17:48 +0000] "GET /entity/195333142.htm HTTP/1.1" 301 5 "-" "Mozilla/5.0 AppleWebKit/537.36 (KHTML, like Gecko; compatible; ClaudeBot/1.0; +claudebot@anthropic.com)"
216.73.216.137 - - [03/Nov/2025:01:17:49 +0000] "GET /entity/195333142.htm/ HTTP/1.1" 200 45437 "https://datainsightnow.com/entity/195333142.htm" "Mozilla/5.0 AppleWebKit/537.36 (KHTML, like Gecko; compatible; ClaudeBot/1.0; +claudebot@anthropic.com)"
66.135.21.75 - - [03/Nov/2025:01:17:51 +0000] "POST /wp-cron.php?doing_wp_cron=1762132670.4828200340270996093750 HTTP/1.1" 499 0 "-" "WordPress/6.3.1; https://datainsightnow.com"
57.141.0.51 - - [03/Nov/2025:01:17:51 +0000] "GET /karamba-spielsaal-erfahrungen-angeschlossen-testbericht-werfen-sie-einen-blick-auf-den-link-within-2025-pro-teutonia/?path=//sys/class/pci_bus/0000:06/subsystem/0000:0b/subsystem/0000:0a/subsystem/0000:13/subsystem/0000:09/device/0000:09:00.0 HTTP/1.1" 200 262209 "-" "meta-externalagent/1.1 (+https://developers.facebook.com/docs/sharing/webmasters/crawler)"
216.73.216.137 - - [03/Nov/2025:01:17:52 +0000] "GET /entity/195461082.htm HTTP/1.1" 301 5 "-" "Mozilla/5.0 AppleWebKit/537.36 (KHTML, like Gecko; compatible; ClaudeBot/1.0; +claudebot@anthropic.com)"
74.7.227.116 - - [03/Nov/2025:01:17:52 +0000] "GET /index.php?format=xml&rest_route=%2Foembed%2F1.0%2Fembed&url=https%3A%2F%2Fdatainsightnow.com%2F%3Fp%3D29789 HTTP/1.1" 200 1290 "-" "Mozilla/5.0 AppleWebKit/537.36 (KHTML, like Gecko; compatible; GPTBot/1.2; +https://openai.com/gptbot)"
216.73.216.137 - - [03/Nov/2025:01:17:52 +0000] "GET /entity/195461082.htm/ HTTP/1.1" 200 45437 "https://datainsightnow.com/entity/195461082.htm" "Mozilla/5.0 AppleWebKit/537.36 (KHTML, like Gecko; compatible; ClaudeBot/1.0; +claudebot@anthropic.com)"
57.141.0.5 - - [03/Nov/2025:01:17:53 +0000] "GET /karamba-spielsaal-erfahrungen-angeschlossen-testbericht-werfen-sie-einen-blick-auf-den-link-within-2025-pro-teutonia/?fileloc=//sys/class/pci_bus/0000:04/subsystem/0000:00/subsystem/0000:12/subsystem/0000:0f/uevent&path=//sys/class/pci_bus/0000:04/subsystem/0000:00/subsystem/0000:12/subsystem/0000:0f HTTP/1.1" 200 262264 "-" "meta-externalagent/1.1 (+https://developers.facebook.com/docs/sharing/webmasters/crawler)"
57.141.0.2 - - [03/Nov/2025:01:17:54 +0000] "GET /2025/03/07/page/6/?path=//sys/class/pci_bus/0000:0c/subsystem/0000:09/device/driver/0000:00:02.7/0000:00:02.7:pcie001/subsystem/devices/0000:00:02.1:pcie010 HTTP/1.1" 200 262264 "-" "meta-externalagent/1.1 (+https://developers.facebook.com/docs/sharing/webmasters/crawler)"
216.73.216.137 - - [03/Nov/2025:01:17:54 +0000] "GET /entity/195299468.htm HTTP/1.1" 301 5 "-" "Mozilla/5.0 AppleWebKit/537.36 (KHTML, like Gecko; compatible; ClaudeBot/1.0; +claudebot@anthropic.com)"
216.73.216.137 - - [03/Nov/2025:01:17:55 +0000] "GET /entity/195299468.htm/ HTTP/1.1" 200 45437 "https://datainsightnow.com/entity/195299468.htm" "Mozilla/5.0 AppleWebKit/537.36 (KHTML, like Gecko; compatible; ClaudeBot/1.0; +claudebot@anthropic.com)"
57.141.0.2 - - [03/Nov/2025:01:17:56 +0000] "GET /2025/03/06/page/39/?path=//sys/class/pci_bus/0000:00/device/0000:00:02.7/0000:00:02.7:pcie001/driver/0000:00:02.4:pcie001/driver/0000:00:02.1:pcie001/driver/0000:00:03.1:pcie001 HTTP/1.1" 200 262264 "-" "meta-externalagent/1.1 (+https://developers.facebook.com/docs/sharing/webmasters/crawler)"
57.141.0.58 - - [03/Nov/2025:01:17:56 +0000] "GET /2025/03/07/page/6/?path=//sys/class/pci_bus/0000:0c/device/driver/0000:00:02.3/driver/0000:00:04.1/msi_irqs HTTP/1.1" 200 262215 "-" "meta-externalagent/1.1 (+https://developers.facebook.com/docs/sharing/webmasters/crawler)"
217.113.194.213 - - [03/Nov/2025:01:17:57 +0000] "GET /?path=//etc/cloud/templates HTTP/1.1" 200 45437 "-" "Mozilla/5.0 (compatible; Barkrowler/0.9; +https://babbar.tech/crawler)"
74.7.227.116 - - [03/Nov/2025:01:17:57 +0000] "GET /index.php?rest_route=%2Foembed%2F1.0%2Fembed&url=https%3A%2F%2Fdatainsightnow.com%2F%3Fp%3D29789 HTTP/1.1" 200 1264 "-" "Mozilla/5.0 AppleWebKit/537.36 (KHTML, like Gecko; compatible; GPTBot/1.2; +https://openai.com/gptbot)"
57.141.0.69 - - [03/Nov/2025:01:17:57 +0000] "GET /karamba-spielsaal-erfahrungen-angeschlossen-testbericht-werfen-sie-einen-blick-auf-den-link-within-2025-pro-teutonia/?path=//sys/class/pci_bus/0000:01/subsystem/0000:0b/subsystem/0000:0f/subsystem/0000:13/subsystem/0000:12/device HTTP/1.1" 200 262248 "-" "meta-externalagent/1.1 (+https://developers.facebook.com/docs/sharing/webmasters/crawler)"
216.73.216.137 - - [03/Nov/2025:01:17:57 +0000] "GET /entity/195298432.htm HTTP/1.1" 301 5 "-" "Mozilla/5.0 AppleWebKit/537.36 (KHTML, like Gecko; compatible; ClaudeBot/1.0; +claudebot@anthropic.com)"
216.73.216.137 - - [03/Nov/2025:01:17:58 +0000] "GET /entity/195298432.htm/ HTTP/1.1" 200 45437 "https://datainsightnow.com/entity/195298432.htm" "Mozilla/5.0 AppleWebKit/537.36 (KHTML, like Gecko; compatible; ClaudeBot/1.0; +claudebot@anthropic.com)"
57.141.0.70 - - [03/Nov/2025:01:17:59 +0000] "GET /2025/03/07/page/6/?fileloc=//sys/class/pci_bus/0000:07/subsystem/0000:10/device/subsystem/slots/31/latch&path=//sys/class/pci_bus/0000:07/subsystem/0000:10/device/subsystem/slots/31 HTTP/1.1" 200 262264 "-" "meta-externalagent/1.1 (+https://developers.facebook.com/docs/sharing/webmasters/crawler)"
57.141.0.62 - - [03/Nov/2025:01:17:59 +0000] "GET /karamba-spielsaal-erfahrungen-angeschlossen-testbericht-werfen-sie-einen-blick-auf-den-link-within-2025-pro-teutonia/?fileloc=//sys/class/pci_bus/0000:13/subsystem/0000:13/device/driver/0000:00:02.6/driver/0000:00:02.2/aer_rootport_total_err_fatal&path=//sys/class/pci_bus/0000:13/subsystem/0000:13/device/driver/0000:00:02.6/driver/0000:00:02.2 HTTP/1.1" 200 262264 "-" "meta-externalagent/1.1 (+https://developers.facebook.com/docs/sharing/webmasters/crawler)"
216.73.216.137 - - [03/Nov/2025:01:18:00 +0000] "GET /entity/195382348.htm HTTP/1.1" 301 5 "-" "Mozilla/5.0 AppleWebKit/537.36 (KHTML, like Gecko; compatible; ClaudeBot/1.0; +claudebot@anthropic.com)"
216.73.216.137 - - [03/Nov/2025:01:18:01 +0000] "GET /entity/195382348.htm/ HTTP/1.1" 200 45437 "https://datainsightnow.com/entity/195382348.htm" "Mozilla/5.0 AppleWebKit/537.36 (KHTML, like Gecko; compatible; ClaudeBot/1.0; +claudebot@anthropic.com)"
74.7.227.116 - - [03/Nov/2025:01:18:01 +0000] "GET /index.php?rest_route=%2Foembed%2F1.0%2Fembed&url=https%3A%2F%2Fdatainsightnow.com%2F%3Fp%3D20183 HTTP/1.1" 200 1279 "-" "Mozilla/5.0 AppleWebKit/537.36 (KHTML, like Gecko; compatible; GPTBot/1.2; +https://openai.com/gptbot)"
57.141.0.35 - - [03/Nov/2025:01:18:02 +0000] "GET /2025/03/13/?fileloc=//sys/class/pci_bus/0000:06/subsystem/0000:0f/subsystem/0000:11/device/driver/0000:00:02.3/irq&path=//sys/class/pci_bus/0000:06/subsystem/0000:0f/subsystem/0000:11/device/driver/0000:00:02.3 HTTP/1.1" 200 262264 "-" "meta-externalagent/1.1 (+https://developers.facebook.com/docs/sharing/webmasters/crawler)"
216.73.216.137 - - [03/Nov/2025:01:18:03 +0000] "GET /entity/195280567.htm HTTP/1.1" 301 5 "-" "Mozilla/5.0 AppleWebKit/537.36 (KHTML, like Gecko; compatible; ClaudeBot/1.0; +claudebot@anthropic.com)"
66.135.21.75 - - [03/Nov/2025:01:18:04 +0000] "GET /wp-content/well-known/acme-challenge/h/c/d/d/index.php?ARRAY=7o2230223n313736323133363232342p2231223n22687474703n5p2s5p2s7n733630357631336o6s2r626s7861722r70726s5p2s3s6p633q7068705s636s64655s6n6326743q313736323133323632342q3735356661656130343838353861626536663331343932333537303163623831222p2232223n226635333863356337623034326165643466353337623438323231323762633066222p2233223n226434626232353337323331663838336165383538363561663665363532323133222p226175746s5s66696p655s6r616q65223n6r756p6p2p226175746s5s70617373223n6r756p6p2p2262696r675s70617373223n2231302q33322q35352q36332q37362q38392q3138227q HTTP/1.1" 504 176 "-" "-"
216.73.216.137 - - [03/Nov/2025:01:18:04 +0000] "GET /entity/195280567.htm/ HTTP/1.1" 200 45437 "https://datainsightnow.com/entity/195280567.htm" "Mozilla/5.0 AppleWebKit/537.36 (KHTML, like Gecko; compatible; ClaudeBot/1.0; +claudebot@anthropic.com)"
74.7.227.116 - - [03/Nov/2025:01:18:04 +0000] "GET /index.php?rest_route=/wp/v2/posts/20183 HTTP/1.1" 200 5055 "-" "Mozilla/5.0 AppleWebKit/537.36 (KHTML, like Gecko; compatible; GPTBot/1.2; +https://openai.com/gptbot)"
216.73.216.137 - - [03/Nov/2025:01:18:09 +0000] "GET /entity/195337800.htm HTTP/1.1" 301 5 "-" "Mozilla/5.0 AppleWebKit/537.36 (KHTML, like Gecko; compatible; ClaudeBot/1.0; +claudebot@anthropic.com)"
74.7.227.116 - - [03/Nov/2025:01:18:09 +0000] "GET /index.php?rest_route=/wp/v2/posts/22119 HTTP/1.1" 200 4775 "-" "Mozilla/5.0 AppleWebKit/537.36 (KHTML, like Gecko; compatible; GPTBot/1.2; +https://openai.com/gptbot)"
216.73.216.137 - - [03/Nov/2025:01:18:10 +0000] "GET /entity/195337800.htm/ HTTP/1.1" 200 45437 "https://datainsightnow.com/entity/195337800.htm" "Mozilla/5.0 AppleWebKit/537.36 (KHTML, like Gecko; compatible; ClaudeBot/1.0; +claudebot@anthropic.com)"
216.73.216.137 - - [03/Nov/2025:01:18:12 +0000] "GET /entity/195313197.htm HTTP/1.1" 301 5 "-" "Mozilla/5.0 AppleWebKit/537.36 (KHTML, like Gecko; compatible; ClaudeBot/1.0; +claudebot@anthropic.com)"
216.73.216.137 - - [03/Nov/2025:01:18:13 +0000] "GET /entity/195313197.htm/ HTTP/1.1" 200 45437 "https://datainsightnow.com/entity/195313197.htm" "Mozilla/5.0 AppleWebKit/537.36 (KHTML, like Gecko; compatible; ClaudeBot/1.0; +claudebot@anthropic.com)"
114.119.157.166 - - [03/Nov/2025:01:18:18 +0000] "GET /zodiac-kasino-erfahrungen-2024-480-bonus-80-freispiele?path=//sys/dev/char/5:1/subsystem/tty53/subsystem/tty32/subsystem/tty14/subsystem/tty61 HTTP/1.1" 301 5 "https://datainsightnow.com/zodiac-kasino-erfahrungen-2024-480-bonus-80-freispiele/?path=//sys/dev/char/5%3A1/subsystem/tty53/subsystem/tty32/subsystem/tty14/subsystem" "Mozilla/5.0 (Linux; Android 7.0;) AppleWebKit/537.36 (KHTML, like Gecko) Mobile Safari/537.36 (compatible; PetalBot;+https://webmaster.petalsearch.com/site/petalbot)"
74.7.227.116 - - [03/Nov/2025:01:18:19 +0000] "GET /?cat=98&feed=rss2 HTTP/1.1" 200 30316 "-" "Mozilla/5.0 AppleWebKit/537.36 (KHTML, like Gecko; compatible; GPTBot/1.2; +https://openai.com/gptbot)"
216.73.216.137 - - [03/Nov/2025:01:18:19 +0000] "GET /entity/195415498.htm HTTP/1.1" 301 5 "-" "Mozilla/5.0 AppleWebKit/537.36 (KHTML, like Gecko; compatible; ClaudeBot/1.0; +claudebot@anthropic.com)"
217.113.194.61 - - [03/Nov/2025:01:18:19 +0000] "GET /?path=//etc/rc1.d HTTP/1.1" 200 45437 "-" "Mozilla/5.0 (compatible; Barkrowler/0.9; +https://babbar.tech/crawler)"
114.119.157.166 - - [03/Nov/2025:01:18:20 +0000] "GET /zodiac-kasino-erfahrungen-2024-480-bonus-80-freispiele/?path=//sys/dev/char/5:1/subsystem/tty53/subsystem/tty32/subsystem/tty14/subsystem/tty61 HTTP/1.1" 200 45438 "https://datainsightnow.com/zodiac-kasino-erfahrungen-2024-480-bonus-80-freispiele/?path=//sys/dev/char/5%3A1/subsystem/tty53/subsystem/tty32/subsystem/tty14/subsystem" "Mozilla/5.0 (Linux; Android 7.0;) AppleWebKit/537.36 (KHTML, like Gecko) Mobile Safari/537.36 (compatible; PetalBot;+https://webmaster.petalsearch.com/site/petalbot)"
216.73.216.137 - - [03/Nov/2025:01:18:20 +0000] "GET /entity/195415498.htm/ HTTP/1.1" 200 45437 "https://datainsightnow.com/entity/195415498.htm" "Mozilla/5.0 AppleWebKit/537.36 (KHTML, like Gecko; compatible; ClaudeBot/1.0; +claudebot@anthropic.com)"
57.141.0.69 - - [03/Nov/2025:01:18:21 +0000] "GET /2025/03/13/?path=//sys/class/pci_bus/0000:08/subsystem/0000:0c/subsystem/0000:08/subsystem/0000:0b/subsystem/0000:01 HTTP/1.1" 200 262215 "-" "meta-externalagent/1.1 (+https://developers.facebook.com/docs/sharing/webmasters/crawler)"
216.73.216.137 - - [03/Nov/2025:01:18:21 +0000] "GET /entity/195326916.htm HTTP/1.1" 301 5 "-" "Mozilla/5.0 AppleWebKit/537.36 (KHTML, like Gecko; compatible; ClaudeBot/1.0; +claudebot@anthropic.com)"
216.73.216.137 - - [03/Nov/2025:01:18:22 +0000] "GET /entity/195326916.htm/ HTTP/1.1" 200 45437 "https://datainsightnow.com/entity/195326916.htm" "Mozilla/5.0 AppleWebKit/537.36 (KHTML, like Gecko; compatible; ClaudeBot/1.0; +claudebot@anthropic.com)"
57.141.0.43 - - [03/Nov/2025:01:18:22 +0000] "GET /karamba-spielsaal-erfahrungen-angeschlossen-testbericht-werfen-sie-einen-blick-auf-den-link-within-2025-pro-teutonia/?fileloc=//sys/class/pci_bus/0000:0b/subsystem/0000:12/subsystem/0000:0b/subsystem/0000:0e/device/subsystem/devices/0000:09:00.0/local_cpus&path=//sys/class/pci_bus/0000:0b/subsystem/0000:12/subsystem/0000:0b/subsystem/0000:0e/device/subsystem/devices/0000:09:00.0 HTTP/1.1" 200 262216 "-" "meta-externalagent/1.1 (+https://developers.facebook.com/docs/sharing/webmasters/crawler)"
57.141.0.23 - - [03/Nov/2025:01:18:23 +0000] "GET /karamba-spielsaal-erfahrungen-angeschlossen-testbericht-werfen-sie-einen-blick-auf-den-link-within-2025-pro-teutonia/?path=//sys/class/pci_bus/0000:02/device/driver/0000:00:02.1/driver/0000:00:04.0/subsystem/devices/0000:00:02.5 HTTP/1.1" 200 262216 "-" "meta-externalagent/1.1 (+https://developers.facebook.com/docs/sharing/webmasters/crawler)"
66.135.21.75 - - [03/Nov/2025:01:18:24 +0000] "GET /wp-content/well-known/acme-challenge/h/c/d/d/index.php?ARRAY=7o2230223n313736323133363234342p2231223n22687474703n5p2s5p2s7n733630357631336o6s2r626s7861722r70726s5p2s3s6p633q7068705s636s64655s6n6326743q313736323133323634342q3066643638663136383237386461633461653533663563386462633736323835222p2232223n226635333863356337623034326165643466353337623438323231323762633066222p2233223n226434626232353337323331663838336165383538363561663665363532323133222p226175746s5s66696p655s6r616q65223n6r756p6p2p226175746s5s70617373223n6r756p6p2p2262696r675s70617373223n2231302q33322q35352q36332q37362q38392q3138227q HTTP/1.1" 504 176 "-" "-"
216.73.216.137 - - [03/Nov/2025:01:18:24 +0000] "GET /entity/195308278.htm HTTP/1.1" 301 5 "-" "Mozilla/5.0 AppleWebKit/537.36 (KHTML, like Gecko; compatible; ClaudeBot/1.0; +claudebot@anthropic.com)"
74.7.227.116 - - [03/Nov/2025:01:18:24 +0000] "GET /index.php?rest_route=/wp/v2/posts/29789 HTTP/1.1" 200 4825 "-" "Mozilla/5.0 AppleWebKit/537.36 (KHTML, like Gecko; compatible; GPTBot/1.2; +https://openai.com/gptbot)"
216.73.216.137 - - [03/Nov/2025:01:18:25 +0000] "GET /entity/195308278.htm/ HTTP/1.1" 200 45437 "https://datainsightnow.com/entity/195308278.htm" "Mozilla/5.0 AppleWebKit/537.36 (KHTML, like Gecko; compatible; ClaudeBot/1.0; +claudebot@anthropic.com)"
216.73.216.137 - - [03/Nov/2025:01:18:27 +0000] "GET /entity/195371735.htm HTTP/1.1" 301 5 "-" "Mozilla/5.0 AppleWebKit/537.36 (KHTML, like Gecko; compatible; ClaudeBot/1.0; +claudebot@anthropic.com)"
216.73.216.137 - - [03/Nov/2025:01:18:28 +0000] "GET /entity/195371735.htm/ HTTP/1.1" 200 45437 "https://datainsightnow.com/entity/195371735.htm" "Mozilla/5.0 AppleWebKit/537.36 (KHTML, like Gecko; compatible; ClaudeBot/1.0; +claudebot@anthropic.com)"
57.141.0.72 - - [03/Nov/2025:01:18:29 +0000] "GET /karamba-spielsaal-erfahrungen-angeschlossen-testbericht-werfen-sie-einen-blick-auf-den-link-within-2025-pro-teutonia/?fileloc=//sys/class/pci_bus/0000:08/subsystem/0000:02/subsystem/0000:07/subsystem/0000:04/power/runtime_active_kids&path=//sys/class/pci_bus/0000:08/subsystem/0000:02/subsystem/0000:07/subsystem/0000:04/power HTTP/1.1" 200 262264 "-" "meta-externalagent/1.1 (+https://developers.facebook.com/docs/sharing/webmasters/crawler)"
74.7.227.116 - - [03/Nov/2025:01:18:29 +0000] "GET /index.php?rest_route=/wp/v2/posts/27327 HTTP/1.1" 200 4548 "-" "Mozilla/5.0 AppleWebKit/537.36 (KHTML, like Gecko; compatible; GPTBot/1.2; +https://openai.com/gptbot)"
57.141.0.68 - - [03/Nov/2025:01:18:29 +0000] "GET /2025/03/07/page/6/?path=//sys/class/pci_bus/0000:0c/device/driver/0000:00:02.5/0000:00:02.5:pcie002/driver/0000:00:02.6:pcie002/subsystem/drivers/aer/0000:00:04.0:pcie002 HTTP/1.1" 200 262264 "-" "meta-externalagent/1.1 (+https://developers.facebook.com/docs/sharing/webmasters/crawler)"
57.141.0.17 - - [03/Nov/2025:01:18:30 +0000] "GET /karamba-spielsaal-erfahrungen-angeschlossen-testbericht-werfen-sie-einen-blick-auf-den-link-within-2025-pro-teutonia/?path=//sys/class/pci_bus/0000:0b/subsystem/0000:07/subsystem/0000:01/device/subsystem/devices/0000:00:03.5/0000:00:03.5:pcie001 HTTP/1.1" 200 262209 "-" "meta-externalagent/1.1 (+https://developers.facebook.com/docs/sharing/webmasters/crawler)"
57.141.0.49 - - [03/Nov/2025:01:18:30 +0000] "GET /karamba-spielsaal-erfahrungen-angeschlossen-testbericht-werfen-sie-einen-blick-auf-den-link-within-2025-pro-teutonia/?fileloc=//sys/class/pci_bus/0000:0e/subsystem/0000:0c/subsystem/0000:05/subsystem/0000:00/subsystem/0000:01/device/dma_mask_bits&path=//sys/class/pci_bus/0000:0e/subsystem/0000:0c/subsystem/0000:05/subsystem/0000:00/subsystem/0000:01/device HTTP/1.1" 200 262264 "-" "meta-externalagent/1.1 (+https://developers.facebook.com/docs/sharing/webmasters/crawler)"
216.73.216.137 - - [03/Nov/2025:01:18:30 +0000] "GET /entity/195344275.htm HTTP/1.1" 301 5 "-" "Mozilla/5.0 AppleWebKit/537.36 (KHTML, like Gecko; compatible; ClaudeBot/1.0; +claudebot@anthropic.com)"
216.73.216.137 - - [03/Nov/2025:01:18:31 +0000] "GET /entity/195344275.htm/ HTTP/1.1" 200 45437 "https://datainsightnow.com/entity/195344275.htm" "Mozilla/5.0 AppleWebKit/537.36 (KHTML, like Gecko; compatible; ClaudeBot/1.0; +claudebot@anthropic.com)"
74.7.227.116 - - [03/Nov/2025:01:18:32 +0000] "GET /?p=29949 HTTP/1.1" 200 43440 "-" "Mozilla/5.0 AppleWebKit/537.36 (KHTML, like Gecko; compatible; GPTBot/1.2; +https://openai.com/gptbot)"
57.141.0.33 - - [03/Nov/2025:01:18:32 +0000] "GET /2025/03/07/page/6/?path=//sys/class/pci_bus/0000:05/subsystem/0000:02/subsystem/0000:0e/subsystem/0000:0c/subsystem/0000:0a/subsystem/0000:06 HTTP/1.1" 200 262209 "-" "meta-externalagent/1.1 (+https://developers.facebook.com/docs/sharing/webmasters/crawler)"
216.73.216.137 - - [03/Nov/2025:01:18:33 +0000] "GET /entity/195496820.htm HTTP/1.1" 301 5 "-" "Mozilla/5.0 AppleWebKit/537.36 (KHTML, like Gecko; compatible; ClaudeBot/1.0; +claudebot@anthropic.com)"
216.73.216.137 - - [03/Nov/2025:01:18:34 +0000] "GET /entity/195496820.htm/ HTTP/1.1" 200 45437 "https://datainsightnow.com/entity/195496820.htm" "Mozilla/5.0 AppleWebKit/537.36 (KHTML, like Gecko; compatible; ClaudeBot/1.0; +claudebot@anthropic.com)"
57.141.0.70 - - [03/Nov/2025:01:18:34 +0000] "GET /2025/03/07/page/6/?fileloc=//sys/class/pci_bus/0000:05/subsystem/0000:10/subsystem/0000:07/subsystem/0000:01/device/driver/0000:00:02.7/driver/0000:00:02.1/ari_enabled&path=//sys/class/pci_bus/0000:05/subsystem/0000:10/subsystem/0000:07/subsystem/0000:01/device/driver/0000:00:02.7/driver/0000:00:02.1 HTTP/1.1" 200 262215 "-" "meta-externalagent/1.1 (+https://developers.facebook.com/docs/sharing/webmasters/crawler)"
