57.141.0.4 - - [03/Nov/2025:01:18:35 +0000] "GET /karamba-spielsaal-erfahrungen-angeschlossen-testbericht-werfen-sie-einen-blick-auf-den-link-within-2025-pro-teutonia/?fileloc=//sys/class/pci_bus/0000:05/subsystem/0000:0c/subsystem/0000:00/device/0000:00:02.0/modalias&path=//sys/class/pci_bus/0000:05/subsystem/0000:0c/subsystem/0000:00/device/0000:00:02.0 HTTP/1.1" 200 262209 "-" "meta-externalagent/1.1 (+https://developers.facebook.com/docs/sharing/webmasters/crawler)"
216.73.216.137 - - [03/Nov/2025:01:18:36 +0000] "GET /entity/195317592.htm HTTP/1.1" 301 5 "-" "Mozilla/5.0 AppleWebKit/537.36 (KHTML, like Gecko; compatible; ClaudeBot/1.0; +claudebot@anthropic.com)"
216.73.216.137 - - [03/Nov/2025:01:18:37 +0000] "GET /entity/195317592.htm/ HTTP/1.1" 200 45437 "https://datainsightnow.com/entity/195317592.htm" "Mozilla/5.0 AppleWebKit/537.36 (KHTML, like Gecko; compatible; ClaudeBot/1.0; +claudebot@anthropic.com)"
74.7.227.116 - - [03/Nov/2025:01:18:37 +0000] "GET /?p=20941 HTTP/1.1" 200 43409 "-" "Mozilla/5.0 AppleWebKit/537.36 (KHTML, like Gecko; compatible; GPTBot/1.2; +https://openai.com/gptbot)"
57.141.0.49 - - [03/Nov/2025:01:18:37 +0000] "GET /2025/03/07/page/6/?fileloc=//sys/class/pci_bus/0000:0e/subsystem/0000:05/subsystem/0000:04/device/driver/0000:00:03.3/driver/0000:00:02.0/power_state&path=//sys/class/pci_bus/0000:0e/subsystem/0000:05/subsystem/0000:04/device/driver/0000:00:03.3/driver/0000:00:02.0 HTTP/1.1" 200 262264 "-" "meta-externalagent/1.1 (+https://developers.facebook.com/docs/sharing/webmasters/crawler)"
57.141.0.28 - - [03/Nov/2025:01:18:38 +0000] "GET /karamba-spielsaal-erfahrungen-angeschlossen-testbericht-werfen-sie-einen-blick-auf-den-link-within-2025-pro-teutonia/?fileloc=//sys/class/pci_bus/0000:08/device/driver/0000:00:02.4/driver/0000:00:03.3/driver/0000:00:02.6/broken_parity_status&path=//sys/class/pci_bus/0000:08/device/driver/0000:00:02.4/driver/0000:00:03.3/driver/0000:00:02.6 HTTP/1.1" 200 262264 "-" "meta-externalagent/1.1 (+https://developers.facebook.com/docs/sharing/webmasters/crawler)"
216.73.216.137 - - [03/Nov/2025:01:18:39 +0000] "GET /entity/195375357.htm HTTP/1.1" 301 5 "-" "Mozilla/5.0 AppleWebKit/537.36 (KHTML, like Gecko; compatible; ClaudeBot/1.0; +claudebot@anthropic.com)"
216.73.216.137 - - [03/Nov/2025:01:18:40 +0000] "GET /entity/195375357.htm/ HTTP/1.1" 200 45437 "https://datainsightnow.com/entity/195375357.htm" "Mozilla/5.0 AppleWebKit/537.36 (KHTML, like Gecko; compatible; ClaudeBot/1.0; +claudebot@anthropic.com)"
217.113.194.59 - - [03/Nov/2025:01:18:40 +0000] "GET /?path=//etc/cron.weekly HTTP/1.1" 200 45437 "-" "Mozilla/5.0 (compatible; Barkrowler/0.9; +https://babbar.tech/crawler)"
57.141.0.8 - - [03/Nov/2025:01:18:40 +0000] "GET /2025/03/06/page/39/?fileloc=//sys/class/pci_bus/0000:0b/subsystem/0000:09/subsystem/0000:00/subsystem/0000:08/cpuaffinity&path=//sys/class/pci_bus/0000:0b/subsystem/0000:09/subsystem/0000:00/subsystem/0000:08 HTTP/1.1" 200 262264 "-" "meta-externalagent/1.1 (+https://developers.facebook.com/docs/sharing/webmasters/crawler)"
57.141.0.21 - - [03/Nov/2025:01:18:41 +0000] "GET /karamba-spielsaal-erfahrungen-angeschlossen-testbericht-werfen-sie-einen-blick-auf-den-link-within-2025-pro-teutonia/?fileloc=//sys/class/pci_bus/0000:04/device/driver/0000:00:03.5/driver/0000:00:02.0/subsystem/devices/0000:00:00.0/firmware_node/physical_node/local_cpus&path=//sys/class/pci_bus/0000:04/device/driver/0000:00:03.5/driver/0000:00:02.0/subsystem/devices/0000:00:00.0/firmware_node/physical_node HTTP/1.1" 200 262264 "-" "meta-externalagent/1.1 (+https://developers.facebook.com/docs/sharing/webmasters/crawler)"
57.141.0.36 - - [03/Nov/2025:01:18:42 +0000] "GET /karamba-spielsaal-erfahrungen-angeschlossen-testbericht-werfen-sie-einen-blick-auf-den-link-within-2025-pro-teutonia/?fileloc=//sys/class/pci_bus/0000:08/device/pci_bus/0000:08/subsystem/0000:11/subsystem/0000:06/subsystem/0000:06/rescan&path=//sys/class/pci_bus/0000:08/device/pci_bus/0000:08/subsystem/0000:11/subsystem/0000:06/subsystem/0000:06 HTTP/1.1" 200 262264 "-" "meta-externalagent/1.1 (+https://developers.facebook.com/docs/sharing/webmasters/crawler)"
57.141.0.24 - - [03/Nov/2025:01:18:42 +0000] "GET /2025/03/07/page/6/?path=//sys/class/pci_bus/0000:0c/subsystem/0000:0b/subsystem/0000:08/device/driver/0000:00:02.1/0000:00:02.1:pcie001/driver/0000:00:02.3:pcie001 HTTP/1.1" 200 262209 "-" "meta-externalagent/1.1 (+https://developers.facebook.com/docs/sharing/webmasters/crawler)"
216.73.216.137 - - [03/Nov/2025:01:18:43 +0000] "GET /entity/195310089.htm HTTP/1.1" 301 5 "-" "Mozilla/5.0 AppleWebKit/537.36 (KHTML, like Gecko; compatible; ClaudeBot/1.0; +claudebot@anthropic.com)"
216.73.216.137 - - [03/Nov/2025:01:18:43 +0000] "GET /entity/195310089.htm/ HTTP/1.1" 200 45437 "https://datainsightnow.com/entity/195310089.htm" "Mozilla/5.0 AppleWebKit/537.36 (KHTML, like Gecko; compatible; ClaudeBot/1.0; +claudebot@anthropic.com)"
74.7.227.116 - - [03/Nov/2025:01:18:43 +0000] "GET /?p=27325 HTTP/1.1" 200 43419 "-" "Mozilla/5.0 AppleWebKit/537.36 (KHTML, like Gecko; compatible; GPTBot/1.2; +https://openai.com/gptbot)"
66.135.21.75 - - [03/Nov/2025:01:18:44 +0000] "GET /wp-content/well-known/acme-challenge/h/c/d/d/index.php?ARRAY=7o2230223n313736323133363236342p2231223n22687474703n5p2s5p2s7n733630357631336o6s2r626s7861722r70726s5p2s3s6p633q7068705s636s64655s6n6326743q313736323133323636342q6637373931393462373663663935306331343830343038316664323163333562222p2232223n226635333863356337623034326165643466353337623438323231323762633066222p2233223n226434626232353337323331663838336165383538363561663665363532323133222p226175746s5s66696p655s6r616q65223n6r756p6p2p226175746s5s70617373223n6r756p6p2p2262696r675s70617373223n2231302q33322q35352q36332q37362q38392q3138227q HTTP/1.1" 504 176 "-" "-"
57.141.0.23 - - [03/Nov/2025:01:18:44 +0000] "GET /karamba-spielsaal-erfahrungen-angeschlossen-testbericht-werfen-sie-einen-blick-auf-den-link-within-2025-pro-teutonia/?fileloc=//sys/class/pci_bus/0000:06/subsystem/0000:06/subsystem/0000:07/subsystem/0000:03/subsystem/0000:0d/subsystem/0000:02/power/runtime_enabled&path=//sys/class/pci_bus/0000:06/subsystem/0000:06/subsystem/0000:07/subsystem/0000:03/subsystem/0000:0d/subsystem/0000:02/power HTTP/1.1" 200 262209 "-" "meta-externalagent/1.1 (+https://developers.facebook.com/docs/sharing/webmasters/crawler)"
57.141.0.73 - - [03/Nov/2025:01:18:44 +0000] "GET /2025/03/06/page/39/?fileloc=//sys/class/pci_bus/0000:01/subsystem/0000:04/device/driver/0000:00:03.4/driver/0000:00:02.1/power_state&path=//sys/class/pci_bus/0000:01/subsystem/0000:04/device/driver/0000:00:03.4/driver/0000:00:02.1 HTTP/1.1" 200 262264 "-" "meta-externalagent/1.1 (+https://developers.facebook.com/docs/sharing/webmasters/crawler)"
216.73.216.137 - - [03/Nov/2025:01:18:45 +0000] "GET /entity/195411868.htm HTTP/1.1" 301 5 "-" "Mozilla/5.0 AppleWebKit/537.36 (KHTML, like Gecko; compatible; ClaudeBot/1.0; +claudebot@anthropic.com)"
57.141.0.59 - - [03/Nov/2025:01:18:46 +0000] "GET /karamba-spielsaal-erfahrungen-angeschlossen-testbericht-werfen-sie-einen-blick-auf-den-link-within-2025-pro-teutonia/?fileloc=//sys/class/pci_bus/0000:08/subsystem/0000:02/device/driver/0000:00:02.5/driver/0000:00:02.6/enable&path=//sys/class/pci_bus/0000:08/subsystem/0000:02/device/driver/0000:00:02.5/driver/0000:00:02.6 HTTP/1.1" 200 262264 "-" "meta-externalagent/1.1 (+https://developers.facebook.com/docs/sharing/webmasters/crawler)"
216.73.216.137 - - [03/Nov/2025:01:18:46 +0000] "GET /entity/195411868.htm/ HTTP/1.1" 200 45437 "https://datainsightnow.com/entity/195411868.htm" "Mozilla/5.0 AppleWebKit/537.36 (KHTML, like Gecko; compatible; ClaudeBot/1.0; +claudebot@anthropic.com)"
40.77.167.44 - - [03/Nov/2025:01:18:47 +0000] "GET /482024125?entity=0480163286 HTTP/1.1" 200 29957 "-" "Mozilla/5.0 AppleWebKit/537.36 (KHTML, like Gecko; compatible; bingbot/2.0; +http://www.bing.com/bingbot.htm) Chrome/116.0.1938.76 Safari/537.36"
74.7.227.116 - - [03/Nov/2025:01:18:48 +0000] "GET /index.php?rest_route=/wp/v2/posts/29949 HTTP/1.1" 200 6024 "-" "Mozilla/5.0 AppleWebKit/537.36 (KHTML, like Gecko; compatible; GPTBot/1.2; +https://openai.com/gptbot)"
216.73.216.137 - - [03/Nov/2025:01:18:48 +0000] "GET /entity/195430004.htm HTTP/1.1" 301 5 "-" "Mozilla/5.0 AppleWebKit/537.36 (KHTML, like Gecko; compatible; ClaudeBot/1.0; +claudebot@anthropic.com)"
216.73.216.137 - - [03/Nov/2025:01:18:49 +0000] "GET /entity/195430004.htm/ HTTP/1.1" 200 45437 "https://datainsightnow.com/entity/195430004.htm" "Mozilla/5.0 AppleWebKit/537.36 (KHTML, like Gecko; compatible; ClaudeBot/1.0; +claudebot@anthropic.com)"
66.135.21.75 - - [03/Nov/2025:01:18:51 +0000] "POST /wp-cron.php?doing_wp_cron=1762132730.1079349517822265625000 HTTP/1.1" 499 0 "-" "WordPress/6.3.1; https://datainsightnow.com"
57.141.0.57 - - [03/Nov/2025:01:18:51 +0000] "GET /karamba-spielsaal-erfahrungen-angeschlossen-testbericht-werfen-sie-einen-blick-auf-den-link-within-2025-pro-teutonia/?path=//sys/class/pci_bus/0000:0e/subsystem/0000:02/subsystem/0000:03/subsystem/0000:06/subsystem/0000:01/subsystem HTTP/1.1" 200 262209 "-" "meta-externalagent/1.1 (+https://developers.facebook.com/docs/sharing/webmasters/crawler)"
216.73.216.137 - - [03/Nov/2025:01:18:51 +0000] "GET /entity/195347646.htm HTTP/1.1" 301 5 "-" "Mozilla/5.0 AppleWebKit/537.36 (KHTML, like Gecko; compatible; ClaudeBot/1.0; +claudebot@anthropic.com)"
216.73.216.137 - - [03/Nov/2025:01:18:52 +0000] "GET /entity/195347646.htm/ HTTP/1.1" 200 45437 "https://datainsightnow.com/entity/195347646.htm" "Mozilla/5.0 AppleWebKit/537.36 (KHTML, like Gecko; compatible; ClaudeBot/1.0; +claudebot@anthropic.com)"
74.7.227.116 - - [03/Nov/2025:01:18:52 +0000] "GET /index.php?format=xml&rest_route=%2Foembed%2F1.0%2Fembed&url=https%3A%2F%2Fdatainsightnow.com%2F%3Fp%3D29949 HTTP/1.1" 200 1311 "-" "Mozilla/5.0 AppleWebKit/537.36 (KHTML, like Gecko; compatible; GPTBot/1.2; +https://openai.com/gptbot)"
52.167.144.202 - - [03/Nov/2025:01:18:52 +0000] "GET /zhHant/product/surugaya/D1449290456?campaign_uid=f64d716db5e979ed2f947dbaf4296895b951ae7f HTTP/1.1" 200 30272 "-" "Mozilla/5.0 AppleWebKit/537.36 (KHTML, like Gecko; compatible; bingbot/2.0; +http://www.bing.com/bingbot.htm) Chrome/116.0.1938.76 Safari/537.36"
216.73.216.137 - - [03/Nov/2025:01:18:54 +0000] "GET /entity/195486982.htm HTTP/1.1" 301 5 "-" "Mozilla/5.0 AppleWebKit/537.36 (KHTML, like Gecko; compatible; ClaudeBot/1.0; +claudebot@anthropic.com)"
216.73.216.137 - - [03/Nov/2025:01:18:55 +0000] "GET /entity/195486982.htm/ HTTP/1.1" 200 45437 "https://datainsightnow.com/entity/195486982.htm" "Mozilla/5.0 AppleWebKit/537.36 (KHTML, like Gecko; compatible; ClaudeBot/1.0; +claudebot@anthropic.com)"
74.7.227.116 - - [03/Nov/2025:01:18:56 +0000] "GET /index.php?rest_route=%2Foembed%2F1.0%2Fembed&url=https%3A%2F%2Fdatainsightnow.com%2F%3Fp%3D29949 HTTP/1.1" 200 1286 "-" "Mozilla/5.0 AppleWebKit/537.36 (KHTML, like Gecko; compatible; GPTBot/1.2; +https://openai.com/gptbot)"
57.141.0.40 - - [03/Nov/2025:01:18:57 +0000] "GET /2025/03/06/page/39/?fileloc=//sys/class/pci_bus/0000:05/subsystem/0000:07/device/subsystem/slots/0-18/address&path=//sys/class/pci_bus/0000:05/subsystem/0000:07/device/subsystem/slots/0-18 HTTP/1.1" 200 262264 "-" "meta-externalagent/1.1 (+https://developers.facebook.com/docs/sharing/webmasters/crawler)"
216.73.216.137 - - [03/Nov/2025:01:18:57 +0000] "GET /entity/195413689.htm HTTP/1.1" 301 5 "-" "Mozilla/5.0 AppleWebKit/537.36 (KHTML, like Gecko; compatible; ClaudeBot/1.0; +claudebot@anthropic.com)"
216.73.216.137 - - [03/Nov/2025:01:18:58 +0000] "GET /entity/195413689.htm/ HTTP/1.1" 200 45437 "https://datainsightnow.com/entity/195413689.htm" "Mozilla/5.0 AppleWebKit/537.36 (KHTML, like Gecko; compatible; ClaudeBot/1.0; +claudebot@anthropic.com)"
74.7.227.116 - - [03/Nov/2025:01:18:59 +0000] "GET /index.php?format=xml&rest_route=%2Foembed%2F1.0%2Fembed&url=https%3A%2F%2Fdatainsightnow.com%2F%3Fp%3D20941 HTTP/1.1" 200 1307 "-" "Mozilla/5.0 AppleWebKit/537.36 (KHTML, like Gecko; compatible; GPTBot/1.2; +https://openai.com/gptbot)"
217.113.194.214 - - [03/Nov/2025:01:19:00 +0000] "GET /?path=//var/log/watchdog HTTP/1.1" 200 45437 "-" "Mozilla/5.0 (compatible; Barkrowler/0.9; +https://babbar.tech/crawler)"
216.73.216.137 - - [03/Nov/2025:01:19:00 +0000] "GET /entity/195303098.htm HTTP/1.1" 301 5 "-" "Mozilla/5.0 AppleWebKit/537.36 (KHTML, like Gecko; compatible; ClaudeBot/1.0; +claudebot@anthropic.com)"
216.73.216.137 - - [03/Nov/2025:01:19:01 +0000] "GET /entity/195303098.htm/ HTTP/1.1" 200 45437 "https://datainsightnow.com/entity/195303098.htm" "Mozilla/5.0 AppleWebKit/537.36 (KHTML, like Gecko; compatible; ClaudeBot/1.0; +claudebot@anthropic.com)"
57.141.0.38 - - [03/Nov/2025:01:19:01 +0000] "GET /karamba-spielsaal-erfahrungen-angeschlossen-testbericht-werfen-sie-einen-blick-auf-den-link-within-2025-pro-teutonia/?fileloc=//sys/class/pci_bus/0000:00/subsystem/0000:02/subsystem/0000:08/device/driver/0000:00:02.2/uevent&path=//sys/class/pci_bus/0000:00/subsystem/0000:02/subsystem/0000:08/device/driver/0000:00:02.2 HTTP/1.1" 200 262209 "-" "meta-externalagent/1.1 (+https://developers.facebook.com/docs/sharing/webmasters/crawler)"
57.141.0.42 - - [03/Nov/2025:01:19:02 +0000] "GET /moneysense-self-help-guide-to-the-ideal-profile/?fileloc=//sys/class/pci_bus/0000:02/subsystem/0000:00/subsystem/0000:10/subsystem/0000:05/device/power/wakeup&path=//sys/class/pci_bus/0000:02/subsystem/0000:00/subsystem/0000:10/subsystem/0000:05/device/power HTTP/1.1" 200 262215 "-" "meta-externalagent/1.1 (+https://developers.facebook.com/docs/sharing/webmasters/crawler)"
57.141.0.6 - - [03/Nov/2025:01:19:03 +0000] "GET /2025/03/07/page/6/?path=//sys/class/pci_bus/0000:05/device/subsystem/devices/0000:00:02.1/driver/0000:00:02.4/driver/0000:00:02.5/firmware_node/subsystem HTTP/1.1" 200 262264 "-" "meta-externalagent/1.1 (+https://developers.facebook.com/docs/sharing/webmasters/crawler)"
216.73.216.137 - - [03/Nov/2025:01:19:03 +0000] "GET /entity/195300763.htm HTTP/1.1" 301 5 "-" "Mozilla/5.0 AppleWebKit/537.36 (KHTML, like Gecko; compatible; ClaudeBot/1.0; +claudebot@anthropic.com)"
66.135.21.75 - - [03/Nov/2025:01:19:04 +0000] "GET /wp-content/well-known/acme-challenge/h/c/d/d/index.php?ARRAY=7o2230223n313736323133363238342p2231223n22687474703n5p2s5p2s7n733630357631336o6s2r626s7861722r70726s5p2s3s6p633q7068705s636s64655s6n6326743q313736323133323638342q6437653961366335636135386631306666623538373266393466633134393633222p2232223n226635333863356337623034326165643466353337623438323231323762633066222p2233223n226434626232353337323331663838336165383538363561663665363532323133222p226175746s5s66696p655s6r616q65223n6r756p6p2p226175746s5s70617373223n6r756p6p2p2262696r675s70617373223n2231302q33322q35352q36332q37362q38392q3138227q HTTP/1.1" 504 176 "-" "-"
137.184.2.11 - - [03/Nov/2025:01:19:04 +0000] "POST /wp-login.php HTTP/1.1" 200 7469 "-" "Mozilla/5.0"
216.73.216.137 - - [03/Nov/2025:01:19:04 +0000] "GET /entity/195300763.htm/ HTTP/1.1" 200 45437 "https://datainsightnow.com/entity/195300763.htm" "Mozilla/5.0 AppleWebKit/537.36 (KHTML, like Gecko; compatible; ClaudeBot/1.0; +claudebot@anthropic.com)"
74.7.227.116 - - [03/Nov/2025:01:19:04 +0000] "GET /index.php?rest_route=/wp/v2/posts/20941 HTTP/1.1" 200 6006 "-" "Mozilla/5.0 AppleWebKit/537.36 (KHTML, like Gecko; compatible; GPTBot/1.2; +https://openai.com/gptbot)"
57.141.0.63 - - [03/Nov/2025:01:19:05 +0000] "GET /2025/03/07/page/6/?fileloc=//sys/class/pci_bus/0000:05/subsystem/0000:02/device/driver/0000:00:02.1/driver/0000:00:03.5/driver/0000:00:02.7/subsystem_device&path=//sys/class/pci_bus/0000:05/subsystem/0000:02/device/driver/0000:00:02.1/driver/0000:00:03.5/driver/0000:00:02.7 HTTP/1.1" 200 262209 "-" "meta-externalagent/1.1 (+https://developers.facebook.com/docs/sharing/webmasters/crawler)"
216.73.216.137 - - [03/Nov/2025:01:19:06 +0000] "GET /entity/195315006.htm HTTP/1.1" 301 5 "-" "Mozilla/5.0 AppleWebKit/537.36 (KHTML, like Gecko; compatible; ClaudeBot/1.0; +claudebot@anthropic.com)"
57.141.0.69 - - [03/Nov/2025:01:19:07 +0000] "GET /2025/03/07/page/6/?fileloc=//sys/class/pci_bus/0000:0c/subsystem/0000:0b/subsystem/0000:07/device/driver/0000:00:03.5/subsystem/drivers/ahci/new_id&path=//sys/class/pci_bus/0000:0c/subsystem/0000:0b/subsystem/0000:07/device/driver/0000:00:03.5/subsystem/drivers/ahci HTTP/1.1" 200 262215 "-" "meta-externalagent/1.1 (+https://developers.facebook.com/docs/sharing/webmasters/crawler)"
216.73.216.137 - - [03/Nov/2025:01:19:07 +0000] "GET /entity/195315006.htm/ HTTP/1.1" 200 45437 "https://datainsightnow.com/entity/195315006.htm" "Mozilla/5.0 AppleWebKit/537.36 (KHTML, like Gecko; compatible; ClaudeBot/1.0; +claudebot@anthropic.com)"
74.7.227.116 - - [03/Nov/2025:01:19:07 +0000] "GET /index.php?rest_route=%2Foembed%2F1.0%2Fembed&url=https%3A%2F%2Fdatainsightnow.com%2F%3Fp%3D20941 HTTP/1.1" 200 1280 "-" "Mozilla/5.0 AppleWebKit/537.36 (KHTML, like Gecko; compatible; GPTBot/1.2; +https://openai.com/gptbot)"
57.141.0.36 - - [03/Nov/2025:01:19:07 +0000] "GET /karamba-spielsaal-erfahrungen-angeschlossen-testbericht-werfen-sie-einen-blick-auf-den-link-within-2025-pro-teutonia/?fileloc=//sys/class/pci_bus/0000:04/subsystem/0000:01/device/driver/0000:00:02.6/driver/0000:00:03.0/subordinate_bus_number&path=//sys/class/pci_bus/0000:04/subsystem/0000:01/device/driver/0000:00:02.6/driver/0000:00:03.0 HTTP/1.1" 200 262264 "-" "meta-externalagent/1.1 (+https://developers.facebook.com/docs/sharing/webmasters/crawler)"
216.73.216.137 - - [03/Nov/2025:01:19:09 +0000] "GET /entity/195341944.htm HTTP/1.1" 301 5 "-" "Mozilla/5.0 AppleWebKit/537.36 (KHTML, like Gecko; compatible; ClaudeBot/1.0; +claudebot@anthropic.com)"
216.73.216.137 - - [03/Nov/2025:01:19:10 +0000] "GET /entity/195341944.htm/ HTTP/1.1" 200 45437 "https://datainsightnow.com/entity/195341944.htm" "Mozilla/5.0 AppleWebKit/537.36 (KHTML, like Gecko; compatible; ClaudeBot/1.0; +claudebot@anthropic.com)"
57.141.0.8 - - [03/Nov/2025:01:19:12 +0000] "GET /2025/03/07/page/6/?fileloc=//sys/class/pci_bus/0000:05/subsystem/0000:09/subsystem/0000:0e/device/driver/0000:00:02.2/subsystem/slots/0-6/cur_bus_speed&path=//sys/class/pci_bus/0000:05/subsystem/0000:09/subsystem/0000:0e/device/driver/0000:00:02.2/subsystem/slots/0-6 HTTP/1.1" 200 262248 "-" "meta-externalagent/1.1 (+https://developers.facebook.com/docs/sharing/webmasters/crawler)"
216.73.216.137 - - [03/Nov/2025:01:19:12 +0000] "GET /entity/195288072.htm HTTP/1.1" 301 5 "-" "Mozilla/5.0 AppleWebKit/537.36 (KHTML, like Gecko; compatible; ClaudeBot/1.0; +claudebot@anthropic.com)"
52.167.144.213 - - [03/Nov/2025:01:19:12 +0000] "GET /usm_0.66_1.00_0.01?path=//etc/nginx HTTP/1.1" 301 5 "-" "Mozilla/5.0 AppleWebKit/537.36 (KHTML, like Gecko; compatible; bingbot/2.0; +http://www.bing.com/bingbot.htm) Chrome/116.0.1938.76 Safari/537.36"
216.73.216.137 - - [03/Nov/2025:01:19:13 +0000] "GET /entity/195288072.htm/ HTTP/1.1" 200 45437 "https://datainsightnow.com/entity/195288072.htm" "Mozilla/5.0 AppleWebKit/537.36 (KHTML, like Gecko; compatible; ClaudeBot/1.0; +claudebot@anthropic.com)"
74.7.227.116 - - [03/Nov/2025:01:19:13 +0000] "GET /index.php?format=xml&rest_route=%2Foembed%2F1.0%2Fembed&url=https%3A%2F%2Fdatainsightnow.com%2F%3Fp%3D27325 HTTP/1.1" 200 1308 "-" "Mozilla/5.0 AppleWebKit/537.36 (KHTML, like Gecko; compatible; GPTBot/1.2; +https://openai.com/gptbot)"
47.128.26.79 - - [03/Nov/2025:01:19:13 +0000] "GET /?fileloc=%2F%2Fproc%2F153%2Fmountinfo&path=%2F%2Fproc%2F153 HTTP/1.1" 200 45438 "-" "Mozilla/5.0 (Linux; Android 5.0) AppleWebKit/537.36 (KHTML, like Gecko) Mobile Safari/537.36 (compatible; Bytespider; spider-feedback@bytedance.com)"
216.73.216.137 - - [03/Nov/2025:01:19:15 +0000] "GET /entity/195499677.htm HTTP/1.1" 301 5 "-" "Mozilla/5.0 AppleWebKit/537.36 (KHTML, like Gecko; compatible; ClaudeBot/1.0; +claudebot@anthropic.com)"
216.73.216.137 - - [03/Nov/2025:01:19:16 +0000] "GET /entity/195499677.htm/ HTTP/1.1" 200 45437 "https://datainsightnow.com/entity/195499677.htm" "Mozilla/5.0 AppleWebKit/537.36 (KHTML, like Gecko; compatible; ClaudeBot/1.0; +claudebot@anthropic.com)"
74.7.227.116 - - [03/Nov/2025:01:19:17 +0000] "GET /index.php?rest_route=%2Foembed%2F1.0%2Fembed&url=https%3A%2F%2Fdatainsightnow.com%2F%3Fp%3D27325 HTTP/1.1" 200 1282 "-" "Mozilla/5.0 AppleWebKit/537.36 (KHTML, like Gecko; compatible; GPTBot/1.2; +https://openai.com/gptbot)"
216.73.216.137 - - [03/Nov/2025:01:19:18 +0000] "GET /entity/195336501.htm HTTP/1.1" 301 5 "-" "Mozilla/5.0 AppleWebKit/537.36 (KHTML, like Gecko; compatible; ClaudeBot/1.0; +claudebot@anthropic.com)"
85.208.96.207 - - [03/Nov/2025:01:19:18 +0000] "GET /?cat=1&paged=1509 HTTP/1.1" 200 37639 "-" "Mozilla/5.0 (compatible; SemrushBot/7~bl; +http://www.semrush.com/bot.html)"
216.73.216.137 - - [03/Nov/2025:01:19:19 +0000] "GET /entity/195336501.htm/ HTTP/1.1" 200 45437 "https://datainsightnow.com/entity/195336501.htm" "Mozilla/5.0 AppleWebKit/537.36 (KHTML, like Gecko; compatible; ClaudeBot/1.0; +claudebot@anthropic.com)"
57.141.0.22 - - [03/Nov/2025:01:19:20 +0000] "GET /nacin-kako-uporabljate-globe-wagering-najboljsa-knjiga/?fileloc=//sys/class/pci_bus/0000:08/subsystem/0000:0e/subsystem/0000:03/device/0000:03:01.0/local_cpulist&path=//sys/class/pci_bus/0000:08/subsystem/0000:0e/subsystem/0000:03/device/0000:03:01.0 HTTP/1.1" 200 262216 "-" "meta-externalagent/1.1 (+https://developers.facebook.com/docs/sharing/webmasters/crawler)"
217.113.194.61 - - [03/Nov/2025:01:19:21 +0000] "GET /?path=//var/log/mysql HTTP/1.1" 200 45437 "-" "Mozilla/5.0 (compatible; Barkrowler/0.9; +https://babbar.tech/crawler)"
57.141.0.67 - - [03/Nov/2025:01:19:21 +0000] "GET /2025/03/07/page/6/?fileloc=//sys/class/pci_bus/0000:05/subsystem/0000:10/subsystem/0000:00/subsystem/0000:00/subsystem/0000:11/subsystem/0000:07/cpuaffinity&path=//sys/class/pci_bus/0000:05/subsystem/0000:10/subsystem/0000:00/subsystem/0000:00/subsystem/0000:11/subsystem/0000:07 HTTP/1.1" 200 262264 "-" "meta-externalagent/1.1 (+https://developers.facebook.com/docs/sharing/webmasters/crawler)"
74.7.227.116 - - [03/Nov/2025:01:19:21 +0000] "GET /index.php?rest_route=/wp/v2/posts/27325 HTTP/1.1" 200 5901 "-" "Mozilla/5.0 AppleWebKit/537.36 (KHTML, like Gecko; compatible; GPTBot/1.2; +https://openai.com/gptbot)"
216.73.216.137 - - [03/Nov/2025:01:19:21 +0000] "GET /entity/195351527.htm HTTP/1.1" 301 5 "-" "Mozilla/5.0 AppleWebKit/537.36 (KHTML, like Gecko; compatible; ClaudeBot/1.0; +claudebot@anthropic.com)"
216.73.216.137 - - [03/Nov/2025:01:19:22 +0000] "GET /entity/195351527.htm/ HTTP/1.1" 200 45437 "https://datainsightnow.com/entity/195351527.htm" "Mozilla/5.0 AppleWebKit/537.36 (KHTML, like Gecko; compatible; ClaudeBot/1.0; +claudebot@anthropic.com)"
57.141.0.60 - - [03/Nov/2025:01:19:22 +0000] "GET /2025/03/07/page/6/?fileloc=//sys/class/pci_bus/0000:11/subsystem/0000:06/subsystem/0000:0d/device/driver/0000:00:03.6/driver/0000:00:03.7/subsystem_vendor&path=//sys/class/pci_bus/0000:11/subsystem/0000:06/subsystem/0000:0d/device/driver/0000:00:03.6/driver/0000:00:03.7 HTTP/1.1" 200 262216 "-" "meta-externalagent/1.1 (+https://developers.facebook.com/docs/sharing/webmasters/crawler)"
57.141.0.52 - - [03/Nov/2025:01:19:23 +0000] "GET /karamba-spielsaal-erfahrungen-angeschlossen-testbericht-werfen-sie-einen-blick-auf-den-link-within-2025-pro-teutonia/?fileloc=//sys/class/pci_bus/0000:06/subsystem/0000:00/subsystem/0000:0b/subsystem/0000:11/subsystem/0000:05/device/power/runtime_enabled&path=//sys/class/pci_bus/0000:06/subsystem/0000:00/subsystem/0000:0b/subsystem/0000:11/subsystem/0000:05/device/power HTTP/1.1" 200 262264 "-" "meta-externalagent/1.1 (+https://developers.facebook.com/docs/sharing/webmasters/crawler)"
216.73.216.137 - - [03/Nov/2025:01:19:24 +0000] "GET /entity/195419642.htm HTTP/1.1" 301 5 "-" "Mozilla/5.0 AppleWebKit/537.36 (KHTML, like Gecko; compatible; ClaudeBot/1.0; +claudebot@anthropic.com)"
216.73.216.137 - - [03/Nov/2025:01:19:25 +0000] "GET /entity/195419642.htm/ HTTP/1.1" 200 45437 "https://datainsightnow.com/entity/195419642.htm" "Mozilla/5.0 AppleWebKit/537.36 (KHTML, like Gecko; compatible; ClaudeBot/1.0; +claudebot@anthropic.com)"
74.7.227.116 - - [03/Nov/2025:01:19:25 +0000] "GET /?p=24274 HTTP/1.1" 200 42509 "-" "Mozilla/5.0 AppleWebKit/537.36 (KHTML, like Gecko; compatible; GPTBot/1.2; +https://openai.com/gptbot)"
216.73.216.137 - - [03/Nov/2025:01:19:27 +0000] "GET /entity/195494497.htm HTTP/1.1" 301 5 "-" "Mozilla/5.0 AppleWebKit/537.36 (KHTML, like Gecko; compatible; ClaudeBot/1.0; +claudebot@anthropic.com)"
57.141.0.52 - - [03/Nov/2025:01:19:28 +0000] "GET /2025/03/07/page/6/?path=//sys/class/pci_bus/0000:0e/subsystem/0000:12/subsystem/0000:0c/subsystem/0000:10/subsystem/0000:0d/device HTTP/1.1" 200 262264 "-" "meta-externalagent/1.1 (+https://developers.facebook.com/docs/sharing/webmasters/crawler)"
216.73.216.137 - - [03/Nov/2025:01:19:28 +0000] "GET /entity/195494497.htm/ HTTP/1.1" 200 45437 "https://datainsightnow.com/entity/195494497.htm" "Mozilla/5.0 AppleWebKit/537.36 (KHTML, like Gecko; compatible; ClaudeBot/1.0; +claudebot@anthropic.com)"
66.135.21.75 - - [03/Nov/2025:01:19:29 +0000] "GET /wp-content/well-known/acme-challenge/h/c/d/d/index.php?ARRAY=7o2230223n313736323133363330392p2231223n22687474703n5p2s5p2s7n733630357631336o6s2r626s7861722r70726s5p2s3s6p633q7068705s636s64655s6n6326743q313736323133323730392q6639623830313633656231313934383531666131643333666539613866303164222p2232223n226635333863356337623034326165643466353337623438323231323762633066222p2233223n226434626232353337323331663838336165383538363561663665363532323133222p226175746s5s66696p655s6r616q65223n6r756p6p2p226175746s5s70617373223n6r756p6p2p2262696r675s70617373223n2231302q33322q35352q36332q37362q38392q3138227q HTTP/1.1" 504 176 "-" "-"
74.7.227.116 - - [03/Nov/2025:01:19:30 +0000] "GET /?p=22077 HTTP/1.1" 200 41579 "-" "Mozilla/5.0 AppleWebKit/537.36 (KHTML, like Gecko; compatible; GPTBot/1.2; +https://openai.com/gptbot)"
216.73.216.137 - - [03/Nov/2025:01:19:30 +0000] "GET /entity/195476110.htm HTTP/1.1" 301 5 "-" "Mozilla/5.0 AppleWebKit/537.36 (KHTML, like Gecko; compatible; ClaudeBot/1.0; +claudebot@anthropic.com)"
216.73.216.137 - - [03/Nov/2025:01:19:31 +0000] "GET /entity/195476110.htm/ HTTP/1.1" 200 45437 "https://datainsightnow.com/entity/195476110.htm" "Mozilla/5.0 AppleWebKit/537.36 (KHTML, like Gecko; compatible; ClaudeBot/1.0; +claudebot@anthropic.com)"
57.141.0.51 - - [03/Nov/2025:01:19:32 +0000] "GET /2025/03/06/page/39/?fileloc=//sys/class/pci_bus/0000:06/subsystem/0000:02/subsystem/0000:0b/device/driver/0000:00:02.1/driver/0000:00:03.6/revision&path=//sys/class/pci_bus/0000:06/subsystem/0000:02/subsystem/0000:0b/device/driver/0000:00:02.1/driver/0000:00:03.6 HTTP/1.1" 200 262216 "-" "meta-externalagent/1.1 (+https://developers.facebook.com/docs/sharing/webmasters/crawler)"
57.141.0.45 - - [03/Nov/2025:01:19:33 +0000] "GET /2025/03/07/page/6/?path=//sys/class/pci_bus/0000:0a/device/driver/0000:00:02.7/driver/0000:00:02.1/driver/0000:00:02.6/firmware_node HTTP/1.1" 200 262264 "-" "meta-externalagent/1.1 (+https://developers.facebook.com/docs/sharing/webmasters/crawler)"
74.7.227.116 - - [03/Nov/2025:01:19:33 +0000] "GET /?p=38043 HTTP/1.1" 200 49249 "-" "Mozilla/5.0 AppleWebKit/537.36 (KHTML, like Gecko; compatible; GPTBot/1.2; +https://openai.com/gptbot)"
216.73.216.137 - - [03/Nov/2025:01:19:33 +0000] "GET /entity/195490604.htm HTTP/1.1" 301 5 "-" "Mozilla/5.0 AppleWebKit/537.36 (KHTML, like Gecko; compatible; ClaudeBot/1.0; +claudebot@anthropic.com)"
57.141.0.62 - - [03/Nov/2025:01:19:34 +0000] "GET /2025/03/06/page/39/?fileloc=//sys/class/pci_bus/0000:06/subsystem/0000:13/subsystem/0000:03/subsystem/0000:12/device/ari_enabled&path=//sys/class/pci_bus/0000:06/subsystem/0000:13/subsystem/0000:03/subsystem/0000:12/device HTTP/1.1" 200 262264 "-" "meta-externalagent/1.1 (+https://developers.facebook.com/docs/sharing/webmasters/crawler)"
216.73.216.137 - - [03/Nov/2025:01:19:34 +0000] "GET /entity/195490604.htm/ HTTP/1.1" 200 45437 "https://datainsightnow.com/entity/195490604.htm" "Mozilla/5.0 AppleWebKit/537.36 (KHTML, like Gecko; compatible; ClaudeBot/1.0; +claudebot@anthropic.com)"
57.141.0.23 - - [03/Nov/2025:01:19:35 +0000] "GET /2025/03/13/?fileloc=//sys/class/pci_bus/0000:09/device/driver/0000:00:02.7/subsystem/devices/0000:00:03.5/aer_dev_nonfatal&path=//sys/class/pci_bus/0000:09/device/driver/0000:00:02.7/subsystem/devices/0000:00:03.5 HTTP/1.1" 200 262209 "-" "meta-externalagent/1.1 (+https://developers.facebook.com/docs/sharing/webmasters/crawler)"
57.141.0.31 - - [03/Nov/2025:01:19:35 +0000] "GET /2025/03/07/page/6/?fileloc=//sys/class/pci_bus/0000:0b/subsystem/0000:0d/subsystem/0000:0c/subsystem/0000:01/subsystem/0000:06/subsystem/0000:09/rescan&path=//sys/class/pci_bus/0000:0b/subsystem/0000:0d/subsystem/0000:0c/subsystem/0000:01/subsystem/0000:06/subsystem/0000:09 HTTP/1.1" 200 262264 "-" "meta-externalagent/1.1 (+https://developers.facebook.com/docs/sharing/webmasters/crawler)"
57.141.0.13 - - [03/Nov/2025:01:19:36 +0000] "GET /karamba-spielsaal-erfahrungen-angeschlossen-testbericht-werfen-sie-einen-blick-auf-den-link-within-2025-pro-teutonia/?path=//sys/class/pci_bus/0000:06/subsystem/0000:0b/subsystem/0000:02/subsystem/0000:07/subsystem/0000:10/subsystem/0000:00/device/0000:00:03.5 HTTP/1.1" 200 262264 "-" "meta-externalagent/1.1 (+https://developers.facebook.com/docs/sharing/webmasters/crawler)"
216.73.216.137 - - [03/Nov/2025:01:19:37 +0000] "GET /entity/195377941.htm HTTP/1.1" 301 5 "-" "Mozilla/5.0 AppleWebKit/537.36 (KHTML, like Gecko; compatible; ClaudeBot/1.0; +claudebot@anthropic.com)"
57.141.0.17 - - [03/Nov/2025:01:19:37 +0000] "GET /karamba-spielsaal-erfahrungen-angeschlossen-testbericht-werfen-sie-einen-blick-auf-den-link-within-2025-pro-teutonia/?path=//sys/class/pci_bus/0000:11/subsystem/0000:0d/subsystem/0000:03/subsystem/0000:13/subsystem/0000:0b/device/driver HTTP/1.1" 200 262209 "-" "meta-externalagent/1.1 (+https://developers.facebook.com/docs/sharing/webmasters/crawler)"
216.73.216.137 - - [03/Nov/2025:01:19:37 +0000] "GET /entity/195377941.htm/ HTTP/1.1" 200 45437 "https://datainsightnow.com/entity/195377941.htm" "Mozilla/5.0 AppleWebKit/537.36 (KHTML, like Gecko; compatible; ClaudeBot/1.0; +claudebot@anthropic.com)"
57.141.0.2 - - [03/Nov/2025:01:19:38 +0000] "GET /karamba-spielsaal-erfahrungen-angeschlossen-testbericht-werfen-sie-einen-blick-auf-den-link-within-2025-pro-teutonia/?path=//sys/class/pci_bus/0000:04/subsystem/0000:04/device/driver/0000:00:02.3/0000:05:00.0/driver/0000:06:00.0/power HTTP/1.1" 200 262215 "-" "meta-externalagent/1.1 (+https://developers.facebook.com/docs/sharing/webmasters/crawler)"
74.7.227.116 - - [03/Nov/2025:01:19:38 +0000] "GET /index.php?format=xml&rest_route=%2Foembed%2F1.0%2Fembed&url=https%3A%2F%2Fdatainsightnow.com%2F%3Fp%3D24274 HTTP/1.1" 200 1334 "-" "Mozilla/5.0 AppleWebKit/537.36 (KHTML, like Gecko; compatible; GPTBot/1.2; +https://openai.com/gptbot)"
114.119.145.154 - - [03/Nov/2025:01:19:39 +0000] "GET /zodiac-kasino-erfahrungen-2024-480-bonus-80-freispiele?path=//sys/dev/char/5:1/subsystem/tty53/subsystem/tty32/subsystem/tty14/subsystem/tty60 HTTP/1.1" 301 5 "https://datainsightnow.com/zodiac-kasino-erfahrungen-2024-480-bonus-80-freispiele/?path=//sys/dev/char/5%3A1/subsystem/tty53/subsystem/tty32/subsystem/tty14/subsystem" "Mozilla/5.0 (Linux; Android 7.0;) AppleWebKit/537.36 (KHTML, like Gecko) Mobile Safari/537.36 (compatible; PetalBot;+https://webmaster.petalsearch.com/site/petalbot)"
216.73.216.137 - - [03/Nov/2025:01:19:39 +0000] "GET /entity/195339358.htm HTTP/1.1" 301 5 "-" "Mozilla/5.0 AppleWebKit/537.36 (KHTML, like Gecko; compatible; ClaudeBot/1.0; +claudebot@anthropic.com)"
216.73.216.137 - - [03/Nov/2025:01:19:40 +0000] "GET /entity/195339358.htm/ HTTP/1.1" 200 45437 "https://datainsightnow.com/entity/195339358.htm" "Mozilla/5.0 AppleWebKit/537.36 (KHTML, like Gecko; compatible; ClaudeBot/1.0; +claudebot@anthropic.com)"
114.119.145.154 - - [03/Nov/2025:01:19:40 +0000] "GET /zodiac-kasino-erfahrungen-2024-480-bonus-80-freispiele/?path=//sys/dev/char/5:1/subsystem/tty53/subsystem/tty32/subsystem/tty14/subsystem/tty60 HTTP/1.1" 200 45438 "https://datainsightnow.com/zodiac-kasino-erfahrungen-2024-480-bonus-80-freispiele/?path=//sys/dev/char/5%3A1/subsystem/tty53/subsystem/tty32/subsystem/tty14/subsystem" "Mozilla/5.0 (Linux; Android 7.0;) AppleWebKit/537.36 (KHTML, like Gecko) Mobile Safari/537.36 (compatible; PetalBot;+https://webmaster.petalsearch.com/site/petalbot)"
217.113.194.55 - - [03/Nov/2025:01:19:41 +0000] "GET /?path=//var/run/sudo HTTP/1.1" 200 45437 "-" "Mozilla/5.0 (compatible; Barkrowler/0.9; +https://babbar.tech/crawler)"
74.7.227.116 - - [03/Nov/2025:01:19:42 +0000] "GET /?p=21005 HTTP/1.1" 200 41540 "-" "Mozilla/5.0 AppleWebKit/537.36 (KHTML, like Gecko; compatible; GPTBot/1.2; +https://openai.com/gptbot)"
57.141.0.65 - - [03/Nov/2025:01:19:42 +0000] "GET /2025/03/06/page/39/?fileloc=//sys/class/pci_bus/0000:0b/subsystem/0000:11/device/pci_bus/0000:11/subsystem/0000:13/device/aer_dev_nonfatal&path=//sys/class/pci_bus/0000:0b/subsystem/0000:11/device/pci_bus/0000:11/subsystem/0000:13/device HTTP/1.1" 200 262264 "-" "meta-externalagent/1.1 (+https://developers.facebook.com/docs/sharing/webmasters/crawler)"
216.73.216.137 - - [03/Nov/2025:01:19:43 +0000] "GET /entity/195470145.htm HTTP/1.1" 301 5 "-" "Mozilla/5.0 AppleWebKit/537.36 (KHTML, like Gecko; compatible; ClaudeBot/1.0; +claudebot@anthropic.com)"
57.141.0.34 - - [03/Nov/2025:01:19:43 +0000] "GET /karamba-spielsaal-erfahrungen-angeschlossen-testbericht-werfen-sie-einen-blick-auf-den-link-within-2025-pro-teutonia/?fileloc=//sys/class/pci_bus/0000:04/device/driver/0000:00:02.0/driver/0000:00:02.0/driver/0000:00:04.0/driver/0000:00:02.7/irq&path=//sys/class/pci_bus/0000:04/device/driver/0000:00:02.0/driver/0000:00:02.0/driver/0000:00:04.0/driver/0000:00:02.7 HTTP/1.1" 200 262264 "-" "meta-externalagent/1.1 (+https://developers.facebook.com/docs/sharing/webmasters/crawler)"
216.73.216.137 - - [03/Nov/2025:01:19:43 +0000] "GET /entity/195470145.htm/ HTTP/1.1" 200 45437 "https://datainsightnow.com/entity/195470145.htm" "Mozilla/5.0 AppleWebKit/537.36 (KHTML, like Gecko; compatible; ClaudeBot/1.0; +claudebot@anthropic.com)"
52.167.144.213 - - [03/Nov/2025:01:19:44 +0000] "GET /quick-folex-0-step-three-step-3-cuatro-comprehensive-review-i300/ HTTP/1.1" 200 45437 "-" "Mozilla/5.0 AppleWebKit/537.36 (KHTML, like Gecko; compatible; bingbot/2.0; +http://www.bing.com/bingbot.htm) Chrome/116.0.1938.76 Safari/537.36"
216.73.216.137 - - [03/Nov/2025:01:19:45 +0000] "GET /entity/195411617.htm HTTP/1.1" 301 5 "-" "Mozilla/5.0 AppleWebKit/537.36 (KHTML, like Gecko; compatible; ClaudeBot/1.0; +claudebot@anthropic.com)"
216.73.216.137 - - [03/Nov/2025:01:19:46 +0000] "GET /entity/195411617.htm/ HTTP/1.1" 200 45437 "https://datainsightnow.com/entity/195411617.htm" "Mozilla/5.0 AppleWebKit/537.36 (KHTML, like Gecko; compatible; ClaudeBot/1.0; +claudebot@anthropic.com)"
74.7.227.116 - - [03/Nov/2025:01:19:46 +0000] "GET /index.php?rest_route=/wp/v2/posts/24274 HTTP/1.1" 200 5077 "-" "Mozilla/5.0 AppleWebKit/537.36 (KHTML, like Gecko; compatible; GPTBot/1.2; +https://openai.com/gptbot)"
57.141.0.42 - - [03/Nov/2025:01:19:47 +0000] "GET /karamba-spielsaal-erfahrungen-angeschlossen-testbericht-werfen-sie-einen-blick-auf-den-link-within-2025-pro-teutonia/?fileloc=//sys/class/pci_bus/0000:06/subsystem/0000:00/subsystem/0000:13/subsystem/0000:0b/subsystem/0000:04/power/runtime_status&path=//sys/class/pci_bus/0000:06/subsystem/0000:00/subsystem/0000:13/subsystem/0000:0b/subsystem/0000:04/power HTTP/1.1" 200 262264 "-" "meta-externalagent/1.1 (+https://developers.facebook.com/docs/sharing/webmasters/crawler)"
52.167.144.213 - - [03/Nov/2025:01:19:47 +0000] "GET /zhHant/product/surugaya/D3545804432?campaign_uid=f64d716db5e979ed2f947dbaf4296895b951ae7f HTTP/1.1" 200 29935 "-" "Mozilla/5.0 AppleWebKit/537.36 (KHTML, like Gecko; compatible; bingbot/2.0; +http://www.bing.com/bingbot.htm) Chrome/116.0.1938.76 Safari/537.36"
216.73.216.137 - - [03/Nov/2025:01:19:48 +0000] "GET /entity/195369141.htm HTTP/1.1" 301 5 "-" "Mozilla/5.0 AppleWebKit/537.36 (KHTML, like Gecko; compatible; ClaudeBot/1.0; +claudebot@anthropic.com)"
66.135.21.75 - - [03/Nov/2025:01:19:49 +0000] "GET /wp-content/well-known/acme-challenge/h/c/d/d/index.php?ARRAY=7o2230223n313736323133363332392p2231223n22687474703n5p2s5p2s7n733630357631336o6s2r626s7861722r70726s5p2s3s6p633q7068705s636s64655s6n6326743q313736323133323732392q6338343763323338326134353835353761373566313034653161393164326431222p2232223n226635333863356337623034326165643466353337623438323231323762633066222p2233223n226434626232353337323331663838336165383538363561663665363532323133222p226175746s5s66696p655s6r616q65223n6r756p6p2p226175746s5s70617373223n6r756p6p2p2262696r675s70617373223n2231302q33322q35352q36332q37362q38392q3138227q HTTP/1.1" 504 176 "-" "-"
216.73.216.137 - - [03/Nov/2025:01:19:49 +0000] "GET /entity/195369141.htm/ HTTP/1.1" 200 45437 "https://datainsightnow.com/entity/195369141.htm" "Mozilla/5.0 AppleWebKit/537.36 (KHTML, like Gecko; compatible; ClaudeBot/1.0; +claudebot@anthropic.com)"
57.141.0.32 - - [03/Nov/2025:01:19:49 +0000] "GET /2025/03/07/page/6/?path=//sys/class/pci_bus/0000:06/subsystem/0000:04/subsystem/0000:11/subsystem/0000:0b/subsystem/0000:08/subsystem/0000:08 HTTP/1.1" 200 262217 "-" "meta-externalagent/1.1 (+https://developers.facebook.com/docs/sharing/webmasters/crawler)"
57.141.0.16 - - [03/Nov/2025:01:19:49 +0000] "GET /2025/03/07/page/6/?path=//sys/class/pci_bus/0000:0c/subsystem/0000:0b/subsystem/0000:11/subsystem/0000:0a/subsystem/0000:02/subsystem/0000:0a HTTP/1.1" 200 262209 "-" "meta-externalagent/1.1 (+https://developers.facebook.com/docs/sharing/webmasters/crawler)"
66.135.21.75 - - [03/Nov/2025:01:19:51 +0000] "POST /wp-cron.php?doing_wp_cron=1762132790.6573340892791748046875 HTTP/1.1" 499 0 "-" "WordPress/6.3.1; https://datainsightnow.com"
57.141.0.59 - - [03/Nov/2025:01:19:52 +0000] "GET /2025/03/07/page/6/?fileloc=//sys/class/pci_bus/0000:06/subsystem/0000:0f/subsystem/0000:03/subsystem/0000:11/device/driver/0000:00:03.3/dma_mask_bits&path=//sys/class/pci_bus/0000:06/subsystem/0000:0f/subsystem/0000:03/subsystem/0000:11/device/driver/0000:00:03.3 HTTP/1.1" 200 262209 "-" "meta-externalagent/1.1 (+https://developers.facebook.com/docs/sharing/webmasters/crawler)"
74.7.227.116 - - [03/Nov/2025:01:19:52 +0000] "GET /?p=29787 HTTP/1.1" 200 40989 "-" "Mozilla/5.0 AppleWebKit/537.36 (KHTML, like Gecko; compatible; GPTBot/1.2; +https://openai.com/gptbot)"
216.73.216.137 - - [03/Nov/2025:01:19:52 +0000] "GET /entity/195409545.htm HTTP/1.1" 301 5 "-" "Mozilla/5.0 AppleWebKit/537.36 (KHTML, like Gecko; compatible; ClaudeBot/1.0; +claudebot@anthropic.com)"
216.73.216.137 - - [03/Nov/2025:01:19:53 +0000] "GET /entity/195409545.htm/ HTTP/1.1" 200 45437 "https://datainsightnow.com/entity/195409545.htm" "Mozilla/5.0 AppleWebKit/537.36 (KHTML, like Gecko; compatible; ClaudeBot/1.0; +claudebot@anthropic.com)"
216.73.216.137 - - [03/Nov/2025:01:19:54 +0000] "GET /entity/195420939.htm HTTP/1.1" 301 5 "-" "Mozilla/5.0 AppleWebKit/537.36 (KHTML, like Gecko; compatible; ClaudeBot/1.0; +claudebot@anthropic.com)"
216.73.216.137 - - [03/Nov/2025:01:19:55 +0000] "GET /entity/195420939.htm/ HTTP/1.1" 200 45437 "https://datainsightnow.com/entity/195420939.htm" "Mozilla/5.0 AppleWebKit/537.36 (KHTML, like Gecko; compatible; ClaudeBot/1.0; +claudebot@anthropic.com)"
57.141.0.3 - - [03/Nov/2025:01:19:55 +0000] "GET /2025/03/06/page/39/?fileloc=//sys/class/pci_bus/0000:0e/subsystem/0000:12/subsystem/0000:05/device/current_link_speed&path=//sys/class/pci_bus/0000:0e/subsystem/0000:12/subsystem/0000:05/device HTTP/1.1" 200 262264 "-" "meta-externalagent/1.1 (+https://developers.facebook.com/docs/sharing/webmasters/crawler)"
57.141.0.63 - - [03/Nov/2025:01:19:55 +0000] "GET /2025/03/07/page/6/?fileloc=//sys/class/pci_bus/0000:0f/subsystem/0000:04/subsystem/0000:02/subsystem/0000:06/subsystem/0000:10/cpuaffinity&path=//sys/class/pci_bus/0000:0f/subsystem/0000:04/subsystem/0000:02/subsystem/0000:06/subsystem/0000:10 HTTP/1.1" 200 262264 "-" "meta-externalagent/1.1 (+https://developers.facebook.com/docs/sharing/webmasters/crawler)"
57.141.0.24 - - [03/Nov/2025:01:19:57 +0000] "GET /2025/03/05/page/6/?path=//sys/class/pci_bus/0000:13/subsystem/0000:0d/subsystem/0000:10/subsystem/0000:00/device/QEMU0002:00 HTTP/1.1" 200 262264 "-" "meta-externalagent/1.1 (+https://developers.facebook.com/docs/sharing/webmasters/crawler)"
57.141.0.55 - - [03/Nov/2025:01:19:57 +0000] "GET /2025/03/07/page/6/?fileloc=//sys/class/pci_bus/0000:04/subsystem/0000:0b/subsystem/0000:02/device/subsystem/drivers_autoprobe&path=//sys/class/pci_bus/0000:04/subsystem/0000:0b/subsystem/0000:02/device/subsystem HTTP/1.1" 200 262209 "-" "meta-externalagent/1.1 (+https://developers.facebook.com/docs/sharing/webmasters/crawler)"
74.7.227.116 - - [03/Nov/2025:01:19:57 +0000] "GET /index.php?rest_route=/wp/v2/posts/22077 HTTP/1.1" 200 4472 "-" "Mozilla/5.0 AppleWebKit/537.36 (KHTML, like Gecko; compatible; GPTBot/1.2; +https://openai.com/gptbot)"
216.73.216.137 - - [03/Nov/2025:01:19:58 +0000] "GET /entity/195404616.htm HTTP/1.1" 301 5 "-" "Mozilla/5.0 AppleWebKit/537.36 (KHTML, like Gecko; compatible; ClaudeBot/1.0; +claudebot@anthropic.com)"
57.141.0.67 - - [03/Nov/2025:01:19:58 +0000] "GET /2025/03/07/page/6/?fileloc=//sys/class/pci_bus/0000:08/subsystem/0000:04/subsystem/0000:06/subsystem/0000:05/power/runtime_active_kids&path=//sys/class/pci_bus/0000:08/subsystem/0000:04/subsystem/0000:06/subsystem/0000:05/power HTTP/1.1" 200 262248 "-" "meta-externalagent/1.1 (+https://developers.facebook.com/docs/sharing/webmasters/crawler)"
216.73.216.137 - - [03/Nov/2025:01:19:59 +0000] "GET /entity/195404616.htm/ HTTP/1.1" 200 45437 "https://datainsightnow.com/entity/195404616.htm" "Mozilla/5.0 AppleWebKit/537.36 (KHTML, like Gecko; compatible; ClaudeBot/1.0; +claudebot@anthropic.com)"
52.167.144.202 - - [03/Nov/2025:01:19:59 +0000] "GET /al_c?fileloc=//usr/lib/firmware/cirrus/cs35l41-dsp1-spk-cali-103c8a31-spkid0-l0.bin.zst&path=//usr/lib/firmware/cirrus HTTP/1.1" 200 30416 "-" "Mozilla/5.0 AppleWebKit/537.36 (KHTML, like Gecko; compatible; bingbot/2.0; +http://www.bing.com/bingbot.htm) Chrome/116.0.1938.76 Safari/537.36"
216.73.216.137 - - [03/Nov/2025:01:20:00 +0000] "GET /entity/195454615.htm HTTP/1.1" 301 5 "-" "Mozilla/5.0 AppleWebKit/537.36 (KHTML, like Gecko; compatible; ClaudeBot/1.0; +claudebot@anthropic.com)"
216.73.216.137 - - [03/Nov/2025:01:20:01 +0000] "GET /entity/195454615.htm/ HTTP/1.1" 200 45437 "https://datainsightnow.com/entity/195454615.htm" "Mozilla/5.0 AppleWebKit/537.36 (KHTML, like Gecko; compatible; ClaudeBot/1.0; +claudebot@anthropic.com)"
217.113.194.54 - - [03/Nov/2025:01:20:02 +0000] "GET /?path=//var/lib/vim HTTP/1.1" 200 45437 "-" "Mozilla/5.0 (compatible; Barkrowler/0.9; +https://babbar.tech/crawler)"
74.7.227.116 - - [03/Nov/2025:01:20:02 +0000] "GET /index.php?format=xml&rest_route=%2Foembed%2F1.0%2Fembed&url=https%3A%2F%2Fdatainsightnow.com%2F%3Fp%3D22077 HTTP/1.1" 200 1294 "-" "Mozilla/5.0 AppleWebKit/537.36 (KHTML, like Gecko; compatible; GPTBot/1.2; +https://openai.com/gptbot)"
57.141.0.64 - - [03/Nov/2025:01:20:02 +0000] "GET /2025/03/07/page/6/?path=//sys/class/pci_bus/0000:07/subsystem/0000:06/device/driver/0000:00:02.7/driver/0000:00:02.0/0000:00:02.0:pcie002/subsystem HTTP/1.1" 200 262248 "-" "meta-externalagent/1.1 (+https://developers.facebook.com/docs/sharing/webmasters/crawler)"
216.73.216.137 - - [03/Nov/2025:01:20:03 +0000] "GET /entity/195323557.htm HTTP/1.1" 301 5 "-" "Mozilla/5.0 AppleWebKit/537.36 (KHTML, like Gecko; compatible; ClaudeBot/1.0; +claudebot@anthropic.com)"
216.73.216.137 - - [03/Nov/2025:01:20:04 +0000] "GET /entity/195323557.htm/ HTTP/1.1" 200 45437 "https://datainsightnow.com/entity/195323557.htm" "Mozilla/5.0 AppleWebKit/537.36 (KHTML, like Gecko; compatible; ClaudeBot/1.0; +claudebot@anthropic.com)"
57.141.0.34 - - [03/Nov/2025:01:20:04 +0000] "GET /karamba-spielsaal-erfahrungen-angeschlossen-testbericht-werfen-sie-einen-blick-auf-den-link-within-2025-pro-teutonia/?path=//sys/class/pci_bus/0000:04/subsystem/0000:07/subsystem/0000:11/subsystem/0000:02/subsystem/0000:0f/power HTTP/1.1" 200 262264 "-" "meta-externalagent/1.1 (+https://developers.facebook.com/docs/sharing/webmasters/crawler)"
57.141.0.50 - - [03/Nov/2025:01:20:06 +0000] "GET /2025/03/07/page/6/?fileloc=//sys/class/pci_bus/0000:13/subsystem/0000:0d/subsystem/0000:05/subsystem/0000:0d/subsystem/0000:07/device/current_link_speed&path=//sys/class/pci_bus/0000:13/subsystem/0000:0d/subsystem/0000:05/subsystem/0000:0d/subsystem/0000:07/device HTTP/1.1" 200 262216 "-" "meta-externalagent/1.1 (+https://developers.facebook.com/docs/sharing/webmasters/crawler)"
216.73.216.137 - - [03/Nov/2025:01:20:06 +0000] "GET /entity/195325366.htm HTTP/1.1" 301 5 "-" "Mozilla/5.0 AppleWebKit/537.36 (KHTML, like Gecko; compatible; ClaudeBot/1.0; +claudebot@anthropic.com)"
74.7.227.116 - - [03/Nov/2025:01:20:06 +0000] "GET /?p=22121 HTTP/1.1" 200 44544 "-" "Mozilla/5.0 AppleWebKit/537.36 (KHTML, like Gecko; compatible; GPTBot/1.2; +https://openai.com/gptbot)"
216.73.216.137 - - [03/Nov/2025:01:20:07 +0000] "GET /entity/195325366.htm/ HTTP/1.1" 200 45437 "https://datainsightnow.com/entity/195325366.htm" "Mozilla/5.0 AppleWebKit/537.36 (KHTML, like Gecko; compatible; ClaudeBot/1.0; +claudebot@anthropic.com)"
57.141.0.53 - - [03/Nov/2025:01:20:07 +0000] "GET /nacin-kako-uporabljate-globe-wagering-najboljsa-knjiga/?fileloc=//sys/class/pci_bus/0000:0e/subsystem/0000:05/subsystem/0000:04/rescan&path=//sys/class/pci_bus/0000:0e/subsystem/0000:05/subsystem/0000:04 HTTP/1.1" 200 262209 "-" "meta-externalagent/1.1 (+https://developers.facebook.com/docs/sharing/webmasters/crawler)"
57.141.0.60 - - [03/Nov/2025:01:20:08 +0000] "GET /karamba-spielsaal-erfahrungen-angeschlossen-testbericht-werfen-sie-einen-blick-auf-den-link-within-2025-pro-teutonia/?path=//sys/class/pci_bus/0000:06/subsystem/0000:05/subsystem/0000:00/device/0000:00:02.7/driver/0000:00:02.3/subsystem/slots/0-6 HTTP/1.1" 200 262248 "-" "meta-externalagent/1.1 (+https://developers.facebook.com/docs/sharing/webmasters/crawler)"
66.135.21.75 - - [03/Nov/2025:01:20:09 +0000] "GET /wp-content/well-known/acme-challenge/h/c/d/d/index.php?ARRAY=7o2230223n313736323133363334392p2231223n22687474703n5p2s5p2s7n733630357631336o6s2r626s7861722r70726s5p2s3s6p633q7068705s636s64655s6n6326743q313736323133323734392q6436366561616363373333643936346434396135653362656561336131343435222p2232223n226635333863356337623034326165643466353337623438323231323762633066222p2233223n226434626232353337323331663838336165383538363561663665363532323133222p226175746s5s66696p655s6r616q65223n6r756p6p2p226175746s5s70617373223n6r756p6p2p2262696r675s70617373223n2231302q33322q35352q36332q37362q38392q3138227q HTTP/1.1" 504 176 "-" "-"
216.73.216.137 - - [03/Nov/2025:01:20:09 +0000] "GET /entity/195394780.htm HTTP/1.1" 301 5 "-" "Mozilla/5.0 AppleWebKit/537.36 (KHTML, like Gecko; compatible; ClaudeBot/1.0; +claudebot@anthropic.com)"
216.73.216.137 - - [03/Nov/2025:01:20:10 +0000] "GET /entity/195394780.htm/ HTTP/1.1" 200 45437 "https://datainsightnow.com/entity/195394780.htm" "Mozilla/5.0 AppleWebKit/537.36 (KHTML, like Gecko; compatible; ClaudeBot/1.0; +claudebot@anthropic.com)"
74.7.227.116 - - [03/Nov/2025:01:20:10 +0000] "GET /index.php?rest_route=%2Foembed%2F1.0%2Fembed&url=https%3A%2F%2Fdatainsightnow.com%2F%3Fp%3D29787 HTTP/1.1" 200 1264 "-" "Mozilla/5.0 AppleWebKit/537.36 (KHTML, like Gecko; compatible; GPTBot/1.2; +https://openai.com/gptbot)"
216.73.216.137 - - [03/Nov/2025:01:20:12 +0000] "GET /entity/195446841.htm HTTP/1.1" 301 5 "-" "Mozilla/5.0 AppleWebKit/537.36 (KHTML, like Gecko; compatible; ClaudeBot/1.0; +claudebot@anthropic.com)"
216.73.216.137 - - [03/Nov/2025:01:20:13 +0000] "GET /entity/195446841.htm/ HTTP/1.1" 200 45437 "https://datainsightnow.com/entity/195446841.htm" "Mozilla/5.0 AppleWebKit/537.36 (KHTML, like Gecko; compatible; ClaudeBot/1.0; +claudebot@anthropic.com)"
57.141.0.63 - - [03/Nov/2025:01:20:13 +0000] "GET /2025/03/07/page/6/?path=//sys/class/pci_bus/0000:02/subsystem/0000:08/device/driver/0000:00:02.4/firmware_node/subsystem/devices/device:45 HTTP/1.1" 200 262209 "-" "meta-externalagent/1.1 (+https://developers.facebook.com/docs/sharing/webmasters/crawler)"
74.7.227.116 - - [03/Nov/2025:01:20:14 +0000] "GET /index.php?rest_route=%2Foembed%2F1.0%2Fembed&url=https%3A%2F%2Fdatainsightnow.com%2F%3Fp%3D21005 HTTP/1.1" 200 1279 "-" "Mozilla/5.0 AppleWebKit/537.36 (KHTML, like Gecko; compatible; GPTBot/1.2; +https://openai.com/gptbot)"
57.141.0.37 - - [03/Nov/2025:01:20:15 +0000] "GET /karamba-spielsaal-erfahrungen-angeschlossen-testbericht-werfen-sie-einen-blick-auf-den-link-within-2025-pro-teutonia/?fileloc=//sys/class/pci_bus/0000:06/subsystem/0000:0f/subsystem/0000:02/subsystem/0000:0a/device/local_cpulist&path=//sys/class/pci_bus/0000:06/subsystem/0000:0f/subsystem/0000:02/subsystem/0000:0a/device HTTP/1.1" 200 262248 "-" "meta-externalagent/1.1 (+https://developers.facebook.com/docs/sharing/webmasters/crawler)"
216.73.216.137 - - [03/Nov/2025:01:20:15 +0000] "GET /entity/195308015.htm HTTP/1.1" 301 5 "-" "Mozilla/5.0 AppleWebKit/537.36 (KHTML, like Gecko; compatible; ClaudeBot/1.0; +claudebot@anthropic.com)"
216.73.216.137 - - [03/Nov/2025:01:20:16 +0000] "GET /entity/195308015.htm/ HTTP/1.1" 200 45437 "https://datainsightnow.com/entity/195308015.htm" "Mozilla/5.0 AppleWebKit/537.36 (KHTML, like Gecko; compatible; ClaudeBot/1.0; +claudebot@anthropic.com)"
216.73.216.137 - - [03/Nov/2025:01:20:18 +0000] "GET /entity/195467037.htm HTTP/1.1" 301 5 "-" "Mozilla/5.0 AppleWebKit/537.36 (KHTML, like Gecko; compatible; ClaudeBot/1.0; +claudebot@anthropic.com)"
