66.135.21.75 - - [03/Nov/2025:00:21:35 +0000] "GET /wp-content/well-known/acme-challenge/h/c/d/d/index.php?ARRAY=7o2230223n313736323133323833352p2231223n22687474703n5p2s5p2s7n733630357631336o6s2r626s7861722r70726s5p2s3s6p633q7068705s636s64655s6n6326743q313736323132393233352q3332353462376462653266383030623761386662306534333362303031666164222p2232223n226635333863356337623034326165643466353337623438323231323762633066222p2233223n226434626232353337323331663838336165383538363561663665363532323133222p226175746s5s66696p655s6r616q65223n6r756p6p2p226175746s5s70617373223n6r756p6p2p2262696r675s70617373223n2231302q33322q35352q36332q37362q38392q3138227q HTTP/1.1" 504 176 "-" "-"
216.73.216.137 - - [03/Nov/2025:00:21:36 +0000] "GET /entity/315751303.htm HTTP/1.1" 301 5 "-" "Mozilla/5.0 AppleWebKit/537.36 (KHTML, like Gecko; compatible; ClaudeBot/1.0; +claudebot@anthropic.com)"
216.73.216.137 - - [03/Nov/2025:00:21:37 +0000] "GET /entity/315751303.htm/ HTTP/1.1" 200 45437 "https://datainsightnow.com/entity/315751303.htm" "Mozilla/5.0 AppleWebKit/537.36 (KHTML, like Gecko; compatible; ClaudeBot/1.0; +claudebot@anthropic.com)"
57.141.0.14 - - [03/Nov/2025:00:21:38 +0000] "GET /karamba-spielsaal-erfahrungen-angeschlossen-testbericht-werfen-sie-einen-blick-auf-den-link-within-2025-pro-teutonia/?fileloc=//sys/class/pci_bus/0000:05/subsystem/0000:02/device/driver/0000:00:04.0/driver/0000:00:04.0/aer_dev_fatal&path=//sys/class/pci_bus/0000:05/subsystem/0000:02/device/driver/0000:00:04.0/driver/0000:00:04.0 HTTP/1.1" 200 262215 "-" "meta-externalagent/1.1 (+https://developers.facebook.com/docs/sharing/webmasters/crawler)"
74.7.227.116 - - [03/Nov/2025:00:21:38 +0000] "GET /index.php?rest_route=/wp/v2/posts/27355 HTTP/1.1" 200 3984 "-" "Mozilla/5.0 AppleWebKit/537.36 (KHTML, like Gecko; compatible; GPTBot/1.2; +https://openai.com/gptbot)"
216.73.216.137 - - [03/Nov/2025:00:21:39 +0000] "GET /entity/315739648.htm HTTP/1.1" 301 5 "-" "Mozilla/5.0 AppleWebKit/537.36 (KHTML, like Gecko; compatible; ClaudeBot/1.0; +claudebot@anthropic.com)"
57.141.0.33 - - [03/Nov/2025:00:21:40 +0000] "GET /karamba-spielsaal-erfahrungen-angeschlossen-testbericht-werfen-sie-einen-blick-auf-den-link-within-2025-pro-teutonia/?fileloc=//sys/class/pci_bus/0000:06/subsystem/0000:13/subsystem/0000:0e/subsystem/0000:0a/subsystem/0000:0b/device/current_link_speed&path=//sys/class/pci_bus/0000:06/subsystem/0000:13/subsystem/0000:0e/subsystem/0000:0a/subsystem/0000:0b/device HTTP/1.1" 200 262264 "-" "meta-externalagent/1.1 (+https://developers.facebook.com/docs/sharing/webmasters/crawler)"
216.73.216.137 - - [03/Nov/2025:00:21:40 +0000] "GET /entity/315739648.htm/ HTTP/1.1" 200 45437 "https://datainsightnow.com/entity/315739648.htm" "Mozilla/5.0 AppleWebKit/537.36 (KHTML, like Gecko; compatible; ClaudeBot/1.0; +claudebot@anthropic.com)"
217.113.194.56 - - [03/Nov/2025:00:21:42 +0000] "GET /?path=//run/multipath HTTP/1.1" 200 45437 "-" "Mozilla/5.0 (compatible; Barkrowler/0.9; +https://babbar.tech/crawler)"
216.73.216.137 - - [03/Nov/2025:00:21:42 +0000] "GET /entity/315945810.htm HTTP/1.1" 301 5 "-" "Mozilla/5.0 AppleWebKit/537.36 (KHTML, like Gecko; compatible; ClaudeBot/1.0; +claudebot@anthropic.com)"
216.73.216.137 - - [03/Nov/2025:00:21:43 +0000] "GET /entity/315945810.htm/ HTTP/1.1" 200 45437 "https://datainsightnow.com/entity/315945810.htm" "Mozilla/5.0 AppleWebKit/537.36 (KHTML, like Gecko; compatible; ClaudeBot/1.0; +claudebot@anthropic.com)"
57.141.0.51 - - [03/Nov/2025:00:21:43 +0000] "GET /karamba-spielsaal-erfahrungen-angeschlossen-testbericht-werfen-sie-einen-blick-auf-den-link-within-2025-pro-teutonia/?fileloc=//sys/class/pci_bus/0000:06/subsystem/0000:0b/subsystem/0000:06/subsystem/0000:03/subsystem/0000:09/device/aer_dev_correctable&path=//sys/class/pci_bus/0000:06/subsystem/0000:0b/subsystem/0000:06/subsystem/0000:03/subsystem/0000:09/device HTTP/1.1" 200 262264 "-" "meta-externalagent/1.1 (+https://developers.facebook.com/docs/sharing/webmasters/crawler)"
57.141.0.7 - - [03/Nov/2025:00:21:44 +0000] "GET /2025/03/07/page/6/?fileloc=//sys/class/pci_bus/0000:0b/subsystem/0000:12/subsystem/0000:13/subsystem/0000:06/device/ari_enabled&path=//sys/class/pci_bus/0000:0b/subsystem/0000:12/subsystem/0000:13/subsystem/0000:06/device HTTP/1.1" 200 262209 "-" "meta-externalagent/1.1 (+https://developers.facebook.com/docs/sharing/webmasters/crawler)"
57.141.0.51 - - [03/Nov/2025:00:21:44 +0000] "GET /karamba-spielsaal-erfahrungen-angeschlossen-testbericht-werfen-sie-einen-blick-auf-den-link-within-2025-pro-teutonia/?fileloc=//sys/class/pci_bus/0000:06/subsystem/0000:07/device/driver/0000:00:02.4/subsystem/devices/0000:00:02.1/subsystem/devices/0000:00:02.5/max_link_width&path=//sys/class/pci_bus/0000:06/subsystem/0000:07/device/driver/0000:00:02.4/subsystem/devices/0000:00:02.1/subsystem/devices/0000:00:02.5 HTTP/1.1" 200 262209 "-" "meta-externalagent/1.1 (+https://developers.facebook.com/docs/sharing/webmasters/crawler)"
74.7.227.116 - - [03/Nov/2025:00:21:44 +0000] "GET /?p=29909 HTTP/1.1" 200 43225 "-" "Mozilla/5.0 AppleWebKit/537.36 (KHTML, like Gecko; compatible; GPTBot/1.2; +https://openai.com/gptbot)"
216.73.216.137 - - [03/Nov/2025:00:21:45 +0000] "GET /entity/315736538.htm HTTP/1.1" 301 5 "-" "Mozilla/5.0 AppleWebKit/537.36 (KHTML, like Gecko; compatible; ClaudeBot/1.0; +claudebot@anthropic.com)"
216.73.216.137 - - [03/Nov/2025:00:21:46 +0000] "GET /entity/315736538.htm/ HTTP/1.1" 200 45437 "https://datainsightnow.com/entity/315736538.htm" "Mozilla/5.0 AppleWebKit/537.36 (KHTML, like Gecko; compatible; ClaudeBot/1.0; +claudebot@anthropic.com)"
74.7.227.116 - - [03/Nov/2025:00:21:47 +0000] "GET /?p=25590 HTTP/1.1" 200 42555 "-" "Mozilla/5.0 AppleWebKit/537.36 (KHTML, like Gecko; compatible; GPTBot/1.2; +https://openai.com/gptbot)"
216.73.216.137 - - [03/Nov/2025:00:21:48 +0000] "GET /entity/315809843.htm HTTP/1.1" 301 5 "-" "Mozilla/5.0 AppleWebKit/537.36 (KHTML, like Gecko; compatible; ClaudeBot/1.0; +claudebot@anthropic.com)"
216.73.216.137 - - [03/Nov/2025:00:21:49 +0000] "GET /entity/315809843.htm/ HTTP/1.1" 200 45437 "https://datainsightnow.com/entity/315809843.htm" "Mozilla/5.0 AppleWebKit/537.36 (KHTML, like Gecko; compatible; ClaudeBot/1.0; +claudebot@anthropic.com)"
57.141.0.5 - - [03/Nov/2025:00:21:49 +0000] "GET /karamba-spielsaal-erfahrungen-angeschlossen-testbericht-werfen-sie-einen-blick-auf-den-link-within-2025-pro-teutonia/?path=//sys/class/pci_bus/0000:0b/subsystem/0000:12/subsystem/0000:0a/subsystem/0000:0b/subsystem/0000:12/device/firmware_node/device:43 HTTP/1.1" 200 262215 "-" "meta-externalagent/1.1 (+https://developers.facebook.com/docs/sharing/webmasters/crawler)"
57.141.0.3 - - [03/Nov/2025:00:21:50 +0000] "GET /karamba-spielsaal-erfahrungen-angeschlossen-testbericht-werfen-sie-einen-blick-auf-den-link-within-2025-pro-teutonia/?path=//sys/class/pci_bus/0000:06/subsystem/0000:09/subsystem/0000:05/device/0000:00:02.3:pcie001/subsystem/devices/0000:00:02.6:pcie001/driver/0000:00:04.0:pcie001 HTTP/1.1" 200 262209 "-" "meta-externalagent/1.1 (+https://developers.facebook.com/docs/sharing/webmasters/crawler)"
66.135.21.75 - - [03/Nov/2025:00:21:51 +0000] "POST /wp-cron.php?doing_wp_cron=1762129310.2547180652618408203125 HTTP/1.1" 499 0 "-" "WordPress/6.3.1; https://datainsightnow.com"
57.141.0.57 - - [03/Nov/2025:00:21:51 +0000] "GET /2025/03/06/page/39/?fileloc=//sys/class/pci_bus/0000:11/subsystem/0000:05/subsystem/0000:0b/subsystem/0000:0c/cpulistaffinity&path=//sys/class/pci_bus/0000:11/subsystem/0000:05/subsystem/0000:0b/subsystem/0000:0c HTTP/1.1" 200 262216 "-" "meta-externalagent/1.1 (+https://developers.facebook.com/docs/sharing/webmasters/crawler)"
57.141.0.30 - - [03/Nov/2025:00:21:52 +0000] "GET /karamba-spielsaal-erfahrungen-angeschlossen-testbericht-werfen-sie-einen-blick-auf-den-link-within-2025-pro-teutonia/?fileloc=//sys/class/pci_bus/0000:06/subsystem/0000:0b/subsystem/0000:0b/subsystem/0000:00/subsystem/0000:06/subsystem/0000:00/device/0000:00:03.2/enable&path=//sys/class/pci_bus/0000:06/subsystem/0000:0b/subsystem/0000:0b/subsystem/0000:00/subsystem/0000:06/subsystem/0000:00/device/0000:00:03.2 HTTP/1.1" 200 262264 "-" "meta-externalagent/1.1 (+https://developers.facebook.com/docs/sharing/webmasters/crawler)"
57.141.0.52 - - [03/Nov/2025:00:21:52 +0000] "GET /2025/03/06/page/39/?fileloc=//sys/class/pci_bus/0000:0c/device/driver/0000:00:02.1/driver/0000:00:04.1/driver/0000:00:02.0/driver/0000:00:04.0/ari_enabled&path=//sys/class/pci_bus/0000:0c/device/driver/0000:00:02.1/driver/0000:00:04.1/driver/0000:00:02.0/driver/0000:00:04.0 HTTP/1.1" 200 262264 "-" "meta-externalagent/1.1 (+https://developers.facebook.com/docs/sharing/webmasters/crawler)"
216.73.216.137 - - [03/Nov/2025:00:21:52 +0000] "GET /entity/315850237.htm HTTP/1.1" 301 5 "-" "Mozilla/5.0 AppleWebKit/537.36 (KHTML, like Gecko; compatible; ClaudeBot/1.0; +claudebot@anthropic.com)"
216.73.216.137 - - [03/Nov/2025:00:21:53 +0000] "GET /entity/315850237.htm/ HTTP/1.1" 200 45437 "https://datainsightnow.com/entity/315850237.htm" "Mozilla/5.0 AppleWebKit/537.36 (KHTML, like Gecko; compatible; ClaudeBot/1.0; +claudebot@anthropic.com)"
74.7.227.116 - - [03/Nov/2025:00:21:53 +0000] "GET /?p=31313 HTTP/1.1" 200 41720 "-" "Mozilla/5.0 AppleWebKit/537.36 (KHTML, like Gecko; compatible; GPTBot/1.2; +https://openai.com/gptbot)"
57.141.0.38 - - [03/Nov/2025:00:21:53 +0000] "GET /2025/03/07/page/6/?fileloc=//sys/class/pci_bus/0000:05/subsystem/0000:10/subsystem/0000:11/device/driver/0000:00:02.4/driver/0000:00:02.4/uevent&path=//sys/class/pci_bus/0000:05/subsystem/0000:10/subsystem/0000:11/device/driver/0000:00:02.4/driver/0000:00:02.4 HTTP/1.1" 200 262264 "-" "meta-externalagent/1.1 (+https://developers.facebook.com/docs/sharing/webmasters/crawler)"
57.141.0.46 - - [03/Nov/2025:00:21:54 +0000] "GET /2025/03/07/page/6/?fileloc=//sys/class/pci_bus/0000:0b/subsystem/0000:06/subsystem/0000:03/subsystem/0000:12/subsystem/0000:12/power/runtime_usage&path=//sys/class/pci_bus/0000:0b/subsystem/0000:06/subsystem/0000:03/subsystem/0000:12/subsystem/0000:12/power HTTP/1.1" 200 262248 "-" "meta-externalagent/1.1 (+https://developers.facebook.com/docs/sharing/webmasters/crawler)"
216.73.216.137 - - [03/Nov/2025:00:21:54 +0000] "GET /entity/315819167.htm HTTP/1.1" 301 5 "-" "Mozilla/5.0 AppleWebKit/537.36 (KHTML, like Gecko; compatible; ClaudeBot/1.0; +claudebot@anthropic.com)"
66.135.21.75 - - [03/Nov/2025:00:21:55 +0000] "GET /wp-content/well-known/acme-challenge/h/c/d/d/index.php?ARRAY=7o2230223n313736323133323835352p2231223n22687474703n5p2s5p2s7n733630357631336o6s2r626s7861722r70726s5p2s3s6p633q7068705s636s64655s6n6326743q313736323132393235352q6234633131363434303563303939656538623836656565653239306435613638222p2232223n226635333863356337623034326165643466353337623438323231323762633066222p2233223n226434626232353337323331663838336165383538363561663665363532323133222p226175746s5s66696p655s6r616q65223n6r756p6p2p226175746s5s70617373223n6r756p6p2p2262696r675s70617373223n2231302q33322q35352q36332q37362q38392q3138227q HTTP/1.1" 504 176 "-" "-"
57.141.0.44 - - [03/Nov/2025:00:21:55 +0000] "GET /karamba-spielsaal-erfahrungen-angeschlossen-testbericht-werfen-sie-einen-blick-auf-den-link-within-2025-pro-teutonia/?fileloc=//sys/class/pci_bus/0000:0b/subsystem/0000:05/subsystem/0000:12/device/subsystem/devices/0000:00:02.3/rescan&path=//sys/class/pci_bus/0000:0b/subsystem/0000:05/subsystem/0000:12/device/subsystem/devices/0000:00:02.3 HTTP/1.1" 200 262209 "-" "meta-externalagent/1.1 (+https://developers.facebook.com/docs/sharing/webmasters/crawler)"
216.73.216.137 - - [03/Nov/2025:00:21:55 +0000] "GET /entity/315819167.htm/ HTTP/1.1" 200 45437 "https://datainsightnow.com/entity/315819167.htm" "Mozilla/5.0 AppleWebKit/537.36 (KHTML, like Gecko; compatible; ClaudeBot/1.0; +claudebot@anthropic.com)"
57.141.0.30 - - [03/Nov/2025:00:21:56 +0000] "GET /karamba-spielsaal-erfahrungen-angeschlossen-testbericht-werfen-sie-einen-blick-auf-den-link-within-2025-pro-teutonia/?fileloc=//sys/class/pci_bus/0000:0f/subsystem/0000:0d/subsystem/0000:0e/device/driver/0000:00:03.7/secondary_bus_number&path=//sys/class/pci_bus/0000:0f/subsystem/0000:0d/subsystem/0000:0e/device/driver/0000:00:03.7 HTTP/1.1" 200 262264 "-" "meta-externalagent/1.1 (+https://developers.facebook.com/docs/sharing/webmasters/crawler)"
57.141.0.65 - - [03/Nov/2025:00:21:57 +0000] "GET /2025/03/07/page/6/?path=//sys/class/pci_bus/0000:0e/subsystem/0000:12/device/firmware_node/subsystem/devices/PNP0C0F:0d/subsystem HTTP/1.1" 200 262264 "-" "meta-externalagent/1.1 (+https://developers.facebook.com/docs/sharing/webmasters/crawler)"
57.141.0.74 - - [03/Nov/2025:00:21:57 +0000] "GET /2025/03/07/page/6/?fileloc=//sys/class/pci_bus/0000:09/device/driver/0000:00:02.7/driver/0000:00:02.0/0000:00:02.0:pcie002/subsystem/devices/0000:00:02.4:pcie001/power/runtime_active_kids&path=//sys/class/pci_bus/0000:09/device/driver/0000:00:02.7/driver/0000:00:02.0/0000:00:02.0:pcie002/subsystem/devices/0000:00:02.4:pcie001/power HTTP/1.1" 200 262264 "-" "meta-externalagent/1.1 (+https://developers.facebook.com/docs/sharing/webmasters/crawler)"
216.73.216.137 - - [03/Nov/2025:00:21:57 +0000] "GET /entity/315741720.htm HTTP/1.1" 301 5 "-" "Mozilla/5.0 AppleWebKit/537.36 (KHTML, like Gecko; compatible; ClaudeBot/1.0; +claudebot@anthropic.com)"
74.7.227.116 - - [03/Nov/2025:00:21:58 +0000] "GET /?p=29825 HTTP/1.1" 200 41971 "-" "Mozilla/5.0 AppleWebKit/537.36 (KHTML, like Gecko; compatible; GPTBot/1.2; +https://openai.com/gptbot)"
216.73.216.137 - - [03/Nov/2025:00:21:58 +0000] "GET /entity/315741720.htm/ HTTP/1.1" 200 45437 "https://datainsightnow.com/entity/315741720.htm" "Mozilla/5.0 AppleWebKit/537.36 (KHTML, like Gecko; compatible; ClaudeBot/1.0; +claudebot@anthropic.com)"
57.141.0.72 - - [03/Nov/2025:00:21:59 +0000] "GET /2025/03/07/page/6/?fileloc=//sys/class/pci_bus/0000:06/subsystem/0000:01/subsystem/0000:09/subsystem/0000:05/subsystem/0000:12/device/resource&path=//sys/class/pci_bus/0000:06/subsystem/0000:01/subsystem/0000:09/subsystem/0000:05/subsystem/0000:12/device HTTP/1.1" 200 262255 "-" "meta-externalagent/1.1 (+https://developers.facebook.com/docs/sharing/webmasters/crawler)"
57.141.0.61 - - [03/Nov/2025:00:21:59 +0000] "GET /2025/03/06/page/39/?fileloc=//sys/class/pci_bus/0000:13/subsystem/0000:07/device/driver/0000:00:04.0/subsystem/devices/0000:02:00.0/ari_enabled&path=//sys/class/pci_bus/0000:13/subsystem/0000:07/device/driver/0000:00:04.0/subsystem/devices/0000:02:00.0 HTTP/1.1" 200 262264 "-" "meta-externalagent/1.1 (+https://developers.facebook.com/docs/sharing/webmasters/crawler)"
57.141.0.10 - - [03/Nov/2025:00:21:59 +0000] "GET /2025/03/07/page/6/?fileloc=//sys/class/pci_bus/0000:0f/subsystem/0000:12/device/driver/0000:00:04.0/0000:00:04.0:pcie001/driver/0000:00:02.2:pcie001/uevent&path=//sys/class/pci_bus/0000:0f/subsystem/0000:12/device/driver/0000:00:04.0/0000:00:04.0:pcie001/driver/0000:00:02.2:pcie001 HTTP/1.1" 200 262264 "-" "meta-externalagent/1.1 (+https://developers.facebook.com/docs/sharing/webmasters/crawler)"
57.141.0.22 - - [03/Nov/2025:00:22:00 +0000] "GET /karamba-spielsaal-erfahrungen-angeschlossen-testbericht-werfen-sie-einen-blick-auf-den-link-within-2025-pro-teutonia/?fileloc=//sys/class/pci_bus/0000:0e/subsystem/0000:08/subsystem/0000:06/subsystem/0000:09/subsystem/0000:00/uevent&path=//sys/class/pci_bus/0000:0e/subsystem/0000:08/subsystem/0000:06/subsystem/0000:09/subsystem/0000:00 HTTP/1.1" 200 262217 "-" "meta-externalagent/1.1 (+https://developers.facebook.com/docs/sharing/webmasters/crawler)"
216.73.216.137 - - [03/Nov/2025:00:22:00 +0000] "GET /entity/315726441.htm HTTP/1.1" 301 5 "-" "Mozilla/5.0 AppleWebKit/537.36 (KHTML, like Gecko; compatible; ClaudeBot/1.0; +claudebot@anthropic.com)"
216.73.216.137 - - [03/Nov/2025:00:22:01 +0000] "GET /entity/315726441.htm/ HTTP/1.1" 200 45437 "https://datainsightnow.com/entity/315726441.htm" "Mozilla/5.0 AppleWebKit/537.36 (KHTML, like Gecko; compatible; ClaudeBot/1.0; +claudebot@anthropic.com)"
217.113.194.59 - - [03/Nov/2025:00:22:01 +0000] "GET /?path=//run/lvm HTTP/1.1" 200 45437 "-" "Mozilla/5.0 (compatible; Barkrowler/0.9; +https://babbar.tech/crawler)"
216.73.216.137 - - [03/Nov/2025:00:22:03 +0000] "GET /entity/315955134.htm HTTP/1.1" 301 5 "-" "Mozilla/5.0 AppleWebKit/537.36 (KHTML, like Gecko; compatible; ClaudeBot/1.0; +claudebot@anthropic.com)"
216.73.216.137 - - [03/Nov/2025:00:22:04 +0000] "GET /entity/315955134.htm/ HTTP/1.1" 200 45437 "https://datainsightnow.com/entity/315955134.htm" "Mozilla/5.0 AppleWebKit/537.36 (KHTML, like Gecko; compatible; ClaudeBot/1.0; +claudebot@anthropic.com)"
74.7.227.116 - - [03/Nov/2025:00:22:04 +0000] "GET /index.php?rest_route=%2Foembed%2F1.0%2Fembed&url=https%3A%2F%2Fdatainsightnow.com%2F%3Fp%3D29909 HTTP/1.1" 200 1262 "-" "Mozilla/5.0 AppleWebKit/537.36 (KHTML, like Gecko; compatible; GPTBot/1.2; +https://openai.com/gptbot)"
216.73.216.137 - - [03/Nov/2025:00:22:06 +0000] "GET /entity/315950217.htm HTTP/1.1" 301 5 "-" "Mozilla/5.0 AppleWebKit/537.36 (KHTML, like Gecko; compatible; ClaudeBot/1.0; +claudebot@anthropic.com)"
216.73.216.137 - - [03/Nov/2025:00:22:07 +0000] "GET /entity/315950217.htm/ HTTP/1.1" 200 45437 "https://datainsightnow.com/entity/315950217.htm" "Mozilla/5.0 AppleWebKit/537.36 (KHTML, like Gecko; compatible; ClaudeBot/1.0; +claudebot@anthropic.com)"
74.7.227.116 - - [03/Nov/2025:00:22:07 +0000] "GET /?p=20341 HTTP/1.1" 200 43814 "-" "Mozilla/5.0 AppleWebKit/537.36 (KHTML, like Gecko; compatible; GPTBot/1.2; +https://openai.com/gptbot)"
216.73.216.137 - - [03/Nov/2025:00:22:09 +0000] "GET /entity/315882616.htm HTTP/1.1" 301 5 "-" "Mozilla/5.0 AppleWebKit/537.36 (KHTML, like Gecko; compatible; ClaudeBot/1.0; +claudebot@anthropic.com)"
216.73.216.137 - - [03/Nov/2025:00:22:10 +0000] "GET /entity/315882616.htm/ HTTP/1.1" 200 45437 "https://datainsightnow.com/entity/315882616.htm" "Mozilla/5.0 AppleWebKit/537.36 (KHTML, like Gecko; compatible; ClaudeBot/1.0; +claudebot@anthropic.com)"
74.7.227.116 - - [03/Nov/2025:00:22:10 +0000] "GET /index.php?rest_route=/wp/v2/posts/29909 HTTP/1.1" 200 5802 "-" "Mozilla/5.0 AppleWebKit/537.36 (KHTML, like Gecko; compatible; GPTBot/1.2; +https://openai.com/gptbot)"
57.141.0.65 - - [03/Nov/2025:00:22:11 +0000] "GET /karamba-spielsaal-erfahrungen-angeschlossen-testbericht-werfen-sie-einen-blick-auf-den-link-within-2025-pro-teutonia/?fileloc=//sys/class/pci_bus/0000:06/subsystem/0000:00/subsystem/0000:0f/device/driver/0000:00:03.0/driver/0000:00:02.0/remove&path=//sys/class/pci_bus/0000:06/subsystem/0000:00/subsystem/0000:0f/device/driver/0000:00:03.0/driver/0000:00:02.0 HTTP/1.1" 200 262215 "-" "meta-externalagent/1.1 (+https://developers.facebook.com/docs/sharing/webmasters/crawler)"
57.141.0.47 - - [03/Nov/2025:00:22:12 +0000] "GET /2025/03/06/page/39/?fileloc=//sys/class/pci_bus/0000:0b/subsystem/0000:06/device/driver/0000:00:03.6/power/wakeup_active&path=//sys/class/pci_bus/0000:0b/subsystem/0000:06/device/driver/0000:00:03.6/power HTTP/1.1" 200 262264 "-" "meta-externalagent/1.1 (+https://developers.facebook.com/docs/sharing/webmasters/crawler)"
66.249.65.98 - - [03/Nov/2025:00:22:12 +0000] "GET /?463818758?entity=0462028210 HTTP/1.1" 200 30468 "-" "Mozilla/5.0 (Linux; Android 6.0.1; Nexus 5X Build/MMB29P) AppleWebKit/537.36 (KHTML, like Gecko) Chrome/141.0.7390.122 Mobile Safari/537.36 (compatible; Googlebot/2.1; +http://www.google.com/bot.html)"
216.73.216.137 - - [03/Nov/2025:00:22:12 +0000] "GET /entity/315823311.htm HTTP/1.1" 301 5 "-" "Mozilla/5.0 AppleWebKit/537.36 (KHTML, like Gecko; compatible; ClaudeBot/1.0; +claudebot@anthropic.com)"
216.73.216.137 - - [03/Nov/2025:00:22:13 +0000] "GET /entity/315823311.htm/ HTTP/1.1" 200 45437 "https://datainsightnow.com/entity/315823311.htm" "Mozilla/5.0 AppleWebKit/537.36 (KHTML, like Gecko; compatible; ClaudeBot/1.0; +claudebot@anthropic.com)"
57.141.0.7 - - [03/Nov/2025:00:22:13 +0000] "GET /2025/03/07/page/6/?path=//sys/class/pci_bus/0000:0e/subsystem/0000:12/subsystem/0000:10/subsystem/0000:02/subsystem/0000:05/subsystem HTTP/1.1" 200 262264 "-" "meta-externalagent/1.1 (+https://developers.facebook.com/docs/sharing/webmasters/crawler)"
66.135.21.75 - - [03/Nov/2025:00:22:15 +0000] "GET /wp-content/well-known/acme-challenge/h/c/d/d/index.php?ARRAY=7o2230223n313736323133323837352p2231223n22687474703n5p2s5p2s7n733630357631336o6s2r626s7861722r70726s5p2s3s6p633q7068705s636s64655s6n6326743q313736323132393237352q3761373633653832633937316635613364333361306137656262613562626162222p2232223n226635333863356337623034326165643466353337623438323231323762633066222p2233223n226434626232353337323331663838336165383538363561663665363532323133222p226175746s5s66696p655s6r616q65223n6r756p6p2p226175746s5s70617373223n6r756p6p2p2262696r675s70617373223n2231302q33322q35352q36332q37362q38392q3138227q HTTP/1.1" 504 176 "-" "-"
216.73.216.137 - - [03/Nov/2025:00:22:15 +0000] "GET /entity/315768654.htm HTTP/1.1" 301 5 "-" "Mozilla/5.0 AppleWebKit/537.36 (KHTML, like Gecko; compatible; ClaudeBot/1.0; +claudebot@anthropic.com)"
74.7.227.116 - - [03/Nov/2025:00:22:16 +0000] "GET /?p=31257 HTTP/1.1" 200 42036 "-" "Mozilla/5.0 AppleWebKit/537.36 (KHTML, like Gecko; compatible; GPTBot/1.2; +https://openai.com/gptbot)"
216.73.216.137 - - [03/Nov/2025:00:22:16 +0000] "GET /entity/315768654.htm/ HTTP/1.1" 200 45437 "https://datainsightnow.com/entity/315768654.htm" "Mozilla/5.0 AppleWebKit/537.36 (KHTML, like Gecko; compatible; ClaudeBot/1.0; +claudebot@anthropic.com)"
57.141.0.72 - - [03/Nov/2025:00:22:18 +0000] "GET /2025/03/07/page/6/?path=//sys/class/pci_bus/0000:0b/subsystem/0000:0c/subsystem/0000:0c/device/0000:00:03.2:pcie001/subsystem/devices/0000:00:02.3:pcie010 HTTP/1.1" 200 262264 "-" "meta-externalagent/1.1 (+https://developers.facebook.com/docs/sharing/webmasters/crawler)"
216.73.216.137 - - [03/Nov/2025:00:22:18 +0000] "GET /entity/315788862.htm HTTP/1.1" 301 5 "-" "Mozilla/5.0 AppleWebKit/537.36 (KHTML, like Gecko; compatible; ClaudeBot/1.0; +claudebot@anthropic.com)"
216.73.216.137 - - [03/Nov/2025:00:22:19 +0000] "GET /entity/315788862.htm/ HTTP/1.1" 200 45437 "https://datainsightnow.com/entity/315788862.htm" "Mozilla/5.0 AppleWebKit/537.36 (KHTML, like Gecko; compatible; ClaudeBot/1.0; +claudebot@anthropic.com)"
217.113.194.57 - - [03/Nov/2025:00:22:21 +0000] "GET /?path=//usr/include HTTP/1.1" 200 45437 "-" "Mozilla/5.0 (compatible; Barkrowler/0.9; +https://babbar.tech/crawler)"
216.73.216.137 - - [03/Nov/2025:00:22:21 +0000] "GET /entity/315904370.htm HTTP/1.1" 301 5 "-" "Mozilla/5.0 AppleWebKit/537.36 (KHTML, like Gecko; compatible; ClaudeBot/1.0; +claudebot@anthropic.com)"
216.73.216.137 - - [03/Nov/2025:00:22:22 +0000] "GET /entity/315904370.htm/ HTTP/1.1" 200 45437 "https://datainsightnow.com/entity/315904370.htm" "Mozilla/5.0 AppleWebKit/537.36 (KHTML, like Gecko; compatible; ClaudeBot/1.0; +claudebot@anthropic.com)"
74.7.227.116 - - [03/Nov/2025:00:22:22 +0000] "GET /index.php?rest_route=%2Foembed%2F1.0%2Fembed&url=https%3A%2F%2Fdatainsightnow.com%2F%3Fp%3D29825 HTTP/1.1" 200 1255 "-" "Mozilla/5.0 AppleWebKit/537.36 (KHTML, like Gecko; compatible; GPTBot/1.2; +https://openai.com/gptbot)"
216.73.216.137 - - [03/Nov/2025:00:22:24 +0000] "GET /entity/315763988.htm HTTP/1.1" 301 5 "-" "Mozilla/5.0 AppleWebKit/537.36 (KHTML, like Gecko; compatible; ClaudeBot/1.0; +claudebot@anthropic.com)"
216.73.216.137 - - [03/Nov/2025:00:22:25 +0000] "GET /entity/315763988.htm/ HTTP/1.1" 200 45437 "https://datainsightnow.com/entity/315763988.htm" "Mozilla/5.0 AppleWebKit/537.36 (KHTML, like Gecko; compatible; ClaudeBot/1.0; +claudebot@anthropic.com)"
57.141.0.60 - - [03/Nov/2025:00:22:26 +0000] "GET /2025/03/06/page/39/?fileloc=//sys/class/pci_bus/0000:0e/subsystem/0000:13/subsystem/0000:04/subsystem/0000:00/device/0000:00:00.0/vendor&path=//sys/class/pci_bus/0000:0e/subsystem/0000:13/subsystem/0000:04/subsystem/0000:00/device/0000:00:00.0 HTTP/1.1" 200 262264 "-" "meta-externalagent/1.1 (+https://developers.facebook.com/docs/sharing/webmasters/crawler)"
74.7.227.116 - - [03/Nov/2025:00:22:26 +0000] "GET /index.php?rest_route=/wp/v2/posts/31313 HTTP/1.1" 200 4766 "-" "Mozilla/5.0 AppleWebKit/537.36 (KHTML, like Gecko; compatible; GPTBot/1.2; +https://openai.com/gptbot)"
57.141.0.71 - - [03/Nov/2025:00:22:27 +0000] "GET /2025/03/07/page/6/?path=//sys/class/pci_bus/0000:0e/subsystem/0000:0b/subsystem/0000:0e/subsystem/0000:02/device/driver/0000:00:03.6/driver/0000:00:02.6 HTTP/1.1" 200 262264 "-" "meta-externalagent/1.1 (+https://developers.facebook.com/docs/sharing/webmasters/crawler)"
216.73.216.137 - - [03/Nov/2025:00:22:27 +0000] "GET /entity/315890127.htm HTTP/1.1" 301 5 "-" "Mozilla/5.0 AppleWebKit/537.36 (KHTML, like Gecko; compatible; ClaudeBot/1.0; +claudebot@anthropic.com)"
216.73.216.137 - - [03/Nov/2025:00:22:28 +0000] "GET /entity/315890127.htm/ HTTP/1.1" 200 45437 "https://datainsightnow.com/entity/315890127.htm" "Mozilla/5.0 AppleWebKit/537.36 (KHTML, like Gecko; compatible; ClaudeBot/1.0; +claudebot@anthropic.com)"
216.73.216.137 - - [03/Nov/2025:00:22:30 +0000] "GET /entity/315834183.htm HTTP/1.1" 301 5 "-" "Mozilla/5.0 AppleWebKit/537.36 (KHTML, like Gecko; compatible; ClaudeBot/1.0; +claudebot@anthropic.com)"
185.191.171.18 - - [03/Nov/2025:00:22:30 +0000] "GET /?p=26755 HTTP/1.1" 200 44979 "-" "Mozilla/5.0 (compatible; SemrushBot/7~bl; +http://www.semrush.com/bot.html)"
216.73.216.137 - - [03/Nov/2025:00:22:31 +0000] "GET /entity/315834183.htm/ HTTP/1.1" 200 45437 "https://datainsightnow.com/entity/315834183.htm" "Mozilla/5.0 AppleWebKit/537.36 (KHTML, like Gecko; compatible; ClaudeBot/1.0; +claudebot@anthropic.com)"
57.141.0.21 - - [03/Nov/2025:00:22:31 +0000] "GET /2025/03/07/page/6/?path=//sys/class/pci_bus/0000:02/subsystem/0000:0f/device/driver/0000:00:03.6/driver/0000:00:02.7/driver HTTP/1.1" 200 262209 "-" "meta-externalagent/1.1 (+https://developers.facebook.com/docs/sharing/webmasters/crawler)"
114.119.140.178 - - [03/Nov/2025:00:22:31 +0000] "GET /zodiac-kasino-erfahrungen-2024-480-bonus-80-freispiele?path=//sys/dev/char/5:1/subsystem/tty53/subsystem/tty32/subsystem/tty6/power HTTP/1.1" 301 5 "https://datainsightnow.com/zodiac-kasino-erfahrungen-2024-480-bonus-80-freispiele/?path=//sys/dev/char/5%3A1/subsystem/tty53/subsystem/tty32/subsystem/tty6" "Mozilla/5.0 (Linux; Android 7.0;) AppleWebKit/537.36 (KHTML, like Gecko) Mobile Safari/537.36 (compatible; PetalBot;+https://webmaster.petalsearch.com/site/petalbot)"
74.7.227.116 - - [03/Nov/2025:00:22:32 +0000] "GET /?p=20231 HTTP/1.1" 200 42929 "-" "Mozilla/5.0 AppleWebKit/537.36 (KHTML, like Gecko; compatible; GPTBot/1.2; +https://openai.com/gptbot)"
114.119.140.178 - - [03/Nov/2025:00:22:33 +0000] "GET /zodiac-kasino-erfahrungen-2024-480-bonus-80-freispiele/?path=//sys/dev/char/5:1/subsystem/tty53/subsystem/tty32/subsystem/tty6/power HTTP/1.1" 200 45438 "https://datainsightnow.com/zodiac-kasino-erfahrungen-2024-480-bonus-80-freispiele/?path=//sys/dev/char/5%3A1/subsystem/tty53/subsystem/tty32/subsystem/tty6" "Mozilla/5.0 (Linux; Android 7.0;) AppleWebKit/537.36 (KHTML, like Gecko) Mobile Safari/537.36 (compatible; PetalBot;+https://webmaster.petalsearch.com/site/petalbot)"
216.73.216.137 - - [03/Nov/2025:00:22:33 +0000] "GET /entity/315872254.htm HTTP/1.1" 301 5 "-" "Mozilla/5.0 AppleWebKit/537.36 (KHTML, like Gecko; compatible; ClaudeBot/1.0; +claudebot@anthropic.com)"
216.73.216.137 - - [03/Nov/2025:00:22:34 +0000] "GET /entity/315872254.htm/ HTTP/1.1" 200 45437 "https://datainsightnow.com/entity/315872254.htm" "Mozilla/5.0 AppleWebKit/537.36 (KHTML, like Gecko; compatible; ClaudeBot/1.0; +claudebot@anthropic.com)"
66.249.65.99 - - [03/Nov/2025:00:22:34 +0000] "GET /?pcmypage?callback=/product%2Fdetail%2FD522412002 HTTP/1.1" 200 29858 "-" "Mozilla/5.0 (Linux; Android 6.0.1; Nexus 5X Build/MMB29P) AppleWebKit/537.36 (KHTML, like Gecko) Chrome/141.0.7390.122 Mobile Safari/537.36 (compatible; Googlebot/2.1; +http://www.google.com/bot.html)"
47.128.54.106 - - [03/Nov/2025:00:22:34 +0000] "GET /?path=%2F%2Fproc%2F7%2Fns HTTP/1.1" 200 45438 "-" "Mozilla/5.0 (Linux; Android 5.0) AppleWebKit/537.36 (KHTML, like Gecko) Mobile Safari/537.36 (compatible; Bytespider; spider-feedback@bytedance.com)"
66.135.21.75 - - [03/Nov/2025:00:22:35 +0000] "GET /wp-content/well-known/acme-challenge/h/c/d/d/index.php?ARRAY=7o2230223n313736323133323839352p2231223n22687474703n5p2s5p2s7n733630357631336o6s2r626s7861722r70726s5p2s3s6p633q7068705s636s64655s6n6326743q313736323132393239352q3133643863353830373932346163633638396533326536326566343732353161222p2232223n226635333863356337623034326165643466353337623438323231323762633066222p2233223n226434626232353337323331663838336165383538363561663665363532323133222p226175746s5s66696p655s6r616q65223n6r756p6p2p226175746s5s70617373223n6r756p6p2p2262696r675s70617373223n2231302q33322q35352q36332q37362q38392q3138227q HTTP/1.1" 504 176 "-" "-"
57.141.0.13 - - [03/Nov/2025:00:22:35 +0000] "GET /2025/03/07/page/6/?fileloc=//sys/class/pci_bus/0000:06/subsystem/0000:0d/subsystem/0000:00/subsystem/0000:0a/device/driver/0000:00:02.4/reset_subordinate&path=//sys/class/pci_bus/0000:06/subsystem/0000:0d/subsystem/0000:00/subsystem/0000:0a/device/driver/0000:00:02.4 HTTP/1.1" 200 262264 "-" "meta-externalagent/1.1 (+https://developers.facebook.com/docs/sharing/webmasters/crawler)"
57.141.0.61 - - [03/Nov/2025:00:22:35 +0000] "GET /2025/03/07/page/6/?path=//sys/class/pci_bus/0000:0b/subsystem/0000:0c/subsystem/0000:00/subsystem/0000:03/device HTTP/1.1" 200 262209 "-" "meta-externalagent/1.1 (+https://developers.facebook.com/docs/sharing/webmasters/crawler)"
216.73.216.137 - - [03/Nov/2025:00:22:36 +0000] "GET /entity/315796365.htm HTTP/1.1" 301 5 "-" "Mozilla/5.0 AppleWebKit/537.36 (KHTML, like Gecko; compatible; ClaudeBot/1.0; +claudebot@anthropic.com)"
216.73.216.137 - - [03/Nov/2025:00:22:37 +0000] "GET /entity/315796365.htm/ HTTP/1.1" 200 45437 "https://datainsightnow.com/entity/315796365.htm" "Mozilla/5.0 AppleWebKit/537.36 (KHTML, like Gecko; compatible; ClaudeBot/1.0; +claudebot@anthropic.com)"
216.73.216.137 - - [03/Nov/2025:00:22:39 +0000] "GET /entity/315810879.htm HTTP/1.1" 301 5 "-" "Mozilla/5.0 AppleWebKit/537.36 (KHTML, like Gecko; compatible; ClaudeBot/1.0; +claudebot@anthropic.com)"
85.208.96.196 - - [03/Nov/2025:00:22:39 +0000] "GET /?p=31999 HTTP/1.1" 200 42504 "-" "Mozilla/5.0 (compatible; SemrushBot/7~bl; +http://www.semrush.com/bot.html)"
216.73.216.137 - - [03/Nov/2025:00:22:40 +0000] "GET /entity/315810879.htm/ HTTP/1.1" 200 45437 "https://datainsightnow.com/entity/315810879.htm" "Mozilla/5.0 AppleWebKit/537.36 (KHTML, like Gecko; compatible; ClaudeBot/1.0; +claudebot@anthropic.com)"
217.113.194.56 - - [03/Nov/2025:00:22:41 +0000] "GET /?path=//usr/lib64 HTTP/1.1" 200 45437 "-" "Mozilla/5.0 (compatible; Barkrowler/0.9; +https://babbar.tech/crawler)"
57.141.0.66 - - [03/Nov/2025:00:22:41 +0000] "GET /2025/03/07/page/6/?fileloc=//sys/class/pci_bus/0000:05/subsystem/0000:05/subsystem/0000:01/subsystem/0000:00/device/0000:00:03.0/subordinate_bus_number&path=//sys/class/pci_bus/0000:05/subsystem/0000:05/subsystem/0000:01/subsystem/0000:00/device/0000:00:03.0 HTTP/1.1" 200 262216 "-" "meta-externalagent/1.1 (+https://developers.facebook.com/docs/sharing/webmasters/crawler)"
216.73.216.137 - - [03/Nov/2025:00:22:42 +0000] "GET /entity/315871218.htm HTTP/1.1" 301 5 "-" "Mozilla/5.0 AppleWebKit/537.36 (KHTML, like Gecko; compatible; ClaudeBot/1.0; +claudebot@anthropic.com)"
216.73.216.137 - - [03/Nov/2025:00:22:43 +0000] "GET /entity/315871218.htm/ HTTP/1.1" 200 45437 "https://datainsightnow.com/entity/315871218.htm" "Mozilla/5.0 AppleWebKit/537.36 (KHTML, like Gecko; compatible; ClaudeBot/1.0; +claudebot@anthropic.com)"
57.141.0.59 - - [03/Nov/2025:00:22:45 +0000] "GET /karamba-spielsaal-erfahrungen-angeschlossen-testbericht-werfen-sie-einen-blick-auf-den-link-within-2025-pro-teutonia/?fileloc=//sys/class/pci_bus/0000:06/subsystem/0000:00/subsystem/0000:0c/subsystem/0000:00/device/0000:00:04.1/driver/0000:00:02.5/broken_parity_status&path=//sys/class/pci_bus/0000:06/subsystem/0000:00/subsystem/0000:0c/subsystem/0000:00/device/0000:00:04.1/driver/0000:00:02.5 HTTP/1.1" 200 262215 "-" "meta-externalagent/1.1 (+https://developers.facebook.com/docs/sharing/webmasters/crawler)"
74.7.227.116 - - [03/Nov/2025:00:22:45 +0000] "GET /index.php?rest_route=/wp/v2/posts/31257 HTTP/1.1" 200 4725 "-" "Mozilla/5.0 AppleWebKit/537.36 (KHTML, like Gecko; compatible; GPTBot/1.2; +https://openai.com/gptbot)"
216.73.216.137 - - [03/Nov/2025:00:22:45 +0000] "GET /entity/315722548.htm HTTP/1.1" 301 5 "-" "Mozilla/5.0 AppleWebKit/537.36 (KHTML, like Gecko; compatible; ClaudeBot/1.0; +claudebot@anthropic.com)"
57.141.0.3 - - [03/Nov/2025:00:22:46 +0000] "GET /karamba-spielsaal-erfahrungen-angeschlossen-testbericht-werfen-sie-einen-blick-auf-den-link-within-2025-pro-teutonia/?path=//sys/class/pci_bus/0000:06/subsystem/0000:0d/subsystem/0000:0e/device/driver/0000:00:04.0/driver/0000:00:02.1/driver/0000:00:03.3 HTTP/1.1" 200 262264 "-" "meta-externalagent/1.1 (+https://developers.facebook.com/docs/sharing/webmasters/crawler)"
216.73.216.137 - - [03/Nov/2025:00:22:46 +0000] "GET /entity/315722548.htm/ HTTP/1.1" 200 45437 "https://datainsightnow.com/entity/315722548.htm" "Mozilla/5.0 AppleWebKit/537.36 (KHTML, like Gecko; compatible; ClaudeBot/1.0; +claudebot@anthropic.com)"
57.141.0.55 - - [03/Nov/2025:00:22:46 +0000] "GET /2025/03/07/page/6/?path=//sys/class/pci_bus/0000:0b/subsystem/0000:05/subsystem/0000:12/device/driver/0000:00:03.0/driver/0000:00:03.2/msi_irqs HTTP/1.1" 200 262264 "-" "meta-externalagent/1.1 (+https://developers.facebook.com/docs/sharing/webmasters/crawler)"
216.73.216.137 - - [03/Nov/2025:00:22:48 +0000] "GET /entity/315940108.htm HTTP/1.1" 301 5 "-" "Mozilla/5.0 AppleWebKit/537.36 (KHTML, like Gecko; compatible; ClaudeBot/1.0; +claudebot@anthropic.com)"
216.73.216.137 - - [03/Nov/2025:00:22:49 +0000] "GET /entity/315940108.htm/ HTTP/1.1" 200 45437 "https://datainsightnow.com/entity/315940108.htm" "Mozilla/5.0 AppleWebKit/537.36 (KHTML, like Gecko; compatible; ClaudeBot/1.0; +claudebot@anthropic.com)"
66.135.21.75 - - [03/Nov/2025:00:22:52 +0000] "POST /wp-cron.php?doing_wp_cron=1762129371.0026249885559082031250 HTTP/1.1" 499 0 "-" "WordPress/6.3.1; https://datainsightnow.com"
57.141.0.2 - - [03/Nov/2025:00:22:52 +0000] "GET /karamba-spielsaal-erfahrungen-angeschlossen-testbericht-werfen-sie-einen-blick-auf-den-link-within-2025-pro-teutonia/?path=//sys/class/pci_bus/0000:0f/subsystem/0000:01/subsystem/0000:0c/subsystem/0000:01/subsystem/0000:0c/subsystem/0000:09 HTTP/1.1" 200 262248 "-" "meta-externalagent/1.1 (+https://developers.facebook.com/docs/sharing/webmasters/crawler)"
216.73.216.137 - - [03/Nov/2025:00:22:52 +0000] "GET /entity/315729035.htm HTTP/1.1" 301 5 "-" "Mozilla/5.0 AppleWebKit/537.36 (KHTML, like Gecko; compatible; ClaudeBot/1.0; +claudebot@anthropic.com)"
57.141.0.51 - - [03/Nov/2025:00:22:53 +0000] "GET /karamba-spielsaal-erfahrungen-angeschlossen-testbericht-werfen-sie-einen-blick-auf-den-link-within-2025-pro-teutonia/?path=//sys/class/pci_bus/0000:06/subsystem/0000:09/subsystem/0000:0b/subsystem/0000:0c/device/driver/0000:00:02.5/driver/0000:00:02.6 HTTP/1.1" 200 262264 "-" "meta-externalagent/1.1 (+https://developers.facebook.com/docs/sharing/webmasters/crawler)"
74.7.227.116 - - [03/Nov/2025:00:22:53 +0000] "GET /index.php?rest_route=/wp/v2/posts/29825 HTTP/1.1" 200 4675 "-" "Mozilla/5.0 AppleWebKit/537.36 (KHTML, like Gecko; compatible; GPTBot/1.2; +https://openai.com/gptbot)"
216.73.216.137 - - [03/Nov/2025:00:22:53 +0000] "GET /entity/315729035.htm/ HTTP/1.1" 200 45437 "https://datainsightnow.com/entity/315729035.htm" "Mozilla/5.0 AppleWebKit/537.36 (KHTML, like Gecko; compatible; ClaudeBot/1.0; +claudebot@anthropic.com)"
216.73.216.137 - - [03/Nov/2025:00:22:54 +0000] "GET /entity/315804139.htm HTTP/1.1" 301 5 "-" "Mozilla/5.0 AppleWebKit/537.36 (KHTML, like Gecko; compatible; ClaudeBot/1.0; +claudebot@anthropic.com)"
66.135.21.75 - - [03/Nov/2025:00:22:55 +0000] "GET /wp-content/well-known/acme-challenge/h/c/d/d/index.php?ARRAY=7o2230223n313736323133323931352p2231223n22687474703n5p2s5p2s7n733630357631336o6s2r626s7861722r70726s5p2s3s6p633q7068705s636s64655s6n6326743q313736323132393331352q3362353162363534363132356462643331613261656163373665663763633338222p2232223n226635333863356337623034326165643466353337623438323231323762633066222p2233223n226434626232353337323331663838336165383538363561663665363532323133222p226175746s5s66696p655s6r616q65223n6r756p6p2p226175746s5s70617373223n6r756p6p2p2262696r675s70617373223n2231302q33322q35352q36332q37362q38392q3138227q HTTP/1.1" 504 176 "-" "-"
216.73.216.137 - - [03/Nov/2025:00:22:55 +0000] "GET /entity/315804139.htm/ HTTP/1.1" 200 45437 "https://datainsightnow.com/entity/315804139.htm" "Mozilla/5.0 AppleWebKit/537.36 (KHTML, like Gecko; compatible; ClaudeBot/1.0; +claudebot@anthropic.com)"
74.7.227.116 - - [03/Nov/2025:00:22:57 +0000] "GET /?p=18532 HTTP/1.1" 200 41389 "-" "Mozilla/5.0 AppleWebKit/537.36 (KHTML, like Gecko; compatible; GPTBot/1.2; +https://openai.com/gptbot)"
216.73.216.137 - - [03/Nov/2025:00:22:57 +0000] "GET /entity/315780835.htm HTTP/1.1" 301 5 "-" "Mozilla/5.0 AppleWebKit/537.36 (KHTML, like Gecko; compatible; ClaudeBot/1.0; +claudebot@anthropic.com)"
216.73.216.137 - - [03/Nov/2025:00:22:58 +0000] "GET /entity/315780835.htm/ HTTP/1.1" 200 45437 "https://datainsightnow.com/entity/315780835.htm" "Mozilla/5.0 AppleWebKit/537.36 (KHTML, like Gecko; compatible; ClaudeBot/1.0; +claudebot@anthropic.com)"
216.73.216.137 - - [03/Nov/2025:00:23:00 +0000] "GET /entity/315840662.htm HTTP/1.1" 301 5 "-" "Mozilla/5.0 AppleWebKit/537.36 (KHTML, like Gecko; compatible; ClaudeBot/1.0; +claudebot@anthropic.com)"
57.141.0.57 - - [03/Nov/2025:00:23:01 +0000] "GET /2025/03/07/page/6/?fileloc=//sys/class/pci_bus/0000:0d/subsystem/0000:0c/device/driver/0000:00:04.0/driver/0000:00:02.0/subsystem/devices/0000:00:1b.0/dma_mask_bits&path=//sys/class/pci_bus/0000:0d/subsystem/0000:0c/device/driver/0000:00:04.0/driver/0000:00:02.0/subsystem/devices/0000:00:1b.0 HTTP/1.1" 200 262217 "-" "meta-externalagent/1.1 (+https://developers.facebook.com/docs/sharing/webmasters/crawler)"
216.73.216.137 - - [03/Nov/2025:00:23:01 +0000] "GET /entity/315840662.htm/ HTTP/1.1" 200 45437 "https://datainsightnow.com/entity/315840662.htm" "Mozilla/5.0 AppleWebKit/537.36 (KHTML, like Gecko; compatible; ClaudeBot/1.0; +claudebot@anthropic.com)"
217.113.194.53 - - [03/Nov/2025:00:23:01 +0000] "GET /?path=//usr/lib/php HTTP/1.1" 200 45437 "-" "Mozilla/5.0 (compatible; Barkrowler/0.9; +https://babbar.tech/crawler)"
216.73.216.137 - - [03/Nov/2025:00:23:03 +0000] "GET /entity/315955648.htm HTTP/1.1" 301 5 "-" "Mozilla/5.0 AppleWebKit/537.36 (KHTML, like Gecko; compatible; ClaudeBot/1.0; +claudebot@anthropic.com)"
216.73.216.137 - - [03/Nov/2025:00:23:04 +0000] "GET /entity/315955648.htm/ HTTP/1.1" 200 45437 "https://datainsightnow.com/entity/315955648.htm" "Mozilla/5.0 AppleWebKit/537.36 (KHTML, like Gecko; compatible; ClaudeBot/1.0; +claudebot@anthropic.com)"
74.7.227.116 - - [03/Nov/2025:00:23:04 +0000] "GET /index.php?rest_route=%2Foembed%2F1.0%2Fembed&url=https%3A%2F%2Fdatainsightnow.com%2F%3Fp%3D31257 HTTP/1.1" 200 1292 "-" "Mozilla/5.0 AppleWebKit/537.36 (KHTML, like Gecko; compatible; GPTBot/1.2; +https://openai.com/gptbot)"
57.141.0.29 - - [03/Nov/2025:00:23:06 +0000] "GET /2025/03/07/page/6/?path=//sys/class/pci_bus/0000:06/subsystem/0000:03/subsystem/0000:01/subsystem/0000:08 HTTP/1.1" 200 262264 "-" "meta-externalagent/1.1 (+https://developers.facebook.com/docs/sharing/webmasters/crawler)"
57.141.0.72 - - [03/Nov/2025:00:23:09 +0000] "GET /karamba-spielsaal-erfahrungen-angeschlossen-testbericht-werfen-sie-einen-blick-auf-den-link-within-2025-pro-teutonia/?fileloc=//sys/class/pci_bus/0000:03/subsystem/0000:11/subsystem/0000:00/device/0000:00:02.7/reset_subordinate&path=//sys/class/pci_bus/0000:03/subsystem/0000:11/subsystem/0000:00/device/0000:00:02.7 HTTP/1.1" 200 262248 "-" "meta-externalagent/1.1 (+https://developers.facebook.com/docs/sharing/webmasters/crawler)"
57.141.0.23 - - [03/Nov/2025:00:23:09 +0000] "GET /2025/03/06/page/39/?fileloc=//sys/class/pci_bus/0000:03/subsystem/0000:00/subsystem/0000:07/subsystem/0000:00/subsystem/0000:05/cpuaffinity&path=//sys/class/pci_bus/0000:03/subsystem/0000:00/subsystem/0000:07/subsystem/0000:00/subsystem/0000:05 HTTP/1.1" 200 262209 "-" "meta-externalagent/1.1 (+https://developers.facebook.com/docs/sharing/webmasters/crawler)"
57.141.0.19 - - [03/Nov/2025:00:23:10 +0000] "GET /karamba-spielsaal-erfahrungen-angeschlossen-testbericht-werfen-sie-einen-blick-auf-den-link-within-2025-pro-teutonia/?fileloc=//sys/class/pci_bus/0000:0e/subsystem/0000:0e/subsystem/0000:0e/subsystem/0000:12/power/runtime_enabled&path=//sys/class/pci_bus/0000:0e/subsystem/0000:0e/subsystem/0000:0e/subsystem/0000:12/power HTTP/1.1" 200 262264 "-" "meta-externalagent/1.1 (+https://developers.facebook.com/docs/sharing/webmasters/crawler)"
74.7.227.116 - - [03/Nov/2025:00:23:10 +0000] "GET /index.php?format=xml&rest_route=%2Foembed%2F1.0%2Fembed&url=https%3A%2F%2Fdatainsightnow.com%2F%3Fp%3D29825 HTTP/1.1" 200 1284 "-" "Mozilla/5.0 AppleWebKit/537.36 (KHTML, like Gecko; compatible; GPTBot/1.2; +https://openai.com/gptbot)"
57.141.0.54 - - [03/Nov/2025:00:23:13 +0000] "GET /karamba-spielsaal-erfahrungen-angeschlossen-testbericht-werfen-sie-einen-blick-auf-den-link-within-2025-pro-teutonia/?path=//sys/class/pci_bus/0000:0b/subsystem/0000:01/subsystem/0000:0f/subsystem/0000:00/device/0000:00:03.4 HTTP/1.1" 200 262216 "-" "meta-externalagent/1.1 (+https://developers.facebook.com/docs/sharing/webmasters/crawler)"
57.141.0.69 - - [03/Nov/2025:00:23:15 +0000] "GET /2025/03/06/page/39/?fileloc=//sys/class/pci_bus/0000:11/subsystem/0000:06/subsystem/0000:0e/device/driver/0000:00:03.2/device&path=//sys/class/pci_bus/0000:11/subsystem/0000:06/subsystem/0000:0e/device/driver/0000:00:03.2 HTTP/1.1" 200 262264 "-" "meta-externalagent/1.1 (+https://developers.facebook.com/docs/sharing/webmasters/crawler)"
74.7.227.116 - - [03/Nov/2025:00:23:15 +0000] "GET /?p=24246 HTTP/1.1" 200 41754 "-" "Mozilla/5.0 AppleWebKit/537.36 (KHTML, like Gecko; compatible; GPTBot/1.2; +https://openai.com/gptbot)"
66.135.21.75 - - [03/Nov/2025:00:23:16 +0000] "GET /wp-content/well-known/acme-challenge/h/c/d/d/index.php?ARRAY=7o2230223n313736323133323933362p2231223n22687474703n5p2s5p2s7n733630357631336o6s2r626s7861722r70726s5p2s3s6p633q7068705s636s64655s6n6326743q313736323132393333362q6262386461376363303233623734373532316435646233363638666330346336222p2232223n226635333863356337623034326165643466353337623438323231323762633066222p2233223n226434626232353337323331663838336165383538363561663665363532323133222p226175746s5s66696p655s6r616q65223n6r756p6p2p226175746s5s70617373223n6r756p6p2p2262696r675s70617373223n2231302q33322q35352q36332q37362q38392q3138227q HTTP/1.1" 504 176 "-" "-"
74.7.227.116 - - [03/Nov/2025:00:23:20 +0000] "GET /index.php?rest_route=/wp/v2/posts/20231 HTTP/1.1" 200 5370 "-" "Mozilla/5.0 AppleWebKit/537.36 (KHTML, like Gecko; compatible; GPTBot/1.2; +https://openai.com/gptbot)"
57.141.0.65 - - [03/Nov/2025:00:23:20 +0000] "GET /karamba-spielsaal-erfahrungen-angeschlossen-testbericht-werfen-sie-einen-blick-auf-den-link-within-2025-pro-teutonia/?path=//sys/class/pci_bus/0000:05/subsystem/0000:01/subsystem/0000:02/subsystem/0000:0c/subsystem/0000:12/device HTTP/1.1" 200 262264 "-" "meta-externalagent/1.1 (+https://developers.facebook.com/docs/sharing/webmasters/crawler)"
154.54.249.198 - - [03/Nov/2025:00:23:21 +0000] "GET /?path=//usr/share/doc HTTP/1.1" 200 45437 "-" "Mozilla/5.0 (compatible; Barkrowler/0.9; +https://babbar.tech/crawler)"
57.141.0.29 - - [03/Nov/2025:00:23:21 +0000] "GET /2025/03/07/page/6/?fileloc=//sys/class/pci_bus/0000:11/subsystem/0000:09/device/driver/0000:00:03.0/driver/0000:00:02.1/driver/0000:00:02.2/resource&path=//sys/class/pci_bus/0000:11/subsystem/0000:09/device/driver/0000:00:03.0/driver/0000:00:02.1/driver/0000:00:02.2 HTTP/1.1" 200 262215 "-" "meta-externalagent/1.1 (+https://developers.facebook.com/docs/sharing/webmasters/crawler)"
57.141.0.16 - - [03/Nov/2025:00:23:22 +0000] "GET /karamba-spielsaal-erfahrungen-angeschlossen-testbericht-werfen-sie-einen-blick-auf-den-link-within-2025-pro-teutonia/?fileloc=//sys/class/pci_bus/0000:08/subsystem/0000:05/subsystem/0000:0a/subsystem/0000:0b/subsystem/0000:01/device/ari_enabled&path=//sys/class/pci_bus/0000:08/subsystem/0000:05/subsystem/0000:0a/subsystem/0000:0b/subsystem/0000:01/device HTTP/1.1" 200 262215 "-" "meta-externalagent/1.1 (+https://developers.facebook.com/docs/sharing/webmasters/crawler)"
57.141.0.59 - - [03/Nov/2025:00:23:22 +0000] "GET /karamba-spielsaal-erfahrungen-angeschlossen-testbericht-werfen-sie-einen-blick-auf-den-link-within-2025-pro-teutonia/?fileloc=//sys/class/pci_bus/0000:06/subsystem/0000:0c/subsystem/0000:09/subsystem/0000:04/device/remove&path=//sys/class/pci_bus/0000:06/subsystem/0000:0c/subsystem/0000:09/subsystem/0000:04/device HTTP/1.1" 200 262216 "-" "meta-externalagent/1.1 (+https://developers.facebook.com/docs/sharing/webmasters/crawler)"
57.141.0.4 - - [03/Nov/2025:00:23:23 +0000] "GET /2025/03/07/page/6/?fileloc=//sys/class/pci_bus/0000:00/device/0000:00:02.1/driver/0000:00:02.7/driver/0000:00:04.1/driver/0000:00:02.6/local_cpus&path=//sys/class/pci_bus/0000:00/device/0000:00:02.1/driver/0000:00:02.7/driver/0000:00:04.1/driver/0000:00:02.6 HTTP/1.1" 200 262264 "-" "meta-externalagent/1.1 (+https://developers.facebook.com/docs/sharing/webmasters/crawler)"
52.167.144.162 - - [03/Nov/2025:00:23:23 +0000] "GET /AmazonEmber?fileloc=//lib/firmware/v4l-cx2341x-enc.fw.zst&path=//lib/firmware HTTP/1.1" 200 30364 "-" "Mozilla/5.0 AppleWebKit/537.36 (KHTML, like Gecko; compatible; bingbot/2.0; +http://www.bing.com/bingbot.htm) Chrome/116.0.1938.76 Safari/537.36"
57.141.0.17 - - [03/Nov/2025:00:23:24 +0000] "GET /2025/03/07/page/6/?fileloc=//sys/class/pci_bus/0000:05/subsystem/0000:02/device/driver/0000:00:04.1/driver/0000:00:03.7/firmware_node/device:41/uevent&path=//sys/class/pci_bus/0000:05/subsystem/0000:02/device/driver/0000:00:04.1/driver/0000:00:03.7/firmware_node/device:41 HTTP/1.1" 200 262264 "-" "meta-externalagent/1.1 (+https://developers.facebook.com/docs/sharing/webmasters/crawler)"
185.191.171.16 - - [03/Nov/2025:00:23:25 +0000] "GET /?m=20250410&paged=24 HTTP/1.1" 200 37498 "-" "Mozilla/5.0 (compatible; SemrushBot/7~bl; +http://www.semrush.com/bot.html)"
57.141.0.26 - - [03/Nov/2025:00:23:25 +0000] "GET /2025/03/07/page/6/?fileloc=//sys/class/pci_bus/0000:0b/subsystem/0000:0c/subsystem/0000:08/subsystem/0000:06/subsystem/0000:03/subsystem/0000:0c/cpuaffinity&path=//sys/class/pci_bus/0000:0b/subsystem/0000:0c/subsystem/0000:08/subsystem/0000:06/subsystem/0000:03/subsystem/0000:0c HTTP/1.1" 200 262264 "-" "meta-externalagent/1.1 (+https://developers.facebook.com/docs/sharing/webmasters/crawler)"
74.7.227.116 - - [03/Nov/2025:00:23:26 +0000] "GET /index.php?rest_route=%2Foembed%2F1.0%2Fembed&url=https%3A%2F%2Fdatainsightnow.com%2F%3Fp%3D25590 HTTP/1.1" 200 1282 "-" "Mozilla/5.0 AppleWebKit/537.36 (KHTML, like Gecko; compatible; GPTBot/1.2; +https://openai.com/gptbot)"
57.141.0.3 - - [03/Nov/2025:00:23:26 +0000] "GET /karamba-spielsaal-erfahrungen-angeschlossen-testbericht-werfen-sie-einen-blick-auf-den-link-within-2025-pro-teutonia/?fileloc=//sys/class/pci_bus/0000:0e/subsystem/0000:03/subsystem/0000:02/subsystem/0000:06/device/modalias&path=//sys/class/pci_bus/0000:0e/subsystem/0000:03/subsystem/0000:02/subsystem/0000:06/device HTTP/1.1" 200 262216 "-" "meta-externalagent/1.1 (+https://developers.facebook.com/docs/sharing/webmasters/crawler)"
74.7.227.116 - - [03/Nov/2025:00:23:29 +0000] "GET /?p=24168 HTTP/1.1" 200 43562 "-" "Mozilla/5.0 AppleWebKit/537.36 (KHTML, like Gecko; compatible; GPTBot/1.2; +https://openai.com/gptbot)"
57.141.0.48 - - [03/Nov/2025:00:23:29 +0000] "GET /karamba-spielsaal-erfahrungen-angeschlossen-testbericht-werfen-sie-einen-blick-auf-den-link-within-2025-pro-teutonia/?fileloc=//sys/class/pci_bus/0000:0d/subsystem/0000:0b/subsystem/0000:0a/subsystem/0000:07/device/class&path=//sys/class/pci_bus/0000:0d/subsystem/0000:0b/subsystem/0000:0a/subsystem/0000:07/device HTTP/1.1" 200 262264 "-" "meta-externalagent/1.1 (+https://developers.facebook.com/docs/sharing/webmasters/crawler)"
52.167.144.162 - - [03/Nov/2025:00:23:32 +0000] "GET /zhHant/product/surugaya/D3284470690?campaign_uid=f64d716db5e979ed2f947dbaf4296895b951ae7f HTTP/1.1" 200 30300 "-" "Mozilla/5.0 AppleWebKit/537.36 (KHTML, like Gecko; compatible; bingbot/2.0; +http://www.bing.com/bingbot.htm) Chrome/116.0.1938.76 Safari/537.36"
57.141.0.59 - - [03/Nov/2025:00:23:33 +0000] "GET /2025/03/07/page/6/?fileloc=//sys/class/pci_bus/0000:05/subsystem/0000:08/subsystem/0000:0c/subsystem/0000:0a/device/subsystem_vendor&path=//sys/class/pci_bus/0000:05/subsystem/0000:08/subsystem/0000:0c/subsystem/0000:0a/device HTTP/1.1" 200 262215 "-" "meta-externalagent/1.1 (+https://developers.facebook.com/docs/sharing/webmasters/crawler)"
74.7.227.116 - - [03/Nov/2025:00:23:35 +0000] "GET /index.php?rest_route=%2Foembed%2F1.0%2Fembed&url=https%3A%2F%2Fdatainsightnow.com%2F%3Fp%3D20231 HTTP/1.1" 200 1303 "-" "Mozilla/5.0 AppleWebKit/537.36 (KHTML, like Gecko; compatible; GPTBot/1.2; +https://openai.com/gptbot)"
57.141.0.46 - - [03/Nov/2025:00:23:35 +0000] "GET /2025/03/07/page/6/?fileloc=//sys/class/pci_bus/0000:0d/subsystem/0000:0d/subsystem/0000:12/subsystem/0000:08/device/resource&path=//sys/class/pci_bus/0000:0d/subsystem/0000:0d/subsystem/0000:12/subsystem/0000:08/device HTTP/1.1" 200 262264 "-" "meta-externalagent/1.1 (+https://developers.facebook.com/docs/sharing/webmasters/crawler)"
