216.73.216.137 - - [04/Nov/2025:00:55:08 +0000] "GET /entity/305169852.htm HTTP/1.1" 301 5 "-" "Mozilla/5.0 AppleWebKit/537.36 (KHTML, like Gecko; compatible; ClaudeBot/1.0; +claudebot@anthropic.com)"
40.77.167.12 - - [04/Nov/2025:00:55:08 +0000] "GET /al_c?fileloc=//usr/include/linux/cciss_ioctl.h&path=//usr/include/linux HTTP/1.1" 200 29384 "-" "Mozilla/5.0 AppleWebKit/537.36 (KHTML, like Gecko; compatible; bingbot/2.0; +http://www.bing.com/bingbot.htm) Chrome/116.0.1938.76 Safari/537.36"
216.73.216.137 - - [04/Nov/2025:00:55:08 +0000] "GET /entity/305169852.htm/ HTTP/1.1" 200 45436 "https://datainsightnow.com/entity/305169852.htm" "Mozilla/5.0 AppleWebKit/537.36 (KHTML, like Gecko; compatible; ClaudeBot/1.0; +claudebot@anthropic.com)"
196.251.66.105 - - [04/Nov/2025:00:55:09 +0000] "GET /wp-includes/blocks/shortcode/index.php HTTP/1.1" 404 564 "-" "Mozilla/5.0 (Linux; Android 7.0; SM-G892A Build/NRD90M; wv) AppleWebKit/537.36 (KHTML, Gecko) Version/4.0 Chrome/60.0.3112.107 Mobile Safari/537.36"
57.141.0.23 - - [04/Nov/2025:00:55:09 +0000] "GET /2025/03/07/page/6/?fileloc=//sys/class/pci_bus/0000:05/subsystem/0000:06/subsystem/0000:0b/subsystem/0000:03/subsystem/0000:00/device/0000:00:1f.3/subsystem_device&path=//sys/class/pci_bus/0000:05/subsystem/0000:06/subsystem/0000:0b/subsystem/0000:03/subsystem/0000:00/device/0000:00:1f.3 HTTP/1.1" 200 262248 "-" "meta-externalagent/1.1 (+https://developers.facebook.com/docs/sharing/webmasters/crawler)"
57.141.0.15 - - [04/Nov/2025:00:55:11 +0000] "GET /2025/03/07/page/6/?fileloc=//sys/class/pci_bus/0000:07/device/driver/0000:00:03.2/subsystem/devices/0000:06:00.0/class&path=//sys/class/pci_bus/0000:07/device/driver/0000:00:03.2/subsystem/devices/0000:06:00.0 HTTP/1.1" 200 262264 "-" "meta-externalagent/1.1 (+https://developers.facebook.com/docs/sharing/webmasters/crawler)"
216.73.216.137 - - [04/Nov/2025:00:55:11 +0000] "GET /entity/305222176.htm HTTP/1.1" 301 5 "-" "Mozilla/5.0 AppleWebKit/537.36 (KHTML, like Gecko; compatible; ClaudeBot/1.0; +claudebot@anthropic.com)"
74.7.227.116 - - [04/Nov/2025:00:55:11 +0000] "GET /index.php?format=xml&rest_route=%2Foembed%2F1.0%2Fembed&url=https%3A%2F%2Fdatainsightnow.com%2F%3Fp%3D13803 HTTP/1.1" 200 1304 "-" "Mozilla/5.0 AppleWebKit/537.36 (KHTML, like Gecko; compatible; GPTBot/1.2; +https://openai.com/gptbot)"
217.113.194.213 - - [04/Nov/2025:00:55:12 +0000] "GET /?fileloc=//etc/sensors3.conf&path=//etc HTTP/1.1" 200 45436 "-" "Mozilla/5.0 (compatible; Barkrowler/0.9; +https://babbar.tech/crawler)"
57.141.0.44 - - [04/Nov/2025:00:55:12 +0000] "GET /karamba-spielsaal-erfahrungen-angeschlossen-testbericht-werfen-sie-einen-blick-auf-den-link-within-2025-pro-teutonia/?fileloc=//sys/class/pci_bus/0000:0f/subsystem/0000:05/subsystem/0000:12/subsystem/0000:04/subsystem/0000:08/rescan&path=//sys/class/pci_bus/0000:0f/subsystem/0000:05/subsystem/0000:12/subsystem/0000:04/subsystem/0000:08 HTTP/1.1" 200 262209 "-" "meta-externalagent/1.1 (+https://developers.facebook.com/docs/sharing/webmasters/crawler)"
196.251.66.105 - - [04/Nov/2025:00:55:12 +0000] "GET /wp-includes/blocks/site-logo/index.php HTTP/1.1" 404 564 "-" "Mozilla/5.0 (Linux; Android 7.0; SM-G892A Build/NRD90M; wv) AppleWebKit/537.36 (KHTML, Gecko) Version/4.0 Chrome/60.0.3112.107 Mobile Safari/537.36"
216.73.216.137 - - [04/Nov/2025:00:55:12 +0000] "GET /entity/305222176.htm/ HTTP/1.1" 200 45436 "https://datainsightnow.com/entity/305222176.htm" "Mozilla/5.0 AppleWebKit/537.36 (KHTML, like Gecko; compatible; ClaudeBot/1.0; +claudebot@anthropic.com)"
57.141.0.12 - - [04/Nov/2025:00:55:13 +0000] "GET /2025/03/07/page/6/?fileloc=//sys/class/pci_bus/0000:12/subsystem/0000:00/device/0000:00:04.1/driver/0000:00:02.5/driver/0000:00:03.7/rescan&path=//sys/class/pci_bus/0000:12/subsystem/0000:00/device/0000:00:04.1/driver/0000:00:02.5/driver/0000:00:03.7 HTTP/1.1" 200 262264 "-" "meta-externalagent/1.1 (+https://developers.facebook.com/docs/sharing/webmasters/crawler)"
57.141.0.49 - - [04/Nov/2025:00:55:13 +0000] "GET /karamba-spielsaal-erfahrungen-angeschlossen-testbericht-werfen-sie-einen-blick-auf-den-link-within-2025-pro-teutonia/?path=//sys/class/pci_bus/0000:08/subsystem/0000:0f/device/driver/0000:00:03.0/driver/0000:00:03.0/driver/0000:00:02.1/0000:00:02.1:pcie002 HTTP/1.1" 200 262264 "-" "meta-externalagent/1.1 (+https://developers.facebook.com/docs/sharing/webmasters/crawler)"
57.141.0.14 - - [04/Nov/2025:00:55:13 +0000] "GET /karamba-spielsaal-erfahrungen-angeschlossen-testbericht-werfen-sie-einen-blick-auf-den-link-within-2025-pro-teutonia/?fileloc=//sys/class/pci_bus/0000:04/device/driver/0000:00:02.3/subsystem/drivers/lpc_ich/0000:00:1f.0/vendor&path=//sys/class/pci_bus/0000:04/device/driver/0000:00:02.3/subsystem/drivers/lpc_ich/0000:00:1f.0 HTTP/1.1" 200 262264 "-" "meta-externalagent/1.1 (+https://developers.facebook.com/docs/sharing/webmasters/crawler)"
216.73.216.137 - - [04/Nov/2025:00:55:14 +0000] "GET /entity/536768698.htm HTTP/1.1" 301 5 "-" "Mozilla/5.0 AppleWebKit/537.36 (KHTML, like Gecko; compatible; ClaudeBot/1.0; +claudebot@anthropic.com)"
216.73.216.137 - - [04/Nov/2025:00:55:14 +0000] "GET /entity/536768698.htm/ HTTP/1.1" 200 45436 "https://datainsightnow.com/entity/536768698.htm" "Mozilla/5.0 AppleWebKit/537.36 (KHTML, like Gecko; compatible; ClaudeBot/1.0; +claudebot@anthropic.com)"
196.251.66.105 - - [04/Nov/2025:00:55:14 +0000] "GET /wp-includes/blocks/site-tagline/index.php HTTP/1.1" 404 564 "-" "Mozilla/5.0 (Linux; Android 7.0; SM-G892A Build/NRD90M; wv) AppleWebKit/537.36 (KHTML, Gecko) Version/4.0 Chrome/60.0.3112.107 Mobile Safari/537.36"
57.141.0.63 - - [04/Nov/2025:00:55:16 +0000] "GET /2025/03/07/page/6/?fileloc=//sys/class/pci_bus/0000:07/subsystem/0000:01/subsystem/0000:0d/subsystem/0000:06/device/driver/0000:00:03.6/driver/0000:00:02.0/enable&path=//sys/class/pci_bus/0000:07/subsystem/0000:01/subsystem/0000:0d/subsystem/0000:06/device/driver/0000:00:03.6/driver/0000:00:02.0 HTTP/1.1" 200 262215 "-" "meta-externalagent/1.1 (+https://developers.facebook.com/docs/sharing/webmasters/crawler)"
216.73.216.137 - - [04/Nov/2025:00:55:17 +0000] "GET /entity/536628838.htm HTTP/1.1" 301 5 "-" "Mozilla/5.0 AppleWebKit/537.36 (KHTML, like Gecko; compatible; ClaudeBot/1.0; +claudebot@anthropic.com)"
216.73.216.137 - - [04/Nov/2025:00:55:17 +0000] "GET /entity/536628838.htm/ HTTP/1.1" 200 45436 "https://datainsightnow.com/entity/536628838.htm" "Mozilla/5.0 AppleWebKit/537.36 (KHTML, like Gecko; compatible; ClaudeBot/1.0; +claudebot@anthropic.com)"
57.141.0.41 - - [04/Nov/2025:00:55:17 +0000] "GET /2025/03/07/page/6/?path=//sys/class/pci_bus/0000:13/subsystem/0000:08/device/driver/0000:00:03.5/driver/0000:00:03.1 HTTP/1.1" 200 262264 "-" "meta-externalagent/1.1 (+https://developers.facebook.com/docs/sharing/webmasters/crawler)"
74.7.227.116 - - [04/Nov/2025:00:55:19 +0000] "GET /index.php?format=xml&rest_route=%2Foembed%2F1.0%2Fembed&url=https%3A%2F%2Fdatainsightnow.com%2F%3Fp%3D13811 HTTP/1.1" 200 1285 "-" "Mozilla/5.0 AppleWebKit/537.36 (KHTML, like Gecko; compatible; GPTBot/1.2; +https://openai.com/gptbot)"
216.73.216.137 - - [04/Nov/2025:00:55:20 +0000] "GET /entity/305131781.htm HTTP/1.1" 301 5 "-" "Mozilla/5.0 AppleWebKit/537.36 (KHTML, like Gecko; compatible; ClaudeBot/1.0; +claudebot@anthropic.com)"
196.251.66.105 - - [04/Nov/2025:00:55:20 +0000] "GET /wp-includes/blocks/site-title/index.php HTTP/1.1" 404 564 "-" "Mozilla/5.0 (Linux; Android 7.0; SM-G892A Build/NRD90M; wv) AppleWebKit/537.36 (KHTML, Gecko) Version/4.0 Chrome/60.0.3112.107 Mobile Safari/537.36"
57.141.0.19 - - [04/Nov/2025:00:55:20 +0000] "GET /2025/03/06/page/39/?path=//sys/class/pci_bus/0000:13/subsystem/0000:07/subsystem/0000:0c/subsystem/0000:0c/subsystem/0000:08 HTTP/1.1" 200 262209 "-" "meta-externalagent/1.1 (+https://developers.facebook.com/docs/sharing/webmasters/crawler)"
216.73.216.137 - - [04/Nov/2025:00:55:20 +0000] "GET /entity/305131781.htm/ HTTP/1.1" 200 45436 "https://datainsightnow.com/entity/305131781.htm" "Mozilla/5.0 AppleWebKit/537.36 (KHTML, like Gecko; compatible; ClaudeBot/1.0; +claudebot@anthropic.com)"
196.251.66.105 - - [04/Nov/2025:00:55:22 +0000] "GET /wp-includes/blocks/social-link/index.php HTTP/1.1" 404 564 "-" "Mozilla/5.0 (Linux; Android 7.0; SM-G892A Build/NRD90M; wv) AppleWebKit/537.36 (KHTML, Gecko) Version/4.0 Chrome/60.0.3112.107 Mobile Safari/537.36"
216.73.216.137 - - [04/Nov/2025:00:55:23 +0000] "GET /entity/536682188.htm HTTP/1.1" 301 5 "-" "Mozilla/5.0 AppleWebKit/537.36 (KHTML, like Gecko; compatible; ClaudeBot/1.0; +claudebot@anthropic.com)"
216.73.216.137 - - [04/Nov/2025:00:55:23 +0000] "GET /entity/536682188.htm/ HTTP/1.1" 200 45436 "https://datainsightnow.com/entity/536682188.htm" "Mozilla/5.0 AppleWebKit/537.36 (KHTML, like Gecko; compatible; ClaudeBot/1.0; +claudebot@anthropic.com)"
196.251.66.105 - - [04/Nov/2025:00:55:23 +0000] "GET /wp-includes/pomo/index.php HTTP/1.1" 404 564 "-" "Mozilla/5.0 (Linux; Android 7.0; SM-G892A Build/NRD90M; wv) AppleWebKit/537.36 (KHTML, Gecko) Version/4.0 Chrome/60.0.3112.107 Mobile Safari/537.36"
57.141.0.3 - - [04/Nov/2025:00:55:24 +0000] "GET /2025/03/06/page/39/?path=//sys/class/pci_bus/0000:05/device/driver/0000:00:02.6/subsystem/devices/0000:00:03.1/driver/0000:00:02.6/power HTTP/1.1" 200 262209 "-" "meta-externalagent/1.1 (+https://developers.facebook.com/docs/sharing/webmasters/crawler)"
196.251.66.105 - - [04/Nov/2025:00:55:24 +0000] "GET /wp-includes/Requests/library/index.php HTTP/1.1" 404 564 "-" "Mozilla/5.0 (Linux; Android 7.0; SM-G892A Build/NRD90M; wv) AppleWebKit/537.36 (KHTML, Gecko) Version/4.0 Chrome/60.0.3112.107 Mobile Safari/537.36"
66.249.65.99 - - [04/Nov/2025:00:55:24 +0000] "GET /?63876389?entity=0063630022 HTTP/1.1" 200 30352 "-" "Mozilla/5.0 (Linux; Android 6.0.1; Nexus 5X Build/MMB29P) AppleWebKit/537.36 (KHTML, like Gecko) Chrome/141.0.7390.122 Mobile Safari/537.36 (compatible; Googlebot/2.1; +http://www.google.com/bot.html)"
114.119.157.166 - - [04/Nov/2025:00:55:25 +0000] "GET /zodiac-kasino-erfahrungen-2024-480-bonus-80-freispiele?path=//sys/dev/char/5:1/subsystem/tty5/subsystem/ttyS18/subsystem/tty24/subsystem/tty59 HTTP/1.1" 301 5 "https://datainsightnow.com/zodiac-kasino-erfahrungen-2024-480-bonus-80-freispiele/?path=//sys/dev/char/5%3A1/subsystem/tty5/subsystem/ttyS18/subsystem/tty24/subsystem" "Mozilla/5.0 (Linux; Android 7.0;) AppleWebKit/537.36 (KHTML, like Gecko) Mobile Safari/537.36 (compatible; PetalBot;+https://webmaster.petalsearch.com/site/petalbot)"
57.141.0.47 - - [04/Nov/2025:00:55:25 +0000] "GET /2025/03/06/page/39/?path=//sys/class/pci_bus/0000:04/subsystem/0000:10/subsystem/0000:0d/subsystem/0000:00 HTTP/1.1" 200 262209 "-" "meta-externalagent/1.1 (+https://developers.facebook.com/docs/sharing/webmasters/crawler)"
216.73.216.137 - - [04/Nov/2025:00:55:26 +0000] "GET /entity/536623395.htm HTTP/1.1" 301 5 "-" "Mozilla/5.0 AppleWebKit/537.36 (KHTML, like Gecko; compatible; ClaudeBot/1.0; +claudebot@anthropic.com)"
216.73.216.137 - - [04/Nov/2025:00:55:26 +0000] "GET /entity/536623395.htm/ HTTP/1.1" 200 45436 "https://datainsightnow.com/entity/536623395.htm" "Mozilla/5.0 AppleWebKit/537.36 (KHTML, like Gecko; compatible; ClaudeBot/1.0; +claudebot@anthropic.com)"
196.251.66.105 - - [04/Nov/2025:00:55:26 +0000] "GET /wp-includes/blocks/navigation-link/index.php HTTP/1.1" 404 564 "-" "Mozilla/5.0 (Linux; Android 7.0; SM-G892A Build/NRD90M; wv) AppleWebKit/537.36 (KHTML, Gecko) Version/4.0 Chrome/60.0.3112.107 Mobile Safari/537.36"
74.7.227.116 - - [04/Nov/2025:00:55:27 +0000] "GET /index.php?rest_route=%2Foembed%2F1.0%2Fembed&url=https%3A%2F%2Fdatainsightnow.com%2F%3Fp%3D13811 HTTP/1.1" 200 1257 "-" "Mozilla/5.0 AppleWebKit/537.36 (KHTML, like Gecko; compatible; GPTBot/1.2; +https://openai.com/gptbot)"
40.77.167.12 - - [04/Nov/2025:00:55:27 +0000] "GET /enc_avif?fileloc=//usr/lib/systemd/system/dpkg-db-backup.service&path=//usr/lib/systemd/system HTTP/1.1" 200 30021 "-" "Mozilla/5.0 AppleWebKit/537.36 (KHTML, like Gecko; compatible; bingbot/2.0; +http://www.bing.com/bingbot.htm) Chrome/116.0.1938.76 Safari/537.36"
114.119.157.166 - - [04/Nov/2025:00:55:27 +0000] "GET /zodiac-kasino-erfahrungen-2024-480-bonus-80-freispiele/?path=//sys/dev/char/5:1/subsystem/tty5/subsystem/ttyS18/subsystem/tty24/subsystem/tty59 HTTP/1.1" 200 45437 "https://datainsightnow.com/zodiac-kasino-erfahrungen-2024-480-bonus-80-freispiele/?path=//sys/dev/char/5%3A1/subsystem/tty5/subsystem/ttyS18/subsystem/tty24/subsystem" "Mozilla/5.0 (Linux; Android 7.0;) AppleWebKit/537.36 (KHTML, like Gecko) Mobile Safari/537.36 (compatible; PetalBot;+https://webmaster.petalsearch.com/site/petalbot)"
216.73.216.137 - - [04/Nov/2025:00:55:29 +0000] "GET /entity/536705241.htm HTTP/1.1" 301 5 "-" "Mozilla/5.0 AppleWebKit/537.36 (KHTML, like Gecko; compatible; ClaudeBot/1.0; +claudebot@anthropic.com)"
196.251.66.105 - - [04/Nov/2025:00:55:29 +0000] "GET /wp-includes/Requests/src/Exception/index.php HTTP/1.1" 404 564 "-" "Mozilla/5.0 (Linux; Android 7.0; SM-G892A Build/NRD90M; wv) AppleWebKit/537.36 (KHTML, Gecko) Version/4.0 Chrome/60.0.3112.107 Mobile Safari/537.36"
216.73.216.137 - - [04/Nov/2025:00:55:29 +0000] "GET /entity/536705241.htm/ HTTP/1.1" 200 45436 "https://datainsightnow.com/entity/536705241.htm" "Mozilla/5.0 AppleWebKit/537.36 (KHTML, like Gecko; compatible; ClaudeBot/1.0; +claudebot@anthropic.com)"
196.251.66.105 - - [04/Nov/2025:00:55:29 +0000] "GET /wp-includes/css/dist/index.php HTTP/1.1" 404 564 "-" "Mozilla/5.0 (Linux; Android 7.0; SM-G892A Build/NRD90M; wv) AppleWebKit/537.36 (KHTML, Gecko) Version/4.0 Chrome/60.0.3112.107 Mobile Safari/537.36"
57.141.0.25 - - [04/Nov/2025:00:55:30 +0000] "GET /karamba-spielsaal-erfahrungen-angeschlossen-testbericht-werfen-sie-einen-blick-auf-den-link-within-2025-pro-teutonia/?path=//sys/class/pci_bus/0000:08/device/driver/0000:00:02.7/driver/0000:00:02.0/driver/0000:00:02.3/power HTTP/1.1" 200 262209 "-" "meta-externalagent/1.1 (+https://developers.facebook.com/docs/sharing/webmasters/crawler)"
57.141.0.23 - - [04/Nov/2025:00:55:31 +0000] "GET /2025/03/06/page/39/?fileloc=//sys/class/pci_bus/0000:02/subsystem/0000:0e/subsystem/0000:09/subsystem/0000:02/uevent&path=//sys/class/pci_bus/0000:02/subsystem/0000:0e/subsystem/0000:09/subsystem/0000:02 HTTP/1.1" 200 262209 "-" "meta-externalagent/1.1 (+https://developers.facebook.com/docs/sharing/webmasters/crawler)"
196.251.66.105 - - [04/Nov/2025:00:55:31 +0000] "GET /wp-includes/blocks/comment-date/index.php HTTP/1.1" 404 564 "-" "Mozilla/5.0 (Linux; Android 7.0; SM-G892A Build/NRD90M; wv) AppleWebKit/537.36 (KHTML, Gecko) Version/4.0 Chrome/60.0.3112.107 Mobile Safari/537.36"
217.113.194.61 - - [04/Nov/2025:00:55:31 +0000] "GET /?fileloc=//etc/hdparm.conf&path=//etc HTTP/1.1" 200 45436 "-" "Mozilla/5.0 (compatible; Barkrowler/0.9; +https://babbar.tech/crawler)"
66.135.21.75 - - [04/Nov/2025:00:55:32 +0000] "POST /wp-cron.php?doing_wp_cron=1762217732.0575809478759765625000 HTTP/1.1" 200 31 "-" "WordPress/6.3.1; https://datainsightnow.com"
216.73.216.137 - - [04/Nov/2025:00:55:32 +0000] "GET /entity/536551389.htm HTTP/1.1" 301 5 "-" "Mozilla/5.0 AppleWebKit/537.36 (KHTML, like Gecko; compatible; ClaudeBot/1.0; +claudebot@anthropic.com)"
216.73.216.137 - - [04/Nov/2025:00:55:32 +0000] "GET /entity/536551389.htm/ HTTP/1.1" 200 45436 "https://datainsightnow.com/entity/536551389.htm" "Mozilla/5.0 AppleWebKit/537.36 (KHTML, like Gecko; compatible; ClaudeBot/1.0; +claudebot@anthropic.com)"
196.251.66.105 - - [04/Nov/2025:00:55:32 +0000] "GET /wp-includes/blocks/social-links/index.php HTTP/1.1" 404 564 "-" "Mozilla/5.0 (Linux; Android 7.0; SM-G892A Build/NRD90M; wv) AppleWebKit/537.36 (KHTML, Gecko) Version/4.0 Chrome/60.0.3112.107 Mobile Safari/537.36"
57.141.0.6 - - [04/Nov/2025:00:55:33 +0000] "GET /karamba-spielsaal-erfahrungen-angeschlossen-testbericht-werfen-sie-einen-blick-auf-den-link-within-2025-pro-teutonia/?fileloc=//sys/class/pci_bus/0000:02/subsystem/0000:0b/device/driver/0000:00:04.0/subsystem/devices/0000:00:03.0/resource0&path=//sys/class/pci_bus/0000:02/subsystem/0000:0b/device/driver/0000:00:04.0/subsystem/devices/0000:00:03.0 HTTP/1.1" 200 262215 "-" "meta-externalagent/1.1 (+https://developers.facebook.com/docs/sharing/webmasters/crawler)"
74.7.227.116 - - [04/Nov/2025:00:55:33 +0000] "GET /index.php?rest_route=/wp/v2/posts/13811 HTTP/1.1" 200 5413 "-" "Mozilla/5.0 AppleWebKit/537.36 (KHTML, like Gecko; compatible; GPTBot/1.2; +https://openai.com/gptbot)"
196.251.66.105 - - [04/Nov/2025:00:55:34 +0000] "GET /wp-includes/blocks/spacer/index.php HTTP/1.1" 404 564 "-" "Mozilla/5.0 (Linux; Android 7.0; SM-G892A Build/NRD90M; wv) AppleWebKit/537.36 (KHTML, Gecko) Version/4.0 Chrome/60.0.3112.107 Mobile Safari/537.36"
57.141.0.30 - - [04/Nov/2025:00:55:34 +0000] "GET /2025/03/07/page/6/?fileloc=//sys/class/pci_bus/0000:05/subsystem/0000:11/subsystem/0000:01/device/driver/0000:00:03.3/subsystem/drivers_probe&path=//sys/class/pci_bus/0000:05/subsystem/0000:11/subsystem/0000:01/device/driver/0000:00:03.3/subsystem HTTP/1.1" 200 262248 "-" "meta-externalagent/1.1 (+https://developers.facebook.com/docs/sharing/webmasters/crawler)"
216.73.216.137 - - [04/Nov/2025:00:55:35 +0000] "GET /entity/305285631.htm HTTP/1.1" 301 5 "-" "Mozilla/5.0 AppleWebKit/537.36 (KHTML, like Gecko; compatible; ClaudeBot/1.0; +claudebot@anthropic.com)"
216.73.216.137 - - [04/Nov/2025:00:55:35 +0000] "GET /entity/305285631.htm/ HTTP/1.1" 200 45436 "https://datainsightnow.com/entity/305285631.htm" "Mozilla/5.0 AppleWebKit/537.36 (KHTML, like Gecko; compatible; ClaudeBot/1.0; +claudebot@anthropic.com)"
216.73.216.137 - - [04/Nov/2025:00:55:38 +0000] "GET /entity/536693845.htm HTTP/1.1" 301 5 "-" "Mozilla/5.0 AppleWebKit/537.36 (KHTML, like Gecko; compatible; ClaudeBot/1.0; +claudebot@anthropic.com)"
196.251.66.105 - - [04/Nov/2025:00:55:38 +0000] "GET /wp-includes/blocks/table/index.php HTTP/1.1" 404 564 "-" "Mozilla/5.0 (Linux; Android 7.0; SM-G892A Build/NRD90M; wv) AppleWebKit/537.36 (KHTML, Gecko) Version/4.0 Chrome/60.0.3112.107 Mobile Safari/537.36"
216.73.216.137 - - [04/Nov/2025:00:55:38 +0000] "GET /entity/536693845.htm/ HTTP/1.1" 200 45436 "https://datainsightnow.com/entity/536693845.htm" "Mozilla/5.0 AppleWebKit/537.36 (KHTML, like Gecko; compatible; ClaudeBot/1.0; +claudebot@anthropic.com)"
74.7.227.116 - - [04/Nov/2025:00:55:38 +0000] "GET /index.php?format=xml&rest_route=%2Foembed%2F1.0%2Fembed&url=https%3A%2F%2Fdatainsightnow.com%2F%3Fp%3D13805 HTTP/1.1" 200 1296 "-" "Mozilla/5.0 AppleWebKit/537.36 (KHTML, like Gecko; compatible; GPTBot/1.2; +https://openai.com/gptbot)"
57.141.0.65 - - [04/Nov/2025:00:55:39 +0000] "GET /2025/03/07/page/6/?path=//sys/class/pci_bus/0000:09/device/0000:00:02.7:pcie001/subsystem/devices/0000:00:02.0:pcie002/driver/0000:00:03.5:pcie002/driver/0000:00:03.2:pcie002/subsystem/drivers HTTP/1.1" 200 262264 "-" "meta-externalagent/1.1 (+https://developers.facebook.com/docs/sharing/webmasters/crawler)"
57.141.0.65 - - [04/Nov/2025:00:55:39 +0000] "GET /2025/03/06/page/39/?fileloc=//sys/class/pci_bus/0000:0f/device/driver/0000:00:03.7/driver/0000:00:03.1/firmware_node/path&path=//sys/class/pci_bus/0000:0f/device/driver/0000:00:03.7/driver/0000:00:03.1/firmware_node HTTP/1.1" 200 262264 "-" "meta-externalagent/1.1 (+https://developers.facebook.com/docs/sharing/webmasters/crawler)"
196.251.66.105 - - [04/Nov/2025:00:55:40 +0000] "GET /wp-includes/blocks/tag-cloud/index.php HTTP/1.1" 404 564 "-" "Mozilla/5.0 (Linux; Android 7.0; SM-G892A Build/NRD90M; wv) AppleWebKit/537.36 (KHTML, Gecko) Version/4.0 Chrome/60.0.3112.107 Mobile Safari/537.36"
57.141.0.10 - - [04/Nov/2025:00:55:41 +0000] "GET /2025/03/07/page/6/?fileloc=//sys/class/pci_bus/0000:11/subsystem/0000:02/device/driver/0000:00:03.1/driver/0000:00:03.3/power/async&path=//sys/class/pci_bus/0000:11/subsystem/0000:02/device/driver/0000:00:03.1/driver/0000:00:03.3/power HTTP/1.1" 200 262248 "-" "meta-externalagent/1.1 (+https://developers.facebook.com/docs/sharing/webmasters/crawler)"
196.251.66.105 - - [04/Nov/2025:00:55:41 +0000] "GET /wp-includes/blocks/text-columns/index.php HTTP/1.1" 404 564 "-" "Mozilla/5.0 (Linux; Android 7.0; SM-G892A Build/NRD90M; wv) AppleWebKit/537.36 (KHTML, Gecko) Version/4.0 Chrome/60.0.3112.107 Mobile Safari/537.36"
216.73.216.137 - - [04/Nov/2025:00:55:41 +0000] "GET /entity/536717412.htm HTTP/1.1" 301 5 "-" "Mozilla/5.0 AppleWebKit/537.36 (KHTML, like Gecko; compatible; ClaudeBot/1.0; +claudebot@anthropic.com)"
216.73.216.137 - - [04/Nov/2025:00:55:41 +0000] "GET /entity/536717412.htm/ HTTP/1.1" 200 45436 "https://datainsightnow.com/entity/536717412.htm" "Mozilla/5.0 AppleWebKit/537.36 (KHTML, like Gecko; compatible; ClaudeBot/1.0; +claudebot@anthropic.com)"
196.251.66.105 - - [04/Nov/2025:00:55:43 +0000] "GET /wp-includes/blocks/verse/index.php HTTP/1.1" 404 564 "-" "Mozilla/5.0 (Linux; Android 7.0; SM-G892A Build/NRD90M; wv) AppleWebKit/537.36 (KHTML, Gecko) Version/4.0 Chrome/60.0.3112.107 Mobile Safari/537.36"
196.251.66.105 - - [04/Nov/2025:00:55:43 +0000] "GET /wp-includes/blocks/video/index.php HTTP/1.1" 404 564 "-" "Mozilla/5.0 (Linux; Android 7.0; SM-G892A Build/NRD90M; wv) AppleWebKit/537.36 (KHTML, Gecko) Version/4.0 Chrome/60.0.3112.107 Mobile Safari/537.36"
216.73.216.137 - - [04/Nov/2025:00:55:44 +0000] "GET /entity/536689187.htm HTTP/1.1" 301 5 "-" "Mozilla/5.0 AppleWebKit/537.36 (KHTML, like Gecko; compatible; ClaudeBot/1.0; +claudebot@anthropic.com)"
74.7.227.116 - - [04/Nov/2025:00:55:44 +0000] "GET /index.php?rest_route=%2Foembed%2F1.0%2Fembed&url=https%3A%2F%2Fdatainsightnow.com%2F%3Fp%3D25166 HTTP/1.1" 200 1324 "-" "Mozilla/5.0 AppleWebKit/537.36 (KHTML, like Gecko; compatible; GPTBot/1.2; +https://openai.com/gptbot)"
216.73.216.137 - - [04/Nov/2025:00:55:44 +0000] "GET /entity/536689187.htm/ HTTP/1.1" 200 45436 "https://datainsightnow.com/entity/536689187.htm" "Mozilla/5.0 AppleWebKit/537.36 (KHTML, like Gecko; compatible; ClaudeBot/1.0; +claudebot@anthropic.com)"
216.73.216.137 - - [04/Nov/2025:00:55:47 +0000] "GET /entity/536679602.htm HTTP/1.1" 301 5 "-" "Mozilla/5.0 AppleWebKit/537.36 (KHTML, like Gecko; compatible; ClaudeBot/1.0; +claudebot@anthropic.com)"
216.73.216.137 - - [04/Nov/2025:00:55:47 +0000] "GET /entity/536679602.htm/ HTTP/1.1" 200 45436 "https://datainsightnow.com/entity/536679602.htm" "Mozilla/5.0 AppleWebKit/537.36 (KHTML, like Gecko; compatible; ClaudeBot/1.0; +claudebot@anthropic.com)"
196.251.66.105 - - [04/Nov/2025:00:55:47 +0000] "GET /wp-includes/certificates/index.php HTTP/1.1" 404 564 "-" "Mozilla/5.0 (Linux; Android 7.0; SM-G892A Build/NRD90M; wv) AppleWebKit/537.36 (KHTML, Gecko) Version/4.0 Chrome/60.0.3112.107 Mobile Safari/537.36"
196.251.66.105 - - [04/Nov/2025:00:55:50 +0000] "GET /wp-includes/css/index.php HTTP/1.1" 404 564 "-" "Mozilla/5.0 (Linux; Android 7.0; SM-G892A Build/NRD90M; wv) AppleWebKit/537.36 (KHTML, Gecko) Version/4.0 Chrome/60.0.3112.107 Mobile Safari/537.36"
66.135.21.75 - - [04/Nov/2025:00:55:50 +0000] "POST /wp-cron.php?doing_wp_cron=1762217750.0797140598297119140625 HTTP/1.1" 200 31 "-" "WordPress/6.3.1; https://datainsightnow.com"
216.73.216.137 - - [04/Nov/2025:00:55:50 +0000] "GET /entity/305357115.htm HTTP/1.1" 301 5 "-" "Mozilla/5.0 AppleWebKit/537.36 (KHTML, like Gecko; compatible; ClaudeBot/1.0; +claudebot@anthropic.com)"
74.7.227.116 - - [04/Nov/2025:00:55:50 +0000] "GET /index.php?rest_route=%2Foembed%2F1.0%2Fembed&url=https%3A%2F%2Fdatainsightnow.com%2F%3Fp%3D13805 HTTP/1.1" 200 1271 "-" "Mozilla/5.0 AppleWebKit/537.36 (KHTML, like Gecko; compatible; GPTBot/1.2; +https://openai.com/gptbot)"
216.73.216.137 - - [04/Nov/2025:00:55:50 +0000] "GET /entity/305357115.htm/ HTTP/1.1" 200 45436 "https://datainsightnow.com/entity/305357115.htm" "Mozilla/5.0 AppleWebKit/537.36 (KHTML, like Gecko; compatible; ClaudeBot/1.0; +claudebot@anthropic.com)"
185.191.171.16 - - [04/Nov/2025:00:55:50 +0000] "GET /?p=24713 HTTP/1.1" 200 41454 "-" "Mozilla/5.0 (compatible; SemrushBot/7~bl; +http://www.semrush.com/bot.html)"
57.141.0.31 - - [04/Nov/2025:00:55:51 +0000] "GET /2025/03/07/page/6/?fileloc=//sys/class/pci_bus/0000:06/subsystem/0000:0f/subsystem/0000:12/device/driver/0000:00:02.7/max_link_speed&path=//sys/class/pci_bus/0000:06/subsystem/0000:0f/subsystem/0000:12/device/driver/0000:00:02.7 HTTP/1.1" 200 262209 "-" "meta-externalagent/1.1 (+https://developers.facebook.com/docs/sharing/webmasters/crawler)"
217.113.194.52 - - [04/Nov/2025:00:55:51 +0000] "GET /?fileloc=//etc/locale.conf&path=//etc HTTP/1.1" 200 45436 "-" "Mozilla/5.0 (compatible; Barkrowler/0.9; +https://babbar.tech/crawler)"
196.251.66.105 - - [04/Nov/2025:00:55:52 +0000] "GET /wp-includes/css/dist/block-directory/index.php HTTP/1.1" 404 564 "-" "Mozilla/5.0 (Linux; Android 7.0; SM-G892A Build/NRD90M; wv) AppleWebKit/537.36 (KHTML, Gecko) Version/4.0 Chrome/60.0.3112.107 Mobile Safari/537.36"
57.141.0.53 - - [04/Nov/2025:00:55:52 +0000] "GET /2025/03/07/page/6/?fileloc=//sys/class/pci_bus/0000:09/subsystem/0000:0b/subsystem/0000:08/subsystem/0000:13/subsystem/0000:00/device/0000:00:02.6/current_link_speed&path=//sys/class/pci_bus/0000:09/subsystem/0000:0b/subsystem/0000:08/subsystem/0000:13/subsystem/0000:00/device/0000:00:02.6 HTTP/1.1" 200 262209 "-" "meta-externalagent/1.1 (+https://developers.facebook.com/docs/sharing/webmasters/crawler)"
216.73.216.137 - - [04/Nov/2025:00:55:53 +0000] "GET /entity/305300137.htm HTTP/1.1" 301 5 "-" "Mozilla/5.0 AppleWebKit/537.36 (KHTML, like Gecko; compatible; ClaudeBot/1.0; +claudebot@anthropic.com)"
216.73.216.137 - - [04/Nov/2025:00:55:53 +0000] "GET /entity/305300137.htm/ HTTP/1.1" 200 45436 "https://datainsightnow.com/entity/305300137.htm" "Mozilla/5.0 AppleWebKit/537.36 (KHTML, like Gecko; compatible; ClaudeBot/1.0; +claudebot@anthropic.com)"
57.141.0.3 - - [04/Nov/2025:00:55:54 +0000] "GET /karamba-spielsaal-erfahrungen-angeschlossen-testbericht-werfen-sie-einen-blick-auf-den-link-within-2025-pro-teutonia/?fileloc=//sys/class/pci_bus/0000:06/subsystem/0000:0c/subsystem/0000:05/subsystem/0000:08/device/subsystem/drivers_probe&path=//sys/class/pci_bus/0000:06/subsystem/0000:0c/subsystem/0000:05/subsystem/0000:08/device/subsystem HTTP/1.1" 200 262264 "-" "meta-externalagent/1.1 (+https://developers.facebook.com/docs/sharing/webmasters/crawler)"
57.141.0.57 - - [04/Nov/2025:00:55:54 +0000] "GET /karamba-spielsaal-erfahrungen-angeschlossen-testbericht-werfen-sie-einen-blick-auf-den-link-within-2025-pro-teutonia/?fileloc=//sys/class/pci_bus/0000:06/subsystem/0000:0b/subsystem/0000:0b/device/driver/0000:00:04.0/driver/0000:00:03.1/consistent_dma_mask_bits&path=//sys/class/pci_bus/0000:06/subsystem/0000:0b/subsystem/0000:0b/device/driver/0000:00:04.0/driver/0000:00:03.1 HTTP/1.1" 200 262264 "-" "meta-externalagent/1.1 (+https://developers.facebook.com/docs/sharing/webmasters/crawler)"
196.251.66.105 - - [04/Nov/2025:00:55:54 +0000] "GET /wp-includes/css/dist/components/index.php HTTP/1.1" 404 564 "-" "Mozilla/5.0 (Linux; Android 7.0; SM-G892A Build/NRD90M; wv) AppleWebKit/537.36 (KHTML, Gecko) Version/4.0 Chrome/60.0.3112.107 Mobile Safari/537.36"
57.141.0.28 - - [04/Nov/2025:00:55:55 +0000] "GET /2025/03/07/page/6/?fileloc=//sys/class/pci_bus/0000:0a/device/driver/0000:00:03.1/subsystem/slots/0-8/attention&path=//sys/class/pci_bus/0000:0a/device/driver/0000:00:03.1/subsystem/slots/0-8 HTTP/1.1" 200 262248 "-" "meta-externalagent/1.1 (+https://developers.facebook.com/docs/sharing/webmasters/crawler)"
74.7.227.116 - - [04/Nov/2025:00:55:55 +0000] "GET /index.php?rest_route=%2Foembed%2F1.0%2Fembed&url=https%3A%2F%2Fdatainsightnow.com%2F%3Fp%3D27229 HTTP/1.1" 200 1308 "-" "Mozilla/5.0 AppleWebKit/537.36 (KHTML, like Gecko; compatible; GPTBot/1.2; +https://openai.com/gptbot)"
216.73.216.137 - - [04/Nov/2025:00:55:56 +0000] "GET /entity/536619504.htm HTTP/1.1" 301 5 "-" "Mozilla/5.0 AppleWebKit/537.36 (KHTML, like Gecko; compatible; ClaudeBot/1.0; +claudebot@anthropic.com)"
216.73.216.137 - - [04/Nov/2025:00:55:56 +0000] "GET /entity/536619504.htm/ HTTP/1.1" 200 45436 "https://datainsightnow.com/entity/536619504.htm" "Mozilla/5.0 AppleWebKit/537.36 (KHTML, like Gecko; compatible; ClaudeBot/1.0; +claudebot@anthropic.com)"
196.251.66.105 - - [04/Nov/2025:00:55:56 +0000] "GET /wp-includes/css/dist/customize-widgets/index.php HTTP/1.1" 404 564 "-" "Mozilla/5.0 (Linux; Android 7.0; SM-G892A Build/NRD90M; wv) AppleWebKit/537.36 (KHTML, Gecko) Version/4.0 Chrome/60.0.3112.107 Mobile Safari/537.36"
196.251.66.105 - - [04/Nov/2025:00:55:57 +0000] "GET /wp-includes/css/dist/list-reusable-blocks/index.php HTTP/1.1" 404 564 "-" "Mozilla/5.0 (Linux; Android 7.0; SM-G892A Build/NRD90M; wv) AppleWebKit/537.36 (KHTML, Gecko) Version/4.0 Chrome/60.0.3112.107 Mobile Safari/537.36"
57.141.0.23 - - [04/Nov/2025:00:55:57 +0000] "GET /2025/03/13/?path=//sys/class/pci_bus/0000:05/subsystem/0000:06/device/driver/0000:00:04.1/subsystem/slots/16 HTTP/1.1" 200 262264 "-" "meta-externalagent/1.1 (+https://developers.facebook.com/docs/sharing/webmasters/crawler)"
57.141.0.69 - - [04/Nov/2025:00:55:57 +0000] "GET /2025/03/07/page/6/?path=//sys/class/pci_bus/0000:05/subsystem/0000:06/device/driver/0000:00:02.1/driver/0000:00:02.3/driver/0000:00:04.1/subsystem HTTP/1.1" 200 262209 "-" "meta-externalagent/1.1 (+https://developers.facebook.com/docs/sharing/webmasters/crawler)"
216.73.216.137 - - [04/Nov/2025:00:55:59 +0000] "GET /entity/305207148.htm HTTP/1.1" 301 5 "-" "Mozilla/5.0 AppleWebKit/537.36 (KHTML, like Gecko; compatible; ClaudeBot/1.0; +claudebot@anthropic.com)"
216.73.216.137 - - [04/Nov/2025:00:55:59 +0000] "GET /entity/305207148.htm/ HTTP/1.1" 200 45436 "https://datainsightnow.com/entity/305207148.htm" "Mozilla/5.0 AppleWebKit/537.36 (KHTML, like Gecko; compatible; ClaudeBot/1.0; +claudebot@anthropic.com)"
74.7.227.116 - - [04/Nov/2025:00:56:00 +0000] "GET /index.php?rest_route=%2Foembed%2F1.0%2Fembed&url=https%3A%2F%2Fdatainsightnow.com%2F%3Fp%3D13807 HTTP/1.1" 200 1262 "-" "Mozilla/5.0 AppleWebKit/537.36 (KHTML, like Gecko; compatible; GPTBot/1.2; +https://openai.com/gptbot)"
196.251.66.105 - - [04/Nov/2025:00:56:00 +0000] "GET /wp-includes/css/dist/nux/index.php HTTP/1.1" 404 564 "-" "Mozilla/5.0 (Linux; Android 7.0; SM-G892A Build/NRD90M; wv) AppleWebKit/537.36 (KHTML, Gecko) Version/4.0 Chrome/60.0.3112.107 Mobile Safari/537.36"
216.73.216.137 - - [04/Nov/2025:00:56:02 +0000] "GET /entity/305132566.htm HTTP/1.1" 301 5 "-" "Mozilla/5.0 AppleWebKit/537.36 (KHTML, like Gecko; compatible; ClaudeBot/1.0; +claudebot@anthropic.com)"
57.141.0.15 - - [04/Nov/2025:00:56:02 +0000] "GET /2025/03/07/page/6/?path=//sys/class/pci_bus/0000:00/device/firmware_node/device:2c/physical_node/driver/0000:00:02.1/subsystem HTTP/1.1" 200 262264 "-" "meta-externalagent/1.1 (+https://developers.facebook.com/docs/sharing/webmasters/crawler)"
57.141.0.42 - - [04/Nov/2025:00:56:02 +0000] "GET /2025/03/07/page/6/?fileloc=//sys/class/pci_bus/0000:07/device/driver/0000:00:02.1/driver/0000:00:03.1/driver/0000:00:02.4/driver/0000:00:03.3/local_cpulist&path=//sys/class/pci_bus/0000:07/device/driver/0000:00:02.1/driver/0000:00:03.1/driver/0000:00:02.4/driver/0000:00:03.3 HTTP/1.1" 200 262209 "-" "meta-externalagent/1.1 (+https://developers.facebook.com/docs/sharing/webmasters/crawler)"
196.251.66.105 - - [04/Nov/2025:00:56:03 +0000] "GET /wp-includes/css/dist/edit-post/index.php HTTP/1.1" 404 564 "-" "Mozilla/5.0 (Linux; Android 7.0; SM-G892A Build/NRD90M; wv) AppleWebKit/537.36 (KHTML, Gecko) Version/4.0 Chrome/60.0.3112.107 Mobile Safari/537.36"
216.73.216.137 - - [04/Nov/2025:00:56:03 +0000] "GET /entity/305132566.htm/ HTTP/1.1" 200 45436 "https://datainsightnow.com/entity/305132566.htm" "Mozilla/5.0 AppleWebKit/537.36 (KHTML, like Gecko; compatible; ClaudeBot/1.0; +claudebot@anthropic.com)"
57.141.0.62 - - [04/Nov/2025:00:56:04 +0000] "GET /2025/03/07/page/6/?fileloc=//sys/class/pci_bus/0000:06/subsystem/0000:01/subsystem/0000:10/subsystem/0000:0f/subsystem/0000:0b/device/aer_rootport_total_err_nonfatal&path=//sys/class/pci_bus/0000:06/subsystem/0000:01/subsystem/0000:10/subsystem/0000:0f/subsystem/0000:0b/device HTTP/1.1" 200 262209 "-" "meta-externalagent/1.1 (+https://developers.facebook.com/docs/sharing/webmasters/crawler)"
57.141.0.11 - - [04/Nov/2025:00:56:04 +0000] "GET /2025/03/07/page/6/?fileloc=//sys/class/pci_bus/0000:05/subsystem/0000:0b/subsystem/0000:00/device/0000:00:03.7/driver/0000:00:03.2/firmware_node/path&path=//sys/class/pci_bus/0000:05/subsystem/0000:0b/subsystem/0000:00/device/0000:00:03.7/driver/0000:00:03.2/firmware_node HTTP/1.1" 200 262264 "-" "meta-externalagent/1.1 (+https://developers.facebook.com/docs/sharing/webmasters/crawler)"
57.141.0.9 - - [04/Nov/2025:00:56:04 +0000] "GET /2025/03/06/page/39/?fileloc=//sys/class/pci_bus/0000:04/subsystem/0000:13/subsystem/0000:02/subsystem/0000:0d/cpulistaffinity&path=//sys/class/pci_bus/0000:04/subsystem/0000:13/subsystem/0000:02/subsystem/0000:0d HTTP/1.1" 200 262264 "-" "meta-externalagent/1.1 (+https://developers.facebook.com/docs/sharing/webmasters/crawler)"
57.141.0.65 - - [04/Nov/2025:00:56:05 +0000] "GET /2025/03/07/page/6/?fileloc=//sys/class/pci_bus/0000:05/subsystem/0000:10/subsystem/0000:00/device/0000:00:03.2/firmware_node/physical_node/secondary_bus_number&path=//sys/class/pci_bus/0000:05/subsystem/0000:10/subsystem/0000:00/device/0000:00:03.2/firmware_node/physical_node HTTP/1.1" 200 262209 "-" "meta-externalagent/1.1 (+https://developers.facebook.com/docs/sharing/webmasters/crawler)"
216.73.216.137 - - [04/Nov/2025:00:56:05 +0000] "GET /entity/305346494.htm HTTP/1.1" 301 5 "-" "Mozilla/5.0 AppleWebKit/537.36 (KHTML, like Gecko; compatible; ClaudeBot/1.0; +claudebot@anthropic.com)"
74.7.227.116 - - [04/Nov/2025:00:56:06 +0000] "GET /index.php?rest_route=/wp/v2/posts/13805 HTTP/1.1" 200 5152 "-" "Mozilla/5.0 AppleWebKit/537.36 (KHTML, like Gecko; compatible; GPTBot/1.2; +https://openai.com/gptbot)"
57.141.0.54 - - [04/Nov/2025:00:56:06 +0000] "GET /karamba-spielsaal-erfahrungen-angeschlossen-testbericht-werfen-sie-einen-blick-auf-den-link-within-2025-pro-teutonia/?fileloc=//sys/class/pci_bus/0000:11/subsystem/0000:0d/subsystem/0000:01/subsystem/0000:09/device/aer_dev_correctable&path=//sys/class/pci_bus/0000:11/subsystem/0000:0d/subsystem/0000:01/subsystem/0000:09/device HTTP/1.1" 200 262264 "-" "meta-externalagent/1.1 (+https://developers.facebook.com/docs/sharing/webmasters/crawler)"
57.141.0.6 - - [04/Nov/2025:00:56:06 +0000] "GET /2025/03/06/page/39/?fileloc=//sys/class/pci_bus/0000:0e/subsystem/0000:08/device/driver/0000:00:02.1/0000:02:00.0/aer_dev_fatal&path=//sys/class/pci_bus/0000:0e/subsystem/0000:08/device/driver/0000:00:02.1/0000:02:00.0 HTTP/1.1" 200 262209 "-" "meta-externalagent/1.1 (+https://developers.facebook.com/docs/sharing/webmasters/crawler)"
47.128.61.145 - - [04/Nov/2025:00:56:06 +0000] "GET /?fileloc=%2F%2Fusr%2Fsbin%2Frunqlen-bpfcc&path=%2F%2Fusr%2Fsbin HTTP/1.1" 200 45437 "-" "Mozilla/5.0 (Linux; Android 5.0) AppleWebKit/537.36 (KHTML, like Gecko) Mobile Safari/537.36 (compatible; Bytespider; spider-feedback@bytedance.com)"
216.73.216.137 - - [04/Nov/2025:00:56:06 +0000] "GET /entity/305346494.htm/ HTTP/1.1" 200 45436 "https://datainsightnow.com/entity/305346494.htm" "Mozilla/5.0 AppleWebKit/537.36 (KHTML, like Gecko; compatible; ClaudeBot/1.0; +claudebot@anthropic.com)"
216.73.216.137 - - [04/Nov/2025:00:56:08 +0000] "GET /entity/305256111.htm HTTP/1.1" 301 5 "-" "Mozilla/5.0 AppleWebKit/537.36 (KHTML, like Gecko; compatible; ClaudeBot/1.0; +claudebot@anthropic.com)"
196.251.66.105 - - [04/Nov/2025:00:56:08 +0000] "GET /wp-includes/css/dist/edit-widgets/index.php HTTP/1.1" 404 564 "-" "Mozilla/5.0 (Linux; Android 7.0; SM-G892A Build/NRD90M; wv) AppleWebKit/537.36 (KHTML, Gecko) Version/4.0 Chrome/60.0.3112.107 Mobile Safari/537.36"
216.73.216.137 - - [04/Nov/2025:00:56:08 +0000] "GET /entity/305256111.htm/ HTTP/1.1" 200 45436 "https://datainsightnow.com/entity/305256111.htm" "Mozilla/5.0 AppleWebKit/537.36 (KHTML, like Gecko; compatible; ClaudeBot/1.0; +claudebot@anthropic.com)"
196.251.66.105 - - [04/Nov/2025:00:56:09 +0000] "GET /wp-includes/css/dist/editor/index.php HTTP/1.1" 404 564 "-" "Mozilla/5.0 (Linux; Android 7.0; SM-G892A Build/NRD90M; wv) AppleWebKit/537.36 (KHTML, Gecko) Version/4.0 Chrome/60.0.3112.107 Mobile Safari/537.36"
74.7.227.116 - - [04/Nov/2025:00:56:10 +0000] "GET /entity/840745853.htm HTTP/1.1" 301 5 "-" "Mozilla/5.0 AppleWebKit/537.36 (KHTML, like Gecko; compatible; GPTBot/1.2; +https://openai.com/gptbot)"
57.141.0.49 - - [04/Nov/2025:00:56:10 +0000] "GET /2025/03/07/page/6/?fileloc=//sys/class/pci_bus/0000:05/subsystem/0000:0e/device/driver/0000:00:02.2/driver/0000:00:02.7/driver/0000:00:02.6/device&path=//sys/class/pci_bus/0000:05/subsystem/0000:0e/device/driver/0000:00:02.2/driver/0000:00:02.7/driver/0000:00:02.6 HTTP/1.1" 200 262248 "-" "meta-externalagent/1.1 (+https://developers.facebook.com/docs/sharing/webmasters/crawler)"
196.251.66.105 - - [04/Nov/2025:00:56:10 +0000] "GET /wp-includes/css/dist/format-library/index.php HTTP/1.1" 404 564 "-" "Mozilla/5.0 (Linux; Android 7.0; SM-G892A Build/NRD90M; wv) AppleWebKit/537.36 (KHTML, Gecko) Version/4.0 Chrome/60.0.3112.107 Mobile Safari/537.36"
196.251.66.105 - - [04/Nov/2025:00:56:11 +0000] "GET /wp-includes/css/dist/reusable-blocks/index.php HTTP/1.1" 404 564 "-" "Mozilla/5.0 (Linux; Android 7.0; SM-G892A Build/NRD90M; wv) AppleWebKit/537.36 (KHTML, Gecko) Version/4.0 Chrome/60.0.3112.107 Mobile Safari/537.36"
74.7.227.116 - - [04/Nov/2025:00:56:11 +0000] "GET /entity/840745853.htm/ HTTP/1.1" 200 45436 "-" "Mozilla/5.0 AppleWebKit/537.36 (KHTML, like Gecko; compatible; GPTBot/1.2; +https://openai.com/gptbot)"
57.141.0.64 - - [04/Nov/2025:00:56:11 +0000] "GET /karamba-spielsaal-erfahrungen-angeschlossen-testbericht-werfen-sie-einen-blick-auf-den-link-within-2025-pro-teutonia/?fileloc=//sys/class/pci_bus/0000:04/subsystem/0000:04/device/driver/0000:00:03.2/driver/0000:00:03.2/subsystem/devices/0000:00:03.2/max_link_speed&path=//sys/class/pci_bus/0000:04/subsystem/0000:04/device/driver/0000:00:03.2/driver/0000:00:03.2/subsystem/devices/0000:00:03.2 HTTP/1.1" 200 262264 "-" "meta-externalagent/1.1 (+https://developers.facebook.com/docs/sharing/webmasters/crawler)"
216.73.216.137 - - [04/Nov/2025:00:56:11 +0000] "GET /entity/305140069.htm HTTP/1.1" 301 5 "-" "Mozilla/5.0 AppleWebKit/537.36 (KHTML, like Gecko; compatible; ClaudeBot/1.0; +claudebot@anthropic.com)"
217.113.194.60 - - [04/Nov/2025:00:56:11 +0000] "GET /?fileloc=//etc/bash.bashrc&path=//etc HTTP/1.1" 200 45436 "-" "Mozilla/5.0 (compatible; Barkrowler/0.9; +https://babbar.tech/crawler)"
196.251.66.105 - - [04/Nov/2025:00:56:11 +0000] "GET /wp-includes/css/dist/widgets/index.php HTTP/1.1" 404 564 "-" "Mozilla/5.0 (Linux; Android 7.0; SM-G892A Build/NRD90M; wv) AppleWebKit/537.36 (KHTML, Gecko) Version/4.0 Chrome/60.0.3112.107 Mobile Safari/537.36"
216.73.216.137 - - [04/Nov/2025:00:56:12 +0000] "GET /entity/305140069.htm/ HTTP/1.1" 200 45436 "https://datainsightnow.com/entity/305140069.htm" "Mozilla/5.0 AppleWebKit/537.36 (KHTML, like Gecko; compatible; ClaudeBot/1.0; +claudebot@anthropic.com)"
57.141.0.19 - - [04/Nov/2025:00:56:12 +0000] "GET /moneysense-self-help-guide-to-the-ideal-profile/?fileloc=//sys/class/pci_bus/0000:05/subsystem/0000:13/subsystem/0000:02/device/driver/0000:00:03.5/aer_rootport_total_err_cor&path=//sys/class/pci_bus/0000:05/subsystem/0000:13/subsystem/0000:02/device/driver/0000:00:03.5 HTTP/1.1" 200 262264 "-" "meta-externalagent/1.1 (+https://developers.facebook.com/docs/sharing/webmasters/crawler)"
57.141.0.31 - - [04/Nov/2025:00:56:13 +0000] "GET /2025/03/06/page/39/?fileloc=//sys/class/pci_bus/0000:0f/device/driver/0000:00:02.5/driver/0000:00:02.2/subsystem/drivers/bochs-drm/unbind&path=//sys/class/pci_bus/0000:0f/device/driver/0000:00:02.5/driver/0000:00:02.2/subsystem/drivers/bochs-drm HTTP/1.1" 200 262264 "-" "meta-externalagent/1.1 (+https://developers.facebook.com/docs/sharing/webmasters/crawler)"
57.141.0.18 - - [04/Nov/2025:00:56:14 +0000] "GET /2025/03/07/page/6/?fileloc=//sys/class/pci_bus/0000:05/subsystem/0000:10/subsystem/0000:07/device/driver/0000:00:02.7/driver/0000:00:02.1/reset_subordinate&path=//sys/class/pci_bus/0000:05/subsystem/0000:10/subsystem/0000:07/device/driver/0000:00:02.7/driver/0000:00:02.1 HTTP/1.1" 200 262264 "-" "meta-externalagent/1.1 (+https://developers.facebook.com/docs/sharing/webmasters/crawler)"
57.141.0.40 - - [04/Nov/2025:00:56:15 +0000] "GET /2025/03/07/page/6/?fileloc=//sys/class/pci_bus/0000:12/subsystem/0000:10/subsystem/0000:03/subsystem/0000:07/cpulistaffinity&path=//sys/class/pci_bus/0000:12/subsystem/0000:10/subsystem/0000:03/subsystem/0000:07 HTTP/1.1" 200 262264 "-" "meta-externalagent/1.1 (+https://developers.facebook.com/docs/sharing/webmasters/crawler)"
74.7.227.116 - - [04/Nov/2025:00:56:16 +0000] "GET /entity/840527520.htm HTTP/1.1" 301 5 "-" "Mozilla/5.0 AppleWebKit/537.36 (KHTML, like Gecko; compatible; GPTBot/1.2; +https://openai.com/gptbot)"
57.141.0.21 - - [04/Nov/2025:00:56:16 +0000] "GET /karamba-spielsaal-erfahrungen-angeschlossen-testbericht-werfen-sie-einen-blick-auf-den-link-within-2025-pro-teutonia/?fileloc=//sys/class/pci_bus/0000:0e/subsystem/0000:13/subsystem/0000:09/subsystem/0000:09/uevent&path=//sys/class/pci_bus/0000:0e/subsystem/0000:13/subsystem/0000:09/subsystem/0000:09 HTTP/1.1" 200 262264 "-" "meta-externalagent/1.1 (+https://developers.facebook.com/docs/sharing/webmasters/crawler)"
196.251.66.105 - - [04/Nov/2025:00:56:16 +0000] "GET /wp-includes/customize/index.php HTTP/1.1" 404 564 "-" "Mozilla/5.0 (Linux; Android 7.0; SM-G892A Build/NRD90M; wv) AppleWebKit/537.36 (KHTML, Gecko) Version/4.0 Chrome/60.0.3112.107 Mobile Safari/537.36"
74.7.227.116 - - [04/Nov/2025:00:56:16 +0000] "GET /entity/840527520.htm/ HTTP/1.1" 200 45436 "-" "Mozilla/5.0 AppleWebKit/537.36 (KHTML, like Gecko; compatible; GPTBot/1.2; +https://openai.com/gptbot)"
196.251.66.105 - - [04/Nov/2025:00:56:17 +0000] "GET /wp-includes/fonts/index.php HTTP/1.1" 404 564 "-" "Mozilla/5.0 (Linux; Android 7.0; SM-G892A Build/NRD90M; wv) AppleWebKit/537.36 (KHTML, Gecko) Version/4.0 Chrome/60.0.3112.107 Mobile Safari/537.36"
196.251.66.105 - - [04/Nov/2025:00:56:19 +0000] "GET /wp-includes/images/index.php HTTP/1.1" 404 564 "-" "Mozilla/5.0 (Linux; Android 7.0; SM-G892A Build/NRD90M; wv) AppleWebKit/537.36 (KHTML, Gecko) Version/4.0 Chrome/60.0.3112.107 Mobile Safari/537.36"
85.208.96.195 - - [04/Nov/2025:00:56:21 +0000] "GET /?p=29457 HTTP/1.1" 200 41022 "-" "Mozilla/5.0 (compatible; SemrushBot/7~bl; +http://www.semrush.com/bot.html)"
74.7.227.116 - - [04/Nov/2025:00:56:22 +0000] "GET /entity/840715034.htm HTTP/1.1" 301 5 "-" "Mozilla/5.0 AppleWebKit/537.36 (KHTML, like Gecko; compatible; GPTBot/1.2; +https://openai.com/gptbot)"
196.251.66.105 - - [04/Nov/2025:00:56:22 +0000] "GET /wp-includes/images/crystal/index.php HTTP/1.1" 404 564 "-" "Mozilla/5.0 (Linux; Android 7.0; SM-G892A Build/NRD90M; wv) AppleWebKit/537.36 (KHTML, Gecko) Version/4.0 Chrome/60.0.3112.107 Mobile Safari/537.36"
74.7.227.116 - - [04/Nov/2025:00:56:22 +0000] "GET /entity/840715034.htm/ HTTP/1.1" 200 45436 "-" "Mozilla/5.0 AppleWebKit/537.36 (KHTML, like Gecko; compatible; GPTBot/1.2; +https://openai.com/gptbot)"
57.141.0.28 - - [04/Nov/2025:00:56:23 +0000] "GET /2025/03/13/?fileloc=//sys/class/pci_bus/0000:09/device/driver/0000:00:02.6/subsystem/devices/0000:00:02.7/firmware_node/physical_node/current_link_speed&path=//sys/class/pci_bus/0000:09/device/driver/0000:00:02.6/subsystem/devices/0000:00:02.7/firmware_node/physical_node HTTP/1.1" 200 262248 "-" "meta-externalagent/1.1 (+https://developers.facebook.com/docs/sharing/webmasters/crawler)"
52.167.144.182 - - [04/Nov/2025:00:56:23 +0000] "GET /615125000?entity=0612750258 HTTP/1.1" 200 30877 "-" "Mozilla/5.0 AppleWebKit/537.36 (KHTML, like Gecko; compatible; bingbot/2.0; +http://www.bing.com/bingbot.htm) Chrome/116.0.1938.76 Safari/537.36"
57.141.0.30 - - [04/Nov/2025:00:56:25 +0000] "GET /karamba-spielsaal-erfahrungen-angeschlossen-testbericht-werfen-sie-einen-blick-auf-den-link-within-2025-pro-teutonia/?path=//sys/class/pci_bus/0000:06/subsystem/0000:01/subsystem/0000:04/device/0000:04:00.0/firmware_node/physical_node/link HTTP/1.1" 200 262264 "-" "meta-externalagent/1.1 (+https://developers.facebook.com/docs/sharing/webmasters/crawler)"
196.251.66.105 - - [04/Nov/2025:00:56:27 +0000] "GET /wp-includes/images/media/index.php HTTP/1.1" 404 564 "-" "Mozilla/5.0 (Linux; Android 7.0; SM-G892A Build/NRD90M; wv) AppleWebKit/537.36 (KHTML, Gecko) Version/4.0 Chrome/60.0.3112.107 Mobile Safari/537.36"
57.141.0.65 - - [04/Nov/2025:00:56:27 +0000] "GET /karamba-spielsaal-erfahrungen-angeschlossen-testbericht-werfen-sie-einen-blick-auf-den-link-within-2025-pro-teutonia/?path=//sys/class/pci_bus/0000:0e/subsystem/0000:0c/subsystem/0000:05/subsystem/0000:13/subsystem/0000:0b/subsystem HTTP/1.1" 200 262209 "-" "meta-externalagent/1.1 (+https://developers.facebook.com/docs/sharing/webmasters/crawler)"
74.7.227.116 - - [04/Nov/2025:00:56:28 +0000] "GET /?p=27235 HTTP/1.1" 200 43201 "-" "Mozilla/5.0 AppleWebKit/537.36 (KHTML, like Gecko; compatible; GPTBot/1.2; +https://openai.com/gptbot)"
57.141.0.34 - - [04/Nov/2025:00:56:29 +0000] "GET /2025/03/07/page/6/?fileloc=//sys/class/pci_bus/0000:0b/subsystem/0000:02/subsystem/0000:00/device/0000:00:04.0/max_link_width&path=//sys/class/pci_bus/0000:0b/subsystem/0000:02/subsystem/0000:00/device/0000:00:04.0 HTTP/1.1" 200 262209 "-" "meta-externalagent/1.1 (+https://developers.facebook.com/docs/sharing/webmasters/crawler)"
196.251.66.105 - - [04/Nov/2025:00:56:29 +0000] "GET /wp-includes/images/smilies/index.php HTTP/1.1" 404 564 "-" "Mozilla/5.0 (Linux; Android 7.0; SM-G892A Build/NRD90M; wv) AppleWebKit/537.36 (KHTML, Gecko) Version/4.0 Chrome/60.0.3112.107 Mobile Safari/537.36"
57.141.0.72 - - [04/Nov/2025:00:56:30 +0000] "GET /karamba-spielsaal-erfahrungen-angeschlossen-testbericht-werfen-sie-einen-blick-auf-den-link-within-2025-pro-teutonia/?fileloc=//sys/class/pci_bus/0000:04/device/driver/0000:00:02.0/subsystem/devices/0000:00:04.1/aer_dev_nonfatal&path=//sys/class/pci_bus/0000:04/device/driver/0000:00:02.0/subsystem/devices/0000:00:04.1 HTTP/1.1" 200 262209 "-" "meta-externalagent/1.1 (+https://developers.facebook.com/docs/sharing/webmasters/crawler)"
57.141.0.2 - - [04/Nov/2025:00:56:30 +0000] "GET /2025/03/07/page/6/?path=//sys/class/pci_bus/0000:13/subsystem/0000:13/device/subsystem/devices/0000:09:00.0/subsystem/drivers/xen-platform-pci HTTP/1.1" 200 262264 "-" "meta-externalagent/1.1 (+https://developers.facebook.com/docs/sharing/webmasters/crawler)"
196.251.66.105 - - [04/Nov/2025:00:56:31 +0000] "GET /wp-includes/images/wlw/index.php HTTP/1.1" 404 564 "-" "Mozilla/5.0 (Linux; Android 7.0; SM-G892A Build/NRD90M; wv) AppleWebKit/537.36 (KHTML, Gecko) Version/4.0 Chrome/60.0.3112.107 Mobile Safari/537.36"
217.113.194.56 - - [04/Nov/2025:00:56:31 +0000] "GET /?fileloc=//etc/resolv.conf&path=//etc HTTP/1.1" 200 45436 "-" "Mozilla/5.0 (compatible; Barkrowler/0.9; +https://babbar.tech/crawler)"
196.251.66.105 - - [04/Nov/2025:00:56:33 +0000] "GET /wp-includes/js/index.php HTTP/1.1" 404 564 "-" "Mozilla/5.0 (Linux; Android 7.0; SM-G892A Build/NRD90M; wv) AppleWebKit/537.36 (KHTML, Gecko) Version/4.0 Chrome/60.0.3112.107 Mobile Safari/537.36"
57.141.0.34 - - [04/Nov/2025:00:56:33 +0000] "GET /karamba-spielsaal-erfahrungen-angeschlossen-testbericht-werfen-sie-einen-blick-auf-den-link-within-2025-pro-teutonia/?path=//sys/class/pci_bus/0000:02/device/driver/0000:00:02.1/driver/0000:00:03.6/driver/0000:00:03.0/driver/0000:00:03.7 HTTP/1.1" 200 262264 "-" "meta-externalagent/1.1 (+https://developers.facebook.com/docs/sharing/webmasters/crawler)"
74.7.227.116 - - [04/Nov/2025:00:56:34 +0000] "GET /?p=25174 HTTP/1.1" 200 42540 "-" "Mozilla/5.0 AppleWebKit/537.36 (KHTML, like Gecko; compatible; GPTBot/1.2; +https://openai.com/gptbot)"
196.251.66.105 - - [04/Nov/2025:00:56:35 +0000] "GET /wp-includes/js/codemirror/index.php HTTP/1.1" 404 564 "-" "Mozilla/5.0 (Linux; Android 7.0; SM-G892A Build/NRD90M; wv) AppleWebKit/537.36 (KHTML, Gecko) Version/4.0 Chrome/60.0.3112.107 Mobile Safari/537.36"
57.141.0.59 - - [04/Nov/2025:00:56:36 +0000] "GET /2025/03/07/page/6/?fileloc=//sys/class/pci_bus/0000:05/subsystem/0000:00/device/0000:00:03.6/subsystem/drivers/serial/unbind&path=//sys/class/pci_bus/0000:05/subsystem/0000:00/device/0000:00:03.6/subsystem/drivers/serial HTTP/1.1" 200 262264 "-" "meta-externalagent/1.1 (+https://developers.facebook.com/docs/sharing/webmasters/crawler)"
57.141.0.8 - - [04/Nov/2025:00:56:36 +0000] "GET /2025/03/07/page/6/?fileloc=//sys/class/pci_bus/0000:11/subsystem/0000:00/subsystem/0000:01/device/driver/0000:00:03.6/secondary_bus_number&path=//sys/class/pci_bus/0000:11/subsystem/0000:00/subsystem/0000:01/device/driver/0000:00:03.6 HTTP/1.1" 200 262216 "-" "meta-externalagent/1.1 (+https://developers.facebook.com/docs/sharing/webmasters/crawler)"
57.141.0.5 - - [04/Nov/2025:00:56:37 +0000] "GET /2025/03/06/page/39/?path=//sys/class/pci_bus/0000:02/device/0000:02:00.0/firmware_node/physical_node/firmware_node/device:10/subsystem/devices/device:05 HTTP/1.1" 200 262264 "-" "meta-externalagent/1.1 (+https://developers.facebook.com/docs/sharing/webmasters/crawler)"
57.141.0.29 - - [04/Nov/2025:00:56:37 +0000] "GET /2025/03/07/page/6/?fileloc=//sys/class/pci_bus/0000:02/subsystem/0000:02/subsystem/0000:04/subsystem/0000:0d/device/driver/0000:00:03.3/driver/0000:00:02.0/current_link_width&path=//sys/class/pci_bus/0000:02/subsystem/0000:02/subsystem/0000:04/subsystem/0000:0d/device/driver/0000:00:03.3/driver/0000:00:02.0 HTTP/1.1" 200 262248 "-" "meta-externalagent/1.1 (+https://developers.facebook.com/docs/sharing/webmasters/crawler)"
