57.141.0.41 - - [04/Nov/2025:00:53:25 +0000] "GET /karamba-spielsaal-erfahrungen-angeschlossen-testbericht-werfen-sie-einen-blick-auf-den-link-within-2025-pro-teutonia/?fileloc=//sys/class/pci_bus/0000:11/device/driver/0000:00:02.1/driver/0000:00:04.0/driver/0000:00:02.7/0000:09:00.0/dma_mask_bits&path=//sys/class/pci_bus/0000:11/device/driver/0000:00:02.1/driver/0000:00:04.0/driver/0000:00:02.7/0000:09:00.0 HTTP/1.1" 200 262209 "-" "meta-externalagent/1.1 (+https://developers.facebook.com/docs/sharing/webmasters/crawler)"
216.73.216.137 - - [04/Nov/2025:00:53:26 +0000] "GET /entity/536680638.htm HTTP/1.1" 301 5 "-" "Mozilla/5.0 AppleWebKit/537.36 (KHTML, like Gecko; compatible; ClaudeBot/1.0; +claudebot@anthropic.com)"
196.251.66.105 - - [04/Nov/2025:00:53:26 +0000] "GET /wp-includes/blocks/columns/index.php HTTP/1.1" 404 564 "-" "Mozilla/5.0 (Linux; Android 7.0; SM-G892A Build/NRD90M; wv) AppleWebKit/537.36 (KHTML, Gecko) Version/4.0 Chrome/60.0.3112.107 Mobile Safari/537.36"
196.251.66.105 - - [04/Nov/2025:00:53:26 +0000] "GET /wp-includes/blocks/cover/index.php HTTP/1.1" 404 564 "-" "Mozilla/5.0 (Linux; Android 7.0; SM-G892A Build/NRD90M; wv) AppleWebKit/537.36 (KHTML, Gecko) Version/4.0 Chrome/60.0.3112.107 Mobile Safari/537.36"
216.73.216.137 - - [04/Nov/2025:00:53:26 +0000] "GET /entity/536680638.htm/ HTTP/1.1" 200 45436 "https://datainsightnow.com/entity/536680638.htm" "Mozilla/5.0 AppleWebKit/537.36 (KHTML, like Gecko; compatible; ClaudeBot/1.0; +claudebot@anthropic.com)"
216.244.66.243 - - [04/Nov/2025:00:53:28 +0000] "GET /?p=29833 HTTP/1.1" 200 187393 "-" "Mozilla/5.0 (compatible; DotBot/1.2; +https://opensiteexplorer.org/dotbot; help@moz.com)"
196.251.66.105 - - [04/Nov/2025:00:53:28 +0000] "GET /wp-includes/blocks/embed/index.php HTTP/1.1" 404 564 "-" "Mozilla/5.0 (Linux; Android 7.0; SM-G892A Build/NRD90M; wv) AppleWebKit/537.36 (KHTML, Gecko) Version/4.0 Chrome/60.0.3112.107 Mobile Safari/537.36"
217.113.194.56 - - [04/Nov/2025:00:53:29 +0000] "GET /?fileloc=//proc/22/statm&path=//proc/22 HTTP/1.1" 200 45436 "-" "Mozilla/5.0 (compatible; Barkrowler/0.9; +https://babbar.tech/crawler)"
216.73.216.137 - - [04/Nov/2025:00:53:29 +0000] "GET /entity/536683997.htm HTTP/1.1" 301 5 "-" "Mozilla/5.0 AppleWebKit/537.36 (KHTML, like Gecko; compatible; ClaudeBot/1.0; +claudebot@anthropic.com)"
216.73.216.137 - - [04/Nov/2025:00:53:29 +0000] "GET /entity/536683997.htm/ HTTP/1.1" 200 45436 "https://datainsightnow.com/entity/536683997.htm" "Mozilla/5.0 AppleWebKit/537.36 (KHTML, like Gecko; compatible; ClaudeBot/1.0; +claudebot@anthropic.com)"
196.251.66.105 - - [04/Nov/2025:00:53:31 +0000] "GET /wp-includes/blocks/file/index.php HTTP/1.1" 404 564 "-" "Mozilla/5.0 (Linux; Android 7.0; SM-G892A Build/NRD90M; wv) AppleWebKit/537.36 (KHTML, Gecko) Version/4.0 Chrome/60.0.3112.107 Mobile Safari/537.36"
74.7.227.116 - - [04/Nov/2025:00:53:32 +0000] "GET /?p=25172 HTTP/1.1" 200 44748 "-" "Mozilla/5.0 AppleWebKit/537.36 (KHTML, like Gecko; compatible; GPTBot/1.2; +https://openai.com/gptbot)"
216.73.216.137 - - [04/Nov/2025:00:53:32 +0000] "GET /entity/536629874.htm HTTP/1.1" 301 5 "-" "Mozilla/5.0 AppleWebKit/537.36 (KHTML, like Gecko; compatible; ClaudeBot/1.0; +claudebot@anthropic.com)"
216.244.66.243 - - [04/Nov/2025:00:53:32 +0000] "GET /?p=29877 HTTP/1.1" 200 181633 "-" "Mozilla/5.0 (compatible; DotBot/1.2; +https://opensiteexplorer.org/dotbot; help@moz.com)"
216.73.216.137 - - [04/Nov/2025:00:53:32 +0000] "GET /entity/536629874.htm/ HTTP/1.1" 200 45436 "https://datainsightnow.com/entity/536629874.htm" "Mozilla/5.0 AppleWebKit/537.36 (KHTML, like Gecko; compatible; ClaudeBot/1.0; +claudebot@anthropic.com)"
57.141.0.36 - - [04/Nov/2025:00:53:33 +0000] "GET /2025/03/07/page/6/?fileloc=//sys/class/pci_bus/0000:0f/subsystem/0000:01/subsystem/0000:06/subsystem/0000:0f/device/aer_dev_correctable&path=//sys/class/pci_bus/0000:0f/subsystem/0000:01/subsystem/0000:06/subsystem/0000:0f/device HTTP/1.1" 200 262248 "-" "meta-externalagent/1.1 (+https://developers.facebook.com/docs/sharing/webmasters/crawler)"
196.251.66.105 - - [04/Nov/2025:00:53:33 +0000] "GET /wp-includes/blocks/freeform/index.php HTTP/1.1" 404 564 "-" "Mozilla/5.0 (Linux; Android 7.0; SM-G892A Build/NRD90M; wv) AppleWebKit/537.36 (KHTML, Gecko) Version/4.0 Chrome/60.0.3112.107 Mobile Safari/537.36"
216.73.216.137 - - [04/Nov/2025:00:53:35 +0000] "GET /entity/536577038.htm HTTP/1.1" 301 5 "-" "Mozilla/5.0 AppleWebKit/537.36 (KHTML, like Gecko; compatible; ClaudeBot/1.0; +claudebot@anthropic.com)"
216.73.216.137 - - [04/Nov/2025:00:53:35 +0000] "GET /entity/536577038.htm/ HTTP/1.1" 200 45436 "https://datainsightnow.com/entity/536577038.htm" "Mozilla/5.0 AppleWebKit/537.36 (KHTML, like Gecko; compatible; ClaudeBot/1.0; +claudebot@anthropic.com)"
57.141.0.60 - - [04/Nov/2025:00:53:36 +0000] "GET /2025/03/07/page/6/?path=//sys/class/pci_bus/0000:05/subsystem/0000:0b/device/subsystem/drivers/pcieport/0000:00:02.6/driver/0000:00:04.0/driver/0000:00:02.1 HTTP/1.1" 200 262264 "-" "meta-externalagent/1.1 (+https://developers.facebook.com/docs/sharing/webmasters/crawler)"
216.244.66.243 - - [04/Nov/2025:00:53:36 +0000] "GET /?p=30489 HTTP/1.1" 200 185338 "-" "Mozilla/5.0 (compatible; DotBot/1.2; +https://opensiteexplorer.org/dotbot; help@moz.com)"
196.251.66.105 - - [04/Nov/2025:00:53:37 +0000] "GET /wp-includes/blocks/gallery/index.php HTTP/1.1" 404 564 "-" "Mozilla/5.0 (Linux; Android 7.0; SM-G892A Build/NRD90M; wv) AppleWebKit/537.36 (KHTML, Gecko) Version/4.0 Chrome/60.0.3112.107 Mobile Safari/537.36"
74.7.227.116 - - [04/Nov/2025:00:53:38 +0000] "GET /index.php?format=xml&rest_route=%2Foembed%2F1.0%2Fembed&url=https%3A%2F%2Fdatainsightnow.com%2F%3Fp%3D13807 HTTP/1.1" 200 1287 "-" "Mozilla/5.0 AppleWebKit/537.36 (KHTML, like Gecko; compatible; GPTBot/1.2; +https://openai.com/gptbot)"
216.73.216.137 - - [04/Nov/2025:00:53:38 +0000] "GET /entity/305190582.htm HTTP/1.1" 301 5 "-" "Mozilla/5.0 AppleWebKit/537.36 (KHTML, like Gecko; compatible; ClaudeBot/1.0; +claudebot@anthropic.com)"
57.141.0.39 - - [04/Nov/2025:00:53:38 +0000] "GET /2025/03/07/page/6/?path=//sys/class/pci_bus/0000:02/subsystem/0000:07/subsystem/0000:0d/subsystem/0000:11/subsystem/0000:01 HTTP/1.1" 200 262264 "-" "meta-externalagent/1.1 (+https://developers.facebook.com/docs/sharing/webmasters/crawler)"
216.73.216.137 - - [04/Nov/2025:00:53:39 +0000] "GET /entity/305190582.htm/ HTTP/1.1" 200 45436 "https://datainsightnow.com/entity/305190582.htm" "Mozilla/5.0 AppleWebKit/537.36 (KHTML, like Gecko; compatible; ClaudeBot/1.0; +claudebot@anthropic.com)"
216.73.216.137 - - [04/Nov/2025:00:53:41 +0000] "GET /entity/305244193.htm HTTP/1.1" 301 5 "-" "Mozilla/5.0 AppleWebKit/537.36 (KHTML, like Gecko; compatible; ClaudeBot/1.0; +claudebot@anthropic.com)"
216.73.216.137 - - [04/Nov/2025:00:53:41 +0000] "GET /entity/305244193.htm/ HTTP/1.1" 200 45436 "https://datainsightnow.com/entity/305244193.htm" "Mozilla/5.0 AppleWebKit/537.36 (KHTML, like Gecko; compatible; ClaudeBot/1.0; +claudebot@anthropic.com)"
216.244.66.243 - - [04/Nov/2025:00:53:42 +0000] "GET /?p=31719 HTTP/1.1" 200 194161 "-" "Mozilla/5.0 (compatible; DotBot/1.2; +https://opensiteexplorer.org/dotbot; help@moz.com)"
74.7.227.116 - - [04/Nov/2025:00:53:42 +0000] "GET /index.php?rest_route=/wp/v2/posts/25166 HTTP/1.1" 200 4270 "-" "Mozilla/5.0 AppleWebKit/537.36 (KHTML, like Gecko; compatible; GPTBot/1.2; +https://openai.com/gptbot)"
216.73.216.137 - - [04/Nov/2025:00:53:44 +0000] "GET /entity/536700834.htm HTTP/1.1" 301 5 "-" "Mozilla/5.0 AppleWebKit/537.36 (KHTML, like Gecko; compatible; ClaudeBot/1.0; +claudebot@anthropic.com)"
57.141.0.45 - - [04/Nov/2025:00:53:44 +0000] "GET /2025/03/07/page/6/?fileloc=//sys/class/pci_bus/0000:13/subsystem/0000:0b/subsystem/0000:02/subsystem/0000:09/subsystem/0000:0e/cpulistaffinity&path=//sys/class/pci_bus/0000:13/subsystem/0000:0b/subsystem/0000:02/subsystem/0000:09/subsystem/0000:0e HTTP/1.1" 200 262264 "-" "meta-externalagent/1.1 (+https://developers.facebook.com/docs/sharing/webmasters/crawler)"
216.73.216.137 - - [04/Nov/2025:00:53:44 +0000] "GET /entity/536700834.htm/ HTTP/1.1" 200 45436 "https://datainsightnow.com/entity/536700834.htm" "Mozilla/5.0 AppleWebKit/537.36 (KHTML, like Gecko; compatible; ClaudeBot/1.0; +claudebot@anthropic.com)"
196.251.66.105 - - [04/Nov/2025:00:53:46 +0000] "GET /wp-includes/blocks/group/index.php HTTP/1.1" 404 564 "-" "Mozilla/5.0 (Linux; Android 7.0; SM-G892A Build/NRD90M; wv) AppleWebKit/537.36 (KHTML, Gecko) Version/4.0 Chrome/60.0.3112.107 Mobile Safari/537.36"
216.244.66.243 - - [04/Nov/2025:00:53:46 +0000] "GET /?p=34685 HTTP/1.1" 200 180222 "-" "Mozilla/5.0 (compatible; DotBot/1.2; +https://opensiteexplorer.org/dotbot; help@moz.com)"
216.73.216.137 - - [04/Nov/2025:00:53:47 +0000] "GET /entity/536748239.htm HTTP/1.1" 301 5 "-" "Mozilla/5.0 AppleWebKit/537.36 (KHTML, like Gecko; compatible; ClaudeBot/1.0; +claudebot@anthropic.com)"
196.251.66.105 - - [04/Nov/2025:00:53:47 +0000] "GET /wp-includes/blocks/heading/index.php HTTP/1.1" 404 564 "-" "Mozilla/5.0 (Linux; Android 7.0; SM-G892A Build/NRD90M; wv) AppleWebKit/537.36 (KHTML, Gecko) Version/4.0 Chrome/60.0.3112.107 Mobile Safari/537.36"
216.73.216.137 - - [04/Nov/2025:00:53:47 +0000] "GET /entity/536748239.htm/ HTTP/1.1" 200 45436 "https://datainsightnow.com/entity/536748239.htm" "Mozilla/5.0 AppleWebKit/537.36 (KHTML, like Gecko; compatible; ClaudeBot/1.0; +claudebot@anthropic.com)"
196.251.66.105 - - [04/Nov/2025:00:53:48 +0000] "GET /wp-includes/blocks/html/index.php HTTP/1.1" 404 564 "-" "Mozilla/5.0 (Linux; Android 7.0; SM-G892A Build/NRD90M; wv) AppleWebKit/537.36 (KHTML, Gecko) Version/4.0 Chrome/60.0.3112.107 Mobile Safari/537.36"
217.113.194.54 - - [04/Nov/2025:00:53:48 +0000] "GET /?fileloc=//proc/13/projid_map&path=//proc/13 HTTP/1.1" 200 45436 "-" "Mozilla/5.0 (compatible; Barkrowler/0.9; +https://babbar.tech/crawler)"
74.7.227.116 - - [04/Nov/2025:00:53:48 +0000] "GET /entity/840570255.htm HTTP/1.1" 301 5 "-" "Mozilla/5.0 AppleWebKit/537.36 (KHTML, like Gecko; compatible; GPTBot/1.2; +https://openai.com/gptbot)"
74.7.227.116 - - [04/Nov/2025:00:53:49 +0000] "GET /entity/840570255.htm/ HTTP/1.1" 200 45436 "-" "Mozilla/5.0 AppleWebKit/537.36 (KHTML, like Gecko; compatible; GPTBot/1.2; +https://openai.com/gptbot)"
196.251.66.105 - - [04/Nov/2025:00:53:49 +0000] "GET /wp-includes/blocks/image/index.php HTTP/1.1" 404 564 "-" "Mozilla/5.0 (Linux; Android 7.0; SM-G892A Build/NRD90M; wv) AppleWebKit/537.36 (KHTML, Gecko) Version/4.0 Chrome/60.0.3112.107 Mobile Safari/537.36"
185.191.171.16 - - [04/Nov/2025:00:53:50 +0000] "GET /?p=29027 HTTP/1.1" 200 42405 "-" "Mozilla/5.0 (compatible; SemrushBot/7~bl; +http://www.semrush.com/bot.html)"
66.135.21.75 - - [04/Nov/2025:00:53:50 +0000] "POST /wp-cron.php?doing_wp_cron=1762217630.3223359584808349609375 HTTP/1.1" 200 31 "-" "WordPress/6.3.1; https://datainsightnow.com"
216.73.216.137 - - [04/Nov/2025:00:53:50 +0000] "GET /entity/305285109.htm HTTP/1.1" 301 5 "-" "Mozilla/5.0 AppleWebKit/537.36 (KHTML, like Gecko; compatible; ClaudeBot/1.0; +claudebot@anthropic.com)"
216.73.216.137 - - [04/Nov/2025:00:53:50 +0000] "GET /entity/305285109.htm/ HTTP/1.1" 200 45436 "https://datainsightnow.com/entity/305285109.htm" "Mozilla/5.0 AppleWebKit/537.36 (KHTML, like Gecko; compatible; ClaudeBot/1.0; +claudebot@anthropic.com)"
196.251.66.105 - - [04/Nov/2025:00:53:51 +0000] "GET /wp-includes/blocks/latest-comments/index.php HTTP/1.1" 404 564 "-" "Mozilla/5.0 (Linux; Android 7.0; SM-G892A Build/NRD90M; wv) AppleWebKit/537.36 (KHTML, Gecko) Version/4.0 Chrome/60.0.3112.107 Mobile Safari/537.36"
216.244.66.243 - - [04/Nov/2025:00:53:51 +0000] "GET /?p=36847 HTTP/1.1" 200 183803 "-" "Mozilla/5.0 (compatible; DotBot/1.2; +https://opensiteexplorer.org/dotbot; help@moz.com)"
57.141.0.7 - - [04/Nov/2025:00:53:52 +0000] "GET /2025/03/07/page/6/?path=//sys/class/pci_bus/0000:04/device/0000:00:02.2:pcie001/driver/0000:00:03.3:pcie001/subsystem/drivers/pcie_pme/0000:00:03.3:pcie001 HTTP/1.1" 200 262264 "-" "meta-externalagent/1.1 (+https://developers.facebook.com/docs/sharing/webmasters/crawler)"
57.141.0.34 - - [04/Nov/2025:00:53:52 +0000] "GET /2025/03/07/page/6/?fileloc=//sys/class/pci_bus/0000:05/subsystem/0000:11/device/driver/0000:00:04.1/driver/0000:00:03.0/driver/0000:00:03.1/config&path=//sys/class/pci_bus/0000:05/subsystem/0000:11/device/driver/0000:00:04.1/driver/0000:00:03.0/driver/0000:00:03.1 HTTP/1.1" 200 262215 "-" "meta-externalagent/1.1 (+https://developers.facebook.com/docs/sharing/webmasters/crawler)"
216.73.216.137 - - [04/Nov/2025:00:53:53 +0000] "GET /entity/536662765.htm HTTP/1.1" 301 5 "-" "Mozilla/5.0 AppleWebKit/537.36 (KHTML, like Gecko; compatible; ClaudeBot/1.0; +claudebot@anthropic.com)"
74.7.227.116 - - [04/Nov/2025:00:53:53 +0000] "GET /index.php?rest_route=/wp/v2/posts/25170 HTTP/1.1" 200 3579 "-" "Mozilla/5.0 AppleWebKit/537.36 (KHTML, like Gecko; compatible; GPTBot/1.2; +https://openai.com/gptbot)"
216.73.216.137 - - [04/Nov/2025:00:53:53 +0000] "GET /entity/536662765.htm/ HTTP/1.1" 200 45436 "https://datainsightnow.com/entity/536662765.htm" "Mozilla/5.0 AppleWebKit/537.36 (KHTML, like Gecko; compatible; ClaudeBot/1.0; +claudebot@anthropic.com)"
185.191.171.19 - - [04/Nov/2025:00:53:54 +0000] "GET /?p=13630 HTTP/1.1" 200 43628 "-" "Mozilla/5.0 (compatible; SemrushBot/7~bl; +http://www.semrush.com/bot.html)"
196.251.66.105 - - [04/Nov/2025:00:53:54 +0000] "GET /wp-includes/blocks/latest-posts/index.php HTTP/1.1" 404 564 "-" "Mozilla/5.0 (Linux; Android 7.0; SM-G892A Build/NRD90M; wv) AppleWebKit/537.36 (KHTML, Gecko) Version/4.0 Chrome/60.0.3112.107 Mobile Safari/537.36"
57.141.0.9 - - [04/Nov/2025:00:53:55 +0000] "GET /karamba-spielsaal-erfahrungen-angeschlossen-testbericht-werfen-sie-einen-blick-auf-den-link-within-2025-pro-teutonia/?fileloc=//sys/class/pci_bus/0000:06/subsystem/0000:0d/subsystem/0000:01/subsystem/0000:0e/subsystem/0000:07/power/runtime_status&path=//sys/class/pci_bus/0000:06/subsystem/0000:0d/subsystem/0000:01/subsystem/0000:0e/subsystem/0000:07/power HTTP/1.1" 200 262215 "-" "meta-externalagent/1.1 (+https://developers.facebook.com/docs/sharing/webmasters/crawler)"
216.244.66.243 - - [04/Nov/2025:00:53:55 +0000] "GET /?p=9527 HTTP/1.1" 200 185378 "-" "Mozilla/5.0 (compatible; DotBot/1.2; +https://opensiteexplorer.org/dotbot; help@moz.com)"
196.251.66.105 - - [04/Nov/2025:00:53:55 +0000] "GET /wp-includes/blocks/legacy-widget/index.php HTTP/1.1" 404 564 "-" "Mozilla/5.0 (Linux; Android 7.0; SM-G892A Build/NRD90M; wv) AppleWebKit/537.36 (KHTML, Gecko) Version/4.0 Chrome/60.0.3112.107 Mobile Safari/537.36"
57.141.0.45 - - [04/Nov/2025:00:53:55 +0000] "GET /karamba-spielsaal-erfahrungen-angeschlossen-testbericht-werfen-sie-einen-blick-auf-den-link-within-2025-pro-teutonia/?fileloc=//sys/class/pci_bus/0000:00/subsystem/0000:0e/subsystem/0000:0a/subsystem/0000:06/device/max_link_width&path=//sys/class/pci_bus/0000:00/subsystem/0000:0e/subsystem/0000:0a/subsystem/0000:06/device HTTP/1.1" 200 262248 "-" "meta-externalagent/1.1 (+https://developers.facebook.com/docs/sharing/webmasters/crawler)"
216.73.216.137 - - [04/Nov/2025:00:53:56 +0000] "GET /entity/305138260.htm HTTP/1.1" 301 5 "-" "Mozilla/5.0 AppleWebKit/537.36 (KHTML, like Gecko; compatible; ClaudeBot/1.0; +claudebot@anthropic.com)"
57.141.0.72 - - [04/Nov/2025:00:53:56 +0000] "GET /2025/03/07/page/6/?path=//sys/class/pci_bus/0000:04/device/driver/0000:00:02.4/driver/0000:00:02.4/driver/0000:00:02.2/firmware_node/device:27 HTTP/1.1" 200 262216 "-" "meta-externalagent/1.1 (+https://developers.facebook.com/docs/sharing/webmasters/crawler)"
216.73.216.137 - - [04/Nov/2025:00:53:56 +0000] "GET /entity/305138260.htm/ HTTP/1.1" 200 45436 "https://datainsightnow.com/entity/305138260.htm" "Mozilla/5.0 AppleWebKit/537.36 (KHTML, like Gecko; compatible; ClaudeBot/1.0; +claudebot@anthropic.com)"
57.141.0.67 - - [04/Nov/2025:00:53:57 +0000] "GET /2025/03/13/?path=//sys/class/pci_bus/0000:07/subsystem/0000:07/subsystem/0000:00/device/0000:00:1f.2/ata6 HTTP/1.1" 200 262248 "-" "meta-externalagent/1.1 (+https://developers.facebook.com/docs/sharing/webmasters/crawler)"
74.7.227.116 - - [04/Nov/2025:00:53:57 +0000] "GET /index.php?rest_route=/wp/v2/posts/13807 HTTP/1.1" 200 6038 "-" "Mozilla/5.0 AppleWebKit/537.36 (KHTML, like Gecko; compatible; GPTBot/1.2; +https://openai.com/gptbot)"
216.73.216.137 - - [04/Nov/2025:00:53:59 +0000] "GET /entity/305186175.htm HTTP/1.1" 301 5 "-" "Mozilla/5.0 AppleWebKit/537.36 (KHTML, like Gecko; compatible; ClaudeBot/1.0; +claudebot@anthropic.com)"
196.251.66.105 - - [04/Nov/2025:00:53:59 +0000] "GET /wp-includes/blocks/list/index.php HTTP/1.1" 404 564 "-" "Mozilla/5.0 (Linux; Android 7.0; SM-G892A Build/NRD90M; wv) AppleWebKit/537.36 (KHTML, Gecko) Version/4.0 Chrome/60.0.3112.107 Mobile Safari/537.36"
216.73.216.137 - - [04/Nov/2025:00:53:59 +0000] "GET /entity/305186175.htm/ HTTP/1.1" 200 45436 "https://datainsightnow.com/entity/305186175.htm" "Mozilla/5.0 AppleWebKit/537.36 (KHTML, like Gecko; compatible; ClaudeBot/1.0; +claudebot@anthropic.com)"
57.141.0.36 - - [04/Nov/2025:00:54:00 +0000] "GET /2025/03/13/?fileloc=//sys/class/pci_bus/0000:03/subsystem/0000:0e/subsystem/0000:02/subsystem/0000:05/subsystem/0000:09/uevent&path=//sys/class/pci_bus/0000:03/subsystem/0000:0e/subsystem/0000:02/subsystem/0000:05/subsystem/0000:09 HTTP/1.1" 200 262209 "-" "meta-externalagent/1.1 (+https://developers.facebook.com/docs/sharing/webmasters/crawler)"
114.119.153.242 - - [04/Nov/2025:00:54:01 +0000] "GET /zodiac-kasino-erfahrungen-2024-480-bonus-80-freispiele?path=//sys/dev/char/5:1/subsystem/tty5/subsystem/ttyS18/subsystem/tty24/subsystem/ttyS11 HTTP/1.1" 301 5 "https://datainsightnow.com/zodiac-kasino-erfahrungen-2024-480-bonus-80-freispiele/?path=//sys/dev/char/5%3A1/subsystem/tty5/subsystem/ttyS18/subsystem/tty24/subsystem" "Mozilla/5.0 (Linux; Android 7.0;) AppleWebKit/537.36 (KHTML, like Gecko) Mobile Safari/537.36 (compatible; PetalBot;+https://webmaster.petalsearch.com/site/petalbot)"
66.135.21.75 - - [04/Nov/2025:00:54:02 +0000] "POST /wp-cron.php?doing_wp_cron=1762217642.3490829467773437500000 HTTP/1.1" 200 31 "-" "WordPress/6.3.1; https://datainsightnow.com"
216.73.216.137 - - [04/Nov/2025:00:54:02 +0000] "GET /entity/305350901.htm HTTP/1.1" 301 5 "-" "Mozilla/5.0 AppleWebKit/537.36 (KHTML, like Gecko; compatible; ClaudeBot/1.0; +claudebot@anthropic.com)"
196.251.66.105 - - [04/Nov/2025:00:54:03 +0000] "GET /wp-includes/blocks/loginout/index.php HTTP/1.1" 404 564 "-" "Mozilla/5.0 (Linux; Android 7.0; SM-G892A Build/NRD90M; wv) AppleWebKit/537.36 (KHTML, Gecko) Version/4.0 Chrome/60.0.3112.107 Mobile Safari/537.36"
114.119.153.242 - - [04/Nov/2025:00:54:03 +0000] "GET /zodiac-kasino-erfahrungen-2024-480-bonus-80-freispiele/?path=//sys/dev/char/5:1/subsystem/tty5/subsystem/ttyS18/subsystem/tty24/subsystem/ttyS11 HTTP/1.1" 200 45437 "https://datainsightnow.com/zodiac-kasino-erfahrungen-2024-480-bonus-80-freispiele/?path=//sys/dev/char/5%3A1/subsystem/tty5/subsystem/ttyS18/subsystem/tty24/subsystem" "Mozilla/5.0 (Linux; Android 7.0;) AppleWebKit/537.36 (KHTML, like Gecko) Mobile Safari/537.36 (compatible; PetalBot;+https://webmaster.petalsearch.com/site/petalbot)"
216.73.216.137 - - [04/Nov/2025:00:54:03 +0000] "GET /entity/305350901.htm/ HTTP/1.1" 200 45436 "https://datainsightnow.com/entity/305350901.htm" "Mozilla/5.0 AppleWebKit/537.36 (KHTML, like Gecko; compatible; ClaudeBot/1.0; +claudebot@anthropic.com)"
196.251.66.105 - - [04/Nov/2025:00:54:04 +0000] "GET /wp-includes/blocks/media-text/index.php HTTP/1.1" 404 564 "-" "Mozilla/5.0 (Linux; Android 7.0; SM-G892A Build/NRD90M; wv) AppleWebKit/537.36 (KHTML, Gecko) Version/4.0 Chrome/60.0.3112.107 Mobile Safari/537.36"
57.141.0.7 - - [04/Nov/2025:00:54:04 +0000] "GET /karamba-spielsaal-erfahrungen-angeschlossen-testbericht-werfen-sie-einen-blick-auf-den-link-within-2025-pro-teutonia/?fileloc=//sys/class/pci_bus/0000:01/subsystem/0000:01/subsystem/0000:04/subsystem/0000:00/device/0000:00:03.1/local_cpulist&path=//sys/class/pci_bus/0000:01/subsystem/0000:01/subsystem/0000:04/subsystem/0000:00/device/0000:00:03.1 HTTP/1.1" 200 262264 "-" "meta-externalagent/1.1 (+https://developers.facebook.com/docs/sharing/webmasters/crawler)"
74.7.227.116 - - [04/Nov/2025:00:54:04 +0000] "GET /?p=27233 HTTP/1.1" 200 42989 "-" "Mozilla/5.0 AppleWebKit/537.36 (KHTML, like Gecko; compatible; GPTBot/1.2; +https://openai.com/gptbot)"
57.141.0.39 - - [04/Nov/2025:00:54:05 +0000] "GET /karamba-spielsaal-erfahrungen-angeschlossen-testbericht-werfen-sie-einen-blick-auf-den-link-within-2025-pro-teutonia/?path=//sys/class/pci_bus/0000:05/subsystem/0000:12/subsystem/0000:05/device/subsystem/drivers/agpgart-via HTTP/1.1" 200 262215 "-" "meta-externalagent/1.1 (+https://developers.facebook.com/docs/sharing/webmasters/crawler)"
185.191.171.16 - - [04/Nov/2025:00:54:05 +0000] "GET /?p=22959 HTTP/1.1" 200 42428 "-" "Mozilla/5.0 (compatible; SemrushBot/7~bl; +http://www.semrush.com/bot.html)"
216.73.216.137 - - [04/Nov/2025:00:54:05 +0000] "GET /entity/536679853.htm HTTP/1.1" 301 5 "-" "Mozilla/5.0 AppleWebKit/537.36 (KHTML, like Gecko; compatible; ClaudeBot/1.0; +claudebot@anthropic.com)"
57.141.0.58 - - [04/Nov/2025:00:54:05 +0000] "GET /2025/03/06/page/39/?path=//sys/class/pci_bus/0000:13/subsystem/0000:03/subsystem/0000:0b/device/subsystem/drivers HTTP/1.1" 200 262264 "-" "meta-externalagent/1.1 (+https://developers.facebook.com/docs/sharing/webmasters/crawler)"
216.73.216.137 - - [04/Nov/2025:00:54:05 +0000] "GET /entity/536679853.htm/ HTTP/1.1" 200 45436 "https://datainsightnow.com/entity/536679853.htm" "Mozilla/5.0 AppleWebKit/537.36 (KHTML, like Gecko; compatible; ClaudeBot/1.0; +claudebot@anthropic.com)"
196.251.66.105 - - [04/Nov/2025:00:54:08 +0000] "GET /wp-includes/blocks/missing/index.php HTTP/1.1" 404 564 "-" "Mozilla/5.0 (Linux; Android 7.0; SM-G892A Build/NRD90M; wv) AppleWebKit/537.36 (KHTML, Gecko) Version/4.0 Chrome/60.0.3112.107 Mobile Safari/537.36"
217.113.194.54 - - [04/Nov/2025:00:54:09 +0000] "GET /?fileloc=//proc/263/io&path=//proc/263 HTTP/1.1" 200 45436 "-" "Mozilla/5.0 (compatible; Barkrowler/0.9; +https://babbar.tech/crawler)"
196.251.66.105 - - [04/Nov/2025:00:54:09 +0000] "GET /wp-includes/blocks/more/index.php HTTP/1.1" 404 564 "-" "Mozilla/5.0 (Linux; Android 7.0; SM-G892A Build/NRD90M; wv) AppleWebKit/537.36 (KHTML, Gecko) Version/4.0 Chrome/60.0.3112.107 Mobile Safari/537.36"
74.7.227.116 - - [04/Nov/2025:00:54:10 +0000] "GET /index.php?rest_route=%2Foembed%2F1.0%2Fembed&url=https%3A%2F%2Fdatainsightnow.com%2F%3Fp%3D25170 HTTP/1.1" 200 1651 "-" "Mozilla/5.0 AppleWebKit/537.36 (KHTML, like Gecko; compatible; GPTBot/1.2; +https://openai.com/gptbot)"
57.141.0.32 - - [04/Nov/2025:00:54:10 +0000] "GET /karamba-spielsaal-erfahrungen-angeschlossen-testbericht-werfen-sie-einen-blick-auf-den-link-within-2025-pro-teutonia/?fileloc=//sys/class/pci_bus/0000:06/subsystem/0000:01/subsystem/0000:06/subsystem/0000:10/subsystem/0000:0a/subsystem/0000:13/cpulistaffinity&path=//sys/class/pci_bus/0000:06/subsystem/0000:01/subsystem/0000:06/subsystem/0000:10/subsystem/0000:0a/subsystem/0000:13 HTTP/1.1" 200 262215 "-" "meta-externalagent/1.1 (+https://developers.facebook.com/docs/sharing/webmasters/crawler)"
196.251.66.105 - - [04/Nov/2025:00:54:10 +0000] "GET /wp-includes/blocks/nextpage/index.php HTTP/1.1" 404 564 "-" "Mozilla/5.0 (Linux; Android 7.0; SM-G892A Build/NRD90M; wv) AppleWebKit/537.36 (KHTML, Gecko) Version/4.0 Chrome/60.0.3112.107 Mobile Safari/537.36"
196.251.66.105 - - [04/Nov/2025:00:54:12 +0000] "GET /wp-includes/blocks/page-list/index.php HTTP/1.1" 404 564 "-" "Mozilla/5.0 (Linux; Android 7.0; SM-G892A Build/NRD90M; wv) AppleWebKit/537.36 (KHTML, Gecko) Version/4.0 Chrome/60.0.3112.107 Mobile Safari/537.36"
57.141.0.54 - - [04/Nov/2025:00:54:13 +0000] "GET /2025/03/07/page/6/?path=//sys/class/pci_bus/0000:05/subsystem/0000:03/device/pci_bus/0000:03/subsystem/0000:05/subsystem/0000:0a HTTP/1.1" 200 262264 "-" "meta-externalagent/1.1 (+https://developers.facebook.com/docs/sharing/webmasters/crawler)"
57.141.0.19 - - [04/Nov/2025:00:54:13 +0000] "GET /2025/03/07/page/6/?fileloc=//sys/class/pci_bus/0000:0d/subsystem/0000:0c/subsystem/0000:0f/device/driver/0000:00:02.3/subsystem_vendor&path=//sys/class/pci_bus/0000:0d/subsystem/0000:0c/subsystem/0000:0f/device/driver/0000:00:02.3 HTTP/1.1" 200 262248 "-" "meta-externalagent/1.1 (+https://developers.facebook.com/docs/sharing/webmasters/crawler)"
196.251.66.105 - - [04/Nov/2025:00:54:13 +0000] "GET /wp-includes/blocks/paragraph/index.php HTTP/1.1" 404 564 "-" "Mozilla/5.0 (Linux; Android 7.0; SM-G892A Build/NRD90M; wv) AppleWebKit/537.36 (KHTML, Gecko) Version/4.0 Chrome/60.0.3112.107 Mobile Safari/537.36"
74.7.227.116 - - [04/Nov/2025:00:54:14 +0000] "GET /index.php?format=xml&rest_route=%2Foembed%2F1.0%2Fembed&url=https%3A%2F%2Fdatainsightnow.com%2F%3Fp%3D25170 HTTP/1.1" 200 1679 "-" "Mozilla/5.0 AppleWebKit/537.36 (KHTML, like Gecko; compatible; GPTBot/1.2; +https://openai.com/gptbot)"
57.141.0.55 - - [04/Nov/2025:00:54:14 +0000] "GET /karamba-spielsaal-erfahrungen-angeschlossen-testbericht-werfen-sie-einen-blick-auf-den-link-within-2025-pro-teutonia/?fileloc=//sys/class/pci_bus/0000:0c/device/driver/0000:00:02.6/firmware_node/subsystem/devices/device:02/uevent&path=//sys/class/pci_bus/0000:0c/device/driver/0000:00:02.6/firmware_node/subsystem/devices/device:02 HTTP/1.1" 200 262264 "-" "meta-externalagent/1.1 (+https://developers.facebook.com/docs/sharing/webmasters/crawler)"
196.251.66.105 - - [04/Nov/2025:00:54:16 +0000] "GET /wp-includes/blocks/post-content/index.php HTTP/1.1" 404 564 "-" "Mozilla/5.0 (Linux; Android 7.0; SM-G892A Build/NRD90M; wv) AppleWebKit/537.36 (KHTML, Gecko) Version/4.0 Chrome/60.0.3112.107 Mobile Safari/537.36"
57.141.0.74 - - [04/Nov/2025:00:54:16 +0000] "GET /2025/03/07/page/6/?path=//sys/class/misc/device-mapper/subsystem/mpt2ctl/subsystem/udmabuf/subsystem HTTP/1.1" 200 262264 "-" "meta-externalagent/1.1 (+https://developers.facebook.com/docs/sharing/webmasters/crawler)"
57.141.0.4 - - [04/Nov/2025:00:54:16 +0000] "GET /2025/03/13/?path=//sys/class/pci_bus/0000:12/device/0000:00:04.0:pcie001/driver/0000:00:03.0:pcie001/subsystem/devices/0000:00:03.5:pcie010 HTTP/1.1" 200 262264 "-" "meta-externalagent/1.1 (+https://developers.facebook.com/docs/sharing/webmasters/crawler)"
57.141.0.28 - - [04/Nov/2025:00:54:18 +0000] "GET /karamba-spielsaal-erfahrungen-angeschlossen-testbericht-werfen-sie-einen-blick-auf-den-link-within-2025-pro-teutonia/?fileloc=//sys/class/pci_bus/0000:04/subsystem/0000:04/device/driver/0000:00:03.2/firmware_node/physical_node/reset_subordinate&path=//sys/class/pci_bus/0000:04/subsystem/0000:04/device/driver/0000:00:03.2/firmware_node/physical_node HTTP/1.1" 200 262209 "-" "meta-externalagent/1.1 (+https://developers.facebook.com/docs/sharing/webmasters/crawler)"
74.7.227.116 - - [04/Nov/2025:00:54:18 +0000] "GET /?p=13811 HTTP/1.1" 200 42765 "-" "Mozilla/5.0 AppleWebKit/537.36 (KHTML, like Gecko; compatible; GPTBot/1.2; +https://openai.com/gptbot)"
196.251.66.105 - - [04/Nov/2025:00:54:18 +0000] "GET /wp-includes/blocks/post-date/index.php HTTP/1.1" 404 564 "-" "Mozilla/5.0 (Linux; Android 7.0; SM-G892A Build/NRD90M; wv) AppleWebKit/537.36 (KHTML, Gecko) Version/4.0 Chrome/60.0.3112.107 Mobile Safari/537.36"
57.141.0.51 - - [04/Nov/2025:00:54:18 +0000] "GET /2025/03/06/page/39/?fileloc=//sys/class/pci_bus/0000:0b/subsystem/0000:00/device/0000:00:02.2/driver/0000:00:04.1/driver/0000:00:02.3/aer_rootport_total_err_fatal&path=//sys/class/pci_bus/0000:0b/subsystem/0000:00/device/0000:00:02.2/driver/0000:00:04.1/driver/0000:00:02.3 HTTP/1.1" 200 262264 "-" "meta-externalagent/1.1 (+https://developers.facebook.com/docs/sharing/webmasters/crawler)"
196.251.66.105 - - [04/Nov/2025:00:54:19 +0000] "GET /wp-includes/blocks/post-excerpt/index.php HTTP/1.1" 404 564 "-" "Mozilla/5.0 (Linux; Android 7.0; SM-G892A Build/NRD90M; wv) AppleWebKit/537.36 (KHTML, Gecko) Version/4.0 Chrome/60.0.3112.107 Mobile Safari/537.36"
57.141.0.74 - - [04/Nov/2025:00:54:19 +0000] "GET /karamba-spielsaal-erfahrungen-angeschlossen-testbericht-werfen-sie-einen-blick-auf-den-link-within-2025-pro-teutonia/?fileloc=//sys/class/pci_bus/0000:0b/subsystem/0000:0b/subsystem/0000:04/device/subsystem/devices/0000:00:1f.3/firmware_node/adr&path=//sys/class/pci_bus/0000:0b/subsystem/0000:0b/subsystem/0000:04/device/subsystem/devices/0000:00:1f.3/firmware_node HTTP/1.1" 200 262215 "-" "meta-externalagent/1.1 (+https://developers.facebook.com/docs/sharing/webmasters/crawler)"
57.141.0.8 - - [04/Nov/2025:00:54:20 +0000] "GET /2025/03/07/page/6/?path=//sys/class/pci_bus/0000:0d/subsystem/0000:06/subsystem/0000:11/subsystem/0000:05/subsystem/0000:01/subsystem/0000:0c HTTP/1.1" 200 262264 "-" "meta-externalagent/1.1 (+https://developers.facebook.com/docs/sharing/webmasters/crawler)"
196.251.66.105 - - [04/Nov/2025:00:54:20 +0000] "GET /wp-includes/blocks/post-featured-image/index.php HTTP/1.1" 404 564 "-" "Mozilla/5.0 (Linux; Android 7.0; SM-G892A Build/NRD90M; wv) AppleWebKit/537.36 (KHTML, Gecko) Version/4.0 Chrome/60.0.3112.107 Mobile Safari/537.36"
57.141.0.63 - - [04/Nov/2025:00:54:21 +0000] "GET /2025/03/07/page/6/?fileloc=//sys/class/pci_bus/0000:06/subsystem/0000:04/device/driver/0000:00:02.4/driver/0000:00:03.4/subsystem_vendor&path=//sys/class/pci_bus/0000:06/subsystem/0000:04/device/driver/0000:00:02.4/driver/0000:00:03.4 HTTP/1.1" 200 262264 "-" "meta-externalagent/1.1 (+https://developers.facebook.com/docs/sharing/webmasters/crawler)"
196.251.66.105 - - [04/Nov/2025:00:54:21 +0000] "GET /wp-includes/blocks/post-template/index.php HTTP/1.1" 404 564 "-" "Mozilla/5.0 (Linux; Android 7.0; SM-G892A Build/NRD90M; wv) AppleWebKit/537.36 (KHTML, Gecko) Version/4.0 Chrome/60.0.3112.107 Mobile Safari/537.36"
57.141.0.69 - - [04/Nov/2025:00:54:22 +0000] "GET /2025/03/07/page/6/?path=//sys/class/pci_bus/0000:0b/subsystem/0000:01/subsystem/0000:0a/device/driver/0000:00:02.7/firmware_node HTTP/1.1" 200 262264 "-" "meta-externalagent/1.1 (+https://developers.facebook.com/docs/sharing/webmasters/crawler)"
74.7.227.116 - - [04/Nov/2025:00:54:22 +0000] "GET /index.php?format=xml&rest_route=%2Foembed%2F1.0%2Fembed&url=https%3A%2F%2Fdatainsightnow.com%2F%3Fp%3D13809 HTTP/1.1" 200 1289 "-" "Mozilla/5.0 AppleWebKit/537.36 (KHTML, like Gecko; compatible; GPTBot/1.2; +https://openai.com/gptbot)"
196.251.66.105 - - [04/Nov/2025:00:54:22 +0000] "GET /wp-includes/blocks/post-terms/index.php HTTP/1.1" 404 564 "-" "Mozilla/5.0 (Linux; Android 7.0; SM-G892A Build/NRD90M; wv) AppleWebKit/537.36 (KHTML, Gecko) Version/4.0 Chrome/60.0.3112.107 Mobile Safari/537.36"
52.167.144.182 - - [04/Nov/2025:00:54:22 +0000] "GET /enc_avif?path=//etc/cron.monthly HTTP/1.1" 200 30056 "-" "Mozilla/5.0 AppleWebKit/537.36 (KHTML, like Gecko; compatible; bingbot/2.0; +http://www.bing.com/bingbot.htm) Chrome/116.0.1938.76 Safari/537.36"
85.208.96.200 - - [04/Nov/2025:00:54:23 +0000] "GET /?p=13115 HTTP/1.1" 200 41786 "-" "Mozilla/5.0 (compatible; SemrushBot/7~bl; +http://www.semrush.com/bot.html)"
196.251.66.105 - - [04/Nov/2025:00:54:24 +0000] "GET /wp-includes/blocks/post-title/index.php HTTP/1.1" 404 564 "-" "Mozilla/5.0 (Linux; Android 7.0; SM-G892A Build/NRD90M; wv) AppleWebKit/537.36 (KHTML, Gecko) Version/4.0 Chrome/60.0.3112.107 Mobile Safari/537.36"
57.141.0.75 - - [04/Nov/2025:00:54:25 +0000] "GET /2025/03/07/page/6/?fileloc=//sys/class/pci_bus/0000:01/subsystem/0000:00/device/0000:00:02.0/driver/0000:00:03.6/max_link_width&path=//sys/class/pci_bus/0000:01/subsystem/0000:00/device/0000:00:02.0/driver/0000:00:03.6 HTTP/1.1" 200 262264 "-" "meta-externalagent/1.1 (+https://developers.facebook.com/docs/sharing/webmasters/crawler)"
216.73.216.137 - - [04/Nov/2025:00:54:26 +0000] "GET /entity/536554507.htm HTTP/1.1" 301 5 "-" "Mozilla/5.0 AppleWebKit/537.36 (KHTML, like Gecko; compatible; ClaudeBot/1.0; +claudebot@anthropic.com)"
216.73.216.137 - - [04/Nov/2025:00:54:26 +0000] "GET /entity/536554507.htm/ HTTP/1.1" 200 45436 "https://datainsightnow.com/entity/536554507.htm" "Mozilla/5.0 AppleWebKit/537.36 (KHTML, like Gecko; compatible; ClaudeBot/1.0; +claudebot@anthropic.com)"
196.251.66.105 - - [04/Nov/2025:00:54:27 +0000] "GET /wp-includes/blocks/preformatted/index.php HTTP/1.1" 404 564 "-" "Mozilla/5.0 (Linux; Android 7.0; SM-G892A Build/NRD90M; wv) AppleWebKit/537.36 (KHTML, Gecko) Version/4.0 Chrome/60.0.3112.107 Mobile Safari/537.36"
216.73.216.137 - - [04/Nov/2025:00:54:29 +0000] "GET /entity/536598019.htm HTTP/1.1" 301 5 "-" "Mozilla/5.0 AppleWebKit/537.36 (KHTML, like Gecko; compatible; ClaudeBot/1.0; +claudebot@anthropic.com)"
196.251.66.105 - - [04/Nov/2025:00:54:29 +0000] "GET /wp-includes/blocks/pullquote/index.php HTTP/1.1" 404 564 "-" "Mozilla/5.0 (Linux; Android 7.0; SM-G892A Build/NRD90M; wv) AppleWebKit/537.36 (KHTML, Gecko) Version/4.0 Chrome/60.0.3112.107 Mobile Safari/537.36"
217.113.194.59 - - [04/Nov/2025:00:54:29 +0000] "GET /?fileloc=//bin/dpkg-distaddfile&path=//bin HTTP/1.1" 200 45436 "-" "Mozilla/5.0 (compatible; Barkrowler/0.9; +https://babbar.tech/crawler)"
74.7.227.116 - - [04/Nov/2025:00:54:30 +0000] "GET /index.php?rest_route=%2Foembed%2F1.0%2Fembed&url=https%3A%2F%2Fdatainsightnow.com%2F%3Fp%3D13809 HTTP/1.1" 200 1264 "-" "Mozilla/5.0 AppleWebKit/537.36 (KHTML, like Gecko; compatible; GPTBot/1.2; +https://openai.com/gptbot)"
216.73.216.137 - - [04/Nov/2025:00:54:30 +0000] "GET /entity/536598019.htm/ HTTP/1.1" 200 45436 "https://datainsightnow.com/entity/536598019.htm" "Mozilla/5.0 AppleWebKit/537.36 (KHTML, like Gecko; compatible; ClaudeBot/1.0; +claudebot@anthropic.com)"
57.141.0.17 - - [04/Nov/2025:00:54:30 +0000] "GET /2025/03/07/page/6/?fileloc=//sys/class/pci_bus/0000:10/subsystem/0000:00/device/0000:00:02.7/firmware_node/physical_node/0000:09:00.0/firmware_node/uevent&path=//sys/class/pci_bus/0000:10/subsystem/0000:00/device/0000:00:02.7/firmware_node/physical_node/0000:09:00.0/firmware_node HTTP/1.1" 200 262264 "-" "meta-externalagent/1.1 (+https://developers.facebook.com/docs/sharing/webmasters/crawler)"
57.141.0.61 - - [04/Nov/2025:00:54:30 +0000] "GET /2025/03/06/page/39/?path=//sys/class/pci_bus/0000:09/subsystem/0000:06/subsystem/0000:00/device/0000:00:02.0/0000:01:00.0/firmware_node HTTP/1.1" 200 262209 "-" "meta-externalagent/1.1 (+https://developers.facebook.com/docs/sharing/webmasters/crawler)"
57.141.0.55 - - [04/Nov/2025:00:54:31 +0000] "GET /2025/03/07/page/6/?fileloc=//sys/class/pci_bus/0000:05/subsystem/0000:0b/subsystem/0000:03/subsystem/0000:00/device/0000:00:02.2/power/wakeup_active&path=//sys/class/pci_bus/0000:05/subsystem/0000:0b/subsystem/0000:03/subsystem/0000:00/device/0000:00:02.2/power HTTP/1.1" 200 262264 "-" "meta-externalagent/1.1 (+https://developers.facebook.com/docs/sharing/webmasters/crawler)"
196.251.66.105 - - [04/Nov/2025:00:54:31 +0000] "GET /wp-includes/blocks/query-pagination-next/index.php HTTP/1.1" 404 564 "-" "Mozilla/5.0 (Linux; Android 7.0; SM-G892A Build/NRD90M; wv) AppleWebKit/537.36 (KHTML, Gecko) Version/4.0 Chrome/60.0.3112.107 Mobile Safari/537.36"
216.73.216.137 - - [04/Nov/2025:00:54:32 +0000] "GET /entity/305132044.htm HTTP/1.1" 301 5 "-" "Mozilla/5.0 AppleWebKit/537.36 (KHTML, like Gecko; compatible; ClaudeBot/1.0; +claudebot@anthropic.com)"
196.251.66.105 - - [04/Nov/2025:00:54:32 +0000] "GET /wp-includes/blocks/query-pagination-numbers/index.php HTTP/1.1" 404 564 "-" "Mozilla/5.0 (Linux; Android 7.0; SM-G892A Build/NRD90M; wv) AppleWebKit/537.36 (KHTML, Gecko) Version/4.0 Chrome/60.0.3112.107 Mobile Safari/537.36"
216.73.216.137 - - [04/Nov/2025:00:54:32 +0000] "GET /entity/305132044.htm/ HTTP/1.1" 200 45436 "https://datainsightnow.com/entity/305132044.htm" "Mozilla/5.0 AppleWebKit/537.36 (KHTML, like Gecko; compatible; ClaudeBot/1.0; +claudebot@anthropic.com)"
196.251.66.105 - - [04/Nov/2025:00:54:34 +0000] "GET /wp-includes/blocks/query-pagination-previous/index.php HTTP/1.1" 404 564 "-" "Mozilla/5.0 (Linux; Android 7.0; SM-G892A Build/NRD90M; wv) AppleWebKit/537.36 (KHTML, Gecko) Version/4.0 Chrome/60.0.3112.107 Mobile Safari/537.36"
216.73.216.137 - - [04/Nov/2025:00:54:35 +0000] "GET /entity/536624431.htm HTTP/1.1" 301 5 "-" "Mozilla/5.0 AppleWebKit/537.36 (KHTML, like Gecko; compatible; ClaudeBot/1.0; +claudebot@anthropic.com)"
57.141.0.61 - - [04/Nov/2025:00:54:35 +0000] "GET /2025/03/06/page/39/?path=//sys/class/pci_bus/0000:0f/device/driver/0000:00:02.5/firmware_node/subsystem/devices/LNXSYBUS:00/PNP0C0F:0a HTTP/1.1" 200 262209 "-" "meta-externalagent/1.1 (+https://developers.facebook.com/docs/sharing/webmasters/crawler)"
57.141.0.40 - - [04/Nov/2025:00:54:35 +0000] "GET /2025/03/07/page/6/?fileloc=//sys/class/pci_bus/0000:0d/subsystem/0000:06/subsystem/0000:0b/device/driver/0000:00:03.0/aer_dev_nonfatal&path=//sys/class/pci_bus/0000:0d/subsystem/0000:06/subsystem/0000:0b/device/driver/0000:00:03.0 HTTP/1.1" 200 262215 "-" "meta-externalagent/1.1 (+https://developers.facebook.com/docs/sharing/webmasters/crawler)"
216.73.216.137 - - [04/Nov/2025:00:54:35 +0000] "GET /entity/536624431.htm/ HTTP/1.1" 200 45436 "https://datainsightnow.com/entity/536624431.htm" "Mozilla/5.0 AppleWebKit/537.36 (KHTML, like Gecko; compatible; ClaudeBot/1.0; +claudebot@anthropic.com)"
196.251.66.105 - - [04/Nov/2025:00:54:36 +0000] "GET /wp-includes/blocks/query-pagination/index.php HTTP/1.1" 404 564 "-" "Mozilla/5.0 (Linux; Android 7.0; SM-G892A Build/NRD90M; wv) AppleWebKit/537.36 (KHTML, Gecko) Version/4.0 Chrome/60.0.3112.107 Mobile Safari/537.36"
74.7.227.116 - - [04/Nov/2025:00:54:36 +0000] "GET /index.php?rest_route=/wp/v2/posts/13809 HTTP/1.1" 200 5433 "-" "Mozilla/5.0 AppleWebKit/537.36 (KHTML, like Gecko; compatible; GPTBot/1.2; +https://openai.com/gptbot)"
196.251.66.105 - - [04/Nov/2025:00:54:38 +0000] "GET /wp-includes/blocks/query-title/index.php HTTP/1.1" 404 564 "-" "Mozilla/5.0 (Linux; Android 7.0; SM-G892A Build/NRD90M; wv) AppleWebKit/537.36 (KHTML, Gecko) Version/4.0 Chrome/60.0.3112.107 Mobile Safari/537.36"
216.73.216.137 - - [04/Nov/2025:00:54:38 +0000] "GET /entity/536588171.htm HTTP/1.1" 301 5 "-" "Mozilla/5.0 AppleWebKit/537.36 (KHTML, like Gecko; compatible; ClaudeBot/1.0; +claudebot@anthropic.com)"
216.73.216.137 - - [04/Nov/2025:00:54:38 +0000] "GET /entity/536588171.htm/ HTTP/1.1" 200 45436 "https://datainsightnow.com/entity/536588171.htm" "Mozilla/5.0 AppleWebKit/537.36 (KHTML, like Gecko; compatible; ClaudeBot/1.0; +claudebot@anthropic.com)"
85.208.96.199 - - [04/Nov/2025:00:54:38 +0000] "GET /?p=36769 HTTP/1.1" 200 43599 "-" "Mozilla/5.0 (compatible; SemrushBot/7~bl; +http://www.semrush.com/bot.html)"
196.251.66.105 - - [04/Nov/2025:00:54:40 +0000] "GET /wp-includes/blocks/query/index.php HTTP/1.1" 404 564 "-" "Mozilla/5.0 (Linux; Android 7.0; SM-G892A Build/NRD90M; wv) AppleWebKit/537.36 (KHTML, Gecko) Version/4.0 Chrome/60.0.3112.107 Mobile Safari/537.36"
216.73.216.137 - - [04/Nov/2025:00:54:41 +0000] "GET /entity/305155348.htm HTTP/1.1" 301 5 "-" "Mozilla/5.0 AppleWebKit/537.36 (KHTML, like Gecko; compatible; ClaudeBot/1.0; +claudebot@anthropic.com)"
196.251.66.105 - - [04/Nov/2025:00:54:41 +0000] "GET /wp-includes/blocks/quote/index.php HTTP/1.1" 404 564 "-" "Mozilla/5.0 (Linux; Android 7.0; SM-G892A Build/NRD90M; wv) AppleWebKit/537.36 (KHTML, Gecko) Version/4.0 Chrome/60.0.3112.107 Mobile Safari/537.36"
216.73.216.137 - - [04/Nov/2025:00:54:41 +0000] "GET /entity/305155348.htm/ HTTP/1.1" 200 45436 "https://datainsightnow.com/entity/305155348.htm" "Mozilla/5.0 AppleWebKit/537.36 (KHTML, like Gecko; compatible; ClaudeBot/1.0; +claudebot@anthropic.com)"
196.251.66.105 - - [04/Nov/2025:00:54:42 +0000] "GET /wp-includes/blocks/rss/index.php HTTP/1.1" 404 564 "-" "Mozilla/5.0 (Linux; Android 7.0; SM-G892A Build/NRD90M; wv) AppleWebKit/537.36 (KHTML, Gecko) Version/4.0 Chrome/60.0.3112.107 Mobile Safari/537.36"
74.7.227.116 - - [04/Nov/2025:00:54:42 +0000] "GET /index.php?format=xml&rest_route=%2Foembed%2F1.0%2Fembed&url=https%3A%2F%2Fdatainsightnow.com%2F%3Fp%3D27231 HTTP/1.1" 200 1284 "-" "Mozilla/5.0 AppleWebKit/537.36 (KHTML, like Gecko; compatible; GPTBot/1.2; +https://openai.com/gptbot)"
216.73.216.137 - - [04/Nov/2025:00:54:44 +0000] "GET /entity/536718448.htm HTTP/1.1" 301 5 "-" "Mozilla/5.0 AppleWebKit/537.36 (KHTML, like Gecko; compatible; ClaudeBot/1.0; +claudebot@anthropic.com)"
216.73.216.137 - - [04/Nov/2025:00:54:44 +0000] "GET /entity/536718448.htm/ HTTP/1.1" 200 45436 "https://datainsightnow.com/entity/536718448.htm" "Mozilla/5.0 AppleWebKit/537.36 (KHTML, like Gecko; compatible; ClaudeBot/1.0; +claudebot@anthropic.com)"
196.251.66.105 - - [04/Nov/2025:00:54:44 +0000] "GET /wp-includes/blocks/search/index.php HTTP/1.1" 404 564 "-" "Mozilla/5.0 (Linux; Android 7.0; SM-G892A Build/NRD90M; wv) AppleWebKit/537.36 (KHTML, Gecko) Version/4.0 Chrome/60.0.3112.107 Mobile Safari/537.36"
57.141.0.1 - - [04/Nov/2025:00:54:46 +0000] "GET /karamba-spielsaal-erfahrungen-angeschlossen-testbericht-werfen-sie-einen-blick-auf-den-link-within-2025-pro-teutonia/?fileloc=//sys/class/pci_bus/0000:04/subsystem/0000:11/subsystem/0000:07/device/driver/0000:00:02.1/0000:02:00.0/waiting_for_supplier&path=//sys/class/pci_bus/0000:04/subsystem/0000:11/subsystem/0000:07/device/driver/0000:00:02.1/0000:02:00.0 HTTP/1.1" 200 262264 "-" "meta-externalagent/1.1 (+https://developers.facebook.com/docs/sharing/webmasters/crawler)"
216.73.216.137 - - [04/Nov/2025:00:54:47 +0000] "GET /entity/536562795.htm HTTP/1.1" 301 5 "-" "Mozilla/5.0 AppleWebKit/537.36 (KHTML, like Gecko; compatible; ClaudeBot/1.0; +claudebot@anthropic.com)"
216.73.216.137 - - [04/Nov/2025:00:54:47 +0000] "GET /entity/536562795.htm/ HTTP/1.1" 200 45436 "https://datainsightnow.com/entity/536562795.htm" "Mozilla/5.0 AppleWebKit/537.36 (KHTML, like Gecko; compatible; ClaudeBot/1.0; +claudebot@anthropic.com)"
57.141.0.44 - - [04/Nov/2025:00:54:48 +0000] "GET /2025/03/07/page/6/?fileloc=//sys/class/pci_bus/0000:13/subsystem/0000:0e/subsystem/0000:0b/subsystem/0000:00/device/0000:00:02.6/max_link_speed&path=//sys/class/pci_bus/0000:13/subsystem/0000:0e/subsystem/0000:0b/subsystem/0000:00/device/0000:00:02.6 HTTP/1.1" 200 262209 "-" "meta-externalagent/1.1 (+https://developers.facebook.com/docs/sharing/webmasters/crawler)"
74.7.227.116 - - [04/Nov/2025:00:54:49 +0000] "GET /index.php?rest_route=/wp/v2/posts/27231 HTTP/1.1" 200 5925 "-" "Mozilla/5.0 AppleWebKit/537.36 (KHTML, like Gecko; compatible; GPTBot/1.2; +https://openai.com/gptbot)"
154.54.249.198 - - [04/Nov/2025:00:54:49 +0000] "GET /?fileloc=//etc/deluser.conf&path=//etc HTTP/1.1" 200 45436 "-" "Mozilla/5.0 (compatible; Barkrowler/0.9; +https://babbar.tech/crawler)"
66.135.21.75 - - [04/Nov/2025:00:54:50 +0000] "POST /wp-cron.php?doing_wp_cron=1762217690.0471339225769042968750 HTTP/1.1" 200 31 "-" "WordPress/6.3.1; https://datainsightnow.com"
216.73.216.137 - - [04/Nov/2025:00:54:50 +0000] "GET /entity/536658621.htm HTTP/1.1" 301 5 "-" "Mozilla/5.0 AppleWebKit/537.36 (KHTML, like Gecko; compatible; ClaudeBot/1.0; +claudebot@anthropic.com)"
216.73.216.137 - - [04/Nov/2025:00:54:50 +0000] "GET /entity/536658621.htm/ HTTP/1.1" 200 45436 "https://datainsightnow.com/entity/536658621.htm" "Mozilla/5.0 AppleWebKit/537.36 (KHTML, like Gecko; compatible; ClaudeBot/1.0; +claudebot@anthropic.com)"
57.141.0.65 - - [04/Nov/2025:00:54:51 +0000] "GET /2025/03/07/page/6/?path=//sys/class/pci_bus/0000:07/subsystem/0000:05/subsystem/0000:00/subsystem/0000:12/subsystem/0000:13/subsystem HTTP/1.1" 200 262264 "-" "meta-externalagent/1.1 (+https://developers.facebook.com/docs/sharing/webmasters/crawler)"
216.73.216.137 - - [04/Nov/2025:00:54:53 +0000] "GET /entity/305251182.htm HTTP/1.1" 301 5 "-" "Mozilla/5.0 AppleWebKit/537.36 (KHTML, like Gecko; compatible; ClaudeBot/1.0; +claudebot@anthropic.com)"
216.73.216.137 - - [04/Nov/2025:00:54:53 +0000] "GET /entity/305251182.htm/ HTTP/1.1" 200 45436 "https://datainsightnow.com/entity/305251182.htm" "Mozilla/5.0 AppleWebKit/537.36 (KHTML, like Gecko; compatible; ClaudeBot/1.0; +claudebot@anthropic.com)"
74.7.227.116 - - [04/Nov/2025:00:54:53 +0000] "GET /index.php?rest_route=%2Foembed%2F1.0%2Fembed&url=https%3A%2F%2Fdatainsightnow.com%2F%3Fp%3D27231 HTTP/1.1" 200 1260 "-" "Mozilla/5.0 AppleWebKit/537.36 (KHTML, like Gecko; compatible; GPTBot/1.2; +https://openai.com/gptbot)"
57.141.0.62 - - [04/Nov/2025:00:54:54 +0000] "GET /karamba-spielsaal-erfahrungen-angeschlossen-testbericht-werfen-sie-einen-blick-auf-den-link-within-2025-pro-teutonia/?fileloc=//sys/class/pci_bus/0000:0c/device/driver/0000:00:03.0/driver/0000:00:02.7/subsystem/devices/0000:02:00.0/revision&path=//sys/class/pci_bus/0000:0c/device/driver/0000:00:03.0/driver/0000:00:02.7/subsystem/devices/0000:02:00.0 HTTP/1.1" 200 262264 "-" "meta-externalagent/1.1 (+https://developers.facebook.com/docs/sharing/webmasters/crawler)"
57.141.0.75 - - [04/Nov/2025:00:54:55 +0000] "GET /2025/03/07/page/6/?path=//sys/class/pci_bus/0000:0b/subsystem/0000:10/subsystem/0000:06/device/driver/0000:00:03.4/driver/0000:00:03.2 HTTP/1.1" 200 262264 "-" "meta-externalagent/1.1 (+https://developers.facebook.com/docs/sharing/webmasters/crawler)"
216.73.216.137 - - [04/Nov/2025:00:54:56 +0000] "GET /entity/305187474.htm HTTP/1.1" 301 5 "-" "Mozilla/5.0 AppleWebKit/537.36 (KHTML, like Gecko; compatible; ClaudeBot/1.0; +claudebot@anthropic.com)"
57.141.0.7 - - [04/Nov/2025:00:54:56 +0000] "GET /karamba-spielsaal-erfahrungen-angeschlossen-testbericht-werfen-sie-einen-blick-auf-den-link-within-2025-pro-teutonia/?fileloc=//sys/class/pci_bus/0000:13/subsystem/0000:11/subsystem/0000:04/subsystem/0000:06/subsystem/0000:01/cpulistaffinity&path=//sys/class/pci_bus/0000:13/subsystem/0000:11/subsystem/0000:04/subsystem/0000:06/subsystem/0000:01 HTTP/1.1" 200 262209 "-" "meta-externalagent/1.1 (+https://developers.facebook.com/docs/sharing/webmasters/crawler)"
216.73.216.137 - - [04/Nov/2025:00:54:56 +0000] "GET /entity/305187474.htm/ HTTP/1.1" 200 45436 "https://datainsightnow.com/entity/305187474.htm" "Mozilla/5.0 AppleWebKit/537.36 (KHTML, like Gecko; compatible; ClaudeBot/1.0; +claudebot@anthropic.com)"
57.141.0.3 - - [04/Nov/2025:00:54:57 +0000] "GET /karamba-spielsaal-erfahrungen-angeschlossen-testbericht-werfen-sie-einen-blick-auf-den-link-within-2025-pro-teutonia/?fileloc=//sys/class/pci_bus/0000:02/device/subsystem/drivers/pcieport/0000:00:02.4/driver/0000:00:03.0/subsystem/slots/2/latch&path=//sys/class/pci_bus/0000:02/device/subsystem/drivers/pcieport/0000:00:02.4/driver/0000:00:03.0/subsystem/slots/2 HTTP/1.1" 200 262209 "-" "meta-externalagent/1.1 (+https://developers.facebook.com/docs/sharing/webmasters/crawler)"
74.7.227.116 - - [04/Nov/2025:00:54:57 +0000] "GET /index.php?format=xml&rest_route=%2Foembed%2F1.0%2Fembed&url=https%3A%2F%2Fdatainsightnow.com%2F%3Fp%3D27233 HTTP/1.1" 200 1302 "-" "Mozilla/5.0 AppleWebKit/537.36 (KHTML, like Gecko; compatible; GPTBot/1.2; +https://openai.com/gptbot)"
216.73.216.137 - - [04/Nov/2025:00:54:59 +0000] "GET /entity/536617432.htm HTTP/1.1" 301 5 "-" "Mozilla/5.0 AppleWebKit/537.36 (KHTML, like Gecko; compatible; ClaudeBot/1.0; +claudebot@anthropic.com)"
216.73.216.137 - - [04/Nov/2025:00:54:59 +0000] "GET /entity/536617432.htm/ HTTP/1.1" 200 45436 "https://datainsightnow.com/entity/536617432.htm" "Mozilla/5.0 AppleWebKit/537.36 (KHTML, like Gecko; compatible; ClaudeBot/1.0; +claudebot@anthropic.com)"
57.141.0.39 - - [04/Nov/2025:00:55:00 +0000] "GET /karamba-spielsaal-erfahrungen-angeschlossen-testbericht-werfen-sie-einen-blick-auf-den-link-within-2025-pro-teutonia/?fileloc=//sys/class/pci_bus/0000:06/subsystem/0000:04/subsystem/0000:0a/subsystem/0000:01/device/0000:00:02.0:pcie002/uevent&path=//sys/class/pci_bus/0000:06/subsystem/0000:04/subsystem/0000:0a/subsystem/0000:01/device/0000:00:02.0:pcie002 HTTP/1.1" 200 262215 "-" "meta-externalagent/1.1 (+https://developers.facebook.com/docs/sharing/webmasters/crawler)"
216.73.216.137 - - [04/Nov/2025:00:55:02 +0000] "GET /entity/536564596.htm HTTP/1.1" 301 5 "-" "Mozilla/5.0 AppleWebKit/537.36 (KHTML, like Gecko; compatible; ClaudeBot/1.0; +claudebot@anthropic.com)"
216.73.216.137 - - [04/Nov/2025:00:55:02 +0000] "GET /entity/536564596.htm/ HTTP/1.1" 200 45436 "https://datainsightnow.com/entity/536564596.htm" "Mozilla/5.0 AppleWebKit/537.36 (KHTML, like Gecko; compatible; ClaudeBot/1.0; +claudebot@anthropic.com)"
74.7.227.116 - - [04/Nov/2025:00:55:02 +0000] "GET /index.php?rest_route=%2Foembed%2F1.0%2Fembed&url=https%3A%2F%2Fdatainsightnow.com%2F%3Fp%3D27233 HTTP/1.1" 200 1274 "-" "Mozilla/5.0 AppleWebKit/537.36 (KHTML, like Gecko; compatible; GPTBot/1.2; +https://openai.com/gptbot)"
216.73.216.137 - - [04/Nov/2025:00:55:05 +0000] "GET /entity/536765590.htm HTTP/1.1" 301 5 "-" "Mozilla/5.0 AppleWebKit/537.36 (KHTML, like Gecko; compatible; ClaudeBot/1.0; +claudebot@anthropic.com)"
216.73.216.137 - - [04/Nov/2025:00:55:05 +0000] "GET /entity/536765590.htm/ HTTP/1.1" 200 45436 "https://datainsightnow.com/entity/536765590.htm" "Mozilla/5.0 AppleWebKit/537.36 (KHTML, like Gecko; compatible; ClaudeBot/1.0; +claudebot@anthropic.com)"
196.251.66.105 - - [04/Nov/2025:00:55:05 +0000] "GET /wp-includes/blocks/separator/index.php HTTP/1.1" 404 564 "-" "Mozilla/5.0 (Linux; Android 7.0; SM-G892A Build/NRD90M; wv) AppleWebKit/537.36 (KHTML, Gecko) Version/4.0 Chrome/60.0.3112.107 Mobile Safari/537.36"
85.208.96.202 - - [04/Nov/2025:00:55:06 +0000] "GET /?m=20250324&paged=19 HTTP/1.1" 200 37389 "-" "Mozilla/5.0 (compatible; SemrushBot/7~bl; +http://www.semrush.com/bot.html)"
74.7.227.116 - - [04/Nov/2025:00:55:07 +0000] "GET /index.php?rest_route=/wp/v2/posts/27233 HTTP/1.1" 200 5629 "-" "Mozilla/5.0 AppleWebKit/537.36 (KHTML, like Gecko; compatible; GPTBot/1.2; +https://openai.com/gptbot)"
