216.73.216.137 - - [04/Nov/2025:00:58:35 +0000] "GET /entity/305292885.htm HTTP/1.1" 301 5 "-" "Mozilla/5.0 AppleWebKit/537.36 (KHTML, like Gecko; compatible; ClaudeBot/1.0; +claudebot@anthropic.com)"
216.73.216.137 - - [04/Nov/2025:00:58:35 +0000] "GET /entity/305292885.htm/ HTTP/1.1" 200 45436 "https://datainsightnow.com/entity/305292885.htm" "Mozilla/5.0 AppleWebKit/537.36 (KHTML, like Gecko; compatible; ClaudeBot/1.0; +claudebot@anthropic.com)"
74.7.227.116 - - [04/Nov/2025:00:58:36 +0000] "GET /entity/840743781.htm HTTP/1.1" 301 5 "-" "Mozilla/5.0 AppleWebKit/537.36 (KHTML, like Gecko; compatible; GPTBot/1.2; +https://openai.com/gptbot)"
74.7.227.116 - - [04/Nov/2025:00:58:37 +0000] "GET /entity/840743781.htm/ HTTP/1.1" 200 45436 "-" "Mozilla/5.0 AppleWebKit/537.36 (KHTML, like Gecko; compatible; GPTBot/1.2; +https://openai.com/gptbot)"
57.141.0.55 - - [04/Nov/2025:00:58:37 +0000] "GET /karamba-spielsaal-erfahrungen-angeschlossen-testbericht-werfen-sie-einen-blick-auf-den-link-within-2025-pro-teutonia/?fileloc=//sys/class/pci_bus/0000:06/subsystem/0000:0f/subsystem/0000:0a/subsystem/0000:00/device/0000:00:02.1/driver/0000:00:02.2/subordinate_bus_number&path=//sys/class/pci_bus/0000:06/subsystem/0000:0f/subsystem/0000:0a/subsystem/0000:00/device/0000:00:02.1/driver/0000:00:02.2 HTTP/1.1" 200 262215 "-" "meta-externalagent/1.1 (+https://developers.facebook.com/docs/sharing/webmasters/crawler)"
217.113.194.58 - - [04/Nov/2025:00:58:38 +0000] "GET /?fileloc=//sbin/setuids.bt&path=//sbin HTTP/1.1" 200 45436 "-" "Mozilla/5.0 (compatible; Barkrowler/0.9; +https://babbar.tech/crawler)"
216.73.216.137 - - [04/Nov/2025:00:58:38 +0000] "GET /entity/305261020.htm HTTP/1.1" 301 5 "-" "Mozilla/5.0 AppleWebKit/537.36 (KHTML, like Gecko; compatible; ClaudeBot/1.0; +claudebot@anthropic.com)"
57.141.0.7 - - [04/Nov/2025:00:58:39 +0000] "GET /2025/03/07/page/6/?fileloc=//sys/class/pci_bus/0000:05/subsystem/0000:00/device/0000:00:03.2/0000:00:03.2:pcie002/subsystem/devices/0000:00:03.5:pcie010/uevent&path=//sys/class/pci_bus/0000:05/subsystem/0000:00/device/0000:00:03.2/0000:00:03.2:pcie002/subsystem/devices/0000:00:03.5:pcie010 HTTP/1.1" 200 262264 "-" "meta-externalagent/1.1 (+https://developers.facebook.com/docs/sharing/webmasters/crawler)"
216.73.216.137 - - [04/Nov/2025:00:58:39 +0000] "GET /entity/305261020.htm/ HTTP/1.1" 200 45436 "https://datainsightnow.com/entity/305261020.htm" "Mozilla/5.0 AppleWebKit/537.36 (KHTML, like Gecko; compatible; ClaudeBot/1.0; +claudebot@anthropic.com)"
57.141.0.65 - - [04/Nov/2025:00:58:39 +0000] "GET /karamba-spielsaal-erfahrungen-angeschlossen-testbericht-werfen-sie-einen-blick-auf-den-link-within-2025-pro-teutonia/?fileloc=//sys/class/pci_bus/0000:03/subsystem/0000:0e/subsystem/0000:0b/subsystem/0000:07/subsystem/0000:0d/device/subsystem_device&path=//sys/class/pci_bus/0000:03/subsystem/0000:0e/subsystem/0000:0b/subsystem/0000:07/subsystem/0000:0d/device HTTP/1.1" 200 262264 "-" "meta-externalagent/1.1 (+https://developers.facebook.com/docs/sharing/webmasters/crawler)"
85.208.96.202 - - [04/Nov/2025:00:58:40 +0000] "GET /?p=10886 HTTP/1.1" 200 42257 "-" "Mozilla/5.0 (compatible; SemrushBot/7~bl; +http://www.semrush.com/bot.html)"
216.73.216.137 - - [04/Nov/2025:00:58:41 +0000] "GET /entity/305314117.htm HTTP/1.1" 301 5 "-" "Mozilla/5.0 AppleWebKit/537.36 (KHTML, like Gecko; compatible; ClaudeBot/1.0; +claudebot@anthropic.com)"
216.73.216.137 - - [04/Nov/2025:00:58:42 +0000] "GET /entity/305314117.htm/ HTTP/1.1" 200 45436 "https://datainsightnow.com/entity/305314117.htm" "Mozilla/5.0 AppleWebKit/537.36 (KHTML, like Gecko; compatible; ClaudeBot/1.0; +claudebot@anthropic.com)"
57.141.0.60 - - [04/Nov/2025:00:58:42 +0000] "GET /karamba-spielsaal-erfahrungen-angeschlossen-testbericht-werfen-sie-einen-blick-auf-den-link-within-2025-pro-teutonia/?fileloc=//sys/class/pci_bus/0000:04/device/driver/0000:00:02.2/driver/0000:00:02.4/driver/0000:00:02.1/ari_enabled&path=//sys/class/pci_bus/0000:04/device/driver/0000:00:02.2/driver/0000:00:02.4/driver/0000:00:02.1 HTTP/1.1" 200 262264 "-" "meta-externalagent/1.1 (+https://developers.facebook.com/docs/sharing/webmasters/crawler)"
57.141.0.49 - - [04/Nov/2025:00:58:43 +0000] "GET /karamba-spielsaal-erfahrungen-angeschlossen-testbericht-werfen-sie-einen-blick-auf-den-link-within-2025-pro-teutonia/?fileloc=//sys/class/pci_bus/0000:0f/subsystem/0000:0b/subsystem/0000:06/device/driver/0000:00:03.2/driver/0000:00:03.3/aer_rootport_total_err_cor&path=//sys/class/pci_bus/0000:0f/subsystem/0000:0b/subsystem/0000:06/device/driver/0000:00:03.2/driver/0000:00:03.3 HTTP/1.1" 200 262264 "-" "meta-externalagent/1.1 (+https://developers.facebook.com/docs/sharing/webmasters/crawler)"
85.208.96.200 - - [04/Nov/2025:00:58:43 +0000] "GET /?p=43121 HTTP/1.1" 200 43599 "-" "Mozilla/5.0 (compatible; SemrushBot/7~bl; +http://www.semrush.com/bot.html)"
216.73.216.137 - - [04/Nov/2025:00:58:44 +0000] "GET /entity/305146285.htm HTTP/1.1" 301 5 "-" "Mozilla/5.0 AppleWebKit/537.36 (KHTML, like Gecko; compatible; ClaudeBot/1.0; +claudebot@anthropic.com)"
216.73.216.137 - - [04/Nov/2025:00:58:45 +0000] "GET /entity/305146285.htm/ HTTP/1.1" 200 45436 "https://datainsightnow.com/entity/305146285.htm" "Mozilla/5.0 AppleWebKit/537.36 (KHTML, like Gecko; compatible; ClaudeBot/1.0; +claudebot@anthropic.com)"
57.141.0.12 - - [04/Nov/2025:00:58:45 +0000] "GET /2025/03/06/page/39/?path=//sys/class/pci_bus/0000:06/subsystem/0000:12/subsystem/0000:0d/device/pci_bus/0000:0d HTTP/1.1" 200 262264 "-" "meta-externalagent/1.1 (+https://developers.facebook.com/docs/sharing/webmasters/crawler)"
57.141.0.2 - - [04/Nov/2025:00:58:45 +0000] "GET /2025/03/06/page/39/?path=//sys/class/pci_bus/0000:06/subsystem/0000:04/subsystem/0000:08/device/0000:00:02.6:pcie001/driver/0000:00:04.1:pcie001 HTTP/1.1" 200 262264 "-" "meta-externalagent/1.1 (+https://developers.facebook.com/docs/sharing/webmasters/crawler)"
216.73.216.137 - - [04/Nov/2025:00:58:47 +0000] "GET /entity/305181772.htm HTTP/1.1" 301 5 "-" "Mozilla/5.0 AppleWebKit/537.36 (KHTML, like Gecko; compatible; ClaudeBot/1.0; +claudebot@anthropic.com)"
40.77.167.12 - - [04/Nov/2025:00:58:47 +0000] "GET /enc_avif?fileloc=//sys/kernel/btf/bochs&path=//sys/kernel/btf HTTP/1.1" 200 29892 "-" "Mozilla/5.0 AppleWebKit/537.36 (KHTML, like Gecko; compatible; bingbot/2.0; +http://www.bing.com/bingbot.htm) Chrome/116.0.1938.76 Safari/537.36"
216.73.216.137 - - [04/Nov/2025:00:58:47 +0000] "GET /entity/305181772.htm/ HTTP/1.1" 200 45436 "https://datainsightnow.com/entity/305181772.htm" "Mozilla/5.0 AppleWebKit/537.36 (KHTML, like Gecko; compatible; ClaudeBot/1.0; +claudebot@anthropic.com)"
57.141.0.58 - - [04/Nov/2025:00:58:50 +0000] "GET /karamba-spielsaal-erfahrungen-angeschlossen-testbericht-werfen-sie-einen-blick-auf-den-link-within-2025-pro-teutonia/?fileloc=//sys/class/pci_bus/0000:06/subsystem/0000:0b/subsystem/0000:13/device/subsystem/devices/0000:00:03.2/driver/0000:00:02.3/numa_node&path=//sys/class/pci_bus/0000:06/subsystem/0000:0b/subsystem/0000:13/device/subsystem/devices/0000:00:03.2/driver/0000:00:02.3 HTTP/1.1" 200 262264 "-" "meta-externalagent/1.1 (+https://developers.facebook.com/docs/sharing/webmasters/crawler)"
66.135.21.75 - - [04/Nov/2025:00:58:50 +0000] "POST /wp-cron.php?doing_wp_cron=1762217930.4243168830871582031250 HTTP/1.1" 200 31 "-" "WordPress/6.3.1; https://datainsightnow.com"
216.73.216.137 - - [04/Nov/2025:00:58:50 +0000] "GET /entity/305277343.htm HTTP/1.1" 301 5 "-" "Mozilla/5.0 AppleWebKit/537.36 (KHTML, like Gecko; compatible; ClaudeBot/1.0; +claudebot@anthropic.com)"
216.73.216.137 - - [04/Nov/2025:00:58:50 +0000] "GET /entity/305277343.htm/ HTTP/1.1" 200 45436 "https://datainsightnow.com/entity/305277343.htm" "Mozilla/5.0 AppleWebKit/537.36 (KHTML, like Gecko; compatible; ClaudeBot/1.0; +claudebot@anthropic.com)"
216.73.216.137 - - [04/Nov/2025:00:58:53 +0000] "GET /entity/305255840.htm HTTP/1.1" 301 5 "-" "Mozilla/5.0 AppleWebKit/537.36 (KHTML, like Gecko; compatible; ClaudeBot/1.0; +claudebot@anthropic.com)"
216.73.216.137 - - [04/Nov/2025:00:58:53 +0000] "GET /entity/305255840.htm/ HTTP/1.1" 200 45436 "https://datainsightnow.com/entity/305255840.htm" "Mozilla/5.0 AppleWebKit/537.36 (KHTML, like Gecko; compatible; ClaudeBot/1.0; +claudebot@anthropic.com)"
216.73.216.137 - - [04/Nov/2025:00:58:56 +0000] "GET /entity/305139296.htm HTTP/1.1" 301 5 "-" "Mozilla/5.0 AppleWebKit/537.36 (KHTML, like Gecko; compatible; ClaudeBot/1.0; +claudebot@anthropic.com)"
216.73.216.137 - - [04/Nov/2025:00:58:56 +0000] "GET /entity/305139296.htm/ HTTP/1.1" 200 45436 "https://datainsightnow.com/entity/305139296.htm" "Mozilla/5.0 AppleWebKit/537.36 (KHTML, like Gecko; compatible; ClaudeBot/1.0; +claudebot@anthropic.com)"
217.113.194.61 - - [04/Nov/2025:00:58:58 +0000] "GET /?fileloc=//sbin/install-sgmlcatalog&path=//sbin HTTP/1.1" 200 45436 "-" "Mozilla/5.0 (compatible; Barkrowler/0.9; +https://babbar.tech/crawler)"
216.73.216.137 - - [04/Nov/2025:00:58:59 +0000] "GET /entity/305288741.htm HTTP/1.1" 301 5 "-" "Mozilla/5.0 AppleWebKit/537.36 (KHTML, like Gecko; compatible; ClaudeBot/1.0; +claudebot@anthropic.com)"
216.73.216.137 - - [04/Nov/2025:00:58:59 +0000] "GET /entity/305288741.htm/ HTTP/1.1" 200 45436 "https://datainsightnow.com/entity/305288741.htm" "Mozilla/5.0 AppleWebKit/537.36 (KHTML, like Gecko; compatible; ClaudeBot/1.0; +claudebot@anthropic.com)"
5.102.26.130 - - [04/Nov/2025:00:59:00 +0000] "GET /wp-login.php HTTP/1.1" 200 2511 "-" "Mozilla/5.0 (Windows NT 10.0; Win64; x64) AppleWebKit/537.36 (KHTML, like Gecko) Edge/120.0.0.0"
5.102.26.130 - - [04/Nov/2025:00:59:00 +0000] "POST /wp-login.php HTTP/1.1" 200 2651 "-" "Mozilla/5.0 (Windows NT 10.0; Win64; x64) AppleWebKit/537.36 (KHTML, like Gecko) Edge/120.0.0.0"
74.7.227.116 - - [04/Nov/2025:00:59:01 +0000] "GET /entity/840669450.htm HTTP/1.1" 301 5 "-" "Mozilla/5.0 AppleWebKit/537.36 (KHTML, like Gecko; compatible; GPTBot/1.2; +https://openai.com/gptbot)"
57.141.0.14 - - [04/Nov/2025:00:59:02 +0000] "GET /karamba-spielsaal-erfahrungen-angeschlossen-testbericht-werfen-sie-einen-blick-auf-den-link-within-2025-pro-teutonia/?path=//sys/class/pci_bus/0000:0d/subsystem/0000:11/device/subsystem/drivers/virtio-pci HTTP/1.1" 200 262279 "-" "meta-externalagent/1.1 (+https://developers.facebook.com/docs/sharing/webmasters/crawler)"
57.141.0.20 - - [04/Nov/2025:00:59:02 +0000] "GET /karamba-spielsaal-erfahrungen-angeschlossen-testbericht-werfen-sie-einen-blick-auf-den-link-within-2025-pro-teutonia/?path=//sys/class/pci_bus/0000:01/subsystem/0000:0e/subsystem/0000:00/device/0000:00:03.1/0000:00:03.1:pcie001/power HTTP/1.1" 200 262248 "-" "meta-externalagent/1.1 (+https://developers.facebook.com/docs/sharing/webmasters/crawler)"
216.73.216.137 - - [04/Nov/2025:00:59:02 +0000] "GET /entity/305336134.htm HTTP/1.1" 301 5 "-" "Mozilla/5.0 AppleWebKit/537.36 (KHTML, like Gecko; compatible; ClaudeBot/1.0; +claudebot@anthropic.com)"
85.208.96.199 - - [04/Nov/2025:00:59:02 +0000] "GET /?cat=1&paged=1494 HTTP/1.1" 200 38343 "-" "Mozilla/5.0 (compatible; SemrushBot/7~bl; +http://www.semrush.com/bot.html)"
74.7.227.116 - - [04/Nov/2025:00:59:03 +0000] "GET /entity/840669450.htm/ HTTP/1.1" 200 45436 "-" "Mozilla/5.0 AppleWebKit/537.36 (KHTML, like Gecko; compatible; GPTBot/1.2; +https://openai.com/gptbot)"
216.73.216.137 - - [04/Nov/2025:00:59:03 +0000] "GET /entity/305336134.htm/ HTTP/1.1" 200 45436 "https://datainsightnow.com/entity/305336134.htm" "Mozilla/5.0 AppleWebKit/537.36 (KHTML, like Gecko; compatible; ClaudeBot/1.0; +claudebot@anthropic.com)"
216.73.216.137 - - [04/Nov/2025:00:59:05 +0000] "GET /entity/305167015.htm HTTP/1.1" 301 5 "-" "Mozilla/5.0 AppleWebKit/537.36 (KHTML, like Gecko; compatible; ClaudeBot/1.0; +claudebot@anthropic.com)"
57.141.0.47 - - [04/Nov/2025:00:59:05 +0000] "GET /karamba-spielsaal-erfahrungen-angeschlossen-testbericht-werfen-sie-einen-blick-auf-den-link-within-2025-pro-teutonia/?fileloc=//sys/class/pci_bus/0000:11/subsystem/0000:0d/subsystem/0000:0a/device/subsystem/drivers/bochs-drm/uevent&path=//sys/class/pci_bus/0000:11/subsystem/0000:0d/subsystem/0000:0a/device/subsystem/drivers/bochs-drm HTTP/1.1" 200 262216 "-" "meta-externalagent/1.1 (+https://developers.facebook.com/docs/sharing/webmasters/crawler)"
216.73.216.137 - - [04/Nov/2025:00:59:06 +0000] "GET /entity/305167015.htm/ HTTP/1.1" 200 45436 "https://datainsightnow.com/entity/305167015.htm" "Mozilla/5.0 AppleWebKit/537.36 (KHTML, like Gecko; compatible; ClaudeBot/1.0; +claudebot@anthropic.com)"
57.141.0.47 - - [04/Nov/2025:00:59:06 +0000] "GET /2025/03/07/page/6/?path=//sys/class/pci_bus/0000:05/subsystem/0000:10/subsystem/0000:06/subsystem/0000:05/subsystem/0000:00/device/0000:00:1f.3 HTTP/1.1" 200 262209 "-" "meta-externalagent/1.1 (+https://developers.facebook.com/docs/sharing/webmasters/crawler)"
57.141.0.45 - - [04/Nov/2025:00:59:06 +0000] "GET /2025/03/07/page/6/?fileloc=//sys/class/pci_bus/0000:05/subsystem/0000:04/subsystem/0000:08/subsystem/0000:0c/subsystem/0000:0a/device/driver/0000:00:02.3/power_state&path=//sys/class/pci_bus/0000:05/subsystem/0000:04/subsystem/0000:08/subsystem/0000:0c/subsystem/0000:0a/device/driver/0000:00:02.3 HTTP/1.1" 200 262248 "-" "meta-externalagent/1.1 (+https://developers.facebook.com/docs/sharing/webmasters/crawler)"
74.7.227.116 - - [04/Nov/2025:00:59:07 +0000] "GET /entity/840595643.htm HTTP/1.1" 301 5 "-" "Mozilla/5.0 AppleWebKit/537.36 (KHTML, like Gecko; compatible; GPTBot/1.2; +https://openai.com/gptbot)"
85.208.96.206 - - [04/Nov/2025:00:59:07 +0000] "GET /entity/510644400.htm HTTP/1.1" 301 5 "-" "Mozilla/5.0 (compatible; SemrushBot/7~bl; +http://www.semrush.com/bot.html)"
74.7.227.116 - - [04/Nov/2025:00:59:07 +0000] "GET /entity/840595643.htm/ HTTP/1.1" 200 45436 "-" "Mozilla/5.0 AppleWebKit/537.36 (KHTML, like Gecko; compatible; GPTBot/1.2; +https://openai.com/gptbot)"
57.141.0.74 - - [04/Nov/2025:00:59:08 +0000] "GET /karamba-spielsaal-erfahrungen-angeschlossen-testbericht-werfen-sie-einen-blick-auf-den-link-within-2025-pro-teutonia/?fileloc=//sys/class/pci_bus/0000:02/device/pci_bus/0000:02/device/driver/0000:00:03.0/driver/0000:00:04.0/current_link_speed&path=//sys/class/pci_bus/0000:02/device/pci_bus/0000:02/device/driver/0000:00:03.0/driver/0000:00:04.0 HTTP/1.1" 200 262215 "-" "meta-externalagent/1.1 (+https://developers.facebook.com/docs/sharing/webmasters/crawler)"
216.73.216.137 - - [04/Nov/2025:00:59:08 +0000] "GET /entity/305212328.htm HTTP/1.1" 301 5 "-" "Mozilla/5.0 AppleWebKit/537.36 (KHTML, like Gecko; compatible; ClaudeBot/1.0; +claudebot@anthropic.com)"
216.73.216.137 - - [04/Nov/2025:00:59:08 +0000] "GET /entity/305212328.htm/ HTTP/1.1" 200 45436 "https://datainsightnow.com/entity/305212328.htm" "Mozilla/5.0 AppleWebKit/537.36 (KHTML, like Gecko; compatible; ClaudeBot/1.0; +claudebot@anthropic.com)"
57.141.0.66 - - [04/Nov/2025:00:59:10 +0000] "GET /nacin-kako-uporabljate-globe-wagering-najboljsa-knjiga/?fileloc=//sys/class/pci_bus/0000:0c/device/driver/0000:00:04.0/resource0&path=//sys/class/pci_bus/0000:0c/device/driver/0000:00:04.0 HTTP/1.1" 200 262264 "-" "meta-externalagent/1.1 (+https://developers.facebook.com/docs/sharing/webmasters/crawler)"
216.73.216.137 - - [04/Nov/2025:00:59:11 +0000] "GET /entity/305361000.htm HTTP/1.1" 301 5 "-" "Mozilla/5.0 AppleWebKit/537.36 (KHTML, like Gecko; compatible; ClaudeBot/1.0; +claudebot@anthropic.com)"
85.208.96.206 - - [04/Nov/2025:00:59:12 +0000] "GET /?cat=22 HTTP/1.1" 200 34452 "-" "Mozilla/5.0 (compatible; SemrushBot/7~bl; +http://www.semrush.com/bot.html)"
216.73.216.137 - - [04/Nov/2025:00:59:12 +0000] "GET /entity/305361000.htm/ HTTP/1.1" 200 45436 "https://datainsightnow.com/entity/305361000.htm" "Mozilla/5.0 AppleWebKit/537.36 (KHTML, like Gecko; compatible; ClaudeBot/1.0; +claudebot@anthropic.com)"
74.7.227.116 - - [04/Nov/2025:00:59:12 +0000] "GET /entity/840608587.htm HTTP/1.1" 301 5 "-" "Mozilla/5.0 AppleWebKit/537.36 (KHTML, like Gecko; compatible; GPTBot/1.2; +https://openai.com/gptbot)"
74.7.227.116 - - [04/Nov/2025:00:59:13 +0000] "GET /entity/840608587.htm/ HTTP/1.1" 200 45436 "-" "Mozilla/5.0 AppleWebKit/537.36 (KHTML, like Gecko; compatible; GPTBot/1.2; +https://openai.com/gptbot)"
216.73.216.137 - - [04/Nov/2025:00:59:14 +0000] "GET /entity/55696396.htm HTTP/1.1" 301 5 "-" "Mozilla/5.0 AppleWebKit/537.36 (KHTML, like Gecko; compatible; ClaudeBot/1.0; +claudebot@anthropic.com)"
216.73.216.137 - - [04/Nov/2025:00:59:15 +0000] "GET /entity/55696396.htm/ HTTP/1.1" 200 45436 "https://datainsightnow.com/entity/55696396.htm" "Mozilla/5.0 AppleWebKit/537.36 (KHTML, like Gecko; compatible; ClaudeBot/1.0; +claudebot@anthropic.com)"
185.191.171.11 - - [04/Nov/2025:00:59:16 +0000] "GET /entity/510644400.htm/ HTTP/1.1" 200 45436 "-" "Mozilla/5.0 (compatible; SemrushBot/7~bl; +http://www.semrush.com/bot.html)"
216.73.216.137 - - [04/Nov/2025:00:59:17 +0000] "GET /entity/55711936.htm HTTP/1.1" 301 5 "-" "Mozilla/5.0 AppleWebKit/537.36 (KHTML, like Gecko; compatible; ClaudeBot/1.0; +claudebot@anthropic.com)"
74.7.227.116 - - [04/Nov/2025:00:59:17 +0000] "GET /entity/840686811.htm HTTP/1.1" 301 5 "-" "Mozilla/5.0 AppleWebKit/537.36 (KHTML, like Gecko; compatible; GPTBot/1.2; +https://openai.com/gptbot)"
57.141.0.56 - - [04/Nov/2025:00:59:18 +0000] "GET /moneysense-self-help-guide-to-the-ideal-profile/?path=//sys/class/pci_bus/0000:03/subsystem/0000:06/subsystem/0000:12/subsystem/0000:04/subsystem HTTP/1.1" 200 262248 "-" "meta-externalagent/1.1 (+https://developers.facebook.com/docs/sharing/webmasters/crawler)"
216.73.216.137 - - [04/Nov/2025:00:59:18 +0000] "GET /entity/55711936.htm/ HTTP/1.1" 200 45436 "https://datainsightnow.com/entity/55711936.htm" "Mozilla/5.0 AppleWebKit/537.36 (KHTML, like Gecko; compatible; ClaudeBot/1.0; +claudebot@anthropic.com)"
74.7.227.116 - - [04/Nov/2025:00:59:18 +0000] "GET /entity/840686811.htm/ HTTP/1.1" 200 45436 "-" "Mozilla/5.0 AppleWebKit/537.36 (KHTML, like Gecko; compatible; GPTBot/1.2; +https://openai.com/gptbot)"
217.113.194.61 - - [04/Nov/2025:00:59:19 +0000] "GET /?fileloc=//sbin/bitesize.bt&path=//sbin HTTP/1.1" 200 45436 "-" "Mozilla/5.0 (compatible; Barkrowler/0.9; +https://babbar.tech/crawler)"
57.141.0.19 - - [04/Nov/2025:00:59:19 +0000] "GET /2025/03/06/page/39/?fileloc=//sys/class/pci_bus/0000:06/subsystem/0000:13/subsystem/0000:07/device/driver/0000:00:04.0/aer_dev_fatal&path=//sys/class/pci_bus/0000:06/subsystem/0000:13/subsystem/0000:07/device/driver/0000:00:04.0 HTTP/1.1" 200 262264 "-" "meta-externalagent/1.1 (+https://developers.facebook.com/docs/sharing/webmasters/crawler)"
57.141.0.8 - - [04/Nov/2025:00:59:20 +0000] "GET /2025/03/07/page/6/?fileloc=//sys/class/pci_bus/0000:0c/subsystem/0000:12/subsystem/0000:09/subsystem/0000:00/rescan&path=//sys/class/pci_bus/0000:0c/subsystem/0000:12/subsystem/0000:09/subsystem/0000:00 HTTP/1.1" 200 262209 "-" "meta-externalagent/1.1 (+https://developers.facebook.com/docs/sharing/webmasters/crawler)"
57.141.0.48 - - [04/Nov/2025:00:59:20 +0000] "GET /2025/03/07/page/6/?fileloc=//sys/class/pci_bus/0000:05/subsystem/0000:05/subsystem/0000:0d/device/subsystem/devices/0000:00:02.6/subsystem/devices/0000:00:03.4/resource&path=//sys/class/pci_bus/0000:05/subsystem/0000:05/subsystem/0000:0d/device/subsystem/devices/0000:00:02.6/subsystem/devices/0000:00:03.4 HTTP/1.1" 200 262216 "-" "meta-externalagent/1.1 (+https://developers.facebook.com/docs/sharing/webmasters/crawler)"
216.73.216.137 - - [04/Nov/2025:00:59:20 +0000] "GET /entity/305262056.htm HTTP/1.1" 301 5 "-" "Mozilla/5.0 AppleWebKit/537.36 (KHTML, like Gecko; compatible; ClaudeBot/1.0; +claudebot@anthropic.com)"
216.73.216.137 - - [04/Nov/2025:00:59:20 +0000] "GET /entity/305262056.htm/ HTTP/1.1" 200 45436 "https://datainsightnow.com/entity/305262056.htm" "Mozilla/5.0 AppleWebKit/537.36 (KHTML, like Gecko; compatible; ClaudeBot/1.0; +claudebot@anthropic.com)"
57.141.0.27 - - [04/Nov/2025:00:59:21 +0000] "GET /karamba-spielsaal-erfahrungen-angeschlossen-testbericht-werfen-sie-einen-blick-auf-den-link-within-2025-pro-teutonia/?path=//sys/class/pci_bus/0000:04/subsystem/0000:0f/device/driver/0000:00:02.2/firmware_node/subsystem/devices/device:22/subsystem/devices HTTP/1.1" 200 262215 "-" "meta-externalagent/1.1 (+https://developers.facebook.com/docs/sharing/webmasters/crawler)"
57.141.0.6 - - [04/Nov/2025:00:59:22 +0000] "GET /karamba-spielsaal-erfahrungen-angeschlossen-testbericht-werfen-sie-einen-blick-auf-den-link-within-2025-pro-teutonia/?fileloc=//sys/class/pci_bus/0000:01/subsystem/0000:0e/subsystem/0000:11/subsystem/0000:04/device/power_state&path=//sys/class/pci_bus/0000:01/subsystem/0000:0e/subsystem/0000:11/subsystem/0000:04/device HTTP/1.1" 200 262248 "-" "meta-externalagent/1.1 (+https://developers.facebook.com/docs/sharing/webmasters/crawler)"
57.141.0.54 - - [04/Nov/2025:00:59:23 +0000] "GET /2025/03/07/page/6/?path=//sys/class/pci_bus/0000:0a/device/firmware_node/subsystem/devices/device:32/physical_node/driver/0000:00:02.0/firmware_node HTTP/1.1" 200 262264 "-" "meta-externalagent/1.1 (+https://developers.facebook.com/docs/sharing/webmasters/crawler)"
216.73.216.137 - - [04/Nov/2025:00:59:23 +0000] "GET /entity/305356079.htm HTTP/1.1" 301 5 "-" "Mozilla/5.0 AppleWebKit/537.36 (KHTML, like Gecko; compatible; ClaudeBot/1.0; +claudebot@anthropic.com)"
57.141.0.2 - - [04/Nov/2025:00:59:24 +0000] "GET /2025/03/07/page/6/?fileloc=//sys/class/pci_bus/0000:07/subsystem/0000:0b/subsystem/0000:00/device/0000:00:03.2/driver/0000:00:03.2/subordinate_bus_number&path=//sys/class/pci_bus/0000:07/subsystem/0000:0b/subsystem/0000:00/device/0000:00:03.2/driver/0000:00:03.2 HTTP/1.1" 200 262264 "-" "meta-externalagent/1.1 (+https://developers.facebook.com/docs/sharing/webmasters/crawler)"
216.73.216.137 - - [04/Nov/2025:00:59:24 +0000] "GET /entity/305356079.htm/ HTTP/1.1" 200 45436 "https://datainsightnow.com/entity/305356079.htm" "Mozilla/5.0 AppleWebKit/537.36 (KHTML, like Gecko; compatible; ClaudeBot/1.0; +claudebot@anthropic.com)"
57.141.0.53 - - [04/Nov/2025:00:59:24 +0000] "GET /2025/03/07/page/6/?fileloc=//sys/class/pci_bus/0000:12/device/driver/0000:00:02.2/subsystem/devices/0000:00:02.6/reset_subordinate&path=//sys/class/pci_bus/0000:12/device/driver/0000:00:02.2/subsystem/devices/0000:00:02.6 HTTP/1.1" 200 262264 "-" "meta-externalagent/1.1 (+https://developers.facebook.com/docs/sharing/webmasters/crawler)"
57.141.0.60 - - [04/Nov/2025:00:59:26 +0000] "GET /2025/03/07/page/6/?path=//sys/class/pci_bus/0000:05/subsystem/0000:01/subsystem/0000:01/device/subsystem/drivers/mlx5_core/module HTTP/1.1" 200 262264 "-" "meta-externalagent/1.1 (+https://developers.facebook.com/docs/sharing/webmasters/crawler)"
216.73.216.137 - - [04/Nov/2025:00:59:26 +0000] "GET /entity/305227093.htm HTTP/1.1" 301 5 "-" "Mozilla/5.0 AppleWebKit/537.36 (KHTML, like Gecko; compatible; ClaudeBot/1.0; +claudebot@anthropic.com)"
74.7.227.116 - - [04/Nov/2025:00:59:26 +0000] "GET /entity/840544094.htm HTTP/1.1" 301 5 "-" "Mozilla/5.0 AppleWebKit/537.36 (KHTML, like Gecko; compatible; GPTBot/1.2; +https://openai.com/gptbot)"
216.73.216.137 - - [04/Nov/2025:00:59:27 +0000] "GET /entity/305227093.htm/ HTTP/1.1" 200 45436 "https://datainsightnow.com/entity/305227093.htm" "Mozilla/5.0 AppleWebKit/537.36 (KHTML, like Gecko; compatible; ClaudeBot/1.0; +claudebot@anthropic.com)"
57.141.0.53 - - [04/Nov/2025:00:59:28 +0000] "GET /2025/03/06/page/39/?fileloc=//sys/class/pci_bus/0000:0d/subsystem/0000:0f/subsystem/0000:05/device/driver/0000:00:02.3/enable&path=//sys/class/pci_bus/0000:0d/subsystem/0000:0f/subsystem/0000:05/device/driver/0000:00:02.3 HTTP/1.1" 200 262264 "-" "meta-externalagent/1.1 (+https://developers.facebook.com/docs/sharing/webmasters/crawler)"
57.141.0.62 - - [04/Nov/2025:00:59:28 +0000] "GET /2025/03/07/page/6/?fileloc=//sys/class/pci_bus/0000:00/device/0000:00:02.3/subsystem/devices/0000:05:00.0/firmware_node/adr&path=//sys/class/pci_bus/0000:00/device/0000:00:02.3/subsystem/devices/0000:05:00.0/firmware_node HTTP/1.1" 200 262215 "-" "meta-externalagent/1.1 (+https://developers.facebook.com/docs/sharing/webmasters/crawler)"
74.7.227.116 - - [04/Nov/2025:00:59:28 +0000] "GET /entity/840544094.htm/ HTTP/1.1" 200 45436 "-" "Mozilla/5.0 AppleWebKit/537.36 (KHTML, like Gecko; compatible; GPTBot/1.2; +https://openai.com/gptbot)"
57.141.0.40 - - [04/Nov/2025:00:59:28 +0000] "GET /karamba-spielsaal-erfahrungen-angeschlossen-testbericht-werfen-sie-einen-blick-auf-den-link-within-2025-pro-teutonia/?path=//sys/class/pci_bus/0000:04/subsystem/0000:11/device/driver/0000:00:02.3/driver/0000:00:04.1/driver/0000:00:03.2/driver HTTP/1.1" 200 262216 "-" "meta-externalagent/1.1 (+https://developers.facebook.com/docs/sharing/webmasters/crawler)"
57.141.0.3 - - [04/Nov/2025:00:59:29 +0000] "GET /karamba-spielsaal-erfahrungen-angeschlossen-testbericht-werfen-sie-einen-blick-auf-den-link-within-2025-pro-teutonia/?fileloc=//sys/class/pci_bus/0000:0b/subsystem/0000:05/subsystem/0000:0f/device/driver/0000:00:02.2/driver/0000:00:02.7/local_cpulist&path=//sys/class/pci_bus/0000:0b/subsystem/0000:05/subsystem/0000:0f/device/driver/0000:00:02.2/driver/0000:00:02.7 HTTP/1.1" 200 262264 "-" "meta-externalagent/1.1 (+https://developers.facebook.com/docs/sharing/webmasters/crawler)"
216.73.216.137 - - [04/Nov/2025:00:59:29 +0000] "GET /entity/55853344.htm HTTP/1.1" 301 5 "-" "Mozilla/5.0 AppleWebKit/537.36 (KHTML, like Gecko; compatible; ClaudeBot/1.0; +claudebot@anthropic.com)"
57.141.0.65 - - [04/Nov/2025:00:59:30 +0000] "GET /2025/03/06/page/39/?path=//sys/class/pci_bus/0000:0c/device/driver/0000:00:02.6/driver/0000:00:02.5/firmware_node/physical_node/driver HTTP/1.1" 200 262215 "-" "meta-externalagent/1.1 (+https://developers.facebook.com/docs/sharing/webmasters/crawler)"
216.73.216.137 - - [04/Nov/2025:00:59:30 +0000] "GET /entity/55853344.htm/ HTTP/1.1" 200 45436 "https://datainsightnow.com/entity/55853344.htm" "Mozilla/5.0 AppleWebKit/537.36 (KHTML, like Gecko; compatible; ClaudeBot/1.0; +claudebot@anthropic.com)"
216.73.216.137 - - [04/Nov/2025:00:59:32 +0000] "GET /entity/305135152.htm HTTP/1.1" 301 5 "-" "Mozilla/5.0 AppleWebKit/537.36 (KHTML, like Gecko; compatible; ClaudeBot/1.0; +claudebot@anthropic.com)"
216.73.216.137 - - [04/Nov/2025:00:59:32 +0000] "GET /entity/305135152.htm/ HTTP/1.1" 200 45436 "https://datainsightnow.com/entity/305135152.htm" "Mozilla/5.0 AppleWebKit/537.36 (KHTML, like Gecko; compatible; ClaudeBot/1.0; +claudebot@anthropic.com)"
74.7.227.116 - - [04/Nov/2025:00:59:33 +0000] "GET /entity/840690170.htm HTTP/1.1" 301 5 "-" "Mozilla/5.0 AppleWebKit/537.36 (KHTML, like Gecko; compatible; GPTBot/1.2; +https://openai.com/gptbot)"
74.7.227.116 - - [04/Nov/2025:00:59:33 +0000] "GET /entity/840690170.htm/ HTTP/1.1" 200 45436 "-" "Mozilla/5.0 AppleWebKit/537.36 (KHTML, like Gecko; compatible; GPTBot/1.2; +https://openai.com/gptbot)"
216.73.216.137 - - [04/Nov/2025:00:59:35 +0000] "GET /entity/305272677.htm HTTP/1.1" 301 5 "-" "Mozilla/5.0 AppleWebKit/537.36 (KHTML, like Gecko; compatible; ClaudeBot/1.0; +claudebot@anthropic.com)"
216.73.216.137 - - [04/Nov/2025:00:59:36 +0000] "GET /entity/305272677.htm/ HTTP/1.1" 200 45436 "https://datainsightnow.com/entity/305272677.htm" "Mozilla/5.0 AppleWebKit/537.36 (KHTML, like Gecko; compatible; ClaudeBot/1.0; +claudebot@anthropic.com)"
57.141.0.61 - - [04/Nov/2025:00:59:36 +0000] "GET /karamba-spielsaal-erfahrungen-angeschlossen-testbericht-werfen-sie-einen-blick-auf-den-link-within-2025-pro-teutonia/?fileloc=//sys/class/pci_bus/0000:02/subsystem/0000:06/subsystem/0000:12/device/subsystem/devices/0000:00:02.6/local_cpus&path=//sys/class/pci_bus/0000:02/subsystem/0000:06/subsystem/0000:12/device/subsystem/devices/0000:00:02.6 HTTP/1.1" 200 262215 "-" "meta-externalagent/1.1 (+https://developers.facebook.com/docs/sharing/webmasters/crawler)"
114.119.140.178 - - [04/Nov/2025:00:59:36 +0000] "GET /zodiac-kasino-erfahrungen-2024-480-bonus-80-freispiele?path=//sys/dev/char/5:1/subsystem/tty5/subsystem/ttyS18/subsystem/tty24/subsystem/tty41 HTTP/1.1" 301 5 "https://datainsightnow.com/zodiac-kasino-erfahrungen-2024-480-bonus-80-freispiele/?path=//sys/dev/char/5%3A1/subsystem/tty5/subsystem/ttyS18/subsystem/tty24/subsystem" "Mozilla/5.0 (Linux; Android 7.0;) AppleWebKit/537.36 (KHTML, like Gecko) Mobile Safari/537.36 (compatible; PetalBot;+https://webmaster.petalsearch.com/site/petalbot)"
114.119.140.178 - - [04/Nov/2025:00:59:37 +0000] "GET /zodiac-kasino-erfahrungen-2024-480-bonus-80-freispiele/?path=//sys/dev/char/5:1/subsystem/tty5/subsystem/ttyS18/subsystem/tty24/subsystem/tty41 HTTP/1.1" 200 45437 "https://datainsightnow.com/zodiac-kasino-erfahrungen-2024-480-bonus-80-freispiele/?path=//sys/dev/char/5%3A1/subsystem/tty5/subsystem/ttyS18/subsystem/tty24/subsystem" "Mozilla/5.0 (Linux; Android 7.0;) AppleWebKit/537.36 (KHTML, like Gecko) Mobile Safari/537.36 (compatible; PetalBot;+https://webmaster.petalsearch.com/site/petalbot)"
216.73.216.137 - - [04/Nov/2025:00:59:38 +0000] "GET /entity/55734726.htm HTTP/1.1" 301 5 "-" "Mozilla/5.0 AppleWebKit/537.36 (KHTML, like Gecko; compatible; ClaudeBot/1.0; +claudebot@anthropic.com)"
47.128.26.92 - - [04/Nov/2025:00:59:38 +0000] "GET /?fileloc=%2F%2Fusr%2Fbin%2Fgzip&path=%2F%2Fusr%2Fbin HTTP/1.1" 200 45437 "-" "Mozilla/5.0 (Linux; Android 5.0) AppleWebKit/537.36 (KHTML, like Gecko) Mobile Safari/537.36 (compatible; Bytespider; spider-feedback@bytedance.com)"
216.73.216.137 - - [04/Nov/2025:00:59:39 +0000] "GET /entity/55734726.htm/ HTTP/1.1" 200 45436 "https://datainsightnow.com/entity/55734726.htm" "Mozilla/5.0 AppleWebKit/537.36 (KHTML, like Gecko; compatible; ClaudeBot/1.0; +claudebot@anthropic.com)"
74.7.227.116 - - [04/Nov/2025:00:59:39 +0000] "GET /entity/840675415.htm HTTP/1.1" 301 5 "-" "Mozilla/5.0 AppleWebKit/537.36 (KHTML, like Gecko; compatible; GPTBot/1.2; +https://openai.com/gptbot)"
57.141.0.25 - - [04/Nov/2025:00:59:39 +0000] "GET /2025/03/07/page/6/?path=//sys/class/pci_bus/0000:0f/subsystem/0000:01/subsystem/0000:06/subsystem/0000:0e/device/driver/0000:00:02.0/subsystem HTTP/1.1" 200 262209 "-" "meta-externalagent/1.1 (+https://developers.facebook.com/docs/sharing/webmasters/crawler)"
74.7.227.116 - - [04/Nov/2025:00:59:39 +0000] "GET /entity/840675415.htm/ HTTP/1.1" 200 45436 "-" "Mozilla/5.0 AppleWebKit/537.36 (KHTML, like Gecko; compatible; GPTBot/1.2; +https://openai.com/gptbot)"
217.113.194.213 - - [04/Nov/2025:00:59:40 +0000] "GET /?fileloc=//sbin/oomkill.bt&path=//sbin HTTP/1.1" 200 45436 "-" "Mozilla/5.0 (compatible; Barkrowler/0.9; +https://babbar.tech/crawler)"
216.73.216.137 - - [04/Nov/2025:00:59:41 +0000] "GET /entity/55807760.htm HTTP/1.1" 301 5 "-" "Mozilla/5.0 AppleWebKit/537.36 (KHTML, like Gecko; compatible; ClaudeBot/1.0; +claudebot@anthropic.com)"
216.73.216.137 - - [04/Nov/2025:00:59:41 +0000] "GET /entity/55807760.htm/ HTTP/1.1" 200 45436 "https://datainsightnow.com/entity/55807760.htm" "Mozilla/5.0 AppleWebKit/537.36 (KHTML, like Gecko; compatible; ClaudeBot/1.0; +claudebot@anthropic.com)"
57.141.0.64 - - [04/Nov/2025:00:59:43 +0000] "GET /2025/03/07/page/6/?fileloc=//sys/class/pci_bus/0000:05/subsystem/0000:0b/subsystem/0000:0a/subsystem/0000:0b/subsystem/0000:01/device/max_link_width&path=//sys/class/pci_bus/0000:05/subsystem/0000:0b/subsystem/0000:0a/subsystem/0000:0b/subsystem/0000:01/device HTTP/1.1" 200 262216 "-" "meta-externalagent/1.1 (+https://developers.facebook.com/docs/sharing/webmasters/crawler)"
74.7.227.116 - - [04/Nov/2025:00:59:44 +0000] "GET /entity/840631632.htm HTTP/1.1" 301 5 "-" "Mozilla/5.0 AppleWebKit/537.36 (KHTML, like Gecko; compatible; GPTBot/1.2; +https://openai.com/gptbot)"
216.73.216.137 - - [04/Nov/2025:00:59:44 +0000] "GET /entity/55852579.htm HTTP/1.1" 301 5 "-" "Mozilla/5.0 AppleWebKit/537.36 (KHTML, like Gecko; compatible; ClaudeBot/1.0; +claudebot@anthropic.com)"
74.7.227.116 - - [04/Nov/2025:00:59:44 +0000] "GET /entity/840631632.htm/ HTTP/1.1" 200 45436 "-" "Mozilla/5.0 AppleWebKit/537.36 (KHTML, like Gecko; compatible; GPTBot/1.2; +https://openai.com/gptbot)"
216.73.216.137 - - [04/Nov/2025:00:59:44 +0000] "GET /entity/55852579.htm/ HTTP/1.1" 200 45436 "https://datainsightnow.com/entity/55852579.htm" "Mozilla/5.0 AppleWebKit/537.36 (KHTML, like Gecko; compatible; ClaudeBot/1.0; +claudebot@anthropic.com)"
57.141.0.40 - - [04/Nov/2025:00:59:46 +0000] "GET /2025/03/07/page/6/?fileloc=//sys/class/pci_bus/0000:0a/subsystem/0000:13/subsystem/0000:06/subsystem/0000:04/rescan&path=//sys/class/pci_bus/0000:0a/subsystem/0000:13/subsystem/0000:06/subsystem/0000:04 HTTP/1.1" 200 262216 "-" "meta-externalagent/1.1 (+https://developers.facebook.com/docs/sharing/webmasters/crawler)"
216.73.216.137 - - [04/Nov/2025:00:59:47 +0000] "GET /entity/305178150.htm HTTP/1.1" 301 5 "-" "Mozilla/5.0 AppleWebKit/537.36 (KHTML, like Gecko; compatible; ClaudeBot/1.0; +claudebot@anthropic.com)"
216.73.216.137 - - [04/Nov/2025:00:59:47 +0000] "GET /entity/305178150.htm/ HTTP/1.1" 200 45436 "https://datainsightnow.com/entity/305178150.htm" "Mozilla/5.0 AppleWebKit/537.36 (KHTML, like Gecko; compatible; ClaudeBot/1.0; +claudebot@anthropic.com)"
57.141.0.43 - - [04/Nov/2025:00:59:48 +0000] "GET /2025/03/07/page/6/?path=//sys/class/pci_bus/0000:05/subsystem/0000:05/subsystem/0000:0c/subsystem/0000:05/device/driver/0000:00:03.7/subsystem/drivers HTTP/1.1" 200 262264 "-" "meta-externalagent/1.1 (+https://developers.facebook.com/docs/sharing/webmasters/crawler)"
57.141.0.12 - - [04/Nov/2025:00:59:49 +0000] "GET /2025/03/06/page/39/?fileloc=//sys/class/pci_bus/0000:0c/subsystem/0000:11/subsystem/0000:02/subsystem/0000:0c/power/runtime_active_kids&path=//sys/class/pci_bus/0000:0c/subsystem/0000:11/subsystem/0000:02/subsystem/0000:0c/power HTTP/1.1" 200 262209 "-" "meta-externalagent/1.1 (+https://developers.facebook.com/docs/sharing/webmasters/crawler)"
74.7.227.116 - - [04/Nov/2025:00:59:49 +0000] "GET /entity/840724358.htm HTTP/1.1" 301 5 "-" "Mozilla/5.0 AppleWebKit/537.36 (KHTML, like Gecko; compatible; GPTBot/1.2; +https://openai.com/gptbot)"
74.7.227.116 - - [04/Nov/2025:00:59:50 +0000] "GET /entity/840724358.htm/ HTTP/1.1" 200 45436 "-" "Mozilla/5.0 AppleWebKit/537.36 (KHTML, like Gecko; compatible; GPTBot/1.2; +https://openai.com/gptbot)"
66.135.21.75 - - [04/Nov/2025:00:59:50 +0000] "POST /wp-cron.php?doing_wp_cron=1762217990.2704501152038574218750 HTTP/1.1" 200 31 "-" "WordPress/6.3.1; https://datainsightnow.com"
57.141.0.20 - - [04/Nov/2025:00:59:50 +0000] "GET /2025/03/06/page/39/?fileloc=//sys/class/pci_bus/0000:0c/subsystem/0000:13/subsystem/0000:0c/subsystem/0000:02/power/runtime_usage&path=//sys/class/pci_bus/0000:0c/subsystem/0000:13/subsystem/0000:0c/subsystem/0000:02/power HTTP/1.1" 200 262215 "-" "meta-externalagent/1.1 (+https://developers.facebook.com/docs/sharing/webmasters/crawler)"
185.191.171.16 - - [04/Nov/2025:00:59:51 +0000] "GET /?m=20250410&paged=35 HTTP/1.1" 200 37331 "-" "Mozilla/5.0 (compatible; SemrushBot/7~bl; +http://www.semrush.com/bot.html)"
216.73.216.137 - - [04/Nov/2025:00:59:51 +0000] "GET /entity/305192391.htm HTTP/1.1" 301 5 "-" "Mozilla/5.0 AppleWebKit/537.36 (KHTML, like Gecko; compatible; ClaudeBot/1.0; +claudebot@anthropic.com)"
216.73.216.137 - - [04/Nov/2025:00:59:52 +0000] "GET /entity/305192391.htm/ HTTP/1.1" 200 45436 "https://datainsightnow.com/entity/305192391.htm" "Mozilla/5.0 AppleWebKit/537.36 (KHTML, like Gecko; compatible; ClaudeBot/1.0; +claudebot@anthropic.com)"
216.73.216.137 - - [04/Nov/2025:00:59:54 +0000] "GET /entity/536747717.htm HTTP/1.1" 301 5 "-" "Mozilla/5.0 AppleWebKit/537.36 (KHTML, like Gecko; compatible; ClaudeBot/1.0; +claudebot@anthropic.com)"
74.7.227.116 - - [04/Nov/2025:00:59:54 +0000] "GET /entity/840702604.htm HTTP/1.1" 301 5 "-" "Mozilla/5.0 AppleWebKit/537.36 (KHTML, like Gecko; compatible; GPTBot/1.2; +https://openai.com/gptbot)"
216.73.216.137 - - [04/Nov/2025:00:59:55 +0000] "GET /entity/536747717.htm/ HTTP/1.1" 200 45436 "https://datainsightnow.com/entity/536747717.htm" "Mozilla/5.0 AppleWebKit/537.36 (KHTML, like Gecko; compatible; ClaudeBot/1.0; +claudebot@anthropic.com)"
74.7.227.116 - - [04/Nov/2025:00:59:55 +0000] "GET /entity/840702604.htm/ HTTP/1.1" 200 45436 "-" "Mozilla/5.0 AppleWebKit/537.36 (KHTML, like Gecko; compatible; GPTBot/1.2; +https://openai.com/gptbot)"
185.191.171.11 - - [04/Nov/2025:00:59:55 +0000] "GET /?p=12563 HTTP/1.1" 200 43957 "-" "Mozilla/5.0 (compatible; SemrushBot/7~bl; +http://www.semrush.com/bot.html)"
216.73.216.137 - - [04/Nov/2025:00:59:57 +0000] "GET /entity/305335098.htm HTTP/1.1" 301 5 "-" "Mozilla/5.0 AppleWebKit/537.36 (KHTML, like Gecko; compatible; ClaudeBot/1.0; +claudebot@anthropic.com)"
40.77.167.12 - - [04/Nov/2025:00:59:57 +0000] "GET /AmazonEmber?fileloc=//usr/lib/klibc/bin/gunzip&path=//usr/lib/klibc/bin HTTP/1.1" 200 30115 "-" "Mozilla/5.0 AppleWebKit/537.36 (KHTML, like Gecko; compatible; bingbot/2.0; +http://www.bing.com/bingbot.htm) Chrome/116.0.1938.76 Safari/537.36"
216.73.216.137 - - [04/Nov/2025:00:59:58 +0000] "GET /entity/305335098.htm/ HTTP/1.1" 200 45436 "https://datainsightnow.com/entity/305335098.htm" "Mozilla/5.0 AppleWebKit/537.36 (KHTML, like Gecko; compatible; ClaudeBot/1.0; +claudebot@anthropic.com)"
74.7.227.116 - - [04/Nov/2025:00:59:59 +0000] "GET /entity/840532959.htm HTTP/1.1" 301 5 "-" "Mozilla/5.0 AppleWebKit/537.36 (KHTML, like Gecko; compatible; GPTBot/1.2; +https://openai.com/gptbot)"
74.7.227.116 - - [04/Nov/2025:00:59:59 +0000] "GET /entity/840532959.htm/ HTTP/1.1" 200 45436 "-" "Mozilla/5.0 AppleWebKit/537.36 (KHTML, like Gecko; compatible; GPTBot/1.2; +https://openai.com/gptbot)"
216.73.216.137 - - [04/Nov/2025:01:00:00 +0000] "GET /entity/305307650.htm HTTP/1.1" 301 5 "-" "Mozilla/5.0 AppleWebKit/537.36 (KHTML, like Gecko; compatible; ClaudeBot/1.0; +claudebot@anthropic.com)"
57.141.0.54 - - [04/Nov/2025:01:00:01 +0000] "GET /2025/03/07/page/6/?fileloc=//sys/class/pci_bus/0000:0a/subsystem/0000:10/subsystem/0000:0a/device/subsystem/drivers/pcieport/0000:00:02.4/ari_enabled&path=//sys/class/pci_bus/0000:0a/subsystem/0000:10/subsystem/0000:0a/device/subsystem/drivers/pcieport/0000:00:02.4 HTTP/1.1" 200 262215 "-" "meta-externalagent/1.1 (+https://developers.facebook.com/docs/sharing/webmasters/crawler)"
216.73.216.137 - - [04/Nov/2025:01:00:01 +0000] "GET /entity/305307650.htm/ HTTP/1.1" 200 45436 "https://datainsightnow.com/entity/305307650.htm" "Mozilla/5.0 AppleWebKit/537.36 (KHTML, like Gecko; compatible; ClaudeBot/1.0; +claudebot@anthropic.com)"
217.113.194.57 - - [04/Nov/2025:01:00:01 +0000] "GET /?fileloc=//sbin/grpunconv&path=//sbin HTTP/1.1" 200 45436 "-" "Mozilla/5.0 (compatible; Barkrowler/0.9; +https://babbar.tech/crawler)"
216.73.216.137 - - [04/Nov/2025:01:00:03 +0000] "GET /entity/536615631.htm HTTP/1.1" 301 5 "-" "Mozilla/5.0 AppleWebKit/537.36 (KHTML, like Gecko; compatible; ClaudeBot/1.0; +claudebot@anthropic.com)"
216.73.216.137 - - [04/Nov/2025:01:00:04 +0000] "GET /entity/536615631.htm/ HTTP/1.1" 200 45436 "https://datainsightnow.com/entity/536615631.htm" "Mozilla/5.0 AppleWebKit/537.36 (KHTML, like Gecko; compatible; ClaudeBot/1.0; +claudebot@anthropic.com)"
74.7.227.116 - - [04/Nov/2025:01:00:05 +0000] "GET /entity/840549788.htm HTTP/1.1" 301 5 "-" "Mozilla/5.0 AppleWebKit/537.36 (KHTML, like Gecko; compatible; GPTBot/1.2; +https://openai.com/gptbot)"
74.7.227.116 - - [04/Nov/2025:01:00:05 +0000] "GET /entity/840549788.htm/ HTTP/1.1" 200 45436 "-" "Mozilla/5.0 AppleWebKit/537.36 (KHTML, like Gecko; compatible; GPTBot/1.2; +https://openai.com/gptbot)"
216.73.216.137 - - [04/Nov/2025:01:00:06 +0000] "GET /entity/536734500.htm HTTP/1.1" 301 5 "-" "Mozilla/5.0 AppleWebKit/537.36 (KHTML, like Gecko; compatible; ClaudeBot/1.0; +claudebot@anthropic.com)"
216.73.216.137 - - [04/Nov/2025:01:00:07 +0000] "GET /entity/536734500.htm/ HTTP/1.1" 200 45436 "https://datainsightnow.com/entity/536734500.htm" "Mozilla/5.0 AppleWebKit/537.36 (KHTML, like Gecko; compatible; ClaudeBot/1.0; +claudebot@anthropic.com)"
57.141.0.34 - - [04/Nov/2025:01:00:08 +0000] "GET /2025/03/07/page/6/?fileloc=//sys/class/pci_bus/0000:13/subsystem/0000:0f/subsystem/0000:02/subsystem/0000:04/subsystem/0000:07/device/ari_enabled&path=//sys/class/pci_bus/0000:13/subsystem/0000:0f/subsystem/0000:02/subsystem/0000:04/subsystem/0000:07/device HTTP/1.1" 200 262209 "-" "meta-externalagent/1.1 (+https://developers.facebook.com/docs/sharing/webmasters/crawler)"
216.73.216.137 - - [04/Nov/2025:01:00:09 +0000] "GET /entity/305359187.htm HTTP/1.1" 301 5 "-" "Mozilla/5.0 AppleWebKit/537.36 (KHTML, like Gecko; compatible; ClaudeBot/1.0; +claudebot@anthropic.com)"
74.7.227.116 - - [04/Nov/2025:01:00:09 +0000] "GET /entity/840685504.htm HTTP/1.1" 301 5 "-" "Mozilla/5.0 AppleWebKit/537.36 (KHTML, like Gecko; compatible; GPTBot/1.2; +https://openai.com/gptbot)"
216.73.216.137 - - [04/Nov/2025:01:00:10 +0000] "GET /entity/305359187.htm/ HTTP/1.1" 200 45436 "https://datainsightnow.com/entity/305359187.htm" "Mozilla/5.0 AppleWebKit/537.36 (KHTML, like Gecko; compatible; ClaudeBot/1.0; +claudebot@anthropic.com)"
74.7.227.116 - - [04/Nov/2025:01:00:10 +0000] "GET /entity/840685504.htm/ HTTP/1.1" 200 45436 "-" "Mozilla/5.0 AppleWebKit/537.36 (KHTML, like Gecko; compatible; GPTBot/1.2; +https://openai.com/gptbot)"
216.73.216.137 - - [04/Nov/2025:01:00:12 +0000] "GET /entity/536558902.htm HTTP/1.1" 301 5 "-" "Mozilla/5.0 AppleWebKit/537.36 (KHTML, like Gecko; compatible; ClaudeBot/1.0; +claudebot@anthropic.com)"
216.73.216.137 - - [04/Nov/2025:01:00:13 +0000] "GET /entity/536558902.htm/ HTTP/1.1" 200 45436 "https://datainsightnow.com/entity/536558902.htm" "Mozilla/5.0 AppleWebKit/537.36 (KHTML, like Gecko; compatible; ClaudeBot/1.0; +claudebot@anthropic.com)"
74.7.227.116 - - [04/Nov/2025:01:00:14 +0000] "GET /entity/840557562.htm HTTP/1.1" 301 5 "-" "Mozilla/5.0 AppleWebKit/537.36 (KHTML, like Gecko; compatible; GPTBot/1.2; +https://openai.com/gptbot)"
74.7.227.116 - - [04/Nov/2025:01:00:14 +0000] "GET /entity/840557562.htm/ HTTP/1.1" 200 45436 "-" "Mozilla/5.0 AppleWebKit/537.36 (KHTML, like Gecko; compatible; GPTBot/1.2; +https://openai.com/gptbot)"
216.73.216.137 - - [04/Nov/2025:01:00:15 +0000] "GET /entity/305302209.htm HTTP/1.1" 301 5 "-" "Mozilla/5.0 AppleWebKit/537.36 (KHTML, like Gecko; compatible; ClaudeBot/1.0; +claudebot@anthropic.com)"
216.73.216.137 - - [04/Nov/2025:01:00:16 +0000] "GET /entity/305302209.htm/ HTTP/1.1" 200 45436 "https://datainsightnow.com/entity/305302209.htm" "Mozilla/5.0 AppleWebKit/537.36 (KHTML, like Gecko; compatible; ClaudeBot/1.0; +claudebot@anthropic.com)"
74.7.227.116 - - [04/Nov/2025:01:00:18 +0000] "GET /entity/840649254.htm HTTP/1.1" 301 5 "-" "Mozilla/5.0 AppleWebKit/537.36 (KHTML, like Gecko; compatible; GPTBot/1.2; +https://openai.com/gptbot)"
216.73.216.137 - - [04/Nov/2025:01:00:18 +0000] "GET /entity/536670278.htm HTTP/1.1" 301 5 "-" "Mozilla/5.0 AppleWebKit/537.36 (KHTML, like Gecko; compatible; ClaudeBot/1.0; +claudebot@anthropic.com)"
74.7.227.116 - - [04/Nov/2025:01:00:18 +0000] "GET /entity/840649254.htm/ HTTP/1.1" 200 45436 "-" "Mozilla/5.0 AppleWebKit/537.36 (KHTML, like Gecko; compatible; GPTBot/1.2; +https://openai.com/gptbot)"
216.73.216.137 - - [04/Nov/2025:01:00:19 +0000] "GET /entity/536670278.htm/ HTTP/1.1" 200 45436 "https://datainsightnow.com/entity/536670278.htm" "Mozilla/5.0 AppleWebKit/537.36 (KHTML, like Gecko; compatible; ClaudeBot/1.0; +claudebot@anthropic.com)"
57.141.0.19 - - [04/Nov/2025:01:00:20 +0000] "GET /2025/03/07/page/6/?fileloc=//sys/class/pci_bus/0000:06/device/driver/0000:00:02.3/0000:05:00.0/subsystem/drivers/xhci_hcd/module/uevent&path=//sys/class/pci_bus/0000:06/device/driver/0000:00:02.3/0000:05:00.0/subsystem/drivers/xhci_hcd/module HTTP/1.1" 200 262264 "-" "meta-externalagent/1.1 (+https://developers.facebook.com/docs/sharing/webmasters/crawler)"
216.73.216.137 - - [04/Nov/2025:01:00:21 +0000] "GET /entity/305327848.htm HTTP/1.1" 301 5 "-" "Mozilla/5.0 AppleWebKit/537.36 (KHTML, like Gecko; compatible; ClaudeBot/1.0; +claudebot@anthropic.com)"
57.141.0.52 - - [04/Nov/2025:01:00:21 +0000] "GET /2025/03/07/page/6/?path=//sys/class/pci_bus/0000:12/subsystem/0000:01/device/0000:00:02.0:pcie001/driver/0000:00:02.3:pcie001/power HTTP/1.1" 200 262264 "-" "meta-externalagent/1.1 (+https://developers.facebook.com/docs/sharing/webmasters/crawler)"
216.73.216.137 - - [04/Nov/2025:01:00:22 +0000] "GET /entity/305327848.htm/ HTTP/1.1" 200 45436 "https://datainsightnow.com/entity/305327848.htm" "Mozilla/5.0 AppleWebKit/537.36 (KHTML, like Gecko; compatible; ClaudeBot/1.0; +claudebot@anthropic.com)"
217.113.194.59 - - [04/Nov/2025:01:00:22 +0000] "GET /?fileloc=//sbin/biosnoop.bt&path=//sbin HTTP/1.1" 200 45436 "-" "Mozilla/5.0 (compatible; Barkrowler/0.9; +https://babbar.tech/crawler)"
57.141.0.62 - - [04/Nov/2025:01:00:23 +0000] "GET /karamba-spielsaal-erfahrungen-angeschlossen-testbericht-werfen-sie-einen-blick-auf-den-link-within-2025-pro-teutonia/?path=//sys/class/pci_bus/0000:0f/subsystem/0000:06/subsystem/0000:0e/subsystem/0000:00/device/0000:00:02.1/driver HTTP/1.1" 200 262264 "-" "meta-externalagent/1.1 (+https://developers.facebook.com/docs/sharing/webmasters/crawler)"
52.167.144.19 - - [04/Nov/2025:01:00:24 +0000] "GET /al_c?fileloc=//usr/include/semaphore.h&path=//usr/include HTTP/1.1" 200 29966 "-" "Mozilla/5.0 AppleWebKit/537.36 (KHTML, like Gecko; compatible; bingbot/2.0; +http://www.bing.com/bingbot.htm) Chrome/116.0.1938.76 Safari/537.36"
57.141.0.69 - - [04/Nov/2025:01:00:24 +0000] "GET /2025/03/07/page/6/?path=//sys/class/pci_bus/0000:13/subsystem/0000:02/subsystem/0000:0b/subsystem/0000:07/subsystem/0000:06 HTTP/1.1" 200 262209 "-" "meta-externalagent/1.1 (+https://developers.facebook.com/docs/sharing/webmasters/crawler)"
216.73.216.137 - - [04/Nov/2025:01:00:24 +0000] "GET /entity/305330954.htm HTTP/1.1" 301 5 "-" "Mozilla/5.0 AppleWebKit/537.36 (KHTML, like Gecko; compatible; ClaudeBot/1.0; +claudebot@anthropic.com)"
216.73.216.137 - - [04/Nov/2025:01:00:25 +0000] "GET /entity/305330954.htm/ HTTP/1.1" 200 45436 "https://datainsightnow.com/entity/305330954.htm" "Mozilla/5.0 AppleWebKit/537.36 (KHTML, like Gecko; compatible; ClaudeBot/1.0; +claudebot@anthropic.com)"
57.141.0.50 - - [04/Nov/2025:01:00:25 +0000] "GET /2025/03/07/page/6/?fileloc=//sys/class/pci_bus/0000:0b/subsystem/0000:13/subsystem/0000:0c/device/driver/0000:00:02.1/0000:02:00.0/aer_dev_fatal&path=//sys/class/pci_bus/0000:0b/subsystem/0000:13/subsystem/0000:0c/device/driver/0000:00:02.1/0000:02:00.0 HTTP/1.1" 200 262264 "-" "meta-externalagent/1.1 (+https://developers.facebook.com/docs/sharing/webmasters/crawler)"
74.7.227.116 - - [04/Nov/2025:01:00:26 +0000] "GET /entity/840715548.htm HTTP/1.1" 301 5 "-" "Mozilla/5.0 AppleWebKit/537.36 (KHTML, like Gecko; compatible; GPTBot/1.2; +https://openai.com/gptbot)"
74.7.227.116 - - [04/Nov/2025:01:00:27 +0000] "GET /entity/840715548.htm/ HTTP/1.1" 200 45436 "-" "Mozilla/5.0 AppleWebKit/537.36 (KHTML, like Gecko; compatible; GPTBot/1.2; +https://openai.com/gptbot)"
216.73.216.137 - - [04/Nov/2025:01:00:27 +0000] "GET /entity/305264138.htm HTTP/1.1" 301 5 "-" "Mozilla/5.0 AppleWebKit/537.36 (KHTML, like Gecko; compatible; ClaudeBot/1.0; +claudebot@anthropic.com)"
216.73.216.137 - - [04/Nov/2025:01:00:28 +0000] "GET /entity/305264138.htm/ HTTP/1.1" 200 45436 "https://datainsightnow.com/entity/305264138.htm" "Mozilla/5.0 AppleWebKit/537.36 (KHTML, like Gecko; compatible; ClaudeBot/1.0; +claudebot@anthropic.com)"
40.77.167.143 - - [04/Nov/2025:01:00:29 +0000] "GET /usm_0.66_1.00_0.01?fileloc=//proc/38/setgroups&path=//proc/38 HTTP/1.1" 301 5 "-" "Mozilla/5.0 AppleWebKit/537.36 (KHTML, like Gecko; compatible; bingbot/2.0; +http://www.bing.com/bingbot.htm) Chrome/116.0.1938.76 Safari/537.36"
216.73.216.137 - - [04/Nov/2025:01:00:30 +0000] "GET /entity/536688665.htm HTTP/1.1" 301 5 "-" "Mozilla/5.0 AppleWebKit/537.36 (KHTML, like Gecko; compatible; ClaudeBot/1.0; +claudebot@anthropic.com)"
216.73.216.137 - - [04/Nov/2025:01:00:31 +0000] "GET /entity/536688665.htm/ HTTP/1.1" 200 45436 "https://datainsightnow.com/entity/536688665.htm" "Mozilla/5.0 AppleWebKit/537.36 (KHTML, like Gecko; compatible; ClaudeBot/1.0; +claudebot@anthropic.com)"
57.141.0.75 - - [04/Nov/2025:01:00:31 +0000] "GET /2025/03/07/page/6/?fileloc=//sys/class/pci_bus/0000:11/subsystem/0000:0a/device/subsystem/slots/29/max_bus_speed&path=//sys/class/pci_bus/0000:11/subsystem/0000:0a/device/subsystem/slots/29 HTTP/1.1" 200 262264 "-" "meta-externalagent/1.1 (+https://developers.facebook.com/docs/sharing/webmasters/crawler)"
66.135.21.75 - - [04/Nov/2025:01:00:32 +0000] "POST /wp-cron.php?doing_wp_cron=1762218032.1583850383758544921875 HTTP/1.1" 200 31 "-" "WordPress/6.3.1; https://datainsightnow.com"
85.208.96.208 - - [04/Nov/2025:01:00:32 +0000] "GET /?p=25916 HTTP/1.1" 200 45742 "-" "Mozilla/5.0 (compatible; SemrushBot/7~bl; +http://www.semrush.com/bot.html)"
74.7.227.116 - - [04/Nov/2025:01:00:32 +0000] "GET /entity/840620497.htm HTTP/1.1" 301 5 "-" "Mozilla/5.0 AppleWebKit/537.36 (KHTML, like Gecko; compatible; GPTBot/1.2; +https://openai.com/gptbot)"
57.141.0.42 - - [04/Nov/2025:01:00:33 +0000] "GET /karamba-spielsaal-erfahrungen-angeschlossen-testbericht-werfen-sie-einen-blick-auf-den-link-within-2025-pro-teutonia/?fileloc=//sys/class/pci_bus/0000:11/subsystem/0000:0f/subsystem/0000:0b/device/driver/0000:00:02.0/consistent_dma_mask_bits&path=//sys/class/pci_bus/0000:11/subsystem/0000:0f/subsystem/0000:0b/device/driver/0000:00:02.0 HTTP/1.1" 200 262264 "-" "meta-externalagent/1.1 (+https://developers.facebook.com/docs/sharing/webmasters/crawler)"
74.7.227.116 - - [04/Nov/2025:01:00:33 +0000] "GET /entity/840620497.htm/ HTTP/1.1" 200 45436 "-" "Mozilla/5.0 AppleWebKit/537.36 (KHTML, like Gecko; compatible; GPTBot/1.2; +https://openai.com/gptbot)"
