216.73.216.137 - - [04/Nov/2025:00:50:43 +0000] "GET /entity/305144476.htm/ HTTP/1.1" 200 45436 "https://datainsightnow.com/entity/305144476.htm" "Mozilla/5.0 AppleWebKit/537.36 (KHTML, like Gecko; compatible; ClaudeBot/1.0; +claudebot@anthropic.com)"
45.149.173.203 - - [04/Nov/2025:00:50:43 +0000] "POST //xmlrpc.php HTTP/1.1" 200 413 "-" "Mozilla/5.0 (Windows NT 10.0; Win64; x64) AppleWebKit/537.36 (KHTML, like Gecko) Chrome/78.0.3904.108 Safari/537.36"
45.149.173.203 - - [04/Nov/2025:00:50:43 +0000] "POST //xmlrpc.php HTTP/1.1" 200 413 "-" "Mozilla/5.0 (Windows NT 10.0; Win64; x64) AppleWebKit/537.36 (KHTML, like Gecko) Chrome/78.0.3904.108 Safari/537.36"
45.149.173.203 - - [04/Nov/2025:00:50:44 +0000] "POST //xmlrpc.php HTTP/1.1" 200 413 "-" "Mozilla/5.0 (Windows NT 10.0; Win64; x64) AppleWebKit/537.36 (KHTML, like Gecko) Chrome/78.0.3904.108 Safari/537.36"
45.149.173.203 - - [04/Nov/2025:00:50:44 +0000] "POST //xmlrpc.php HTTP/1.1" 200 413 "-" "Mozilla/5.0 (Windows NT 10.0; Win64; x64) AppleWebKit/537.36 (KHTML, like Gecko) Chrome/78.0.3904.108 Safari/537.36"
45.149.173.203 - - [04/Nov/2025:00:50:44 +0000] "POST //xmlrpc.php HTTP/1.1" 200 413 "-" "Mozilla/5.0 (Windows NT 10.0; Win64; x64) AppleWebKit/537.36 (KHTML, like Gecko) Chrome/78.0.3904.108 Safari/537.36"
45.149.173.203 - - [04/Nov/2025:00:50:44 +0000] "POST //xmlrpc.php HTTP/1.1" 200 413 "-" "Mozilla/5.0 (Windows NT 10.0; Win64; x64) AppleWebKit/537.36 (KHTML, like Gecko) Chrome/78.0.3904.108 Safari/537.36"
74.7.227.116 - - [04/Nov/2025:00:50:44 +0000] "GET /?p=13801 HTTP/1.1" 200 41128 "-" "Mozilla/5.0 AppleWebKit/537.36 (KHTML, like Gecko; compatible; GPTBot/1.2; +https://openai.com/gptbot)"
45.149.173.203 - - [04/Nov/2025:00:50:45 +0000] "POST //xmlrpc.php HTTP/1.1" 200 413 "-" "Mozilla/5.0 (Windows NT 10.0; Win64; x64) AppleWebKit/537.36 (KHTML, like Gecko) Chrome/78.0.3904.108 Safari/537.36"
57.141.0.39 - - [04/Nov/2025:00:50:45 +0000] "GET /moneysense-self-help-guide-to-the-ideal-profile/?path=//sys/class/pci_bus/0000:06/subsystem/0000:0b/subsystem/0000:07/subsystem/0000:02/device/driver HTTP/1.1" 200 262209 "-" "meta-externalagent/1.1 (+https://developers.facebook.com/docs/sharing/webmasters/crawler)"
45.149.173.203 - - [04/Nov/2025:00:50:45 +0000] "POST //xmlrpc.php HTTP/1.1" 200 413 "-" "Mozilla/5.0 (Windows NT 10.0; Win64; x64) AppleWebKit/537.36 (KHTML, like Gecko) Chrome/78.0.3904.108 Safari/537.36"
45.149.173.203 - - [04/Nov/2025:00:50:45 +0000] "POST //xmlrpc.php HTTP/1.1" 200 413 "-" "Mozilla/5.0 (Windows NT 10.0; Win64; x64) AppleWebKit/537.36 (KHTML, like Gecko) Chrome/78.0.3904.108 Safari/537.36"
45.149.173.203 - - [04/Nov/2025:00:50:45 +0000] "POST //xmlrpc.php HTTP/1.1" 200 413 "-" "Mozilla/5.0 (Windows NT 10.0; Win64; x64) AppleWebKit/537.36 (KHTML, like Gecko) Chrome/78.0.3904.108 Safari/537.36"
45.149.173.203 - - [04/Nov/2025:00:50:45 +0000] "POST //xmlrpc.php HTTP/1.1" 200 413 "-" "Mozilla/5.0 (Windows NT 10.0; Win64; x64) AppleWebKit/537.36 (KHTML, like Gecko) Chrome/78.0.3904.108 Safari/537.36"
57.141.0.39 - - [04/Nov/2025:00:50:45 +0000] "GET /2025/03/07/page/6/?path=//sys/class/pci_bus/0000:03/subsystem/0000:09/device/driver/0000:00:03.0/driver/0000:00:02.1 HTTP/1.1" 200 262248 "-" "meta-externalagent/1.1 (+https://developers.facebook.com/docs/sharing/webmasters/crawler)"
216.73.216.137 - - [04/Nov/2025:00:50:45 +0000] "GET /entity/305328884.htm HTTP/1.1" 301 5 "-" "Mozilla/5.0 AppleWebKit/537.36 (KHTML, like Gecko; compatible; ClaudeBot/1.0; +claudebot@anthropic.com)"
45.149.173.203 - - [04/Nov/2025:00:50:46 +0000] "POST //xmlrpc.php HTTP/1.1" 200 413 "-" "Mozilla/5.0 (Windows NT 10.0; Win64; x64) AppleWebKit/537.36 (KHTML, like Gecko) Chrome/78.0.3904.108 Safari/537.36"
45.149.173.203 - - [04/Nov/2025:00:50:46 +0000] "POST //xmlrpc.php HTTP/1.1" 200 413 "-" "Mozilla/5.0 (Windows NT 10.0; Win64; x64) AppleWebKit/537.36 (KHTML, like Gecko) Chrome/78.0.3904.108 Safari/537.36"
45.149.173.203 - - [04/Nov/2025:00:50:46 +0000] "POST //xmlrpc.php HTTP/1.1" 200 413 "-" "Mozilla/5.0 (Windows NT 10.0; Win64; x64) AppleWebKit/537.36 (KHTML, like Gecko) Chrome/78.0.3904.108 Safari/537.36"
216.73.216.137 - - [04/Nov/2025:00:50:46 +0000] "GET /entity/305328884.htm/ HTTP/1.1" 200 45436 "https://datainsightnow.com/entity/305328884.htm" "Mozilla/5.0 AppleWebKit/537.36 (KHTML, like Gecko; compatible; ClaudeBot/1.0; +claudebot@anthropic.com)"
45.149.173.203 - - [04/Nov/2025:00:50:46 +0000] "POST //xmlrpc.php HTTP/1.1" 200 413 "-" "Mozilla/5.0 (Windows NT 10.0; Win64; x64) AppleWebKit/537.36 (KHTML, like Gecko) Chrome/78.0.3904.108 Safari/537.36"
45.149.173.203 - - [04/Nov/2025:00:50:46 +0000] "POST //xmlrpc.php HTTP/1.1" 200 413 "-" "Mozilla/5.0 (Windows NT 10.0; Win64; x64) AppleWebKit/537.36 (KHTML, like Gecko) Chrome/78.0.3904.108 Safari/537.36"
45.149.173.203 - - [04/Nov/2025:00:50:47 +0000] "POST //xmlrpc.php HTTP/1.1" 200 413 "-" "Mozilla/5.0 (Windows NT 10.0; Win64; x64) AppleWebKit/537.36 (KHTML, like Gecko) Chrome/78.0.3904.108 Safari/537.36"
45.149.173.203 - - [04/Nov/2025:00:50:47 +0000] "POST //xmlrpc.php HTTP/1.1" 200 413 "-" "Mozilla/5.0 (Windows NT 10.0; Win64; x64) AppleWebKit/537.36 (KHTML, like Gecko) Chrome/78.0.3904.108 Safari/537.36"
57.141.0.58 - - [04/Nov/2025:00:50:47 +0000] "GET /karamba-spielsaal-erfahrungen-angeschlossen-testbericht-werfen-sie-einen-blick-auf-den-link-within-2025-pro-teutonia/?fileloc=//sys/class/pci_bus/0000:06/subsystem/0000:05/subsystem/0000:07/subsystem/0000:0b/device/driver/0000:00:03.1/enable&path=//sys/class/pci_bus/0000:06/subsystem/0000:05/subsystem/0000:07/subsystem/0000:0b/device/driver/0000:00:03.1 HTTP/1.1" 200 262264 "-" "meta-externalagent/1.1 (+https://developers.facebook.com/docs/sharing/webmasters/crawler)"
45.149.173.203 - - [04/Nov/2025:00:50:47 +0000] "POST //xmlrpc.php HTTP/1.1" 200 413 "-" "Mozilla/5.0 (Windows NT 10.0; Win64; x64) AppleWebKit/537.36 (KHTML, like Gecko) Chrome/78.0.3904.108 Safari/537.36"
45.149.173.203 - - [04/Nov/2025:00:50:47 +0000] "POST //xmlrpc.php HTTP/1.1" 200 413 "-" "Mozilla/5.0 (Windows NT 10.0; Win64; x64) AppleWebKit/537.36 (KHTML, like Gecko) Chrome/78.0.3904.108 Safari/537.36"
45.149.173.203 - - [04/Nov/2025:00:50:47 +0000] "POST //xmlrpc.php HTTP/1.1" 200 413 "-" "Mozilla/5.0 (Windows NT 10.0; Win64; x64) AppleWebKit/537.36 (KHTML, like Gecko) Chrome/78.0.3904.108 Safari/537.36"
45.149.173.203 - - [04/Nov/2025:00:50:48 +0000] "POST //xmlrpc.php HTTP/1.1" 200 413 "-" "Mozilla/5.0 (Windows NT 10.0; Win64; x64) AppleWebKit/537.36 (KHTML, like Gecko) Chrome/78.0.3904.108 Safari/537.36"
57.141.0.8 - - [04/Nov/2025:00:50:48 +0000] "GET /2025/03/07/page/6/?fileloc=//sys/class/pci_bus/0000:06/device/driver/0000:00:02.2/driver/0000:00:02.4/subsystem/drivers_autoprobe&path=//sys/class/pci_bus/0000:06/device/driver/0000:00:02.2/driver/0000:00:02.4/subsystem HTTP/1.1" 200 262264 "-" "meta-externalagent/1.1 (+https://developers.facebook.com/docs/sharing/webmasters/crawler)"
45.149.173.203 - - [04/Nov/2025:00:50:48 +0000] "POST //xmlrpc.php HTTP/1.1" 200 413 "-" "Mozilla/5.0 (Windows NT 10.0; Win64; x64) AppleWebKit/537.36 (KHTML, like Gecko) Chrome/78.0.3904.108 Safari/537.36"
40.77.167.52 - - [04/Nov/2025:00:50:48 +0000] "GET /4338505?entity=0004322014 HTTP/1.1" 200 30694 "-" "Mozilla/5.0 AppleWebKit/537.36 (KHTML, like Gecko; compatible; bingbot/2.0; +http://www.bing.com/bingbot.htm) Chrome/116.0.1938.76 Safari/537.36"
45.149.173.203 - - [04/Nov/2025:00:50:48 +0000] "POST //xmlrpc.php HTTP/1.1" 200 413 "-" "Mozilla/5.0 (Windows NT 10.0; Win64; x64) AppleWebKit/537.36 (KHTML, like Gecko) Chrome/78.0.3904.108 Safari/537.36"
45.149.173.203 - - [04/Nov/2025:00:50:48 +0000] "POST //xmlrpc.php HTTP/1.1" 200 413 "-" "Mozilla/5.0 (Windows NT 10.0; Win64; x64) AppleWebKit/537.36 (KHTML, like Gecko) Chrome/78.0.3904.108 Safari/537.36"
45.149.173.203 - - [04/Nov/2025:00:50:48 +0000] "POST //xmlrpc.php HTTP/1.1" 200 413 "-" "Mozilla/5.0 (Windows NT 10.0; Win64; x64) AppleWebKit/537.36 (KHTML, like Gecko) Chrome/78.0.3904.108 Safari/537.36"
216.73.216.137 - - [04/Nov/2025:00:50:48 +0000] "GET /entity/305259733.htm HTTP/1.1" 301 5 "-" "Mozilla/5.0 AppleWebKit/537.36 (KHTML, like Gecko; compatible; ClaudeBot/1.0; +claudebot@anthropic.com)"
45.149.173.203 - - [04/Nov/2025:00:50:49 +0000] "POST //xmlrpc.php HTTP/1.1" 200 413 "-" "Mozilla/5.0 (Windows NT 10.0; Win64; x64) AppleWebKit/537.36 (KHTML, like Gecko) Chrome/78.0.3904.108 Safari/537.36"
45.149.173.203 - - [04/Nov/2025:00:50:49 +0000] "POST //xmlrpc.php HTTP/1.1" 200 413 "-" "Mozilla/5.0 (Windows NT 10.0; Win64; x64) AppleWebKit/537.36 (KHTML, like Gecko) Chrome/78.0.3904.108 Safari/537.36"
74.7.227.116 - - [04/Nov/2025:00:50:49 +0000] "GET /index.php?rest_route=%2Foembed%2F1.0%2Fembed&url=https%3A%2F%2Fdatainsightnow.com%2F%3Fp%3D15872 HTTP/1.1" 200 1280 "-" "Mozilla/5.0 AppleWebKit/537.36 (KHTML, like Gecko; compatible; GPTBot/1.2; +https://openai.com/gptbot)"
45.149.173.203 - - [04/Nov/2025:00:50:49 +0000] "POST //xmlrpc.php HTTP/1.1" 200 413 "-" "Mozilla/5.0 (Windows NT 10.0; Win64; x64) AppleWebKit/537.36 (KHTML, like Gecko) Chrome/78.0.3904.108 Safari/537.36"
216.73.216.137 - - [04/Nov/2025:00:50:49 +0000] "GET /entity/305259733.htm/ HTTP/1.1" 200 45436 "https://datainsightnow.com/entity/305259733.htm" "Mozilla/5.0 AppleWebKit/537.36 (KHTML, like Gecko; compatible; ClaudeBot/1.0; +claudebot@anthropic.com)"
45.149.173.203 - - [04/Nov/2025:00:50:49 +0000] "POST //xmlrpc.php HTTP/1.1" 200 413 "-" "Mozilla/5.0 (Windows NT 10.0; Win64; x64) AppleWebKit/537.36 (KHTML, like Gecko) Chrome/78.0.3904.108 Safari/537.36"
45.149.173.203 - - [04/Nov/2025:00:50:49 +0000] "POST //xmlrpc.php HTTP/1.1" 200 413 "-" "Mozilla/5.0 (Windows NT 10.0; Win64; x64) AppleWebKit/537.36 (KHTML, like Gecko) Chrome/78.0.3904.108 Safari/537.36"
66.135.21.75 - - [04/Nov/2025:00:50:50 +0000] "POST /wp-cron.php?doing_wp_cron=1762217450.1739079952239990234375 HTTP/1.1" 200 31 "-" "WordPress/6.3.1; https://datainsightnow.com"
45.149.173.203 - - [04/Nov/2025:00:50:50 +0000] "POST //xmlrpc.php HTTP/1.1" 200 413 "-" "Mozilla/5.0 (Windows NT 10.0; Win64; x64) AppleWebKit/537.36 (KHTML, like Gecko) Chrome/78.0.3904.108 Safari/537.36"
45.149.173.203 - - [04/Nov/2025:00:50:50 +0000] "POST //xmlrpc.php HTTP/1.1" 200 413 "-" "Mozilla/5.0 (Windows NT 10.0; Win64; x64) AppleWebKit/537.36 (KHTML, like Gecko) Chrome/78.0.3904.108 Safari/537.36"
45.149.173.203 - - [04/Nov/2025:00:50:50 +0000] "POST //xmlrpc.php HTTP/1.1" 200 413 "-" "Mozilla/5.0 (Windows NT 10.0; Win64; x64) AppleWebKit/537.36 (KHTML, like Gecko) Chrome/78.0.3904.108 Safari/537.36"
45.149.173.203 - - [04/Nov/2025:00:50:50 +0000] "POST //xmlrpc.php HTTP/1.1" 200 413 "-" "Mozilla/5.0 (Windows NT 10.0; Win64; x64) AppleWebKit/537.36 (KHTML, like Gecko) Chrome/78.0.3904.108 Safari/537.36"
45.149.173.203 - - [04/Nov/2025:00:50:50 +0000] "POST //xmlrpc.php HTTP/1.1" 200 413 "-" "Mozilla/5.0 (Windows NT 10.0; Win64; x64) AppleWebKit/537.36 (KHTML, like Gecko) Chrome/78.0.3904.108 Safari/537.36"
45.149.173.203 - - [04/Nov/2025:00:50:51 +0000] "POST //xmlrpc.php HTTP/1.1" 200 413 "-" "Mozilla/5.0 (Windows NT 10.0; Win64; x64) AppleWebKit/537.36 (KHTML, like Gecko) Chrome/78.0.3904.108 Safari/537.36"
45.149.173.203 - - [04/Nov/2025:00:50:51 +0000] "POST //xmlrpc.php HTTP/1.1" 200 413 "-" "Mozilla/5.0 (Windows NT 10.0; Win64; x64) AppleWebKit/537.36 (KHTML, like Gecko) Chrome/78.0.3904.108 Safari/537.36"
45.149.173.203 - - [04/Nov/2025:00:50:51 +0000] "POST //xmlrpc.php HTTP/1.1" 200 413 "-" "Mozilla/5.0 (Windows NT 10.0; Win64; x64) AppleWebKit/537.36 (KHTML, like Gecko) Chrome/78.0.3904.108 Safari/537.36"
45.149.173.203 - - [04/Nov/2025:00:50:51 +0000] "POST //xmlrpc.php HTTP/1.1" 200 413 "-" "Mozilla/5.0 (Windows NT 10.0; Win64; x64) AppleWebKit/537.36 (KHTML, like Gecko) Chrome/78.0.3904.108 Safari/537.36"
45.149.173.203 - - [04/Nov/2025:00:50:51 +0000] "POST //xmlrpc.php HTTP/1.1" 200 413 "-" "Mozilla/5.0 (Windows NT 10.0; Win64; x64) AppleWebKit/537.36 (KHTML, like Gecko) Chrome/78.0.3904.108 Safari/537.36"
216.73.216.137 - - [04/Nov/2025:00:50:52 +0000] "GET /entity/305322927.htm HTTP/1.1" 301 5 "-" "Mozilla/5.0 AppleWebKit/537.36 (KHTML, like Gecko; compatible; ClaudeBot/1.0; +claudebot@anthropic.com)"
45.149.173.203 - - [04/Nov/2025:00:50:52 +0000] "POST //xmlrpc.php HTTP/1.1" 200 413 "-" "Mozilla/5.0 (Windows NT 10.0; Win64; x64) AppleWebKit/537.36 (KHTML, like Gecko) Chrome/78.0.3904.108 Safari/537.36"
57.141.0.53 - - [04/Nov/2025:00:50:52 +0000] "GET /2025/03/06/page/39/?fileloc=//sys/class/pci_bus/0000:06/subsystem/0000:13/subsystem/0000:04/subsystem/0000:0a/device/driver/0000:00:02.4/power/wakeup_last_time_ms&path=//sys/class/pci_bus/0000:06/subsystem/0000:13/subsystem/0000:04/subsystem/0000:0a/device/driver/0000:00:02.4/power HTTP/1.1" 200 262209 "-" "meta-externalagent/1.1 (+https://developers.facebook.com/docs/sharing/webmasters/crawler)"
45.149.173.203 - - [04/Nov/2025:00:50:52 +0000] "POST //xmlrpc.php HTTP/1.1" 200 413 "-" "Mozilla/5.0 (Windows NT 10.0; Win64; x64) AppleWebKit/537.36 (KHTML, like Gecko) Chrome/78.0.3904.108 Safari/537.36"
45.149.173.203 - - [04/Nov/2025:00:50:52 +0000] "POST //xmlrpc.php HTTP/1.1" 200 413 "-" "Mozilla/5.0 (Windows NT 10.0; Win64; x64) AppleWebKit/537.36 (KHTML, like Gecko) Chrome/78.0.3904.108 Safari/537.36"
45.149.173.203 - - [04/Nov/2025:00:50:53 +0000] "POST //xmlrpc.php HTTP/1.1" 200 413 "-" "Mozilla/5.0 (Windows NT 10.0; Win64; x64) AppleWebKit/537.36 (KHTML, like Gecko) Chrome/78.0.3904.108 Safari/537.36"
45.149.173.203 - - [04/Nov/2025:00:50:53 +0000] "POST //xmlrpc.php HTTP/1.1" 200 413 "-" "Mozilla/5.0 (Windows NT 10.0; Win64; x64) AppleWebKit/537.36 (KHTML, like Gecko) Chrome/78.0.3904.108 Safari/537.36"
57.141.0.63 - - [04/Nov/2025:00:50:53 +0000] "GET /karamba-spielsaal-erfahrungen-angeschlossen-testbericht-werfen-sie-einen-blick-auf-den-link-within-2025-pro-teutonia/?fileloc=//sys/class/pci_bus/0000:02/subsystem/0000:01/subsystem/0000:05/subsystem/0000:02/subsystem/0000:07/device/resource&path=//sys/class/pci_bus/0000:02/subsystem/0000:01/subsystem/0000:05/subsystem/0000:02/subsystem/0000:07/device HTTP/1.1" 200 262209 "-" "meta-externalagent/1.1 (+https://developers.facebook.com/docs/sharing/webmasters/crawler)"
216.73.216.137 - - [04/Nov/2025:00:50:54 +0000] "GET /entity/305322927.htm/ HTTP/1.1" 200 45436 "https://datainsightnow.com/entity/305322927.htm" "Mozilla/5.0 AppleWebKit/537.36 (KHTML, like Gecko; compatible; ClaudeBot/1.0; +claudebot@anthropic.com)"
74.7.227.116 - - [04/Nov/2025:00:50:54 +0000] "GET /?p=27227 HTTP/1.1" 200 41425 "-" "Mozilla/5.0 AppleWebKit/537.36 (KHTML, like Gecko; compatible; GPTBot/1.2; +https://openai.com/gptbot)"
185.191.171.16 - - [04/Nov/2025:00:50:54 +0000] "GET /entity/510533809.htm HTTP/1.1" 301 5 "-" "Mozilla/5.0 (compatible; SemrushBot/7~bl; +http://www.semrush.com/bot.html)"
45.149.173.203 - - [04/Nov/2025:00:50:54 +0000] "POST //xmlrpc.php HTTP/1.1" 200 413 "-" "Mozilla/5.0 (Windows NT 10.0; Win64; x64) AppleWebKit/537.36 (KHTML, like Gecko) Chrome/78.0.3904.108 Safari/537.36"
57.141.0.26 - - [04/Nov/2025:00:50:54 +0000] "GET /2025/03/07/page/6/?fileloc=//sys/bus/acpi/devices/device:3c/subsystem/devices/device:00/power/runtime_usage&path=//sys/bus/acpi/devices/device:3c/subsystem/devices/device:00/power HTTP/1.1" 200 262215 "-" "meta-externalagent/1.1 (+https://developers.facebook.com/docs/sharing/webmasters/crawler)"
45.149.173.203 - - [04/Nov/2025:00:50:54 +0000] "POST //xmlrpc.php HTTP/1.1" 200 413 "-" "Mozilla/5.0 (Windows NT 10.0; Win64; x64) AppleWebKit/537.36 (KHTML, like Gecko) Chrome/78.0.3904.108 Safari/537.36"
45.149.173.203 - - [04/Nov/2025:00:50:54 +0000] "POST //xmlrpc.php HTTP/1.1" 200 413 "-" "Mozilla/5.0 (Windows NT 10.0; Win64; x64) AppleWebKit/537.36 (KHTML, like Gecko) Chrome/78.0.3904.108 Safari/537.36"
45.149.173.203 - - [04/Nov/2025:00:50:54 +0000] "POST //xmlrpc.php HTTP/1.1" 200 413 "-" "Mozilla/5.0 (Windows NT 10.0; Win64; x64) AppleWebKit/537.36 (KHTML, like Gecko) Chrome/78.0.3904.108 Safari/537.36"
57.141.0.15 - - [04/Nov/2025:00:50:54 +0000] "GET /karamba-spielsaal-erfahrungen-angeschlossen-testbericht-werfen-sie-einen-blick-auf-den-link-within-2025-pro-teutonia/?fileloc=//sys/class/pci_bus/0000:06/subsystem/0000:04/subsystem/0000:09/device/driver/0000:00:02.0/driver/0000:00:03.0/config&path=//sys/class/pci_bus/0000:06/subsystem/0000:04/subsystem/0000:09/device/driver/0000:00:02.0/driver/0000:00:03.0 HTTP/1.1" 200 262264 "-" "meta-externalagent/1.1 (+https://developers.facebook.com/docs/sharing/webmasters/crawler)"
216.73.216.137 - - [04/Nov/2025:00:50:54 +0000] "GET /entity/305314902.htm HTTP/1.1" 301 5 "-" "Mozilla/5.0 AppleWebKit/537.36 (KHTML, like Gecko; compatible; ClaudeBot/1.0; +claudebot@anthropic.com)"
45.149.173.203 - - [04/Nov/2025:00:50:55 +0000] "POST //xmlrpc.php HTTP/1.1" 200 413 "-" "Mozilla/5.0 (Windows NT 10.0; Win64; x64) AppleWebKit/537.36 (KHTML, like Gecko) Chrome/78.0.3904.108 Safari/537.36"
216.73.216.137 - - [04/Nov/2025:00:50:55 +0000] "GET /entity/305314902.htm/ HTTP/1.1" 200 45436 "https://datainsightnow.com/entity/305314902.htm" "Mozilla/5.0 AppleWebKit/537.36 (KHTML, like Gecko; compatible; ClaudeBot/1.0; +claudebot@anthropic.com)"
45.149.173.203 - - [04/Nov/2025:00:50:55 +0000] "POST //xmlrpc.php HTTP/1.1" 200 413 "-" "Mozilla/5.0 (Windows NT 10.0; Win64; x64) AppleWebKit/537.36 (KHTML, like Gecko) Chrome/78.0.3904.108 Safari/537.36"
45.149.173.203 - - [04/Nov/2025:00:50:55 +0000] "POST //xmlrpc.php HTTP/1.1" 200 413 "-" "Mozilla/5.0 (Windows NT 10.0; Win64; x64) AppleWebKit/537.36 (KHTML, like Gecko) Chrome/78.0.3904.108 Safari/537.36"
45.149.173.203 - - [04/Nov/2025:00:50:56 +0000] "POST //xmlrpc.php HTTP/1.1" 200 413 "-" "Mozilla/5.0 (Windows NT 10.0; Win64; x64) AppleWebKit/537.36 (KHTML, like Gecko) Chrome/78.0.3904.108 Safari/537.36"
45.149.173.203 - - [04/Nov/2025:00:50:56 +0000] "POST //xmlrpc.php HTTP/1.1" 200 413 "-" "Mozilla/5.0 (Windows NT 10.0; Win64; x64) AppleWebKit/537.36 (KHTML, like Gecko) Chrome/78.0.3904.108 Safari/537.36"
57.141.0.1 - - [04/Nov/2025:00:50:58 +0000] "GET /karamba-spielsaal-erfahrungen-angeschlossen-testbericht-werfen-sie-einen-blick-auf-den-link-within-2025-pro-teutonia/?fileloc=//sys/class/pci_bus/0000:06/subsystem/0000:0b/subsystem/0000:00/subsystem/0000:00/subsystem/0000:04/subsystem/0000:10/device/modalias&path=//sys/class/pci_bus/0000:06/subsystem/0000:0b/subsystem/0000:00/subsystem/0000:00/subsystem/0000:04/subsystem/0000:10/device HTTP/1.1" 200 262209 "-" "meta-externalagent/1.1 (+https://developers.facebook.com/docs/sharing/webmasters/crawler)"
74.7.227.116 - - [04/Nov/2025:00:50:59 +0000] "GET /index.php?rest_route=/wp/v2/posts/13801 HTTP/1.1" 200 4066 "-" "Mozilla/5.0 AppleWebKit/537.36 (KHTML, like Gecko; compatible; GPTBot/1.2; +https://openai.com/gptbot)"
185.191.171.5 - - [04/Nov/2025:00:50:59 +0000] "GET /entity/510533809.htm/ HTTP/1.1" 200 45436 "-" "Mozilla/5.0 (compatible; SemrushBot/7~bl; +http://www.semrush.com/bot.html)"
217.113.194.61 - - [04/Nov/2025:00:51:02 +0000] "GET /?fileloc=//proc/6/wchan&path=//proc/6 HTTP/1.1" 200 45436 "-" "Mozilla/5.0 (compatible; Barkrowler/0.9; +https://babbar.tech/crawler)"
85.208.96.201 - - [04/Nov/2025:00:51:03 +0000] "GET /?cat=1&paged=1485 HTTP/1.1" 200 37380 "-" "Mozilla/5.0 (compatible; SemrushBot/7~bl; +http://www.semrush.com/bot.html)"
57.141.0.63 - - [04/Nov/2025:00:51:05 +0000] "GET /2025/03/07/page/6/?fileloc=//sys/class/pci_bus/0000:07/device/driver/0000:00:02.7/subsystem/devices/0000:04:00.0/usb2/manufacturer&path=//sys/class/pci_bus/0000:07/device/driver/0000:00:02.7/subsystem/devices/0000:04:00.0/usb2 HTTP/1.1" 200 262248 "-" "meta-externalagent/1.1 (+https://developers.facebook.com/docs/sharing/webmasters/crawler)"
74.7.227.116 - - [04/Nov/2025:00:51:05 +0000] "GET /?p=25164 HTTP/1.1" 200 42235 "-" "Mozilla/5.0 AppleWebKit/537.36 (KHTML, like Gecko; compatible; GPTBot/1.2; +https://openai.com/gptbot)"
57.141.0.43 - - [04/Nov/2025:00:51:05 +0000] "GET /karamba-spielsaal-erfahrungen-angeschlossen-testbericht-werfen-sie-einen-blick-auf-den-link-within-2025-pro-teutonia/?fileloc=//sys/class/pci_bus/0000:0e/subsystem/0000:04/subsystem/0000:04/device/driver/0000:00:02.6/driver/0000:00:02.0/device&path=//sys/class/pci_bus/0000:0e/subsystem/0000:04/subsystem/0000:04/device/driver/0000:00:02.6/driver/0000:00:02.0 HTTP/1.1" 200 262264 "-" "meta-externalagent/1.1 (+https://developers.facebook.com/docs/sharing/webmasters/crawler)"
57.141.0.2 - - [04/Nov/2025:00:51:06 +0000] "GET /2025/03/06/page/39/?path=//sys/class/pci_bus/0000:03/subsystem/0000:0e/subsystem/0000:00/device/0000:00:02.3/power HTTP/1.1" 200 262215 "-" "meta-externalagent/1.1 (+https://developers.facebook.com/docs/sharing/webmasters/crawler)"
196.251.66.105 - - [04/Nov/2025:00:51:06 +0000] "GET /about.php?key=EnigmaCyberSecurity HTTP/1.1" 404 564 "-" "Mozilla/5.0 (Linux; Android 7.0; SM-G892A Build/NRD90M; wv) AppleWebKit/537.36 (KHTML, Gecko) Version/4.0 Chrome/60.0.3112.107 Mobile Safari/537.36"
185.191.171.4 - - [04/Nov/2025:00:51:07 +0000] "GET /?p=30425 HTTP/1.1" 200 43190 "-" "Mozilla/5.0 (compatible; SemrushBot/7~bl; +http://www.semrush.com/bot.html)"
52.167.144.19 - - [04/Nov/2025:00:51:07 +0000] "GET /0_PIRIOTHREEANDHALF-medium?fileloc=//bin/wifi-status&path=//bin HTTP/1.1" 301 5 "-" "Mozilla/5.0 AppleWebKit/537.36 (KHTML, like Gecko; compatible; bingbot/2.0; +http://www.bing.com/bingbot.htm) Chrome/116.0.1938.76 Safari/537.36"
196.251.66.105 - - [04/Nov/2025:00:51:08 +0000] "GET /uploaded_script.php HTTP/1.1" 404 564 "-" "Mozilla/5.0 (Linux; Android 7.0; SM-G892A Build/NRD90M; wv) AppleWebKit/537.36 (KHTML, Gecko) Version/4.0 Chrome/60.0.3112.107 Mobile Safari/537.36"
57.141.0.2 - - [04/Nov/2025:00:51:09 +0000] "GET /karamba-spielsaal-erfahrungen-angeschlossen-testbericht-werfen-sie-einen-blick-auf-den-link-within-2025-pro-teutonia/?fileloc=//sys/class/pci_bus/0000:0f/subsystem/0000:09/device/driver/0000:00:04.0/driver/0000:00:04.0/0000:00:04.0:pcie002/power/runtime_status&path=//sys/class/pci_bus/0000:0f/subsystem/0000:09/device/driver/0000:00:04.0/driver/0000:00:04.0/0000:00:04.0:pcie002/power HTTP/1.1" 200 262264 "-" "meta-externalagent/1.1 (+https://developers.facebook.com/docs/sharing/webmasters/crawler)"
196.251.66.105 - - [04/Nov/2025:00:51:10 +0000] "GET /inputs.php HTTP/1.1" 404 564 "-" "Mozilla/5.0 (Linux; Android 7.0; SM-G892A Build/NRD90M; wv) AppleWebKit/537.36 (KHTML, Gecko) Version/4.0 Chrome/60.0.3112.107 Mobile Safari/537.36"
74.7.227.116 - - [04/Nov/2025:00:51:10 +0000] "GET /index.php?rest_route=%2Foembed%2F1.0%2Fembed&url=https%3A%2F%2Fdatainsightnow.com%2F%3Fp%3D13801 HTTP/1.1" 200 1264 "-" "Mozilla/5.0 AppleWebKit/537.36 (KHTML, like Gecko; compatible; GPTBot/1.2; +https://openai.com/gptbot)"
66.249.65.98 - - [04/Nov/2025:00:51:10 +0000] "GET /?756328692?entity=0753408762 HTTP/1.1" 200 29277 "-" "Mozilla/5.0 (Linux; Android 6.0.1; Nexus 5X Build/MMB29P) AppleWebKit/537.36 (KHTML, like Gecko) Chrome/141.0.7390.122 Mobile Safari/537.36 (compatible; Googlebot/2.1; +http://www.google.com/bot.html)"
57.141.0.52 - - [04/Nov/2025:00:51:11 +0000] "GET /2025/03/06/page/39/?path=//sys/class/pci_bus/0000:0a/subsystem/0000:06/subsystem/0000:09/subsystem/0000:10/device/pci_bus HTTP/1.1" 200 262264 "-" "meta-externalagent/1.1 (+https://developers.facebook.com/docs/sharing/webmasters/crawler)"
57.141.0.31 - - [04/Nov/2025:00:51:11 +0000] "GET /2025/03/07/page/6/?path=//sys/class/pci_bus/0000:05/subsystem/0000:10/subsystem/0000:00/subsystem/0000:00/subsystem/0000:00/device/0000:00:03.1/subsystem HTTP/1.1" 200 262264 "-" "meta-externalagent/1.1 (+https://developers.facebook.com/docs/sharing/webmasters/crawler)"
57.141.0.24 - - [04/Nov/2025:00:51:12 +0000] "GET /2025/03/07/page/6/?path=//sys/class/pci_bus/0000:05/subsystem/0000:07/subsystem/0000:05/subsystem/0000:13/subsystem/0000:0c/power HTTP/1.1" 200 262264 "-" "meta-externalagent/1.1 (+https://developers.facebook.com/docs/sharing/webmasters/crawler)"
196.251.66.105 - - [04/Nov/2025:00:51:13 +0000] "GET /wp-content/index.php HTTP/1.1" 404 564 "-" "Mozilla/5.0 (Linux; Android 7.0; SM-G892A Build/NRD90M; wv) AppleWebKit/537.36 (KHTML, Gecko) Version/4.0 Chrome/60.0.3112.107 Mobile Safari/537.36"
114.119.153.242 - - [04/Nov/2025:00:51:14 +0000] "GET /zodiac-kasino-erfahrungen-2024-480-bonus-80-freispiele?path=//sys/dev/char/5:1/subsystem/tty5/subsystem/ttyS18/subsystem/tty24/subsystem/ttyS27 HTTP/1.1" 301 5 "https://datainsightnow.com/zodiac-kasino-erfahrungen-2024-480-bonus-80-freispiele/?path=//sys/dev/char/5%3A1/subsystem/tty5/subsystem/ttyS18/subsystem/tty24/subsystem" "Mozilla/5.0 (Linux; Android 7.0;) AppleWebKit/537.36 (KHTML, like Gecko) Mobile Safari/537.36 (compatible; PetalBot;+https://webmaster.petalsearch.com/site/petalbot)"
57.141.0.22 - - [04/Nov/2025:00:51:14 +0000] "GET /2025/03/07/page/6/?path=//sys/class/pci_bus/0000:0e/device/driver/0000:00:03.2/driver/0000:00:03.6/driver/0000:00:04.1 HTTP/1.1" 200 262248 "-" "meta-externalagent/1.1 (+https://developers.facebook.com/docs/sharing/webmasters/crawler)"
196.251.66.105 - - [04/Nov/2025:00:51:15 +0000] "GET /wp-content/plugins/fix/up.php HTTP/1.1" 404 564 "-" "Mozilla/5.0 (Linux; Android 7.0; SM-G892A Build/NRD90M; wv) AppleWebKit/537.36 (KHTML, Gecko) Version/4.0 Chrome/60.0.3112.107 Mobile Safari/537.36"
114.119.153.242 - - [04/Nov/2025:00:51:16 +0000] "GET /zodiac-kasino-erfahrungen-2024-480-bonus-80-freispiele/?path=//sys/dev/char/5:1/subsystem/tty5/subsystem/ttyS18/subsystem/tty24/subsystem/ttyS27 HTTP/1.1" 200 45437 "https://datainsightnow.com/zodiac-kasino-erfahrungen-2024-480-bonus-80-freispiele/?path=//sys/dev/char/5%3A1/subsystem/tty5/subsystem/ttyS18/subsystem/tty24/subsystem" "Mozilla/5.0 (Linux; Android 7.0;) AppleWebKit/537.36 (KHTML, like Gecko) Mobile Safari/537.36 (compatible; PetalBot;+https://webmaster.petalsearch.com/site/petalbot)"
74.7.227.116 - - [04/Nov/2025:00:51:16 +0000] "GET /?p=13803 HTTP/1.1" 200 43763 "-" "Mozilla/5.0 AppleWebKit/537.36 (KHTML, like Gecko; compatible; GPTBot/1.2; +https://openai.com/gptbot)"
57.141.0.61 - - [04/Nov/2025:00:51:17 +0000] "GET /2025/03/07/page/6/?path=//sys/class/pci_bus/0000:05/subsystem/0000:05/device/driver/0000:00:02.4/driver/0000:00:03.5/driver/0000:00:03.3/msi_irqs HTTP/1.1" 200 262209 "-" "meta-externalagent/1.1 (+https://developers.facebook.com/docs/sharing/webmasters/crawler)"
57.141.0.25 - - [04/Nov/2025:00:51:17 +0000] "GET /u-7-uitgelezene-videopokersites-voordat-echt-strafbaar-2024/ HTTP/1.1" 200 262264 "-" "meta-externalagent/1.1 (+https://developers.facebook.com/docs/sharing/webmasters/crawler)"
57.141.0.13 - - [04/Nov/2025:00:51:18 +0000] "GET /2025/03/07/page/6/?path=//sys/class/pci_bus/0000:04/device/driver/0000:00:02.1/driver/0000:00:02.7/subsystem/devices/0000:00:02.3/0000:05:00.0 HTTP/1.1" 200 262209 "-" "meta-externalagent/1.1 (+https://developers.facebook.com/docs/sharing/webmasters/crawler)"
196.251.66.105 - - [04/Nov/2025:00:51:20 +0000] "GET /autoload_classmap.php HTTP/1.1" 404 564 "-" "Mozilla/5.0 (Linux; Android 7.0; SM-G892A Build/NRD90M; wv) AppleWebKit/537.36 (KHTML, Gecko) Version/4.0 Chrome/60.0.3112.107 Mobile Safari/537.36"
74.7.227.116 - - [04/Nov/2025:00:51:20 +0000] "GET /index.php?rest_route=%2Foembed%2F1.0%2Fembed&url=https%3A%2F%2Fdatainsightnow.com%2F%3Fp%3D27227 HTTP/1.1" 200 1322 "-" "Mozilla/5.0 AppleWebKit/537.36 (KHTML, like Gecko; compatible; GPTBot/1.2; +https://openai.com/gptbot)"
57.141.0.46 - - [04/Nov/2025:00:51:20 +0000] "GET /2025/03/07/page/6/?fileloc=//sys/class/pci_bus/0000:0b/subsystem/0000:0f/device/driver/0000:00:03.7/driver/0000:00:02.4/subsystem_vendor&path=//sys/class/pci_bus/0000:0b/subsystem/0000:0f/device/driver/0000:00:03.7/driver/0000:00:02.4 HTTP/1.1" 200 262248 "-" "meta-externalagent/1.1 (+https://developers.facebook.com/docs/sharing/webmasters/crawler)"
216.73.216.137 - - [04/Nov/2025:00:51:21 +0000] "GET /entity/305352712.htm HTTP/1.1" 301 5 "-" "Mozilla/5.0 AppleWebKit/537.36 (KHTML, like Gecko; compatible; ClaudeBot/1.0; +claudebot@anthropic.com)"
57.141.0.27 - - [04/Nov/2025:00:51:22 +0000] "GET /karamba-spielsaal-erfahrungen-angeschlossen-testbericht-werfen-sie-einen-blick-auf-den-link-within-2025-pro-teutonia/?fileloc=//sys/class/pci_bus/0000:06/subsystem/0000:03/subsystem/0000:12/subsystem/0000:0b/subsystem/0000:05/device/driver_override&path=//sys/class/pci_bus/0000:06/subsystem/0000:03/subsystem/0000:12/subsystem/0000:0b/subsystem/0000:05/device HTTP/1.1" 200 262264 "-" "meta-externalagent/1.1 (+https://developers.facebook.com/docs/sharing/webmasters/crawler)"
216.73.216.137 - - [04/Nov/2025:00:51:22 +0000] "GET /entity/305352712.htm/ HTTP/1.1" 200 45436 "https://datainsightnow.com/entity/305352712.htm" "Mozilla/5.0 AppleWebKit/537.36 (KHTML, like Gecko; compatible; ClaudeBot/1.0; +claudebot@anthropic.com)"
217.113.194.54 - - [04/Nov/2025:00:51:23 +0000] "GET /?fileloc=//proc/43/syscall&path=//proc/43 HTTP/1.1" 200 45436 "-" "Mozilla/5.0 (compatible; Barkrowler/0.9; +https://babbar.tech/crawler)"
57.141.0.32 - - [04/Nov/2025:00:51:23 +0000] "GET /2025/03/07/page/6/?fileloc=//sys/class/pci_bus/0000:03/subsystem/0000:0e/subsystem/0000:0f/subsystem/0000:02/device/driver/0000:00:03.7/driver_override&path=//sys/class/pci_bus/0000:03/subsystem/0000:0e/subsystem/0000:0f/subsystem/0000:02/device/driver/0000:00:03.7 HTTP/1.1" 200 262264 "-" "meta-externalagent/1.1 (+https://developers.facebook.com/docs/sharing/webmasters/crawler)"
216.73.216.137 - - [04/Nov/2025:00:51:24 +0000] "GET /entity/305226579.htm HTTP/1.1" 301 5 "-" "Mozilla/5.0 AppleWebKit/537.36 (KHTML, like Gecko; compatible; ClaudeBot/1.0; +claudebot@anthropic.com)"
196.251.66.105 - - [04/Nov/2025:00:51:24 +0000] "GET /wp-content/plugins/pwnd/pwnd.php HTTP/1.1" 404 564 "-" "Mozilla/5.0 (Linux; Android 7.0; SM-G892A Build/NRD90M; wv) AppleWebKit/537.36 (KHTML, Gecko) Version/4.0 Chrome/60.0.3112.107 Mobile Safari/537.36"
216.73.216.137 - - [04/Nov/2025:00:51:25 +0000] "GET /entity/305226579.htm/ HTTP/1.1" 200 45436 "https://datainsightnow.com/entity/305226579.htm" "Mozilla/5.0 AppleWebKit/537.36 (KHTML, like Gecko; compatible; ClaudeBot/1.0; +claudebot@anthropic.com)"
57.141.0.62 - - [04/Nov/2025:00:51:26 +0000] "GET /2025/03/07/page/6/?fileloc=//sys/class/pci_bus/0000:07/subsystem/0000:05/device/driver/0000:00:03.1/driver/0000:00:02.5/local_cpus&path=//sys/class/pci_bus/0000:07/subsystem/0000:05/device/driver/0000:00:03.1/driver/0000:00:02.5 HTTP/1.1" 200 262264 "-" "meta-externalagent/1.1 (+https://developers.facebook.com/docs/sharing/webmasters/crawler)"
57.141.0.61 - - [04/Nov/2025:00:51:27 +0000] "GET /best-baccarat-websites-irish-eyes-casino-bonuses-february-2025/?fileloc=//usr/sbin/e4defrag&path=//usr/sbin HTTP/1.1" 200 262209 "-" "meta-externalagent/1.1 (+https://developers.facebook.com/docs/sharing/webmasters/crawler)"
57.141.0.36 - - [04/Nov/2025:00:51:27 +0000] "GET /karamba-spielsaal-erfahrungen-angeschlossen-testbericht-werfen-sie-einen-blick-auf-den-link-within-2025-pro-teutonia/?path=//sys/class/pci_bus/0000:0b/subsystem/0000:0b/subsystem/0000:01/device/subsystem/devices/0000:00:02.7/driver/0000:00:03.1 HTTP/1.1" 200 262264 "-" "meta-externalagent/1.1 (+https://developers.facebook.com/docs/sharing/webmasters/crawler)"
216.73.216.137 - - [04/Nov/2025:00:51:27 +0000] "GET /entity/305329657.htm HTTP/1.1" 301 5 "-" "Mozilla/5.0 AppleWebKit/537.36 (KHTML, like Gecko; compatible; ClaudeBot/1.0; +claudebot@anthropic.com)"
216.73.216.137 - - [04/Nov/2025:00:51:28 +0000] "GET /entity/305329657.htm/ HTTP/1.1" 200 45436 "https://datainsightnow.com/entity/305329657.htm" "Mozilla/5.0 AppleWebKit/537.36 (KHTML, like Gecko; compatible; ClaudeBot/1.0; +claudebot@anthropic.com)"
196.251.66.105 - - [04/Nov/2025:00:51:28 +0000] "GET /wp-content/plugins/pwnd-1/pwnd.php HTTP/1.1" 404 564 "-" "Mozilla/5.0 (Linux; Android 7.0; SM-G892A Build/NRD90M; wv) AppleWebKit/537.36 (KHTML, Gecko) Version/4.0 Chrome/60.0.3112.107 Mobile Safari/537.36"
74.7.227.116 - - [04/Nov/2025:00:51:29 +0000] "GET /entity/840649768.htm HTTP/1.1" 301 5 "-" "Mozilla/5.0 AppleWebKit/537.36 (KHTML, like Gecko; compatible; GPTBot/1.2; +https://openai.com/gptbot)"
74.7.227.116 - - [04/Nov/2025:00:51:30 +0000] "GET /entity/840649768.htm/ HTTP/1.1" 200 45436 "-" "Mozilla/5.0 AppleWebKit/537.36 (KHTML, like Gecko; compatible; GPTBot/1.2; +https://openai.com/gptbot)"
196.251.66.105 - - [04/Nov/2025:00:51:30 +0000] "GET /wp-content/plugins/simple/simple.php HTTP/1.1" 404 564 "-" "Mozilla/5.0 (Linux; Android 7.0; SM-G892A Build/NRD90M; wv) AppleWebKit/537.36 (KHTML, Gecko) Version/4.0 Chrome/60.0.3112.107 Mobile Safari/537.36"
216.73.216.137 - - [04/Nov/2025:00:51:30 +0000] "GET /entity/305256876.htm HTTP/1.1" 301 5 "-" "Mozilla/5.0 AppleWebKit/537.36 (KHTML, like Gecko; compatible; ClaudeBot/1.0; +claudebot@anthropic.com)"
216.73.216.137 - - [04/Nov/2025:00:51:31 +0000] "GET /entity/305256876.htm/ HTTP/1.1" 200 45436 "https://datainsightnow.com/entity/305256876.htm" "Mozilla/5.0 AppleWebKit/537.36 (KHTML, like Gecko; compatible; ClaudeBot/1.0; +claudebot@anthropic.com)"
196.251.66.105 - - [04/Nov/2025:00:51:32 +0000] "GET /worksec.php HTTP/1.1" 404 564 "-" "Mozilla/5.0 (Linux; Android 7.0; SM-G892A Build/NRD90M; wv) AppleWebKit/537.36 (KHTML, Gecko) Version/4.0 Chrome/60.0.3112.107 Mobile Safari/537.36"
57.141.0.74 - - [04/Nov/2025:00:51:32 +0000] "GET /karamba-spielsaal-erfahrungen-angeschlossen-testbericht-werfen-sie-einen-blick-auf-den-link-within-2025-pro-teutonia/?fileloc=//sys/class/pci_bus/0000:01/subsystem/0000:04/device/driver/0000:00:02.1/0000:02:00.0/firmware_node/physical_node/0000:03:01.0/config&path=//sys/class/pci_bus/0000:01/subsystem/0000:04/device/driver/0000:00:02.1/0000:02:00.0/firmware_node/physical_node/0000:03:01.0 HTTP/1.1" 200 262264 "-" "meta-externalagent/1.1 (+https://developers.facebook.com/docs/sharing/webmasters/crawler)"
216.73.216.137 - - [04/Nov/2025:00:51:33 +0000] "GET /entity/305328107.htm HTTP/1.1" 301 5 "-" "Mozilla/5.0 AppleWebKit/537.36 (KHTML, like Gecko; compatible; ClaudeBot/1.0; +claudebot@anthropic.com)"
196.251.66.105 - - [04/Nov/2025:00:51:33 +0000] "GET /wp-content/worksec.php HTTP/1.1" 404 564 "-" "Mozilla/5.0 (Linux; Android 7.0; SM-G892A Build/NRD90M; wv) AppleWebKit/537.36 (KHTML, Gecko) Version/4.0 Chrome/60.0.3112.107 Mobile Safari/537.36"
216.73.216.137 - - [04/Nov/2025:00:51:34 +0000] "GET /entity/305328107.htm/ HTTP/1.1" 200 45436 "https://datainsightnow.com/entity/305328107.htm" "Mozilla/5.0 AppleWebKit/537.36 (KHTML, like Gecko; compatible; ClaudeBot/1.0; +claudebot@anthropic.com)"
196.251.66.105 - - [04/Nov/2025:00:51:34 +0000] "GET /wp-content/cache/index.php HTTP/1.1" 404 564 "-" "Mozilla/5.0 (Linux; Android 7.0; SM-G892A Build/NRD90M; wv) AppleWebKit/537.36 (KHTML, Gecko) Version/4.0 Chrome/60.0.3112.107 Mobile Safari/537.36"
216.73.216.137 - - [04/Nov/2025:00:51:36 +0000] "GET /entity/305226057.htm HTTP/1.1" 301 5 "-" "Mozilla/5.0 AppleWebKit/537.36 (KHTML, like Gecko; compatible; ClaudeBot/1.0; +claudebot@anthropic.com)"
216.73.216.137 - - [04/Nov/2025:00:51:37 +0000] "GET /entity/305226057.htm/ HTTP/1.1" 200 45436 "https://datainsightnow.com/entity/305226057.htm" "Mozilla/5.0 AppleWebKit/537.36 (KHTML, like Gecko; compatible; ClaudeBot/1.0; +claudebot@anthropic.com)"
74.7.227.116 - - [04/Nov/2025:00:51:38 +0000] "GET /index.php?format=xml&rest_route=%2Foembed%2F1.0%2Fembed&url=https%3A%2F%2Fdatainsightnow.com%2F%3Fp%3D25164 HTTP/1.1" 200 1319 "-" "Mozilla/5.0 AppleWebKit/537.36 (KHTML, like Gecko; compatible; GPTBot/1.2; +https://openai.com/gptbot)"
216.73.216.137 - - [04/Nov/2025:00:51:39 +0000] "GET /entity/305322405.htm HTTP/1.1" 301 5 "-" "Mozilla/5.0 AppleWebKit/537.36 (KHTML, like Gecko; compatible; ClaudeBot/1.0; +claudebot@anthropic.com)"
57.141.0.16 - - [04/Nov/2025:00:51:39 +0000] "GET /2025/03/07/page/6/?fileloc=//sys/class/pci_bus/0000:05/subsystem/0000:03/subsystem/0000:05/subsystem/0000:00/subsystem/0000:00/power/runtime_usage&path=//sys/class/pci_bus/0000:05/subsystem/0000:03/subsystem/0000:05/subsystem/0000:00/subsystem/0000:00/power HTTP/1.1" 200 262209 "-" "meta-externalagent/1.1 (+https://developers.facebook.com/docs/sharing/webmasters/crawler)"
216.73.216.137 - - [04/Nov/2025:00:51:40 +0000] "GET /entity/305322405.htm/ HTTP/1.1" 200 45436 "https://datainsightnow.com/entity/305322405.htm" "Mozilla/5.0 AppleWebKit/537.36 (KHTML, like Gecko; compatible; ClaudeBot/1.0; +claudebot@anthropic.com)"
57.141.0.64 - - [04/Nov/2025:00:51:40 +0000] "GET /karamba-spielsaal-erfahrungen-angeschlossen-testbericht-werfen-sie-einen-blick-auf-den-link-within-2025-pro-teutonia/?fileloc=//sys/class/pci_bus/0000:0b/subsystem/0000:05/subsystem/0000:0b/subsystem/0000:09/subsystem/0000:0c/device/power/wakeup_last_time_ms&path=//sys/class/pci_bus/0000:0b/subsystem/0000:05/subsystem/0000:0b/subsystem/0000:09/subsystem/0000:0c/device/power HTTP/1.1" 200 262248 "-" "meta-externalagent/1.1 (+https://developers.facebook.com/docs/sharing/webmasters/crawler)"
57.141.0.26 - - [04/Nov/2025:00:51:42 +0000] "GET /karamba-spielsaal-erfahrungen-angeschlossen-testbericht-werfen-sie-einen-blick-auf-den-link-within-2025-pro-teutonia/?fileloc=//sys/class/pci_bus/0000:0c/subsystem/0000:11/subsystem/0000:00/subsystem/0000:04/cpulistaffinity&path=//sys/class/pci_bus/0000:0c/subsystem/0000:11/subsystem/0000:00/subsystem/0000:04 HTTP/1.1" 200 262264 "-" "meta-externalagent/1.1 (+https://developers.facebook.com/docs/sharing/webmasters/crawler)"
216.73.216.137 - - [04/Nov/2025:00:51:42 +0000] "GET /entity/305186952.htm HTTP/1.1" 301 5 "-" "Mozilla/5.0 AppleWebKit/537.36 (KHTML, like Gecko; compatible; ClaudeBot/1.0; +claudebot@anthropic.com)"
57.141.0.23 - - [04/Nov/2025:00:51:43 +0000] "GET /2025/03/07/page/6/?path=//sys/class/pci_bus/0000:04/device/driver/0000:00:02.5/pci_bus/0000:07/device/0000:00:02.5:pcie002/subsystem HTTP/1.1" 200 262248 "-" "meta-externalagent/1.1 (+https://developers.facebook.com/docs/sharing/webmasters/crawler)"
196.251.66.105 - - [04/Nov/2025:00:51:43 +0000] "GET /wp-content/index.php HTTP/1.1" 404 564 "-" "Mozilla/5.0 (Linux; Android 7.0; SM-G892A Build/NRD90M; wv) AppleWebKit/537.36 (KHTML, Gecko) Version/4.0 Chrome/60.0.3112.107 Mobile Safari/537.36"
196.251.66.105 - - [04/Nov/2025:00:51:44 +0000] "GET /wp-content/languages/index.php HTTP/1.1" 404 564 "-" "Mozilla/5.0 (Linux; Android 7.0; SM-G892A Build/NRD90M; wv) AppleWebKit/537.36 (KHTML, Gecko) Version/4.0 Chrome/60.0.3112.107 Mobile Safari/537.36"
217.113.194.52 - - [04/Nov/2025:00:51:44 +0000] "GET /?fileloc=//proc/43/smaps&path=//proc/43 HTTP/1.1" 200 45436 "-" "Mozilla/5.0 (compatible; Barkrowler/0.9; +https://babbar.tech/crawler)"
74.7.227.116 - - [04/Nov/2025:00:51:44 +0000] "GET /?p=25166 HTTP/1.1" 200 41663 "-" "Mozilla/5.0 AppleWebKit/537.36 (KHTML, like Gecko; compatible; GPTBot/1.2; +https://openai.com/gptbot)"
216.73.216.137 - - [04/Nov/2025:00:51:44 +0000] "GET /entity/305186952.htm/ HTTP/1.1" 200 45436 "https://datainsightnow.com/entity/305186952.htm" "Mozilla/5.0 AppleWebKit/537.36 (KHTML, like Gecko; compatible; ClaudeBot/1.0; +claudebot@anthropic.com)"
57.141.0.59 - - [04/Nov/2025:00:51:44 +0000] "GET /karamba-spielsaal-erfahrungen-angeschlossen-testbericht-werfen-sie-einen-blick-auf-den-link-within-2025-pro-teutonia/?fileloc=//sys/class/pci_bus/0000:07/subsystem/0000:0b/subsystem/0000:06/subsystem/0000:05/power/autosuspend_delay_ms&path=//sys/class/pci_bus/0000:07/subsystem/0000:0b/subsystem/0000:06/subsystem/0000:05/power HTTP/1.1" 200 262264 "-" "meta-externalagent/1.1 (+https://developers.facebook.com/docs/sharing/webmasters/crawler)"
196.251.66.105 - - [04/Nov/2025:00:51:44 +0000] "GET /wp-content/plugins/index.php HTTP/1.1" 200 31 "-" "Mozilla/5.0 (Linux; Android 7.0; SM-G892A Build/NRD90M; wv) AppleWebKit/537.36 (KHTML, Gecko) Version/4.0 Chrome/60.0.3112.107 Mobile Safari/537.36"
57.141.0.17 - - [04/Nov/2025:00:51:45 +0000] "GET /karamba-spielsaal-erfahrungen-angeschlossen-testbericht-werfen-sie-einen-blick-auf-den-link-within-2025-pro-teutonia/?fileloc=//sys/class/pci_bus/0000:02/device/pci_bus/0000:02/device/driver/0000:00:03.0/driver/0000:00:02.2/firmware_node/physical_node/rescan&path=//sys/class/pci_bus/0000:02/device/pci_bus/0000:02/device/driver/0000:00:03.0/driver/0000:00:02.2/firmware_node/physical_node HTTP/1.1" 200 262264 "-" "meta-externalagent/1.1 (+https://developers.facebook.com/docs/sharing/webmasters/crawler)"
216.73.216.137 - - [04/Nov/2025:00:51:45 +0000] "GET /entity/305286669.htm HTTP/1.1" 301 5 "-" "Mozilla/5.0 AppleWebKit/537.36 (KHTML, like Gecko; compatible; ClaudeBot/1.0; +claudebot@anthropic.com)"
57.141.0.1 - - [04/Nov/2025:00:51:45 +0000] "GET /karamba-spielsaal-erfahrungen-angeschlossen-testbericht-werfen-sie-einen-blick-auf-den-link-within-2025-pro-teutonia/?path=//sys/class/pci_bus/0000:03/subsystem/0000:05/subsystem/0000:01/device/0000:00:02.0:pcie001/subsystem/devices/0000:00:02.1:pcie002/driver HTTP/1.1" 200 262248 "-" "meta-externalagent/1.1 (+https://developers.facebook.com/docs/sharing/webmasters/crawler)"
216.73.216.137 - - [04/Nov/2025:00:51:46 +0000] "GET /entity/305286669.htm/ HTTP/1.1" 200 45436 "https://datainsightnow.com/entity/305286669.htm" "Mozilla/5.0 AppleWebKit/537.36 (KHTML, like Gecko; compatible; ClaudeBot/1.0; +claudebot@anthropic.com)"
196.251.66.105 - - [04/Nov/2025:00:51:46 +0000] "GET /wp-content/themes/index.php HTTP/1.1" 200 31 "-" "Mozilla/5.0 (Linux; Android 7.0; SM-G892A Build/NRD90M; wv) AppleWebKit/537.36 (KHTML, Gecko) Version/4.0 Chrome/60.0.3112.107 Mobile Safari/537.36"
57.141.0.59 - - [04/Nov/2025:00:51:47 +0000] "GET /karamba-spielsaal-erfahrungen-angeschlossen-testbericht-werfen-sie-einen-blick-auf-den-link-within-2025-pro-teutonia/?fileloc=//sys/class/pci_bus/0000:06/subsystem/0000:05/subsystem/0000:00/device/0000:00:02.6/driver/0000:00:02.2/vendor&path=//sys/class/pci_bus/0000:06/subsystem/0000:05/subsystem/0000:00/device/0000:00:02.6/driver/0000:00:02.2 HTTP/1.1" 200 262209 "-" "meta-externalagent/1.1 (+https://developers.facebook.com/docs/sharing/webmasters/crawler)"
57.141.0.67 - - [04/Nov/2025:00:51:47 +0000] "GET /2025/03/07/page/6/?fileloc=//sys/class/pci_bus/0000:00/subsystem/0000:11/subsystem/0000:0f/subsystem/0000:02/device/0000:02:00.0/uevent&path=//sys/class/pci_bus/0000:00/subsystem/0000:11/subsystem/0000:0f/subsystem/0000:02/device/0000:02:00.0 HTTP/1.1" 200 262264 "-" "meta-externalagent/1.1 (+https://developers.facebook.com/docs/sharing/webmasters/crawler)"
57.141.0.53 - - [04/Nov/2025:00:51:47 +0000] "GET /2025/03/07/page/6/?fileloc=//sys/class/pci_bus/0000:02/device/pci_bus/0000:02/subsystem/0000:08/device/driver/0000:00:02.3/0000:05:00.0/max_link_width&path=//sys/class/pci_bus/0000:02/device/pci_bus/0000:02/subsystem/0000:08/device/driver/0000:00:02.3/0000:05:00.0 HTTP/1.1" 200 262248 "-" "meta-externalagent/1.1 (+https://developers.facebook.com/docs/sharing/webmasters/crawler)"
74.7.227.116 - - [04/Nov/2025:00:51:47 +0000] "GET /index.php?format=xml&rest_route=%2Foembed%2F1.0%2Fembed&url=https%3A%2F%2Fdatainsightnow.com%2F%3Fp%3D27227 HTTP/1.1" 200 1349 "-" "Mozilla/5.0 AppleWebKit/537.36 (KHTML, like Gecko; compatible; GPTBot/1.2; +https://openai.com/gptbot)"
57.141.0.50 - - [04/Nov/2025:00:51:47 +0000] "GET /2025/03/07/page/6/?fileloc=//sys/class/pci_bus/0000:05/subsystem/0000:12/subsystem/0000:02/device/0000:02:00.0/0000:03:01.0/subsystem/slots/7/cur_bus_speed&path=//sys/class/pci_bus/0000:05/subsystem/0000:12/subsystem/0000:02/device/0000:02:00.0/0000:03:01.0/subsystem/slots/7 HTTP/1.1" 200 262209 "-" "meta-externalagent/1.1 (+https://developers.facebook.com/docs/sharing/webmasters/crawler)"
216.73.216.137 - - [04/Nov/2025:00:51:48 +0000] "GET /entity/305144998.htm HTTP/1.1" 301 5 "-" "Mozilla/5.0 AppleWebKit/537.36 (KHTML, like Gecko; compatible; ClaudeBot/1.0; +claudebot@anthropic.com)"
57.141.0.44 - - [04/Nov/2025:00:51:48 +0000] "GET /karamba-spielsaal-erfahrungen-angeschlossen-testbericht-werfen-sie-einen-blick-auf-den-link-within-2025-pro-teutonia/?path=//sys/class/pci_bus/0000:06/subsystem/0000:0d/subsystem/0000:0b/device/driver/0000:00:02.1/driver/0000:00:02.5/0000:07:00.0 HTTP/1.1" 200 262248 "-" "meta-externalagent/1.1 (+https://developers.facebook.com/docs/sharing/webmasters/crawler)"
196.251.66.105 - - [04/Nov/2025:00:51:49 +0000] "GET /wp-content/upgrade/index.php HTTP/1.1" 404 564 "-" "Mozilla/5.0 (Linux; Android 7.0; SM-G892A Build/NRD90M; wv) AppleWebKit/537.36 (KHTML, Gecko) Version/4.0 Chrome/60.0.3112.107 Mobile Safari/537.36"
185.191.171.6 - - [04/Nov/2025:00:51:49 +0000] "GET /entity/510520592.htm HTTP/1.1" 301 5 "-" "Mozilla/5.0 (compatible; SemrushBot/7~bl; +http://www.semrush.com/bot.html)"
216.73.216.137 - - [04/Nov/2025:00:51:49 +0000] "GET /entity/305144998.htm/ HTTP/1.1" 200 45436 "https://datainsightnow.com/entity/305144998.htm" "Mozilla/5.0 AppleWebKit/537.36 (KHTML, like Gecko; compatible; ClaudeBot/1.0; +claudebot@anthropic.com)"
66.135.21.75 - - [04/Nov/2025:00:51:50 +0000] "POST /wp-cron.php?doing_wp_cron=1762217510.8300290107727050781250 HTTP/1.1" 200 31 "-" "WordPress/6.3.1; https://datainsightnow.com"
196.251.66.105 - - [04/Nov/2025:00:51:51 +0000] "GET /wp-content/uploads/index.php HTTP/1.1" 404 564 "-" "Mozilla/5.0 (Linux; Android 7.0; SM-G892A Build/NRD90M; wv) AppleWebKit/537.36 (KHTML, Gecko) Version/4.0 Chrome/60.0.3112.107 Mobile Safari/537.36"
57.141.0.66 - - [04/Nov/2025:00:51:51 +0000] "GET /karamba-spielsaal-erfahrungen-angeschlossen-testbericht-werfen-sie-einen-blick-auf-den-link-within-2025-pro-teutonia/?fileloc=//sys/class/pci_bus/0000:06/subsystem/0000:04/subsystem/0000:10/device/driver/0000:00:03.0/driver/0000:00:02.5/driver/0000:00:03.3/broken_parity_status&path=//sys/class/pci_bus/0000:06/subsystem/0000:04/subsystem/0000:10/device/driver/0000:00:03.0/driver/0000:00:02.5/driver/0000:00:03.3 HTTP/1.1" 200 262264 "-" "meta-externalagent/1.1 (+https://developers.facebook.com/docs/sharing/webmasters/crawler)"
216.73.216.137 - - [04/Nov/2025:00:51:51 +0000] "GET /entity/305301695.htm HTTP/1.1" 301 5 "-" "Mozilla/5.0 AppleWebKit/537.36 (KHTML, like Gecko; compatible; ClaudeBot/1.0; +claudebot@anthropic.com)"
216.73.216.137 - - [04/Nov/2025:00:51:52 +0000] "GET /entity/305301695.htm/ HTTP/1.1" 200 45436 "https://datainsightnow.com/entity/305301695.htm" "Mozilla/5.0 AppleWebKit/537.36 (KHTML, like Gecko; compatible; ClaudeBot/1.0; +claudebot@anthropic.com)"
185.191.171.14 - - [04/Nov/2025:00:51:52 +0000] "GET /entity/510558412.htm HTTP/1.1" 301 5 "-" "Mozilla/5.0 (compatible; SemrushBot/7~bl; +http://www.semrush.com/bot.html)"
57.141.0.18 - - [04/Nov/2025:00:51:53 +0000] "GET /2025/03/06/page/39/?fileloc=//sys/class/pci_bus/0000:13/subsystem/0000:0d/subsystem/0000:00/subsystem/0000:06/subsystem/0000:06/device/secondary_bus_number&path=//sys/class/pci_bus/0000:13/subsystem/0000:0d/subsystem/0000:00/subsystem/0000:06/subsystem/0000:06/device HTTP/1.1" 200 262264 "-" "meta-externalagent/1.1 (+https://developers.facebook.com/docs/sharing/webmasters/crawler)"
196.251.66.105 - - [04/Nov/2025:00:51:53 +0000] "GET /wp-admin/index.php HTTP/1.1" 302 5 "-" "Mozilla/5.0 (Linux; Android 7.0; SM-G892A Build/NRD90M; wv) AppleWebKit/537.36 (KHTML, Gecko) Version/4.0 Chrome/60.0.3112.107 Mobile Safari/537.36"
196.251.66.105 - - [04/Nov/2025:00:51:53 +0000] "GET /wp-login.php?redirect_to=https%3A%2F%2Fdatainsightnow.com%2Fwp-admin%2Findex.php&reauth=1 HTTP/1.1" 200 2518 "-" "Mozilla/5.0 (Linux; Android 7.0; SM-G892A Build/NRD90M; wv) AppleWebKit/537.36 (KHTML, Gecko) Version/4.0 Chrome/60.0.3112.107 Mobile Safari/537.36"
74.7.227.116 - - [04/Nov/2025:00:51:54 +0000] "GET /?p=13805 HTTP/1.1" 200 42505 "-" "Mozilla/5.0 AppleWebKit/537.36 (KHTML, like Gecko; compatible; GPTBot/1.2; +https://openai.com/gptbot)"
196.251.66.105 - - [04/Nov/2025:00:51:54 +0000] "GET /wp-admin/css/index.php HTTP/1.1" 404 564 "-" "Mozilla/5.0 (Linux; Android 7.0; SM-G892A Build/NRD90M; wv) AppleWebKit/537.36 (KHTML, Gecko) Version/4.0 Chrome/60.0.3112.107 Mobile Safari/537.36"
216.73.216.137 - - [04/Nov/2025:00:51:54 +0000] "GET /entity/305328621.htm HTTP/1.1" 301 5 "-" "Mozilla/5.0 AppleWebKit/537.36 (KHTML, like Gecko; compatible; ClaudeBot/1.0; +claudebot@anthropic.com)"
57.141.0.73 - - [04/Nov/2025:00:51:55 +0000] "GET /moneysense-self-help-guide-to-the-ideal-profile/?fileloc=//sys/class/pci_bus/0000:05/subsystem/0000:04/subsystem/0000:0a/subsystem/0000:04/device/remove&path=//sys/class/pci_bus/0000:05/subsystem/0000:04/subsystem/0000:0a/subsystem/0000:04/device HTTP/1.1" 200 262209 "-" "meta-externalagent/1.1 (+https://developers.facebook.com/docs/sharing/webmasters/crawler)"
216.73.216.137 - - [04/Nov/2025:00:51:55 +0000] "GET /entity/305328621.htm/ HTTP/1.1" 200 45436 "https://datainsightnow.com/entity/305328621.htm" "Mozilla/5.0 AppleWebKit/537.36 (KHTML, like Gecko; compatible; ClaudeBot/1.0; +claudebot@anthropic.com)"
185.191.171.19 - - [04/Nov/2025:00:51:56 +0000] "GET /entity/510558412.htm/ HTTP/1.1" 200 45436 "-" "Mozilla/5.0 (compatible; SemrushBot/7~bl; +http://www.semrush.com/bot.html)"
185.191.171.16 - - [04/Nov/2025:00:51:56 +0000] "GET /robots.txt HTTP/1.1" 200 109 "-" "Mozilla/5.0 (compatible; SemrushBot/7~bl; +http://www.semrush.com/bot.html)"
196.251.66.105 - - [04/Nov/2025:00:51:56 +0000] "GET /wp-admin/images/index.php HTTP/1.1" 404 564 "-" "Mozilla/5.0 (Linux; Android 7.0; SM-G892A Build/NRD90M; wv) AppleWebKit/537.36 (KHTML, Gecko) Version/4.0 Chrome/60.0.3112.107 Mobile Safari/537.36"
196.251.66.105 - - [04/Nov/2025:00:51:57 +0000] "GET /wp-admin/includes/index.php HTTP/1.1" 404 564 "-" "Mozilla/5.0 (Linux; Android 7.0; SM-G892A Build/NRD90M; wv) AppleWebKit/537.36 (KHTML, Gecko) Version/4.0 Chrome/60.0.3112.107 Mobile Safari/537.36"
216.73.216.137 - - [04/Nov/2025:00:51:57 +0000] "GET /entity/305150429.htm HTTP/1.1" 301 5 "-" "Mozilla/5.0 AppleWebKit/537.36 (KHTML, like Gecko; compatible; ClaudeBot/1.0; +claudebot@anthropic.com)"
