216.73.216.137 - - [04/Nov/2025:01:00:33 +0000] "GET /entity/305284595.htm HTTP/1.1" 301 5 "-" "Mozilla/5.0 AppleWebKit/537.36 (KHTML, like Gecko; compatible; ClaudeBot/1.0; +claudebot@anthropic.com)"
216.73.216.137 - - [04/Nov/2025:01:00:34 +0000] "GET /entity/305284595.htm/ HTTP/1.1" 200 45436 "https://datainsightnow.com/entity/305284595.htm" "Mozilla/5.0 AppleWebKit/537.36 (KHTML, like Gecko; compatible; ClaudeBot/1.0; +claudebot@anthropic.com)"
74.7.227.116 - - [04/Nov/2025:01:00:36 +0000] "GET /entity/840654948.htm HTTP/1.1" 301 5 "-" "Mozilla/5.0 AppleWebKit/537.36 (KHTML, like Gecko; compatible; GPTBot/1.2; +https://openai.com/gptbot)"
216.73.216.137 - - [04/Nov/2025:01:00:36 +0000] "GET /entity/536611738.htm HTTP/1.1" 301 5 "-" "Mozilla/5.0 AppleWebKit/537.36 (KHTML, like Gecko; compatible; ClaudeBot/1.0; +claudebot@anthropic.com)"
74.7.227.116 - - [04/Nov/2025:01:00:37 +0000] "GET /entity/840654948.htm/ HTTP/1.1" 200 45436 "-" "Mozilla/5.0 AppleWebKit/537.36 (KHTML, like Gecko; compatible; GPTBot/1.2; +https://openai.com/gptbot)"
216.73.216.137 - - [04/Nov/2025:01:00:37 +0000] "GET /entity/536611738.htm/ HTTP/1.1" 200 45436 "https://datainsightnow.com/entity/536611738.htm" "Mozilla/5.0 AppleWebKit/537.36 (KHTML, like Gecko; compatible; ClaudeBot/1.0; +claudebot@anthropic.com)"
185.191.171.18 - - [04/Nov/2025:01:00:37 +0000] "GET /entity/510568770.htm HTTP/1.1" 301 5 "-" "Mozilla/5.0 (compatible; SemrushBot/7~bl; +http://www.semrush.com/bot.html)"
57.141.0.67 - - [04/Nov/2025:01:00:38 +0000] "GET /2025/03/06/page/39/?fileloc=//sys/class/pci_bus/0000:10/subsystem/0000:04/subsystem/0000:00/device/0000:00:02.5/d3cold_allowed&path=//sys/class/pci_bus/0000:10/subsystem/0000:04/subsystem/0000:00/device/0000:00:02.5 HTTP/1.1" 200 262215 "-" "meta-externalagent/1.1 (+https://developers.facebook.com/docs/sharing/webmasters/crawler)"
216.73.216.137 - - [04/Nov/2025:01:00:39 +0000] "GET /entity/305318524.htm HTTP/1.1" 301 5 "-" "Mozilla/5.0 AppleWebKit/537.36 (KHTML, like Gecko; compatible; ClaudeBot/1.0; +claudebot@anthropic.com)"
216.73.216.137 - - [04/Nov/2025:01:00:40 +0000] "GET /entity/305318524.htm/ HTTP/1.1" 200 45436 "https://datainsightnow.com/entity/305318524.htm" "Mozilla/5.0 AppleWebKit/537.36 (KHTML, like Gecko; compatible; ClaudeBot/1.0; +claudebot@anthropic.com)"
74.7.227.116 - - [04/Nov/2025:01:00:40 +0000] "GET /entity/840557311.htm HTTP/1.1" 301 5 "-" "Mozilla/5.0 AppleWebKit/537.36 (KHTML, like Gecko; compatible; GPTBot/1.2; +https://openai.com/gptbot)"
185.191.171.4 - - [04/Nov/2025:01:00:41 +0000] "GET /entity/510568770.htm/ HTTP/1.1" 200 45436 "-" "Mozilla/5.0 (compatible; SemrushBot/7~bl; +http://www.semrush.com/bot.html)"
74.7.227.116 - - [04/Nov/2025:01:00:41 +0000] "GET /entity/840557311.htm/ HTTP/1.1" 200 45436 "-" "Mozilla/5.0 AppleWebKit/537.36 (KHTML, like Gecko; compatible; GPTBot/1.2; +https://openai.com/gptbot)"
216.73.216.137 - - [04/Nov/2025:01:00:42 +0000] "GET /entity/536747203.htm HTTP/1.1" 301 5 "-" "Mozilla/5.0 AppleWebKit/537.36 (KHTML, like Gecko; compatible; ClaudeBot/1.0; +claudebot@anthropic.com)"
216.73.216.137 - - [04/Nov/2025:01:00:43 +0000] "GET /entity/536747203.htm/ HTTP/1.1" 200 45436 "https://datainsightnow.com/entity/536747203.htm" "Mozilla/5.0 AppleWebKit/537.36 (KHTML, like Gecko; compatible; ClaudeBot/1.0; +claudebot@anthropic.com)"
217.113.194.55 - - [04/Nov/2025:01:00:43 +0000] "GET /?fileloc=//sbin/rsyslogd&path=//sbin HTTP/1.1" 200 45436 "-" "Mozilla/5.0 (compatible; Barkrowler/0.9; +https://babbar.tech/crawler)"
52.167.144.19 - - [04/Nov/2025:01:00:43 +0000] "GET /69828733?entity=0069559382 HTTP/1.1" 200 33262 "-" "Mozilla/5.0 AppleWebKit/537.36 (KHTML, like Gecko; compatible; bingbot/2.0; +http://www.bing.com/bingbot.htm) Chrome/116.0.1938.76 Safari/537.36"
182.44.9.147 - - [04/Nov/2025:01:00:44 +0000] "GET / HTTP/1.1" 200 45437 "http://datainsightnow.com" "Mozilla/5.0 (iPhone; CPU iPhone OS 13_2_3 like Mac OS X) AppleWebKit/605.1.15 (KHTML, like Gecko) Version/13.0.3 Mobile/15E148 Safari/604.1"
74.7.227.116 - - [04/Nov/2025:01:00:45 +0000] "GET /entity/840701827.htm HTTP/1.1" 301 5 "-" "Mozilla/5.0 AppleWebKit/537.36 (KHTML, like Gecko; compatible; GPTBot/1.2; +https://openai.com/gptbot)"
216.73.216.137 - - [04/Nov/2025:01:00:45 +0000] "GET /entity/536702655.htm HTTP/1.1" 301 5 "-" "Mozilla/5.0 AppleWebKit/537.36 (KHTML, like Gecko; compatible; ClaudeBot/1.0; +claudebot@anthropic.com)"
74.7.227.116 - - [04/Nov/2025:01:00:46 +0000] "GET /entity/840701827.htm/ HTTP/1.1" 200 45436 "-" "Mozilla/5.0 AppleWebKit/537.36 (KHTML, like Gecko; compatible; GPTBot/1.2; +https://openai.com/gptbot)"
216.73.216.137 - - [04/Nov/2025:01:00:46 +0000] "GET /entity/536702655.htm/ HTTP/1.1" 200 45436 "https://datainsightnow.com/entity/536702655.htm" "Mozilla/5.0 AppleWebKit/537.36 (KHTML, like Gecko; compatible; ClaudeBot/1.0; +claudebot@anthropic.com)"
57.141.0.52 - - [04/Nov/2025:01:00:47 +0000] "GET /2025/03/07/page/6/?path=//sys/class/pci_bus/0000:0c/device/driver/0000:00:03.1/subsystem/devices/0000:05:00.0/subsystem/drivers/ixgbe HTTP/1.1" 200 262264 "-" "meta-externalagent/1.1 (+https://developers.facebook.com/docs/sharing/webmasters/crawler)"
216.73.216.137 - - [04/Nov/2025:01:00:48 +0000] "GET /entity/536749004.htm HTTP/1.1" 301 5 "-" "Mozilla/5.0 AppleWebKit/537.36 (KHTML, like Gecko; compatible; ClaudeBot/1.0; +claudebot@anthropic.com)"
216.73.216.137 - - [04/Nov/2025:01:00:49 +0000] "GET /entity/536749004.htm/ HTTP/1.1" 200 45436 "https://datainsightnow.com/entity/536749004.htm" "Mozilla/5.0 AppleWebKit/537.36 (KHTML, like Gecko; compatible; ClaudeBot/1.0; +claudebot@anthropic.com)"
74.7.227.116 - - [04/Nov/2025:01:00:49 +0000] "GET /entity/840565338.htm HTTP/1.1" 301 5 "-" "Mozilla/5.0 AppleWebKit/537.36 (KHTML, like Gecko; compatible; GPTBot/1.2; +https://openai.com/gptbot)"
74.7.227.116 - - [04/Nov/2025:01:00:50 +0000] "GET /entity/840565338.htm/ HTTP/1.1" 200 45436 "-" "Mozilla/5.0 AppleWebKit/537.36 (KHTML, like Gecko; compatible; GPTBot/1.2; +https://openai.com/gptbot)"
57.141.0.47 - - [04/Nov/2025:01:00:50 +0000] "GET /karamba-spielsaal-erfahrungen-angeschlossen-testbericht-werfen-sie-einen-blick-auf-den-link-within-2025-pro-teutonia/?fileloc=//sys/class/pci_bus/0000:06/subsystem/0000:03/device/subsystem/drivers/pcieport/0000:00:03.0/power/wakeup_expire_count&path=//sys/class/pci_bus/0000:06/subsystem/0000:03/device/subsystem/drivers/pcieport/0000:00:03.0/power HTTP/1.1" 200 262209 "-" "meta-externalagent/1.1 (+https://developers.facebook.com/docs/sharing/webmasters/crawler)"
57.141.0.9 - - [04/Nov/2025:01:00:50 +0000] "GET /2025/03/06/page/39/?fileloc=//sys/class/pci_bus/0000:00/device/0000:00:02.5/pci_bus/0000:07/subsystem/0000:08/subsystem/0000:02/device/aer_dev_correctable&path=//sys/class/pci_bus/0000:00/device/0000:00:02.5/pci_bus/0000:07/subsystem/0000:08/subsystem/0000:02/device HTTP/1.1" 200 262264 "-" "meta-externalagent/1.1 (+https://developers.facebook.com/docs/sharing/webmasters/crawler)"
66.135.21.75 - - [04/Nov/2025:01:00:51 +0000] "POST /wp-cron.php?doing_wp_cron=1762218051.6952800750732421875000 HTTP/1.1" 200 31 "-" "WordPress/6.3.1; https://datainsightnow.com"
216.73.216.137 - - [04/Nov/2025:01:00:51 +0000] "GET /entity/536612252.htm HTTP/1.1" 301 5 "-" "Mozilla/5.0 AppleWebKit/537.36 (KHTML, like Gecko; compatible; ClaudeBot/1.0; +claudebot@anthropic.com)"
216.73.216.137 - - [04/Nov/2025:01:00:52 +0000] "GET /entity/536612252.htm/ HTTP/1.1" 200 45436 "https://datainsightnow.com/entity/536612252.htm" "Mozilla/5.0 AppleWebKit/537.36 (KHTML, like Gecko; compatible; ClaudeBot/1.0; +claudebot@anthropic.com)"
74.7.227.116 - - [04/Nov/2025:01:00:54 +0000] "GET /entity/840671271.htm HTTP/1.1" 301 5 "-" "Mozilla/5.0 AppleWebKit/537.36 (KHTML, like Gecko; compatible; GPTBot/1.2; +https://openai.com/gptbot)"
45.227.253.15 - - [04/Nov/2025:01:00:54 +0000] "GET /?of=1 HTTP/1.1" 200 8907 "-" "Mozilla/5.0 (iPad; U; CPU OS 4_3_4 like Mac OS X; ja) AppleWebKit/533.17.9 (KHTML, like Gecko) Version/5.0.2 Mobile/8J2 Safari/6533.18.5"
216.73.216.137 - - [04/Nov/2025:01:00:54 +0000] "GET /entity/536689701.htm HTTP/1.1" 301 5 "-" "Mozilla/5.0 AppleWebKit/537.36 (KHTML, like Gecko; compatible; ClaudeBot/1.0; +claudebot@anthropic.com)"
74.7.227.116 - - [04/Nov/2025:01:00:55 +0000] "GET /entity/840671271.htm/ HTTP/1.1" 200 45436 "-" "Mozilla/5.0 AppleWebKit/537.36 (KHTML, like Gecko; compatible; GPTBot/1.2; +https://openai.com/gptbot)"
57.141.0.61 - - [04/Nov/2025:01:00:55 +0000] "GET /2025/03/06/page/39/?path=//sys/class/pci_bus/0000:0b/subsystem/0000:13/device/driver/0000:00:02.4/driver/0000:00:03.5 HTTP/1.1" 200 262264 "-" "meta-externalagent/1.1 (+https://developers.facebook.com/docs/sharing/webmasters/crawler)"
216.73.216.137 - - [04/Nov/2025:01:00:55 +0000] "GET /entity/536689701.htm/ HTTP/1.1" 200 45436 "https://datainsightnow.com/entity/536689701.htm" "Mozilla/5.0 AppleWebKit/537.36 (KHTML, like Gecko; compatible; ClaudeBot/1.0; +claudebot@anthropic.com)"
57.141.0.4 - - [04/Nov/2025:01:00:56 +0000] "GET /karamba-spielsaal-erfahrungen-angeschlossen-testbericht-werfen-sie-einen-blick-auf-den-link-within-2025-pro-teutonia/?path=//sys/class/pci_bus/0000:0b/subsystem/0000:07/device/driver/0000:00:03.0/driver/0000:00:03.6/driver/0000:00:02.2/firmware_node/wakeup HTTP/1.1" 200 262263 "-" "meta-externalagent/1.1 (+https://developers.facebook.com/docs/sharing/webmasters/crawler)"
216.73.216.137 - - [04/Nov/2025:01:00:57 +0000] "GET /entity/305239274.htm HTTP/1.1" 301 5 "-" "Mozilla/5.0 AppleWebKit/537.36 (KHTML, like Gecko; compatible; ClaudeBot/1.0; +claudebot@anthropic.com)"
57.141.0.73 - - [04/Nov/2025:01:00:57 +0000] "GET /2025/03/07/page/6/?path=//sys/class/pci_bus/0000:0b/subsystem/0000:0f/device/driver/0000:00:02.3/0000:05:00.0/subsystem/devices/0000:00:03.3/pci_bus HTTP/1.1" 200 262209 "-" "meta-externalagent/1.1 (+https://developers.facebook.com/docs/sharing/webmasters/crawler)"
216.73.216.137 - - [04/Nov/2025:01:00:58 +0000] "GET /entity/305239274.htm/ HTTP/1.1" 200 45436 "https://datainsightnow.com/entity/305239274.htm" "Mozilla/5.0 AppleWebKit/537.36 (KHTML, like Gecko; compatible; ClaudeBot/1.0; +claudebot@anthropic.com)"
74.7.227.116 - - [04/Nov/2025:01:00:58 +0000] "GET /entity/840701568.htm HTTP/1.1" 301 5 "-" "Mozilla/5.0 AppleWebKit/537.36 (KHTML, like Gecko; compatible; GPTBot/1.2; +https://openai.com/gptbot)"
57.141.0.64 - - [04/Nov/2025:01:00:59 +0000] "GET /2025/03/13/?fileloc=//sys/class/pci_bus/0000:13/subsystem/0000:0d/device/subsystem/devices/0000:00:1b.0/hdaudioC0D0/chip_name&path=//sys/class/pci_bus/0000:13/subsystem/0000:0d/device/subsystem/devices/0000:00:1b.0/hdaudioC0D0 HTTP/1.1" 200 262209 "-" "meta-externalagent/1.1 (+https://developers.facebook.com/docs/sharing/webmasters/crawler)"
57.141.0.15 - - [04/Nov/2025:01:00:59 +0000] "GET /2025/03/07/page/6/?fileloc=//sys/class/pci_bus/0000:05/subsystem/0000:0e/device/driver/0000:00:02.3/driver/0000:00:03.2/pci_bus/0000:0c/device/dma_mask_bits&path=//sys/class/pci_bus/0000:05/subsystem/0000:0e/device/driver/0000:00:02.3/driver/0000:00:03.2/pci_bus/0000:0c/device HTTP/1.1" 200 262215 "-" "meta-externalagent/1.1 (+https://developers.facebook.com/docs/sharing/webmasters/crawler)"
74.7.227.116 - - [04/Nov/2025:01:00:59 +0000] "GET /entity/840701568.htm/ HTTP/1.1" 200 45436 "-" "Mozilla/5.0 AppleWebKit/537.36 (KHTML, like Gecko; compatible; GPTBot/1.2; +https://openai.com/gptbot)"
57.141.0.62 - - [04/Nov/2025:01:00:59 +0000] "GET /karamba-spielsaal-erfahrungen-angeschlossen-testbericht-werfen-sie-einen-blick-auf-den-link-within-2025-pro-teutonia/?fileloc=//sys/class/pci_bus/0000:06/subsystem/0000:0b/subsystem/0000:00/subsystem/0000:13/device/driver/0000:00:02.3/uevent&path=//sys/class/pci_bus/0000:06/subsystem/0000:0b/subsystem/0000:00/subsystem/0000:13/device/driver/0000:00:02.3 HTTP/1.1" 200 262209 "-" "meta-externalagent/1.1 (+https://developers.facebook.com/docs/sharing/webmasters/crawler)"
114.119.133.46 - - [04/Nov/2025:01:01:00 +0000] "GET /zwischenraumtaste-wars-pharaos-riches-bonus-ohne-einzahlung-online-slot-spielautomat-gebuhrenfrei-angeschlossen-vortragen?path=/opt/wpsites/datainsightnow.com/wp-content/plugins/ultimate-member/templates/email HTTP/1.1" 301 5 "https://datainsightnow.com/zwischenraumtaste-wars-pharaos-riches-bonus-ohne-einzahlung-online-slot-spielautomat-gebuhrenfrei-angeschlossen-vortragen/?path=/opt/wpsites/datainsightnow.com/wp-content/plugins/ultimate-member/templates" "Mozilla/5.0 (Linux; Android 7.0;) AppleWebKit/537.36 (KHTML, like Gecko) Mobile Safari/537.36 (compatible; PetalBot;+https://webmaster.petalsearch.com/site/petalbot)"
40.77.167.12 - - [04/Nov/2025:01:01:00 +0000] "GET /enc_avif?fileloc=//usr/lib/git-core/git-archive&path=//usr/lib/git-core HTTP/1.1" 200 30092 "-" "Mozilla/5.0 AppleWebKit/537.36 (KHTML, like Gecko; compatible; bingbot/2.0; +http://www.bing.com/bingbot.htm) Chrome/116.0.1938.76 Safari/537.36"
216.73.216.137 - - [04/Nov/2025:01:01:00 +0000] "GET /entity/305296244.htm HTTP/1.1" 301 5 "-" "Mozilla/5.0 AppleWebKit/537.36 (KHTML, like Gecko; compatible; ClaudeBot/1.0; +claudebot@anthropic.com)"
216.73.216.137 - - [04/Nov/2025:01:01:01 +0000] "GET /entity/305296244.htm/ HTTP/1.1" 200 45436 "https://datainsightnow.com/entity/305296244.htm" "Mozilla/5.0 AppleWebKit/537.36 (KHTML, like Gecko; compatible; ClaudeBot/1.0; +claudebot@anthropic.com)"
114.119.133.46 - - [04/Nov/2025:01:01:01 +0000] "GET /zwischenraumtaste-wars-pharaos-riches-bonus-ohne-einzahlung-online-slot-spielautomat-gebuhrenfrei-angeschlossen-vortragen/?path=/opt/wpsites/datainsightnow.com/wp-content/plugins/ultimate-member/templates/email HTTP/1.1" 200 45437 "https://datainsightnow.com/zwischenraumtaste-wars-pharaos-riches-bonus-ohne-einzahlung-online-slot-spielautomat-gebuhrenfrei-angeschlossen-vortragen/?path=/opt/wpsites/datainsightnow.com/wp-content/plugins/ultimate-member/templates" "Mozilla/5.0 (Linux; Android 7.0;) AppleWebKit/537.36 (KHTML, like Gecko) Mobile Safari/537.36 (compatible; PetalBot;+https://webmaster.petalsearch.com/site/petalbot)"
216.73.216.137 - - [04/Nov/2025:01:01:07 +0000] "GET /entity/305300388.htm HTTP/1.1" 301 5 "-" "Mozilla/5.0 AppleWebKit/537.36 (KHTML, like Gecko; compatible; ClaudeBot/1.0; +claudebot@anthropic.com)"
57.141.0.31 - - [04/Nov/2025:01:01:10 +0000] "GET /2025/03/07/page/6/?path=//sys/class/pci_bus/0000:05/subsystem/0000:11/subsystem/0000:02/device/driver/0000:00:03.2/0000:00:03.2:pcie010 HTTP/1.1" 200 262209 "-" "meta-externalagent/1.1 (+https://developers.facebook.com/docs/sharing/webmasters/crawler)"
217.113.194.53 - - [04/Nov/2025:01:01:10 +0000] "GET /contact/?path=/opt/wpsites/datainsightnow.com/wp-includes/sitemaps HTTP/1.1" 200 45436 "-" "Mozilla/5.0 (compatible; Barkrowler/0.9; +https://babbar.tech/crawler)"
57.141.0.27 - - [04/Nov/2025:01:01:10 +0000] "GET /karamba-spielsaal-erfahrungen-angeschlossen-testbericht-werfen-sie-einen-blick-auf-den-link-within-2025-pro-teutonia/?fileloc=//sys/class/pci_bus/0000:04/subsystem/0000:0c/subsystem/0000:05/subsystem/0000:0f/device/driver/0000:00:03.0/secondary_bus_number&path=//sys/class/pci_bus/0000:04/subsystem/0000:0c/subsystem/0000:05/subsystem/0000:0f/device/driver/0000:00:03.0 HTTP/1.1" 200 262255 "-" "meta-externalagent/1.1 (+https://developers.facebook.com/docs/sharing/webmasters/crawler)"
57.141.0.20 - - [04/Nov/2025:01:01:10 +0000] "GET /2025/03/07/page/6/?path=//sys/class/pci_bus/0000:05/subsystem/0000:00/device/0000:00:03.2/pci_bus/0000:0c/subsystem/0000:09/subsystem/0000:11/power HTTP/1.1" 200 262216 "-" "meta-externalagent/1.1 (+https://developers.facebook.com/docs/sharing/webmasters/crawler)"
57.141.0.28 - - [04/Nov/2025:01:01:10 +0000] "GET /2025/03/07/page/6/?fileloc=//sys/class/pci_bus/0000:09/device/driver/0000:00:02.2/driver/0000:00:04.0/pci_bus/0000:12/power/runtime_suspended_time&path=//sys/class/pci_bus/0000:09/device/driver/0000:00:02.2/driver/0000:00:04.0/pci_bus/0000:12/power HTTP/1.1" 200 262264 "-" "meta-externalagent/1.1 (+https://developers.facebook.com/docs/sharing/webmasters/crawler)"
74.7.227.116 - - [04/Nov/2025:01:01:10 +0000] "GET /entity/840599265.htm HTTP/1.1" 301 5 "-" "Mozilla/5.0 AppleWebKit/537.36 (KHTML, like Gecko; compatible; GPTBot/1.2; +https://openai.com/gptbot)"
85.208.96.205 - - [04/Nov/2025:01:01:11 +0000] "GET /?p=27511 HTTP/1.1" 200 42727 "-" "Mozilla/5.0 (compatible; SemrushBot/7~bl; +http://www.semrush.com/bot.html)"
216.73.216.137 - - [04/Nov/2025:01:01:12 +0000] "GET /entity/305300388.htm/ HTTP/1.1" 200 45436 "https://datainsightnow.com/entity/305300388.htm" "Mozilla/5.0 AppleWebKit/537.36 (KHTML, like Gecko; compatible; ClaudeBot/1.0; +claudebot@anthropic.com)"
57.141.0.37 - - [04/Nov/2025:01:01:12 +0000] "GET /2025/03/05/page/6/?path=//sys/class/pci_bus/0000:0d/subsystem/0000:05/subsystem/0000:02/subsystem/0000:0e HTTP/1.1" 200 262264 "-" "meta-externalagent/1.1 (+https://developers.facebook.com/docs/sharing/webmasters/crawler)"
74.7.227.116 - - [04/Nov/2025:01:01:12 +0000] "GET /entity/840599265.htm/ HTTP/1.1" 200 45436 "-" "Mozilla/5.0 AppleWebKit/537.36 (KHTML, like Gecko; compatible; GPTBot/1.2; +https://openai.com/gptbot)"
57.141.0.28 - - [04/Nov/2025:01:01:12 +0000] "GET /2025/03/07/page/6/?path=//sys/class/pci_bus/0000:06/device/driver/0000:00:02.5/subsystem/devices/0000:00:03.1/firmware_node/power HTTP/1.1" 200 262264 "-" "meta-externalagent/1.1 (+https://developers.facebook.com/docs/sharing/webmasters/crawler)"
216.73.216.137 - - [04/Nov/2025:01:01:12 +0000] "GET /entity/305344936.htm HTTP/1.1" 301 5 "-" "Mozilla/5.0 AppleWebKit/537.36 (KHTML, like Gecko; compatible; ClaudeBot/1.0; +claudebot@anthropic.com)"
57.141.0.56 - - [04/Nov/2025:01:01:13 +0000] "GET /2025/03/13/?fileloc=//sys/class/pci_bus/0000:04/subsystem/0000:10/subsystem/0000:02/subsystem/0000:06/cpulistaffinity&path=//sys/class/pci_bus/0000:04/subsystem/0000:10/subsystem/0000:02/subsystem/0000:06 HTTP/1.1" 200 262209 "-" "meta-externalagent/1.1 (+https://developers.facebook.com/docs/sharing/webmasters/crawler)"
216.73.216.137 - - [04/Nov/2025:01:01:13 +0000] "GET /entity/305344936.htm/ HTTP/1.1" 200 45436 "https://datainsightnow.com/entity/305344936.htm" "Mozilla/5.0 AppleWebKit/537.36 (KHTML, like Gecko; compatible; ClaudeBot/1.0; +claudebot@anthropic.com)"
57.141.0.10 - - [04/Nov/2025:01:01:14 +0000] "GET /2025/03/07/page/6/?path=//sys/class/pci_bus/0000:05/subsystem/0000:0c/subsystem/0000:09/device/driver/0000:00:02.7/0000:09:00.0/firmware_node/subsystem HTTP/1.1" 200 262264 "-" "meta-externalagent/1.1 (+https://developers.facebook.com/docs/sharing/webmasters/crawler)"
57.141.0.30 - - [04/Nov/2025:01:01:15 +0000] "GET /karamba-spielsaal-erfahrungen-angeschlossen-testbericht-werfen-sie-einen-blick-auf-den-link-within-2025-pro-teutonia/?fileloc=//sys/class/pci_bus/0000:11/subsystem/0000:0d/subsystem/0000:0f/subsystem/0000:05/device/0000:05:00.0/uevent&path=//sys/class/pci_bus/0000:11/subsystem/0000:0d/subsystem/0000:0f/subsystem/0000:05/device/0000:05:00.0 HTTP/1.1" 200 262264 "-" "meta-externalagent/1.1 (+https://developers.facebook.com/docs/sharing/webmasters/crawler)"
216.73.216.137 - - [04/Nov/2025:01:01:15 +0000] "GET /entity/536591793.htm HTTP/1.1" 301 5 "-" "Mozilla/5.0 AppleWebKit/537.36 (KHTML, like Gecko; compatible; ClaudeBot/1.0; +claudebot@anthropic.com)"
216.73.216.137 - - [04/Nov/2025:01:01:16 +0000] "GET /entity/536591793.htm/ HTTP/1.1" 200 45436 "https://datainsightnow.com/entity/536591793.htm" "Mozilla/5.0 AppleWebKit/537.36 (KHTML, like Gecko; compatible; ClaudeBot/1.0; +claudebot@anthropic.com)"
57.141.0.70 - - [04/Nov/2025:01:01:16 +0000] "GET /karamba-spielsaal-erfahrungen-angeschlossen-testbericht-werfen-sie-einen-blick-auf-den-link-within-2025-pro-teutonia/?path=//sys/class/pci_bus/0000:03/subsystem/0000:0c/subsystem/0000:04/device/driver/0000:00:02.1/link HTTP/1.1" 200 262264 "-" "meta-externalagent/1.1 (+https://developers.facebook.com/docs/sharing/webmasters/crawler)"
74.7.227.116 - - [04/Nov/2025:01:01:17 +0000] "GET /entity/840643299.htm HTTP/1.1" 301 5 "-" "Mozilla/5.0 AppleWebKit/537.36 (KHTML, like Gecko; compatible; GPTBot/1.2; +https://openai.com/gptbot)"
185.191.171.4 - - [04/Nov/2025:01:01:17 +0000] "GET /?p=12777 HTTP/1.1" 200 41725 "-" "Mozilla/5.0 (compatible; SemrushBot/7~bl; +http://www.semrush.com/bot.html)"
74.7.227.116 - - [04/Nov/2025:01:01:18 +0000] "GET /entity/840643299.htm/ HTTP/1.1" 200 45436 "-" "Mozilla/5.0 AppleWebKit/537.36 (KHTML, like Gecko; compatible; GPTBot/1.2; +https://openai.com/gptbot)"
216.73.216.137 - - [04/Nov/2025:01:01:18 +0000] "GET /entity/536723628.htm HTTP/1.1" 301 5 "-" "Mozilla/5.0 AppleWebKit/537.36 (KHTML, like Gecko; compatible; ClaudeBot/1.0; +claudebot@anthropic.com)"
216.73.216.137 - - [04/Nov/2025:01:01:19 +0000] "GET /entity/536723628.htm/ HTTP/1.1" 200 45436 "https://datainsightnow.com/entity/536723628.htm" "Mozilla/5.0 AppleWebKit/537.36 (KHTML, like Gecko; compatible; ClaudeBot/1.0; +claudebot@anthropic.com)"
185.191.171.15 - - [04/Nov/2025:01:01:21 +0000] "GET /entity/510557113.htm HTTP/1.1" 301 5 "-" "Mozilla/5.0 (compatible; SemrushBot/7~bl; +http://www.semrush.com/bot.html)"
216.73.216.137 - - [04/Nov/2025:01:01:21 +0000] "GET /entity/305152764.htm HTTP/1.1" 301 5 "-" "Mozilla/5.0 AppleWebKit/537.36 (KHTML, like Gecko; compatible; ClaudeBot/1.0; +claudebot@anthropic.com)"
74.7.227.116 - - [04/Nov/2025:01:01:21 +0000] "GET /entity/840688612.htm HTTP/1.1" 301 5 "-" "Mozilla/5.0 AppleWebKit/537.36 (KHTML, like Gecko; compatible; GPTBot/1.2; +https://openai.com/gptbot)"
216.73.216.137 - - [04/Nov/2025:01:01:22 +0000] "GET /entity/305152764.htm/ HTTP/1.1" 200 45436 "https://datainsightnow.com/entity/305152764.htm" "Mozilla/5.0 AppleWebKit/537.36 (KHTML, like Gecko; compatible; ClaudeBot/1.0; +claudebot@anthropic.com)"
74.7.227.116 - - [04/Nov/2025:01:01:23 +0000] "GET /entity/840688612.htm/ HTTP/1.1" 200 45436 "-" "Mozilla/5.0 AppleWebKit/537.36 (KHTML, like Gecko; compatible; GPTBot/1.2; +https://openai.com/gptbot)"
57.141.0.70 - - [04/Nov/2025:01:01:23 +0000] "GET /2025/03/07/page/6/?fileloc=//sys/class/pci_bus/0000:0b/subsystem/0000:01/device/subsystem/devices/0000:00:03.3/driver/0000:00:02.1/driver/0000:00:04.1/consistent_dma_mask_bits&path=//sys/class/pci_bus/0000:0b/subsystem/0000:01/device/subsystem/devices/0000:00:03.3/driver/0000:00:02.1/driver/0000:00:04.1 HTTP/1.1" 200 262215 "-" "meta-externalagent/1.1 (+https://developers.facebook.com/docs/sharing/webmasters/crawler)"
57.141.0.15 - - [04/Nov/2025:01:01:23 +0000] "GET /2025/03/07/page/6/?path=//sys/class/pci_bus/0000:05/subsystem/0000:08/subsystem/0000:0b/device/subsystem/devices/0000:00:01.0/link HTTP/1.1" 200 262209 "-" "meta-externalagent/1.1 (+https://developers.facebook.com/docs/sharing/webmasters/crawler)"
57.141.0.64 - - [04/Nov/2025:01:01:24 +0000] "GET /2025/03/07/page/6/?fileloc=//sys/class/pci_bus/0000:05/subsystem/0000:09/device/driver/0000:00:02.4/driver/0000:00:03.0/msi_irqs/32&path=//sys/class/pci_bus/0000:05/subsystem/0000:09/device/driver/0000:00:02.4/driver/0000:00:03.0/msi_irqs HTTP/1.1" 200 262264 "-" "meta-externalagent/1.1 (+https://developers.facebook.com/docs/sharing/webmasters/crawler)"
216.73.216.137 - - [04/Nov/2025:01:01:24 +0000] "GET /entity/305303767.htm HTTP/1.1" 301 5 "-" "Mozilla/5.0 AppleWebKit/537.36 (KHTML, like Gecko; compatible; ClaudeBot/1.0; +claudebot@anthropic.com)"
57.141.0.20 - - [04/Nov/2025:01:01:24 +0000] "GET /2025/03/06/page/39/?fileloc=//sys/class/pci_bus/0000:09/subsystem/0000:06/device/driver/0000:00:02.2/driver/0000:00:03.7/irq&path=//sys/class/pci_bus/0000:09/subsystem/0000:06/device/driver/0000:00:02.2/driver/0000:00:03.7 HTTP/1.1" 200 262264 "-" "meta-externalagent/1.1 (+https://developers.facebook.com/docs/sharing/webmasters/crawler)"
216.73.216.137 - - [04/Nov/2025:01:01:25 +0000] "GET /entity/305303767.htm/ HTTP/1.1" 200 45436 "https://datainsightnow.com/entity/305303767.htm" "Mozilla/5.0 AppleWebKit/537.36 (KHTML, like Gecko; compatible; ClaudeBot/1.0; +claudebot@anthropic.com)"
85.208.96.210 - - [04/Nov/2025:01:01:26 +0000] "GET /entity/510557113.htm/ HTTP/1.1" 200 45436 "-" "Mozilla/5.0 (compatible; SemrushBot/7~bl; +http://www.semrush.com/bot.html)"
74.7.227.116 - - [04/Nov/2025:01:01:26 +0000] "GET /entity/840613508.htm HTTP/1.1" 301 5 "-" "Mozilla/5.0 AppleWebKit/537.36 (KHTML, like Gecko; compatible; GPTBot/1.2; +https://openai.com/gptbot)"
74.7.227.116 - - [04/Nov/2025:01:01:27 +0000] "GET /entity/840613508.htm/ HTTP/1.1" 200 45436 "-" "Mozilla/5.0 AppleWebKit/537.36 (KHTML, like Gecko; compatible; GPTBot/1.2; +https://openai.com/gptbot)"
216.73.216.137 - - [04/Nov/2025:01:01:27 +0000] "GET /entity/536769734.htm HTTP/1.1" 301 5 "-" "Mozilla/5.0 AppleWebKit/537.36 (KHTML, like Gecko; compatible; ClaudeBot/1.0; +claudebot@anthropic.com)"
57.141.0.47 - - [04/Nov/2025:01:01:28 +0000] "GET /2025/03/07/page/6/?fileloc=//sys/class/pci_bus/0000:03/subsystem/0000:09/device/driver/0000:00:02.1/subsystem/devices/0000:00:03.1/driver/0000:00:02.2/max_link_width&path=//sys/class/pci_bus/0000:03/subsystem/0000:09/device/driver/0000:00:02.1/subsystem/devices/0000:00:03.1/driver/0000:00:02.2 HTTP/1.1" 200 262248 "-" "meta-externalagent/1.1 (+https://developers.facebook.com/docs/sharing/webmasters/crawler)"
57.141.0.3 - - [04/Nov/2025:01:01:28 +0000] "GET /karamba-spielsaal-erfahrungen-angeschlossen-testbericht-werfen-sie-einen-blick-auf-den-link-within-2025-pro-teutonia/?path=//sys/class/pci_bus/0000:06/subsystem/0000:0b/subsystem/0000:0a/subsystem/0000:01/device/driver/0000:00:02.4/subsystem/drivers/xen-platform-pci HTTP/1.1" 200 262264 "-" "meta-externalagent/1.1 (+https://developers.facebook.com/docs/sharing/webmasters/crawler)"
216.73.216.137 - - [04/Nov/2025:01:01:28 +0000] "GET /entity/536769734.htm/ HTTP/1.1" 200 45436 "https://datainsightnow.com/entity/536769734.htm" "Mozilla/5.0 AppleWebKit/537.36 (KHTML, like Gecko; compatible; ClaudeBot/1.0; +claudebot@anthropic.com)"
57.141.0.72 - - [04/Nov/2025:01:01:29 +0000] "GET /2025/03/07/page/6/?fileloc=//sys/class/pci_bus/0000:05/subsystem/0000:00/device/0000:00:01.0/subsystem/drivers/mlx5_core/new_id&path=//sys/class/pci_bus/0000:05/subsystem/0000:00/device/0000:00:01.0/subsystem/drivers/mlx5_core HTTP/1.1" 200 262264 "-" "meta-externalagent/1.1 (+https://developers.facebook.com/docs/sharing/webmasters/crawler)"
216.73.216.137 - - [04/Nov/2025:01:01:30 +0000] "GET /entity/536757039.htm HTTP/1.1" 301 5 "-" "Mozilla/5.0 AppleWebKit/537.36 (KHTML, like Gecko; compatible; ClaudeBot/1.0; +claudebot@anthropic.com)"
74.7.227.116 - - [04/Nov/2025:01:01:31 +0000] "GET /entity/840679037.htm HTTP/1.1" 301 5 "-" "Mozilla/5.0 AppleWebKit/537.36 (KHTML, like Gecko; compatible; GPTBot/1.2; +https://openai.com/gptbot)"
216.73.216.137 - - [04/Nov/2025:01:01:31 +0000] "GET /entity/536757039.htm/ HTTP/1.1" 200 45436 "https://datainsightnow.com/entity/536757039.htm" "Mozilla/5.0 AppleWebKit/537.36 (KHTML, like Gecko; compatible; ClaudeBot/1.0; +claudebot@anthropic.com)"
57.141.0.54 - - [04/Nov/2025:01:01:31 +0000] "GET /2025/03/06/page/39/?fileloc=//sys/class/pci_bus/0000:0e/subsystem/0000:01/subsystem/0000:12/subsystem/0000:11/power/runtime_status&path=//sys/class/pci_bus/0000:0e/subsystem/0000:01/subsystem/0000:12/subsystem/0000:11/power HTTP/1.1" 200 262209 "-" "meta-externalagent/1.1 (+https://developers.facebook.com/docs/sharing/webmasters/crawler)"
74.7.227.116 - - [04/Nov/2025:01:01:32 +0000] "GET /entity/840679037.htm/ HTTP/1.1" 200 45436 "-" "Mozilla/5.0 AppleWebKit/537.36 (KHTML, like Gecko; compatible; GPTBot/1.2; +https://openai.com/gptbot)"
57.141.0.71 - - [04/Nov/2025:01:01:32 +0000] "GET /2025/03/13/?fileloc=//sys/class/pci_bus/0000:07/device/driver/0000:00:02.2/0000:04:00.0/usb1/driver/usb1/1-1/bDeviceSubClass&path=//sys/class/pci_bus/0000:07/device/driver/0000:00:02.2/0000:04:00.0/usb1/driver/usb1/1-1 HTTP/1.1" 200 262209 "-" "meta-externalagent/1.1 (+https://developers.facebook.com/docs/sharing/webmasters/crawler)"
57.141.0.52 - - [04/Nov/2025:01:01:33 +0000] "GET /karamba-spielsaal-erfahrungen-angeschlossen-testbericht-werfen-sie-einen-blick-auf-den-link-within-2025-pro-teutonia/?fileloc=//sys/class/pci_bus/0000:04/subsystem/0000:09/device/driver/0000:00:02.6/driver/0000:00:04.0/driver/0000:00:02.7/power_state&path=//sys/class/pci_bus/0000:04/subsystem/0000:09/device/driver/0000:00:02.6/driver/0000:00:04.0/driver/0000:00:02.7 HTTP/1.1" 200 262255 "-" "meta-externalagent/1.1 (+https://developers.facebook.com/docs/sharing/webmasters/crawler)"
217.113.194.213 - - [04/Nov/2025:01:01:33 +0000] "GET /contact/?path=/opt/wpsites/datainsightnow.com/wp-includes/css HTTP/1.1" 200 45436 "-" "Mozilla/5.0 (compatible; Barkrowler/0.9; +https://babbar.tech/crawler)"
57.141.0.71 - - [04/Nov/2025:01:01:33 +0000] "GET /2025/03/07/page/6/?path=//sys/class/pci_bus/0000:00/subsystem/0000:13/subsystem/0000:12/device/driver/0000:00:02.1/0000:00:02.1:pcie002/power HTTP/1.1" 200 262216 "-" "meta-externalagent/1.1 (+https://developers.facebook.com/docs/sharing/webmasters/crawler)"
216.73.216.137 - - [04/Nov/2025:01:01:33 +0000] "GET /entity/536772057.htm HTTP/1.1" 301 5 "-" "Mozilla/5.0 AppleWebKit/537.36 (KHTML, like Gecko; compatible; ClaudeBot/1.0; +claudebot@anthropic.com)"
216.73.216.137 - - [04/Nov/2025:01:01:34 +0000] "GET /entity/536772057.htm/ HTTP/1.1" 200 45436 "https://datainsightnow.com/entity/536772057.htm" "Mozilla/5.0 AppleWebKit/537.36 (KHTML, like Gecko; compatible; ClaudeBot/1.0; +claudebot@anthropic.com)"
74.7.227.116 - - [04/Nov/2025:01:01:35 +0000] "GET /entity/840654171.htm HTTP/1.1" 301 5 "-" "Mozilla/5.0 AppleWebKit/537.36 (KHTML, like Gecko; compatible; GPTBot/1.2; +https://openai.com/gptbot)"
74.7.227.116 - - [04/Nov/2025:01:01:35 +0000] "GET /entity/840654171.htm/ HTTP/1.1" 200 45436 "-" "Mozilla/5.0 AppleWebKit/537.36 (KHTML, like Gecko; compatible; GPTBot/1.2; +https://openai.com/gptbot)"
216.73.216.137 - - [04/Nov/2025:01:01:36 +0000] "GET /entity/305271390.htm HTTP/1.1" 301 5 "-" "Mozilla/5.0 AppleWebKit/537.36 (KHTML, like Gecko; compatible; ClaudeBot/1.0; +claudebot@anthropic.com)"
216.73.216.137 - - [04/Nov/2025:01:01:37 +0000] "GET /entity/305271390.htm/ HTTP/1.1" 200 45436 "https://datainsightnow.com/entity/305271390.htm" "Mozilla/5.0 AppleWebKit/537.36 (KHTML, like Gecko; compatible; ClaudeBot/1.0; +claudebot@anthropic.com)"
57.141.0.60 - - [04/Nov/2025:01:01:38 +0000] "GET /2025/03/07/page/6/?path=//sys/class/pci_bus/0000:0e/subsystem/0000:05/subsystem/0000:09/subsystem/0000:12/subsystem/0000:09 HTTP/1.1" 200 262209 "-" "meta-externalagent/1.1 (+https://developers.facebook.com/docs/sharing/webmasters/crawler)"
57.141.0.11 - - [04/Nov/2025:01:01:38 +0000] "GET /2025/03/07/page/6/?fileloc=//sys/class/pci_bus/0000:06/subsystem/0000:0d/subsystem/0000:07/subsystem/0000:06/subsystem/0000:0f/subsystem/0000:0f/rescan&path=//sys/class/pci_bus/0000:06/subsystem/0000:0d/subsystem/0000:07/subsystem/0000:06/subsystem/0000:0f/subsystem/0000:0f HTTP/1.1" 200 262209 "-" "meta-externalagent/1.1 (+https://developers.facebook.com/docs/sharing/webmasters/crawler)"
57.141.0.25 - - [04/Nov/2025:01:01:38 +0000] "GET /karamba-spielsaal-erfahrungen-angeschlossen-testbericht-werfen-sie-einen-blick-auf-den-link-within-2025-pro-teutonia/?fileloc=//sys/class/pci_bus/0000:0a/subsystem/0000:02/subsystem/0000:0b/device/driver/0000:00:02.1/msi_bus&path=//sys/class/pci_bus/0000:0a/subsystem/0000:02/subsystem/0000:0b/device/driver/0000:00:02.1 HTTP/1.1" 200 262209 "-" "meta-externalagent/1.1 (+https://developers.facebook.com/docs/sharing/webmasters/crawler)"
74.7.227.116 - - [04/Nov/2025:01:01:38 +0000] "GET /entity/840553418.htm HTTP/1.1" 301 5 "-" "Mozilla/5.0 AppleWebKit/537.36 (KHTML, like Gecko; compatible; GPTBot/1.2; +https://openai.com/gptbot)"
74.7.227.116 - - [04/Nov/2025:01:01:39 +0000] "GET /entity/840553418.htm/ HTTP/1.1" 200 45436 "-" "Mozilla/5.0 AppleWebKit/537.36 (KHTML, like Gecko; compatible; GPTBot/1.2; +https://openai.com/gptbot)"
216.73.216.137 - - [04/Nov/2025:01:01:39 +0000] "GET /entity/305356342.htm HTTP/1.1" 301 5 "-" "Mozilla/5.0 AppleWebKit/537.36 (KHTML, like Gecko; compatible; ClaudeBot/1.0; +claudebot@anthropic.com)"
216.73.216.137 - - [04/Nov/2025:01:01:40 +0000] "GET /entity/305356342.htm/ HTTP/1.1" 200 45436 "https://datainsightnow.com/entity/305356342.htm" "Mozilla/5.0 AppleWebKit/537.36 (KHTML, like Gecko; compatible; ClaudeBot/1.0; +claudebot@anthropic.com)"
216.73.216.137 - - [04/Nov/2025:01:01:42 +0000] "GET /entity/536679339.htm HTTP/1.1" 301 5 "-" "Mozilla/5.0 AppleWebKit/537.36 (KHTML, like Gecko; compatible; ClaudeBot/1.0; +claudebot@anthropic.com)"
216.73.216.137 - - [04/Nov/2025:01:01:43 +0000] "GET /entity/536679339.htm/ HTTP/1.1" 200 45436 "https://datainsightnow.com/entity/536679339.htm" "Mozilla/5.0 AppleWebKit/537.36 (KHTML, like Gecko; compatible; ClaudeBot/1.0; +claudebot@anthropic.com)"
57.141.0.5 - - [04/Nov/2025:01:01:43 +0000] "GET /2025/03/07/page/6/?fileloc=//sys/class/pci_bus/0000:0e/subsystem/0000:04/device/driver/0000:00:02.0/driver/0000:00:02.5/firmware_node/power/runtime_active_kids&path=//sys/class/pci_bus/0000:0e/subsystem/0000:04/device/driver/0000:00:02.0/driver/0000:00:02.5/firmware_node/power HTTP/1.1" 200 262215 "-" "meta-externalagent/1.1 (+https://developers.facebook.com/docs/sharing/webmasters/crawler)"
74.7.227.116 - - [04/Nov/2025:01:01:44 +0000] "GET /entity/840553932.htm HTTP/1.1" 301 5 "-" "Mozilla/5.0 AppleWebKit/537.36 (KHTML, like Gecko; compatible; GPTBot/1.2; +https://openai.com/gptbot)"
74.7.227.116 - - [04/Nov/2025:01:01:44 +0000] "GET /entity/840553932.htm/ HTTP/1.1" 200 45436 "-" "Mozilla/5.0 AppleWebKit/537.36 (KHTML, like Gecko; compatible; GPTBot/1.2; +https://openai.com/gptbot)"
57.141.0.59 - - [04/Nov/2025:01:01:45 +0000] "GET /2025/03/07/page/6/?fileloc=//sys/class/pci_bus/0000:05/subsystem/0000:06/subsystem/0000:07/subsystem/0000:02/device/driver/0000:00:03.4/driver/remove_id&path=//sys/class/pci_bus/0000:05/subsystem/0000:06/subsystem/0000:07/subsystem/0000:02/device/driver/0000:00:03.4/driver HTTP/1.1" 200 262264 "-" "meta-externalagent/1.1 (+https://developers.facebook.com/docs/sharing/webmasters/crawler)"
216.73.216.137 - - [04/Nov/2025:01:01:45 +0000] "GET /entity/305135674.htm HTTP/1.1" 301 5 "-" "Mozilla/5.0 AppleWebKit/537.36 (KHTML, like Gecko; compatible; ClaudeBot/1.0; +claudebot@anthropic.com)"
216.73.216.137 - - [04/Nov/2025:01:01:46 +0000] "GET /entity/305135674.htm/ HTTP/1.1" 200 45436 "https://datainsightnow.com/entity/305135674.htm" "Mozilla/5.0 AppleWebKit/537.36 (KHTML, like Gecko; compatible; ClaudeBot/1.0; +claudebot@anthropic.com)"
57.141.0.59 - - [04/Nov/2025:01:01:48 +0000] "GET /2025/03/07/page/6/?path=//sys/class/pci_bus/0000:08/subsystem/0000:0b/subsystem/0000:00/subsystem/0000:08 HTTP/1.1" 200 262248 "-" "meta-externalagent/1.1 (+https://developers.facebook.com/docs/sharing/webmasters/crawler)"
74.7.227.116 - - [04/Nov/2025:01:01:48 +0000] "GET /entity/840680073.htm HTTP/1.1" 301 5 "-" "Mozilla/5.0 AppleWebKit/537.36 (KHTML, like Gecko; compatible; GPTBot/1.2; +https://openai.com/gptbot)"
216.73.216.137 - - [04/Nov/2025:01:01:48 +0000] "GET /entity/536746167.htm HTTP/1.1" 301 5 "-" "Mozilla/5.0 AppleWebKit/537.36 (KHTML, like Gecko; compatible; ClaudeBot/1.0; +claudebot@anthropic.com)"
74.7.227.116 - - [04/Nov/2025:01:01:49 +0000] "GET /entity/840680073.htm/ HTTP/1.1" 200 45436 "-" "Mozilla/5.0 AppleWebKit/537.36 (KHTML, like Gecko; compatible; GPTBot/1.2; +https://openai.com/gptbot)"
216.73.216.137 - - [04/Nov/2025:01:01:49 +0000] "GET /entity/536746167.htm/ HTTP/1.1" 200 45436 "https://datainsightnow.com/entity/536746167.htm" "Mozilla/5.0 AppleWebKit/537.36 (KHTML, like Gecko; compatible; ClaudeBot/1.0; +claudebot@anthropic.com)"
57.141.0.40 - - [04/Nov/2025:01:01:50 +0000] "GET /2025/03/07/page/6/?path=//sys/class/pci_bus/0000:09/subsystem/0000:12/device/0000:00:04.0:pcie001/driver/0000:00:02.2:pcie001/driver HTTP/1.1" 200 262209 "-" "meta-externalagent/1.1 (+https://developers.facebook.com/docs/sharing/webmasters/crawler)"
66.135.21.75 - - [04/Nov/2025:01:01:51 +0000] "POST /wp-cron.php?doing_wp_cron=1762218111.7377970218658447265625 HTTP/1.1" 200 31 "-" "WordPress/6.3.1; https://datainsightnow.com"
216.73.216.137 - - [04/Nov/2025:01:01:51 +0000] "GET /entity/536671565.htm HTTP/1.1" 301 5 "-" "Mozilla/5.0 AppleWebKit/537.36 (KHTML, like Gecko; compatible; ClaudeBot/1.0; +claudebot@anthropic.com)"
216.73.216.137 - - [04/Nov/2025:01:01:52 +0000] "GET /entity/536671565.htm/ HTTP/1.1" 200 45436 "https://datainsightnow.com/entity/536671565.htm" "Mozilla/5.0 AppleWebKit/537.36 (KHTML, like Gecko; compatible; ClaudeBot/1.0; +claudebot@anthropic.com)"
57.141.0.51 - - [04/Nov/2025:01:01:52 +0000] "GET /karamba-spielsaal-erfahrungen-angeschlossen-testbericht-werfen-sie-einen-blick-auf-den-link-within-2025-pro-teutonia/?path=//sys/class/pci_bus/0000:03/subsystem/0000:0c/device/driver/0000:00:03.3/subsystem/drivers/mpt3sas HTTP/1.1" 200 262264 "-" "meta-externalagent/1.1 (+https://developers.facebook.com/docs/sharing/webmasters/crawler)"
217.113.194.52 - - [04/Nov/2025:01:01:53 +0000] "GET /contact/?path=/opt/wpsites/datainsightnow.com/wp-content/languages HTTP/1.1" 200 45436 "-" "Mozilla/5.0 (compatible; Barkrowler/0.9; +https://babbar.tech/crawler)"
216.73.216.137 - - [04/Nov/2025:01:01:54 +0000] "GET /entity/536614595.htm HTTP/1.1" 301 5 "-" "Mozilla/5.0 AppleWebKit/537.36 (KHTML, like Gecko; compatible; ClaudeBot/1.0; +claudebot@anthropic.com)"
57.141.0.5 - - [04/Nov/2025:01:01:55 +0000] "GET /karamba-spielsaal-erfahrungen-angeschlossen-testbericht-werfen-sie-einen-blick-auf-den-link-within-2025-pro-teutonia/?path=//sys/class/pci_bus/0000:0e/subsystem/0000:13/device/subsystem/devices/0000:00:03.0/power HTTP/1.1" 200 262215 "-" "meta-externalagent/1.1 (+https://developers.facebook.com/docs/sharing/webmasters/crawler)"
216.73.216.137 - - [04/Nov/2025:01:01:55 +0000] "GET /entity/536614595.htm/ HTTP/1.1" 200 45436 "https://datainsightnow.com/entity/536614595.htm" "Mozilla/5.0 AppleWebKit/537.36 (KHTML, like Gecko; compatible; ClaudeBot/1.0; +claudebot@anthropic.com)"
57.141.0.15 - - [04/Nov/2025:01:01:55 +0000] "GET /karamba-spielsaal-erfahrungen-angeschlossen-testbericht-werfen-sie-einen-blick-auf-den-link-within-2025-pro-teutonia/?fileloc=//sys/class/pci_bus/0000:05/subsystem/0000:05/device/driver/0000:00:02.2/driver/0000:00:02.1/0000:02:00.0/firmware_node/device:24/uevent&path=//sys/class/pci_bus/0000:05/subsystem/0000:05/device/driver/0000:00:02.2/driver/0000:00:02.1/0000:02:00.0/firmware_node/device:24 HTTP/1.1" 200 262264 "-" "meta-externalagent/1.1 (+https://developers.facebook.com/docs/sharing/webmasters/crawler)"
74.7.227.116 - - [04/Nov/2025:01:01:56 +0000] "GET /entity/840556526.htm HTTP/1.1" 301 5 "-" "Mozilla/5.0 AppleWebKit/537.36 (KHTML, like Gecko; compatible; GPTBot/1.2; +https://openai.com/gptbot)"
74.7.227.116 - - [04/Nov/2025:01:01:57 +0000] "GET /entity/840556526.htm/ HTTP/1.1" 200 45436 "-" "Mozilla/5.0 AppleWebKit/537.36 (KHTML, like Gecko; compatible; GPTBot/1.2; +https://openai.com/gptbot)"
85.208.96.208 - - [04/Nov/2025:01:01:58 +0000] "GET /?p=38891 HTTP/1.1" 200 42922 "-" "Mozilla/5.0 (compatible; SemrushBot/7~bl; +http://www.semrush.com/bot.html)"
216.73.216.137 - - [04/Nov/2025:01:01:58 +0000] "GET /entity/305260769.htm HTTP/1.1" 301 5 "-" "Mozilla/5.0 AppleWebKit/537.36 (KHTML, like Gecko; compatible; ClaudeBot/1.0; +claudebot@anthropic.com)"
216.73.216.137 - - [04/Nov/2025:01:01:58 +0000] "GET /entity/305260769.htm/ HTTP/1.1" 200 45436 "https://datainsightnow.com/entity/305260769.htm" "Mozilla/5.0 AppleWebKit/537.36 (KHTML, like Gecko; compatible; ClaudeBot/1.0; +claudebot@anthropic.com)"
57.141.0.19 - - [04/Nov/2025:01:02:00 +0000] "GET /2025/03/07/page/6/?fileloc=//sys/class/pci_bus/0000:05/subsystem/0000:0c/subsystem/0000:0f/subsystem/0000:13/subsystem/0000:09/power/runtime_usage&path=//sys/class/pci_bus/0000:05/subsystem/0000:0c/subsystem/0000:0f/subsystem/0000:13/subsystem/0000:09/power HTTP/1.1" 200 262264 "-" "meta-externalagent/1.1 (+https://developers.facebook.com/docs/sharing/webmasters/crawler)"
216.73.216.137 - - [04/Nov/2025:01:02:01 +0000] "GET /entity/305224770.htm HTTP/1.1" 301 5 "-" "Mozilla/5.0 AppleWebKit/537.36 (KHTML, like Gecko; compatible; ClaudeBot/1.0; +claudebot@anthropic.com)"
216.73.216.137 - - [04/Nov/2025:01:02:01 +0000] "GET /entity/305224770.htm/ HTTP/1.1" 200 45436 "https://datainsightnow.com/entity/305224770.htm" "Mozilla/5.0 AppleWebKit/537.36 (KHTML, like Gecko; compatible; ClaudeBot/1.0; +claudebot@anthropic.com)"
57.141.0.12 - - [04/Nov/2025:01:02:02 +0000] "GET /2025/03/13/?path=//sys/class/pci_bus/0000:0d/subsystem/0000:00/subsystem/0000:03/subsystem/0000:05/subsystem/0000:0d/device HTTP/1.1" 200 262215 "-" "meta-externalagent/1.1 (+https://developers.facebook.com/docs/sharing/webmasters/crawler)"
57.141.0.23 - - [04/Nov/2025:01:02:03 +0000] "GET /2025/03/13/?path=//sys/class/pci_bus/0000:08/subsystem/0000:02/subsystem/0000:12/subsystem/0000:00/device/0000:00:03.2/0000:00:03.2:pcie002 HTTP/1.1" 200 262264 "-" "meta-externalagent/1.1 (+https://developers.facebook.com/docs/sharing/webmasters/crawler)"
74.7.227.116 - - [04/Nov/2025:01:02:03 +0000] "GET /entity/840568183.htm HTTP/1.1" 301 5 "-" "Mozilla/5.0 AppleWebKit/537.36 (KHTML, like Gecko; compatible; GPTBot/1.2; +https://openai.com/gptbot)"
52.167.144.19 - - [04/Nov/2025:01:02:03 +0000] "GET /al_c?path=//proc/dynamic_debug HTTP/1.1" 200 30787 "-" "Mozilla/5.0 AppleWebKit/537.36 (KHTML, like Gecko; compatible; bingbot/2.0; +http://www.bing.com/bingbot.htm) Chrome/116.0.1938.76 Safari/537.36"
216.73.216.137 - - [04/Nov/2025:01:02:04 +0000] "GET /entity/305303245.htm HTTP/1.1" 301 5 "-" "Mozilla/5.0 AppleWebKit/537.36 (KHTML, like Gecko; compatible; ClaudeBot/1.0; +claudebot@anthropic.com)"
74.7.227.116 - - [04/Nov/2025:01:02:04 +0000] "GET /entity/840568183.htm/ HTTP/1.1" 200 45436 "-" "Mozilla/5.0 AppleWebKit/537.36 (KHTML, like Gecko; compatible; GPTBot/1.2; +https://openai.com/gptbot)"
216.73.216.137 - - [04/Nov/2025:01:02:04 +0000] "GET /entity/305303245.htm/ HTTP/1.1" 200 45436 "https://datainsightnow.com/entity/305303245.htm" "Mozilla/5.0 AppleWebKit/537.36 (KHTML, like Gecko; compatible; ClaudeBot/1.0; +claudebot@anthropic.com)"
57.141.0.71 - - [04/Nov/2025:01:02:06 +0000] "GET /karamba-spielsaal-erfahrungen-angeschlossen-testbericht-werfen-sie-einen-blick-auf-den-link-within-2025-pro-teutonia/?fileloc=//sys/class/pci_bus/0000:0b/subsystem/0000:0d/subsystem/0000:00/device/0000:00:03.0/driver/0000:00:02.3/driver/0000:00:02.3/driver_override&path=//sys/class/pci_bus/0000:0b/subsystem/0000:0d/subsystem/0000:00/device/0000:00:03.0/driver/0000:00:02.3/driver/0000:00:02.3 HTTP/1.1" 200 262209 "-" "meta-externalagent/1.1 (+https://developers.facebook.com/docs/sharing/webmasters/crawler)"
216.73.216.137 - - [04/Nov/2025:01:02:07 +0000] "GET /entity/305147321.htm HTTP/1.1" 301 5 "-" "Mozilla/5.0 AppleWebKit/537.36 (KHTML, like Gecko; compatible; ClaudeBot/1.0; +claudebot@anthropic.com)"
216.73.216.137 - - [04/Nov/2025:01:02:07 +0000] "GET /entity/305147321.htm/ HTTP/1.1" 200 45436 "https://datainsightnow.com/entity/305147321.htm" "Mozilla/5.0 AppleWebKit/537.36 (KHTML, like Gecko; compatible; ClaudeBot/1.0; +claudebot@anthropic.com)"
85.208.96.198 - - [04/Nov/2025:01:02:07 +0000] "GET /?p=43003 HTTP/1.1" 200 43231 "-" "Mozilla/5.0 (compatible; SemrushBot/7~bl; +http://www.semrush.com/bot.html)"
74.7.227.116 - - [04/Nov/2025:01:02:09 +0000] "GET /entity/840725657.htm HTTP/1.1" 301 5 "-" "Mozilla/5.0 AppleWebKit/537.36 (KHTML, like Gecko; compatible; GPTBot/1.2; +https://openai.com/gptbot)"
216.73.216.137 - - [04/Nov/2025:01:02:10 +0000] "GET /entity/305254553.htm HTTP/1.1" 301 5 "-" "Mozilla/5.0 AppleWebKit/537.36 (KHTML, like Gecko; compatible; ClaudeBot/1.0; +claudebot@anthropic.com)"
74.7.227.116 - - [04/Nov/2025:01:02:10 +0000] "GET /entity/840725657.htm/ HTTP/1.1" 200 45436 "-" "Mozilla/5.0 AppleWebKit/537.36 (KHTML, like Gecko; compatible; GPTBot/1.2; +https://openai.com/gptbot)"
57.141.0.10 - - [04/Nov/2025:01:02:10 +0000] "GET /karamba-spielsaal-erfahrungen-angeschlossen-testbericht-werfen-sie-einen-blick-auf-den-link-within-2025-pro-teutonia/?fileloc=//sys/class/pci_bus/0000:06/subsystem/0000:09/subsystem/0000:0c/subsystem/0000:07/device/0000:07:00.0/link/l0s_aspm&path=//sys/class/pci_bus/0000:06/subsystem/0000:09/subsystem/0000:0c/subsystem/0000:07/device/0000:07:00.0/link HTTP/1.1" 200 262209 "-" "meta-externalagent/1.1 (+https://developers.facebook.com/docs/sharing/webmasters/crawler)"
216.73.216.137 - - [04/Nov/2025:01:02:10 +0000] "GET /entity/305254553.htm/ HTTP/1.1" 200 45436 "https://datainsightnow.com/entity/305254553.htm" "Mozilla/5.0 AppleWebKit/537.36 (KHTML, like Gecko; compatible; ClaudeBot/1.0; +claudebot@anthropic.com)"
185.191.171.19 - - [04/Nov/2025:01:02:11 +0000] "GET /?p=46251 HTTP/1.1" 200 41735 "-" "Mozilla/5.0 (compatible; SemrushBot/7~bl; +http://www.semrush.com/bot.html)"
74.7.227.116 - - [04/Nov/2025:01:02:14 +0000] "GET /entity/840545644.htm HTTP/1.1" 301 5 "-" "Mozilla/5.0 AppleWebKit/537.36 (KHTML, like Gecko; compatible; GPTBot/1.2; +https://openai.com/gptbot)"
217.113.194.56 - - [04/Nov/2025:01:02:14 +0000] "GET /contact/?path=//lib/x86_64-linux-gnu/bfd-plugins HTTP/1.1" 200 45436 "-" "Mozilla/5.0 (compatible; Barkrowler/0.9; +https://babbar.tech/crawler)"
74.7.227.116 - - [04/Nov/2025:01:02:15 +0000] "GET /entity/840545644.htm/ HTTP/1.1" 200 45436 "-" "Mozilla/5.0 AppleWebKit/537.36 (KHTML, like Gecko; compatible; GPTBot/1.2; +https://openai.com/gptbot)"
57.141.0.41 - - [04/Nov/2025:01:02:15 +0000] "GET /2025/03/07/page/6/?path=//sys/class/pci_bus/0000:0e/subsystem/0000:0f/subsystem/0000:0f/subsystem/0000:0f/subsystem/0000:08/power HTTP/1.1" 200 262264 "-" "meta-externalagent/1.1 (+https://developers.facebook.com/docs/sharing/webmasters/crawler)"
57.141.0.30 - - [04/Nov/2025:01:02:16 +0000] "GET /karamba-spielsaal-erfahrungen-angeschlossen-testbericht-werfen-sie-einen-blick-auf-den-link-within-2025-pro-teutonia/?fileloc=//sys/class/pci_bus/0000:06/subsystem/0000:0e/device/driver/0000:00:02.1/driver/0000:00:02.3/aer_dev_nonfatal&path=//sys/class/pci_bus/0000:06/subsystem/0000:0e/device/driver/0000:00:02.1/driver/0000:00:02.3 HTTP/1.1" 200 262264 "-" "meta-externalagent/1.1 (+https://developers.facebook.com/docs/sharing/webmasters/crawler)"
216.73.216.137 - - [04/Nov/2025:01:02:16 +0000] "GET /entity/305306604.htm HTTP/1.1" 301 5 "-" "Mozilla/5.0 AppleWebKit/537.36 (KHTML, like Gecko; compatible; ClaudeBot/1.0; +claudebot@anthropic.com)"
216.73.216.137 - - [04/Nov/2025:01:02:17 +0000] "GET /entity/305306604.htm/ HTTP/1.1" 200 45436 "https://datainsightnow.com/entity/305306604.htm" "Mozilla/5.0 AppleWebKit/537.36 (KHTML, like Gecko; compatible; ClaudeBot/1.0; +claudebot@anthropic.com)"
85.208.96.195 - - [04/Nov/2025:01:02:18 +0000] "GET /?p=19200 HTTP/1.1" 200 45371 "-" "Mozilla/5.0 (compatible; SemrushBot/7~bl; +http://www.semrush.com/bot.html)"
57.141.0.21 - - [04/Nov/2025:01:02:18 +0000] "GET /2025/03/13/?path=//sys/class/pci_bus/0000:00/subsystem/0000:01/device/0000:00:02.0:pcie001/driver/0000:00:02.1:pcie001/subsystem/devices/0000:00:03.3:pcie002 HTTP/1.1" 200 262264 "-" "meta-externalagent/1.1 (+https://developers.facebook.com/docs/sharing/webmasters/crawler)"
74.7.227.116 - - [04/Nov/2025:01:02:19 +0000] "GET /entity/840550059.htm HTTP/1.1" 301 5 "-" "Mozilla/5.0 AppleWebKit/537.36 (KHTML, like Gecko; compatible; GPTBot/1.2; +https://openai.com/gptbot)"
74.7.227.116 - - [04/Nov/2025:01:02:19 +0000] "GET /entity/840550059.htm/ HTTP/1.1" 200 45436 "-" "Mozilla/5.0 AppleWebKit/537.36 (KHTML, like Gecko; compatible; GPTBot/1.2; +https://openai.com/gptbot)"
216.73.216.137 - - [04/Nov/2025:01:02:19 +0000] "GET /entity/305276821.htm HTTP/1.1" 301 5 "-" "Mozilla/5.0 AppleWebKit/537.36 (KHTML, like Gecko; compatible; ClaudeBot/1.0; +claudebot@anthropic.com)"
57.141.0.16 - - [04/Nov/2025:01:02:20 +0000] "GET /2025/03/06/page/39/?fileloc=//sys/class/pci_bus/0000:13/subsystem/0000:12/subsystem/0000:11/device/driver/0000:00:03.7/consistent_dma_mask_bits&path=//sys/class/pci_bus/0000:13/subsystem/0000:12/subsystem/0000:11/device/driver/0000:00:03.7 HTTP/1.1" 200 262264 "-" "meta-externalagent/1.1 (+https://developers.facebook.com/docs/sharing/webmasters/crawler)"
216.73.216.137 - - [04/Nov/2025:01:02:20 +0000] "GET /entity/305276821.htm/ HTTP/1.1" 200 45436 "https://datainsightnow.com/entity/305276821.htm" "Mozilla/5.0 AppleWebKit/537.36 (KHTML, like Gecko; compatible; ClaudeBot/1.0; +claudebot@anthropic.com)"
216.73.216.137 - - [04/Nov/2025:01:02:22 +0000] "GET /entity/305331468.htm HTTP/1.1" 301 5 "-" "Mozilla/5.0 AppleWebKit/537.36 (KHTML, like Gecko; compatible; ClaudeBot/1.0; +claudebot@anthropic.com)"
216.73.216.137 - - [04/Nov/2025:01:02:23 +0000] "GET /entity/305331468.htm/ HTTP/1.1" 200 45436 "https://datainsightnow.com/entity/305331468.htm" "Mozilla/5.0 AppleWebKit/537.36 (KHTML, like Gecko; compatible; ClaudeBot/1.0; +claudebot@anthropic.com)"
57.141.0.24 - - [04/Nov/2025:01:02:23 +0000] "GET /2025/03/06/page/39/?fileloc=//sys/class/pci_bus/0000:02/subsystem/0000:02/subsystem/0000:0d/subsystem/0000:00/device/0000:00:03.0/uevent&path=//sys/class/pci_bus/0000:02/subsystem/0000:02/subsystem/0000:0d/subsystem/0000:00/device/0000:00:03.0 HTTP/1.1" 200 262209 "-" "meta-externalagent/1.1 (+https://developers.facebook.com/docs/sharing/webmasters/crawler)"
74.7.227.116 - - [04/Nov/2025:01:02:24 +0000] "GET /entity/840660901.htm HTTP/1.1" 301 5 "-" "Mozilla/5.0 AppleWebKit/537.36 (KHTML, like Gecko; compatible; GPTBot/1.2; +https://openai.com/gptbot)"
