216.73.216.137 - - [04/Nov/2025:00:43:06 +0000] "GET /entity/262327379.htm HTTP/1.1" 301 5 "-" "Mozilla/5.0 AppleWebKit/537.36 (KHTML, like Gecko; compatible; ClaudeBot/1.0; +claudebot@anthropic.com)"
216.73.216.137 - - [04/Nov/2025:00:43:07 +0000] "GET /entity/262327379.htm/ HTTP/1.1" 200 45436 "https://datainsightnow.com/entity/262327379.htm" "Mozilla/5.0 AppleWebKit/537.36 (KHTML, like Gecko; compatible; ClaudeBot/1.0; +claudebot@anthropic.com)"
52.167.144.19 - - [04/Nov/2025:00:43:08 +0000] "GET /al_c?fileloc=//usr/bin/mapscrn&path=//usr/bin HTTP/1.1" 200 30223 "-" "Mozilla/5.0 AppleWebKit/537.36 (KHTML, like Gecko; compatible; bingbot/2.0; +http://www.bing.com/bingbot.htm) Chrome/116.0.1938.76 Safari/537.36"
74.7.227.116 - - [04/Nov/2025:00:43:09 +0000] "GET /index.php?format=xml&rest_route=%2Foembed%2F1.0%2Fembed&url=https%3A%2F%2Fdatainsightnow.com%2F%3Fp%3D27213 HTTP/1.1" 200 1289 "-" "Mozilla/5.0 AppleWebKit/537.36 (KHTML, like Gecko; compatible; GPTBot/1.2; +https://openai.com/gptbot)"
216.73.216.137 - - [04/Nov/2025:00:43:09 +0000] "GET /entity/305315153.htm HTTP/1.1" 301 5 "-" "Mozilla/5.0 AppleWebKit/537.36 (KHTML, like Gecko; compatible; ClaudeBot/1.0; +claudebot@anthropic.com)"
57.141.0.49 - - [04/Nov/2025:00:43:10 +0000] "GET /karamba-spielsaal-erfahrungen-angeschlossen-testbericht-werfen-sie-einen-blick-auf-den-link-within-2025-pro-teutonia/?fileloc=//sys/class/pci_bus/0000:08/subsystem/0000:07/subsystem/0000:0f/device/driver/0000:00:02.0/driver/0000:00:04.0/driver_override&path=//sys/class/pci_bus/0000:08/subsystem/0000:07/subsystem/0000:0f/device/driver/0000:00:02.0/driver/0000:00:04.0 HTTP/1.1" 200 262215 "-" "meta-externalagent/1.1 (+https://developers.facebook.com/docs/sharing/webmasters/crawler)"
216.73.216.137 - - [04/Nov/2025:00:43:10 +0000] "GET /entity/305315153.htm/ HTTP/1.1" 200 45436 "https://datainsightnow.com/entity/305315153.htm" "Mozilla/5.0 AppleWebKit/537.36 (KHTML, like Gecko; compatible; ClaudeBot/1.0; +claudebot@anthropic.com)"
57.141.0.66 - - [04/Nov/2025:00:43:11 +0000] "GET /moneysense-self-help-guide-to-the-ideal-profile/?path=//sys/class/pci_bus/0000:11/subsystem/0000:12/device/subsystem/drivers/intel_scu HTTP/1.1" 200 262264 "-" "meta-externalagent/1.1 (+https://developers.facebook.com/docs/sharing/webmasters/crawler)"
217.113.194.52 - - [04/Nov/2025:00:43:12 +0000] "GET /account/?fileloc=//bin/gpasswd&path=//bin HTTP/1.1" 200 45436 "-" "Mozilla/5.0 (compatible; Barkrowler/0.9; +https://babbar.tech/crawler)"
216.73.216.137 - - [04/Nov/2025:00:43:12 +0000] "GET /entity/588190548.htm HTTP/1.1" 301 5 "-" "Mozilla/5.0 AppleWebKit/537.36 (KHTML, like Gecko; compatible; ClaudeBot/1.0; +claudebot@anthropic.com)"
216.73.216.137 - - [04/Nov/2025:00:43:13 +0000] "GET /entity/588190548.htm/ HTTP/1.1" 200 45436 "https://datainsightnow.com/entity/588190548.htm" "Mozilla/5.0 AppleWebKit/537.36 (KHTML, like Gecko; compatible; ClaudeBot/1.0; +claudebot@anthropic.com)"
216.73.216.137 - - [04/Nov/2025:00:43:15 +0000] "GET /entity/262131051.htm HTTP/1.1" 301 5 "-" "Mozilla/5.0 AppleWebKit/537.36 (KHTML, like Gecko; compatible; ClaudeBot/1.0; +claudebot@anthropic.com)"
216.73.216.137 - - [04/Nov/2025:00:43:16 +0000] "GET /entity/262131051.htm/ HTTP/1.1" 200 45436 "https://datainsightnow.com/entity/262131051.htm" "Mozilla/5.0 AppleWebKit/537.36 (KHTML, like Gecko; compatible; ClaudeBot/1.0; +claudebot@anthropic.com)"
57.141.0.65 - - [04/Nov/2025:00:43:16 +0000] "GET /karamba-spielsaal-erfahrungen-angeschlossen-testbericht-werfen-sie-einen-blick-auf-den-link-within-2025-pro-teutonia/?fileloc=//sys/class/pci_bus/0000:06/subsystem/0000:07/subsystem/0000:0f/device/driver/0000:00:02.2/driver/0000:00:02.4/power/wakeup_total_time_ms&path=//sys/class/pci_bus/0000:06/subsystem/0000:07/subsystem/0000:0f/device/driver/0000:00:02.2/driver/0000:00:02.4/power HTTP/1.1" 200 262264 "-" "meta-externalagent/1.1 (+https://developers.facebook.com/docs/sharing/webmasters/crawler)"
74.7.227.116 - - [04/Nov/2025:00:43:18 +0000] "GET /index.php?rest_route=%2Foembed%2F1.0%2Fembed&url=https%3A%2F%2Fdatainsightnow.com%2F%3Fp%3D27213 HTTP/1.1" 200 1264 "-" "Mozilla/5.0 AppleWebKit/537.36 (KHTML, like Gecko; compatible; GPTBot/1.2; +https://openai.com/gptbot)"
216.73.216.137 - - [04/Nov/2025:00:43:18 +0000] "GET /entity/262229212.htm HTTP/1.1" 301 5 "-" "Mozilla/5.0 AppleWebKit/537.36 (KHTML, like Gecko; compatible; ClaudeBot/1.0; +claudebot@anthropic.com)"
216.73.216.137 - - [04/Nov/2025:00:43:19 +0000] "GET /entity/262229212.htm/ HTTP/1.1" 200 45436 "https://datainsightnow.com/entity/262229212.htm" "Mozilla/5.0 AppleWebKit/537.36 (KHTML, like Gecko; compatible; ClaudeBot/1.0; +claudebot@anthropic.com)"
57.141.0.64 - - [04/Nov/2025:00:43:19 +0000] "GET /karamba-spielsaal-erfahrungen-angeschlossen-testbericht-werfen-sie-einen-blick-auf-den-link-within-2025-pro-teutonia/?path=//sys/class/pci_bus/0000:06/subsystem/0000:13/subsystem/0000:0c/subsystem/0000:0f/device/driver/0000:00:03.2/0000:00:03.2:pcie010 HTTP/1.1" 200 262209 "-" "meta-externalagent/1.1 (+https://developers.facebook.com/docs/sharing/webmasters/crawler)"
57.141.0.46 - - [04/Nov/2025:00:43:21 +0000] "GET /best-no-deposit-bonuses-in-the-usa-to-own-2025/?path=//sys/class/pci_bus/0000:05/device/0000:00:02.3:pcie002/subsystem/devices/0000:00:03.4:pcie010 HTTP/1.1" 200 262209 "-" "meta-externalagent/1.1 (+https://developers.facebook.com/docs/sharing/webmasters/crawler)"
216.73.216.137 - - [04/Nov/2025:00:43:21 +0000] "GET /entity/305142141.htm HTTP/1.1" 301 5 "-" "Mozilla/5.0 AppleWebKit/537.36 (KHTML, like Gecko; compatible; ClaudeBot/1.0; +claudebot@anthropic.com)"
57.141.0.21 - - [04/Nov/2025:00:43:22 +0000] "GET /karamba-spielsaal-erfahrungen-angeschlossen-testbericht-werfen-sie-einen-blick-auf-den-link-within-2025-pro-teutonia/?path=//sys/class/pci_bus/0000:06/subsystem/0000:04/subsystem/0000:0e/subsystem/0000:0a/subsystem/0000:00/subsystem/0000:03 HTTP/1.1" 200 262264 "-" "meta-externalagent/1.1 (+https://developers.facebook.com/docs/sharing/webmasters/crawler)"
216.73.216.137 - - [04/Nov/2025:00:43:22 +0000] "GET /entity/305142141.htm/ HTTP/1.1" 200 45436 "https://datainsightnow.com/entity/305142141.htm" "Mozilla/5.0 AppleWebKit/537.36 (KHTML, like Gecko; compatible; ClaudeBot/1.0; +claudebot@anthropic.com)"
57.141.0.67 - - [04/Nov/2025:00:43:24 +0000] "GET /2025/03/06/page/39/?path=//sys/class/pci_bus/0000:06/subsystem/0000:0e/subsystem/0000:00/device/firmware_node/device:28/physical_node HTTP/1.1" 200 262209 "-" "meta-externalagent/1.1 (+https://developers.facebook.com/docs/sharing/webmasters/crawler)"
57.141.0.74 - - [04/Nov/2025:00:43:24 +0000] "GET /2025/03/13/?fileloc=//sys/class/pci_bus/0000:07/subsystem/0000:0f/subsystem/0000:09/subsystem/0000:11/power/runtime_usage&path=//sys/class/pci_bus/0000:07/subsystem/0000:0f/subsystem/0000:09/subsystem/0000:11/power HTTP/1.1" 200 262264 "-" "meta-externalagent/1.1 (+https://developers.facebook.com/docs/sharing/webmasters/crawler)"
216.73.216.137 - - [04/Nov/2025:00:43:24 +0000] "GET /entity/588053282.htm HTTP/1.1" 301 5 "-" "Mozilla/5.0 AppleWebKit/537.36 (KHTML, like Gecko; compatible; ClaudeBot/1.0; +claudebot@anthropic.com)"
57.141.0.17 - - [04/Nov/2025:00:43:25 +0000] "GET /2025/03/07/page/6/?fileloc=//sys/class/pci_bus/0000:06/subsystem/0000:04/subsystem/0000:04/subsystem/0000:0f/device/driver/0000:00:03.5/numa_node&path=//sys/class/pci_bus/0000:06/subsystem/0000:04/subsystem/0000:04/subsystem/0000:0f/device/driver/0000:00:03.5 HTTP/1.1" 200 262264 "-" "meta-externalagent/1.1 (+https://developers.facebook.com/docs/sharing/webmasters/crawler)"
216.73.216.137 - - [04/Nov/2025:00:43:25 +0000] "GET /entity/588053282.htm/ HTTP/1.1" 200 45436 "https://datainsightnow.com/entity/588053282.htm" "Mozilla/5.0 AppleWebKit/537.36 (KHTML, like Gecko; compatible; ClaudeBot/1.0; +claudebot@anthropic.com)"
74.7.227.116 - - [04/Nov/2025:00:43:26 +0000] "GET /index.php?rest_route=/wp/v2/posts/27213 HTTP/1.1" 200 6080 "-" "Mozilla/5.0 AppleWebKit/537.36 (KHTML, like Gecko; compatible; GPTBot/1.2; +https://openai.com/gptbot)"
57.141.0.39 - - [04/Nov/2025:00:43:27 +0000] "GET /karamba-spielsaal-erfahrungen-angeschlossen-testbericht-werfen-sie-einen-blick-auf-den-link-within-2025-pro-teutonia/?path=//sys/class/pci_bus/0000:06/subsystem/0000:09/subsystem/0000:01/subsystem/0000:09/device/driver/0000:00:03.1/subsystem/slots/28 HTTP/1.1" 200 262264 "-" "meta-externalagent/1.1 (+https://developers.facebook.com/docs/sharing/webmasters/crawler)"
216.73.216.137 - - [04/Nov/2025:00:43:27 +0000] "GET /entity/588057426.htm HTTP/1.1" 301 5 "-" "Mozilla/5.0 AppleWebKit/537.36 (KHTML, like Gecko; compatible; ClaudeBot/1.0; +claudebot@anthropic.com)"
216.73.216.137 - - [04/Nov/2025:00:43:28 +0000] "GET /entity/588057426.htm/ HTTP/1.1" 200 45436 "https://datainsightnow.com/entity/588057426.htm" "Mozilla/5.0 AppleWebKit/537.36 (KHTML, like Gecko; compatible; ClaudeBot/1.0; +claudebot@anthropic.com)"
216.73.216.137 - - [04/Nov/2025:00:43:30 +0000] "GET /entity/588080742.htm HTTP/1.1" 301 5 "-" "Mozilla/5.0 AppleWebKit/537.36 (KHTML, like Gecko; compatible; ClaudeBot/1.0; +claudebot@anthropic.com)"
216.73.216.137 - - [04/Nov/2025:00:43:31 +0000] "GET /entity/588080742.htm/ HTTP/1.1" 200 45436 "https://datainsightnow.com/entity/588080742.htm" "Mozilla/5.0 AppleWebKit/537.36 (KHTML, like Gecko; compatible; ClaudeBot/1.0; +claudebot@anthropic.com)"
57.141.0.73 - - [04/Nov/2025:00:43:32 +0000] "GET /2025/03/06/page/39/?fileloc=//sys/class/pci_bus/0000:01/subsystem/0000:12/device/subsystem/devices/0000:00:03.1/driver/0000:00:04.0/irq&path=//sys/class/pci_bus/0000:01/subsystem/0000:12/device/subsystem/devices/0000:00:03.1/driver/0000:00:04.0 HTTP/1.1" 200 262264 "-" "meta-externalagent/1.1 (+https://developers.facebook.com/docs/sharing/webmasters/crawler)"
74.7.227.116 - - [04/Nov/2025:00:43:32 +0000] "GET /index.php?rest_route=/wp/v2/posts/13797 HTTP/1.1" 200 4852 "-" "Mozilla/5.0 AppleWebKit/537.36 (KHTML, like Gecko; compatible; GPTBot/1.2; +https://openai.com/gptbot)"
57.141.0.65 - - [04/Nov/2025:00:43:33 +0000] "GET /2025/03/07/page/6/?path=//sys/class/pci_bus/0000:0a/subsystem/0000:0f/subsystem/0000:06/device/driver/0000:00:02.1/0000:00:02.1:pcie002 HTTP/1.1" 200 262216 "-" "meta-externalagent/1.1 (+https://developers.facebook.com/docs/sharing/webmasters/crawler)"
217.113.194.58 - - [04/Nov/2025:00:43:33 +0000] "GET /account/?fileloc=//bin/btrfs-convert&path=//bin HTTP/1.1" 200 45436 "-" "Mozilla/5.0 (compatible; Barkrowler/0.9; +https://babbar.tech/crawler)"
216.73.216.137 - - [04/Nov/2025:00:43:33 +0000] "GET /entity/262343694.htm HTTP/1.1" 301 5 "-" "Mozilla/5.0 AppleWebKit/537.36 (KHTML, like Gecko; compatible; ClaudeBot/1.0; +claudebot@anthropic.com)"
57.141.0.9 - - [04/Nov/2025:00:43:34 +0000] "GET /2025/03/07/page/6/?fileloc=//sys/class/pci_bus/0000:06/subsystem/0000:0c/device/driver/0000:00:02.1/driver/0000:00:04.0/aer_rootport_total_err_nonfatal&path=//sys/class/pci_bus/0000:06/subsystem/0000:0c/device/driver/0000:00:02.1/driver/0000:00:04.0 HTTP/1.1" 200 262216 "-" "meta-externalagent/1.1 (+https://developers.facebook.com/docs/sharing/webmasters/crawler)"
216.73.216.137 - - [04/Nov/2025:00:43:34 +0000] "GET /entity/262343694.htm/ HTTP/1.1" 200 45436 "https://datainsightnow.com/entity/262343694.htm" "Mozilla/5.0 AppleWebKit/537.36 (KHTML, like Gecko; compatible; ClaudeBot/1.0; +claudebot@anthropic.com)"
57.141.0.73 - - [04/Nov/2025:00:43:35 +0000] "GET /karamba-spielsaal-erfahrungen-angeschlossen-testbericht-werfen-sie-einen-blick-auf-den-link-within-2025-pro-teutonia/?fileloc=//sys/class/pci_bus/0000:02/subsystem/0000:00/subsystem/0000:02/subsystem/0000:00/device/0000:00:02.0/dma_mask_bits&path=//sys/class/pci_bus/0000:02/subsystem/0000:00/subsystem/0000:02/subsystem/0000:00/device/0000:00:02.0 HTTP/1.1" 200 262216 "-" "meta-externalagent/1.1 (+https://developers.facebook.com/docs/sharing/webmasters/crawler)"
57.141.0.10 - - [04/Nov/2025:00:43:35 +0000] "GET /karamba-spielsaal-erfahrungen-angeschlossen-testbericht-werfen-sie-einen-blick-auf-den-link-within-2025-pro-teutonia/?fileloc=//sys/class/pci_bus/0000:0b/subsystem/0000:06/subsystem/0000:10/device/driver/0000:00:03.7/max_link_speed&path=//sys/class/pci_bus/0000:0b/subsystem/0000:06/subsystem/0000:10/device/driver/0000:00:03.7 HTTP/1.1" 200 262209 "-" "meta-externalagent/1.1 (+https://developers.facebook.com/docs/sharing/webmasters/crawler)"
185.191.171.13 - - [04/Nov/2025:00:43:35 +0000] "GET /entity/510541573.htm HTTP/1.1" 301 5 "-" "Mozilla/5.0 (compatible; SemrushBot/7~bl; +http://www.semrush.com/bot.html)"
57.141.0.8 - - [04/Nov/2025:00:43:36 +0000] "GET /2025/03/13/?fileloc=//sys/class/pci_bus/0000:05/device/driver/0000:00:03.1/subsystem/devices/0000:00:03.1/secondary_bus_number&path=//sys/class/pci_bus/0000:05/device/driver/0000:00:03.1/subsystem/devices/0000:00:03.1 HTTP/1.1" 200 262264 "-" "meta-externalagent/1.1 (+https://developers.facebook.com/docs/sharing/webmasters/crawler)"
216.73.216.137 - - [04/Nov/2025:00:43:36 +0000] "GET /entity/588073741.htm HTTP/1.1" 301 5 "-" "Mozilla/5.0 AppleWebKit/537.36 (KHTML, like Gecko; compatible; ClaudeBot/1.0; +claudebot@anthropic.com)"
216.73.216.137 - - [04/Nov/2025:00:43:37 +0000] "GET /entity/588073741.htm/ HTTP/1.1" 200 45436 "https://datainsightnow.com/entity/588073741.htm" "Mozilla/5.0 AppleWebKit/537.36 (KHTML, like Gecko; compatible; ClaudeBot/1.0; +claudebot@anthropic.com)"
74.7.227.116 - - [04/Nov/2025:00:43:37 +0000] "GET /index.php?rest_route=%2Foembed%2F1.0%2Fembed&url=https%3A%2F%2Fdatainsightnow.com%2F%3Fp%3D13797 HTTP/1.1" 200 1278 "-" "Mozilla/5.0 AppleWebKit/537.36 (KHTML, like Gecko; compatible; GPTBot/1.2; +https://openai.com/gptbot)"
57.141.0.6 - - [04/Nov/2025:00:43:39 +0000] "GET /moneysense-self-help-guide-to-the-ideal-profile/?fileloc=//sys/class/pci_bus/0000:02/subsystem/0000:09/device/driver/0000:00:03.6/subsystem/drivers_autoprobe&path=//sys/class/pci_bus/0000:02/subsystem/0000:09/device/driver/0000:00:03.6/subsystem HTTP/1.1" 200 262248 "-" "meta-externalagent/1.1 (+https://developers.facebook.com/docs/sharing/webmasters/crawler)"
185.191.171.4 - - [04/Nov/2025:00:43:39 +0000] "GET /entity/510541573.htm/ HTTP/1.1" 200 45436 "-" "Mozilla/5.0 (compatible; SemrushBot/7~bl; +http://www.semrush.com/bot.html)"
216.73.216.137 - - [04/Nov/2025:00:43:39 +0000] "GET /entity/262156439.htm HTTP/1.1" 301 5 "-" "Mozilla/5.0 AppleWebKit/537.36 (KHTML, like Gecko; compatible; ClaudeBot/1.0; +claudebot@anthropic.com)"
57.141.0.5 - - [04/Nov/2025:00:43:40 +0000] "GET /2025/03/07/page/6/?fileloc=//sys/class/pci_bus/0000:11/device/driver/0000:00:02.0/driver/0000:00:02.6/driver/0000:00:03.5/driver/0000:00:03.2/revision&path=//sys/class/pci_bus/0000:11/device/driver/0000:00:02.0/driver/0000:00:02.6/driver/0000:00:03.5/driver/0000:00:03.2 HTTP/1.1" 200 262209 "-" "meta-externalagent/1.1 (+https://developers.facebook.com/docs/sharing/webmasters/crawler)"
216.73.216.137 - - [04/Nov/2025:00:43:40 +0000] "GET /entity/262156439.htm/ HTTP/1.1" 200 45436 "https://datainsightnow.com/entity/262156439.htm" "Mozilla/5.0 AppleWebKit/537.36 (KHTML, like Gecko; compatible; ClaudeBot/1.0; +claudebot@anthropic.com)"
57.141.0.72 - - [04/Nov/2025:00:43:41 +0000] "GET /2025/03/07/page/6/?fileloc=//sys/class/pci_bus/0000:07/subsystem/0000:06/device/driver/0000:00:02.2/driver/0000:00:03.3/max_link_speed&path=//sys/class/pci_bus/0000:07/subsystem/0000:06/device/driver/0000:00:02.2/driver/0000:00:03.3 HTTP/1.1" 200 262264 "-" "meta-externalagent/1.1 (+https://developers.facebook.com/docs/sharing/webmasters/crawler)"
57.141.0.1 - - [04/Nov/2025:00:43:42 +0000] "GET /mybet-app-download-fur-mobiles-zocken-feber-2025/ HTTP/1.1" 200 262248 "-" "meta-externalagent/1.1 (+https://developers.facebook.com/docs/sharing/webmasters/crawler)"
74.7.227.116 - - [04/Nov/2025:00:43:42 +0000] "GET /index.php?format=xml&rest_route=%2Foembed%2F1.0%2Fembed&url=https%3A%2F%2Fdatainsightnow.com%2F%3Fp%3D13797 HTTP/1.1" 200 1304 "-" "Mozilla/5.0 AppleWebKit/537.36 (KHTML, like Gecko; compatible; GPTBot/1.2; +https://openai.com/gptbot)"
216.73.216.137 - - [04/Nov/2025:00:43:42 +0000] "GET /entity/588070894.htm HTTP/1.1" 301 5 "-" "Mozilla/5.0 AppleWebKit/537.36 (KHTML, like Gecko; compatible; ClaudeBot/1.0; +claudebot@anthropic.com)"
57.141.0.4 - - [04/Nov/2025:00:43:43 +0000] "GET /2025/03/06/page/39/?path=//sys/class/pci_bus/0000:0c/subsystem/0000:01/device/driver/0000:00:02.1/0000:00:02.1:pcie001/driver HTTP/1.1" 200 262264 "-" "meta-externalagent/1.1 (+https://developers.facebook.com/docs/sharing/webmasters/crawler)"
216.73.216.137 - - [04/Nov/2025:00:43:43 +0000] "GET /entity/588070894.htm/ HTTP/1.1" 200 45436 "https://datainsightnow.com/entity/588070894.htm" "Mozilla/5.0 AppleWebKit/537.36 (KHTML, like Gecko; compatible; ClaudeBot/1.0; +claudebot@anthropic.com)"
57.141.0.65 - - [04/Nov/2025:00:43:44 +0000] "GET /2025/03/07/page/6/?path=//sys/class/pci_bus/0000:05/subsystem/0000:11/device/driver/0000:00:02.3/subsystem/devices/0000:00:03.1/driver/0000:00:04.1/driver/0000:00:04.0 HTTP/1.1" 200 262264 "-" "meta-externalagent/1.1 (+https://developers.facebook.com/docs/sharing/webmasters/crawler)"
57.141.0.28 - - [04/Nov/2025:00:43:45 +0000] "GET /2025/03/07/page/6/?fileloc=//sys/class/pci_bus/0000:07/subsystem/0000:01/subsystem/0000:0c/subsystem/0000:11/device/driver/0000:00:02.3/0000:05:00.0/uevent&path=//sys/class/pci_bus/0000:07/subsystem/0000:01/subsystem/0000:0c/subsystem/0000:11/device/driver/0000:00:02.3/0000:05:00.0 HTTP/1.1" 200 262264 "-" "meta-externalagent/1.1 (+https://developers.facebook.com/docs/sharing/webmasters/crawler)"
57.141.0.18 - - [04/Nov/2025:00:43:45 +0000] "GET /karamba-spielsaal-erfahrungen-angeschlossen-testbericht-werfen-sie-einen-blick-auf-den-link-within-2025-pro-teutonia/?fileloc=//sys/class/pci_bus/0000:05/device/driver/0000:00:02.0/driver/0000:00:03.1/driver/0000:00:04.0/power_state&path=//sys/class/pci_bus/0000:05/device/driver/0000:00:02.0/driver/0000:00:03.1/driver/0000:00:04.0 HTTP/1.1" 200 262216 "-" "meta-externalagent/1.1 (+https://developers.facebook.com/docs/sharing/webmasters/crawler)"
216.73.216.137 - - [04/Nov/2025:00:43:45 +0000] "GET /entity/262257706.htm HTTP/1.1" 301 5 "-" "Mozilla/5.0 AppleWebKit/537.36 (KHTML, like Gecko; compatible; ClaudeBot/1.0; +claudebot@anthropic.com)"
216.73.216.137 - - [04/Nov/2025:00:43:46 +0000] "GET /entity/262257706.htm/ HTTP/1.1" 200 45436 "https://datainsightnow.com/entity/262257706.htm" "Mozilla/5.0 AppleWebKit/537.36 (KHTML, like Gecko; compatible; ClaudeBot/1.0; +claudebot@anthropic.com)"
57.141.0.1 - - [04/Nov/2025:00:43:46 +0000] "GET /karamba-spielsaal-erfahrungen-angeschlossen-testbericht-werfen-sie-einen-blick-auf-den-link-within-2025-pro-teutonia/?path=//sys/class/pci_bus/0000:06/subsystem/0000:13/subsystem/0000:05/subsystem/0000:08/subsystem/0000:06/subsystem/0000:0e HTTP/1.1" 200 262215 "-" "meta-externalagent/1.1 (+https://developers.facebook.com/docs/sharing/webmasters/crawler)"
185.191.171.12 - - [04/Nov/2025:00:43:47 +0000] "GET /?p=28803 HTTP/1.1" 200 41776 "-" "Mozilla/5.0 (compatible; SemrushBot/7~bl; +http://www.semrush.com/bot.html)"
57.141.0.3 - - [04/Nov/2025:00:43:47 +0000] "GET /karamba-spielsaal-erfahrungen-angeschlossen-testbericht-werfen-sie-einen-blick-auf-den-link-within-2025-pro-teutonia/?fileloc=//sys/class/pci_bus/0000:06/subsystem/0000:00/device/0000:00:02.5/driver/0000:00:02.1/subsystem/drivers/serial/new_id&path=//sys/class/pci_bus/0000:06/subsystem/0000:00/device/0000:00:02.5/driver/0000:00:02.1/subsystem/drivers/serial HTTP/1.1" 200 262264 "-" "meta-externalagent/1.1 (+https://developers.facebook.com/docs/sharing/webmasters/crawler)"
57.141.0.8 - - [04/Nov/2025:00:43:48 +0000] "GET /2025/03/06/page/39/?fileloc=//sys/class/pci_bus/0000:09/subsystem/0000:02/subsystem/0000:08/device/driver/0000:00:03.1/driver/0000:00:02.3/rescan&path=//sys/class/pci_bus/0000:09/subsystem/0000:02/subsystem/0000:08/device/driver/0000:00:03.1/driver/0000:00:02.3 HTTP/1.1" 200 262248 "-" "meta-externalagent/1.1 (+https://developers.facebook.com/docs/sharing/webmasters/crawler)"
216.73.216.137 - - [04/Nov/2025:00:43:48 +0000] "GET /entity/262290083.htm HTTP/1.1" 301 5 "-" "Mozilla/5.0 AppleWebKit/537.36 (KHTML, like Gecko; compatible; ClaudeBot/1.0; +claudebot@anthropic.com)"
57.141.0.67 - - [04/Nov/2025:00:43:49 +0000] "GET /karamba-spielsaal-erfahrungen-angeschlossen-testbericht-werfen-sie-einen-blick-auf-den-link-within-2025-pro-teutonia/?fileloc=//sys/class/pci_bus/0000:0b/subsystem/0000:05/subsystem/0000:07/subsystem/0000:0c/device/subsystem/devices/0000:00:02.2/resource0&path=//sys/class/pci_bus/0000:0b/subsystem/0000:05/subsystem/0000:07/subsystem/0000:0c/device/subsystem/devices/0000:00:02.2 HTTP/1.1" 200 262264 "-" "meta-externalagent/1.1 (+https://developers.facebook.com/docs/sharing/webmasters/crawler)"
216.73.216.137 - - [04/Nov/2025:00:43:49 +0000] "GET /entity/262290083.htm/ HTTP/1.1" 200 45436 "https://datainsightnow.com/entity/262290083.htm" "Mozilla/5.0 AppleWebKit/537.36 (KHTML, like Gecko; compatible; ClaudeBot/1.0; +claudebot@anthropic.com)"
74.7.227.116 - - [04/Nov/2025:00:43:49 +0000] "GET /entity/840559122.htm HTTP/1.1" 301 5 "-" "Mozilla/5.0 AppleWebKit/537.36 (KHTML, like Gecko; compatible; GPTBot/1.2; +https://openai.com/gptbot)"
66.135.21.75 - - [04/Nov/2025:00:43:50 +0000] "POST /wp-cron.php?doing_wp_cron=1762217030.0854439735412597656250 HTTP/1.1" 200 31 "-" "WordPress/6.3.1; https://datainsightnow.com"
74.7.227.116 - - [04/Nov/2025:00:43:50 +0000] "GET /entity/840559122.htm/ HTTP/1.1" 200 45436 "-" "Mozilla/5.0 AppleWebKit/537.36 (KHTML, like Gecko; compatible; GPTBot/1.2; +https://openai.com/gptbot)"
185.191.171.19 - - [04/Nov/2025:00:43:51 +0000] "GET /?cat=1&paged=753 HTTP/1.1" 200 37504 "-" "Mozilla/5.0 (compatible; SemrushBot/7~bl; +http://www.semrush.com/bot.html)"
216.73.216.137 - - [04/Nov/2025:00:43:51 +0000] "GET /entity/305334325.htm HTTP/1.1" 301 5 "-" "Mozilla/5.0 AppleWebKit/537.36 (KHTML, like Gecko; compatible; ClaudeBot/1.0; +claudebot@anthropic.com)"
216.73.216.137 - - [04/Nov/2025:00:43:52 +0000] "GET /entity/305334325.htm/ HTTP/1.1" 200 45436 "https://datainsightnow.com/entity/305334325.htm" "Mozilla/5.0 AppleWebKit/537.36 (KHTML, like Gecko; compatible; ClaudeBot/1.0; +claudebot@anthropic.com)"
57.141.0.27 - - [04/Nov/2025:00:43:53 +0000] "GET /2025/03/07/page/6/?path=//sys/class/pci_bus/0000:08/subsystem/0000:02/subsystem/0000:02/subsystem/0000:07/subsystem/0000:0f HTTP/1.1" 200 262264 "-" "meta-externalagent/1.1 (+https://developers.facebook.com/docs/sharing/webmasters/crawler)"
217.113.194.52 - - [04/Nov/2025:00:43:54 +0000] "GET /account/?fileloc=//sbin/kbdrate&path=//sbin HTTP/1.1" 200 45436 "-" "Mozilla/5.0 (compatible; Barkrowler/0.9; +https://babbar.tech/crawler)"
185.191.171.19 - - [04/Nov/2025:00:43:54 +0000] "GET /?p=34661 HTTP/1.1" 200 42405 "-" "Mozilla/5.0 (compatible; SemrushBot/7~bl; +http://www.semrush.com/bot.html)"
216.73.216.137 - - [04/Nov/2025:00:43:54 +0000] "GET /entity/305233572.htm HTTP/1.1" 301 5 "-" "Mozilla/5.0 AppleWebKit/537.36 (KHTML, like Gecko; compatible; ClaudeBot/1.0; +claudebot@anthropic.com)"
57.141.0.21 - - [04/Nov/2025:00:43:55 +0000] "GET /karamba-spielsaal-erfahrungen-angeschlossen-testbericht-werfen-sie-einen-blick-auf-den-link-within-2025-pro-teutonia/?fileloc=//sys/class/pci_bus/0000:06/subsystem/0000:05/device/driver/0000:00:02.7/driver/0000:00:02.0/numa_node&path=//sys/class/pci_bus/0000:06/subsystem/0000:05/device/driver/0000:00:02.7/driver/0000:00:02.0 HTTP/1.1" 200 262209 "-" "meta-externalagent/1.1 (+https://developers.facebook.com/docs/sharing/webmasters/crawler)"
57.141.0.27 - - [04/Nov/2025:00:43:55 +0000] "GET /2025/03/07/page/6/?fileloc=//sys/class/pci_bus/0000:05/subsystem/0000:05/subsystem/0000:00/device/0000:00:02.3/driver/0000:00:04.1/aer_dev_nonfatal&path=//sys/class/pci_bus/0000:05/subsystem/0000:05/subsystem/0000:00/device/0000:00:02.3/driver/0000:00:04.1 HTTP/1.1" 200 262248 "-" "meta-externalagent/1.1 (+https://developers.facebook.com/docs/sharing/webmasters/crawler)"
216.73.216.137 - - [04/Nov/2025:00:43:56 +0000] "GET /entity/305233572.htm/ HTTP/1.1" 200 45436 "https://datainsightnow.com/entity/305233572.htm" "Mozilla/5.0 AppleWebKit/537.36 (KHTML, like Gecko; compatible; ClaudeBot/1.0; +claudebot@anthropic.com)"
57.141.0.71 - - [04/Nov/2025:00:43:56 +0000] "GET /karamba-spielsaal-erfahrungen-angeschlossen-testbericht-werfen-sie-einen-blick-auf-den-link-within-2025-pro-teutonia/?fileloc=//sys/class/pci_bus/0000:01/subsystem/0000:0e/subsystem/0000:06/subsystem/0000:09/device/driver/0000:00:02.7/config&path=//sys/class/pci_bus/0000:01/subsystem/0000:0e/subsystem/0000:06/subsystem/0000:09/device/driver/0000:00:02.7 HTTP/1.1" 200 262264 "-" "meta-externalagent/1.1 (+https://developers.facebook.com/docs/sharing/webmasters/crawler)"
57.141.0.17 - - [04/Nov/2025:00:43:57 +0000] "GET /karamba-spielsaal-erfahrungen-angeschlossen-testbericht-werfen-sie-einen-blick-auf-den-link-within-2025-pro-teutonia/?fileloc=//sys/class/pci_bus/0000:06/subsystem/0000:07/subsystem/0000:06/subsystem/0000:06/subsystem/0000:05/cpulistaffinity&path=//sys/class/pci_bus/0000:06/subsystem/0000:07/subsystem/0000:06/subsystem/0000:06/subsystem/0000:05 HTTP/1.1" 200 262264 "-" "meta-externalagent/1.1 (+https://developers.facebook.com/docs/sharing/webmasters/crawler)"
74.7.227.116 - - [04/Nov/2025:00:43:57 +0000] "GET /entity/840624127.htm HTTP/1.1" 301 5 "-" "Mozilla/5.0 AppleWebKit/537.36 (KHTML, like Gecko; compatible; GPTBot/1.2; +https://openai.com/gptbot)"
74.7.227.116 - - [04/Nov/2025:00:43:57 +0000] "GET /entity/840624127.htm/ HTTP/1.1" 200 45436 "-" "Mozilla/5.0 AppleWebKit/537.36 (KHTML, like Gecko; compatible; GPTBot/1.2; +https://openai.com/gptbot)"
216.73.216.137 - - [04/Nov/2025:00:43:57 +0000] "GET /entity/305239525.htm HTTP/1.1" 301 5 "-" "Mozilla/5.0 AppleWebKit/537.36 (KHTML, like Gecko; compatible; ClaudeBot/1.0; +claudebot@anthropic.com)"
85.208.96.195 - - [04/Nov/2025:00:43:57 +0000] "GET /entity/510625499.htm HTTP/1.1" 301 5 "-" "Mozilla/5.0 (compatible; SemrushBot/7~bl; +http://www.semrush.com/bot.html)"
216.73.216.137 - - [04/Nov/2025:00:43:58 +0000] "GET /entity/305239525.htm/ HTTP/1.1" 200 45436 "https://datainsightnow.com/entity/305239525.htm" "Mozilla/5.0 AppleWebKit/537.36 (KHTML, like Gecko; compatible; ClaudeBot/1.0; +claudebot@anthropic.com)"
216.73.216.137 - - [04/Nov/2025:00:44:00 +0000] "GET /entity/305213886.htm HTTP/1.1" 301 5 "-" "Mozilla/5.0 AppleWebKit/537.36 (KHTML, like Gecko; compatible; ClaudeBot/1.0; +claudebot@anthropic.com)"
85.208.96.203 - - [04/Nov/2025:00:44:01 +0000] "GET /?p=9375 HTTP/1.1" 200 43900 "-" "Mozilla/5.0 (compatible; SemrushBot/7~bl; +http://www.semrush.com/bot.html)"
216.73.216.137 - - [04/Nov/2025:00:44:01 +0000] "GET /entity/305213886.htm/ HTTP/1.1" 200 45436 "https://datainsightnow.com/entity/305213886.htm" "Mozilla/5.0 AppleWebKit/537.36 (KHTML, like Gecko; compatible; ClaudeBot/1.0; +claudebot@anthropic.com)"
74.7.227.116 - - [04/Nov/2025:00:44:03 +0000] "GET /entity/840648469.htm HTTP/1.1" 301 5 "-" "Mozilla/5.0 AppleWebKit/537.36 (KHTML, like Gecko; compatible; GPTBot/1.2; +https://openai.com/gptbot)"
57.141.0.4 - - [04/Nov/2025:00:44:03 +0000] "GET /2025/03/06/page/39/?fileloc=//sys/class/pci_bus/0000:09/subsystem/0000:11/device/driver/0000:00:03.3/driver/0000:00:02.1/0000:02:00.0/ari_enabled&path=//sys/class/pci_bus/0000:09/subsystem/0000:11/device/driver/0000:00:03.3/driver/0000:00:02.1/0000:02:00.0 HTTP/1.1" 200 262209 "-" "meta-externalagent/1.1 (+https://developers.facebook.com/docs/sharing/webmasters/crawler)"
74.7.227.116 - - [04/Nov/2025:00:44:03 +0000] "GET /entity/840648469.htm/ HTTP/1.1" 200 45436 "-" "Mozilla/5.0 AppleWebKit/537.36 (KHTML, like Gecko; compatible; GPTBot/1.2; +https://openai.com/gptbot)"
216.73.216.137 - - [04/Nov/2025:00:44:03 +0000] "GET /entity/305203004.htm HTTP/1.1" 301 5 "-" "Mozilla/5.0 AppleWebKit/537.36 (KHTML, like Gecko; compatible; ClaudeBot/1.0; +claudebot@anthropic.com)"
216.73.216.137 - - [04/Nov/2025:00:44:04 +0000] "GET /entity/305203004.htm/ HTTP/1.1" 200 45436 "https://datainsightnow.com/entity/305203004.htm" "Mozilla/5.0 AppleWebKit/537.36 (KHTML, like Gecko; compatible; ClaudeBot/1.0; +claudebot@anthropic.com)"
57.141.0.64 - - [04/Nov/2025:00:44:04 +0000] "GET /2025/03/06/page/39/?path=//sys/class/pci_bus/0000:0e/subsystem/0000:01/device/driver/0000:00:03.5/driver/0000:00:02.7/driver/0000:00:02.0/0000:00:02.0:pcie002/power HTTP/1.1" 200 262264 "-" "meta-externalagent/1.1 (+https://developers.facebook.com/docs/sharing/webmasters/crawler)"
85.208.96.206 - - [04/Nov/2025:00:44:05 +0000] "GET /entity/510625499.htm/ HTTP/1.1" 200 45436 "-" "Mozilla/5.0 (compatible; SemrushBot/7~bl; +http://www.semrush.com/bot.html)"
216.73.216.137 - - [04/Nov/2025:00:44:06 +0000] "GET /entity/305306353.htm HTTP/1.1" 301 5 "-" "Mozilla/5.0 AppleWebKit/537.36 (KHTML, like Gecko; compatible; ClaudeBot/1.0; +claudebot@anthropic.com)"
216.73.216.137 - - [04/Nov/2025:00:44:07 +0000] "GET /entity/305306353.htm/ HTTP/1.1" 200 45436 "https://datainsightnow.com/entity/305306353.htm" "Mozilla/5.0 AppleWebKit/537.36 (KHTML, like Gecko; compatible; ClaudeBot/1.0; +claudebot@anthropic.com)"
74.7.227.116 - - [04/Nov/2025:00:44:07 +0000] "GET /?p=15866 HTTP/1.1" 200 44775 "-" "Mozilla/5.0 AppleWebKit/537.36 (KHTML, like Gecko; compatible; GPTBot/1.2; +https://openai.com/gptbot)"
57.141.0.71 - - [04/Nov/2025:00:44:09 +0000] "GET /karamba-spielsaal-erfahrungen-angeschlossen-testbericht-werfen-sie-einen-blick-auf-den-link-within-2025-pro-teutonia/?path=//sys/class/pci_bus/0000:06/subsystem/0000:09/subsystem/0000:10/subsystem/0000:00/subsystem/0000:04/subsystem/0000:0a/subsystem/0000:13 HTTP/1.1" 200 262248 "-" "meta-externalagent/1.1 (+https://developers.facebook.com/docs/sharing/webmasters/crawler)"
216.73.216.137 - - [04/Nov/2025:00:44:09 +0000] "GET /entity/305225284.htm HTTP/1.1" 301 5 "-" "Mozilla/5.0 AppleWebKit/537.36 (KHTML, like Gecko; compatible; ClaudeBot/1.0; +claudebot@anthropic.com)"
85.208.96.206 - - [04/Nov/2025:00:44:10 +0000] "GET /entity/510458693.htm HTTP/1.1" 301 5 "-" "Mozilla/5.0 (compatible; SemrushBot/7~bl; +http://www.semrush.com/bot.html)"
216.73.216.137 - - [04/Nov/2025:00:44:10 +0000] "GET /entity/305225284.htm/ HTTP/1.1" 200 45436 "https://datainsightnow.com/entity/305225284.htm" "Mozilla/5.0 AppleWebKit/537.36 (KHTML, like Gecko; compatible; ClaudeBot/1.0; +claudebot@anthropic.com)"
52.167.144.19 - - [04/Nov/2025:00:44:11 +0000] "GET /20476540?entity=0020397738 HTTP/1.1" 200 30254 "-" "Mozilla/5.0 AppleWebKit/537.36 (KHTML, like Gecko; compatible; bingbot/2.0; +http://www.bing.com/bingbot.htm) Chrome/116.0.1938.76 Safari/537.36"
216.73.216.137 - - [04/Nov/2025:00:44:12 +0000] "GET /entity/305292100.htm HTTP/1.1" 301 5 "-" "Mozilla/5.0 AppleWebKit/537.36 (KHTML, like Gecko; compatible; ClaudeBot/1.0; +claudebot@anthropic.com)"
216.73.216.137 - - [04/Nov/2025:00:44:13 +0000] "GET /entity/305292100.htm/ HTTP/1.1" 200 45436 "https://datainsightnow.com/entity/305292100.htm" "Mozilla/5.0 AppleWebKit/537.36 (KHTML, like Gecko; compatible; ClaudeBot/1.0; +claudebot@anthropic.com)"
85.208.96.202 - - [04/Nov/2025:00:44:14 +0000] "GET /entity/510458693.htm/ HTTP/1.1" 200 45436 "-" "Mozilla/5.0 (compatible; SemrushBot/7~bl; +http://www.semrush.com/bot.html)"
217.113.194.57 - - [04/Nov/2025:00:44:14 +0000] "GET /account/?fileloc=//sbin/sgdisk&path=//sbin HTTP/1.1" 200 45436 "-" "Mozilla/5.0 (compatible; Barkrowler/0.9; +https://babbar.tech/crawler)"
57.141.0.60 - - [04/Nov/2025:00:44:14 +0000] "GET /karamba-spielsaal-erfahrungen-angeschlossen-testbericht-werfen-sie-einen-blick-auf-den-link-within-2025-pro-teutonia/?fileloc=//sys/class/pci_bus/0000:04/subsystem/0000:0b/subsystem/0000:13/subsystem/0000:0e/subsystem/0000:13/device/secondary_bus_number&path=//sys/class/pci_bus/0000:04/subsystem/0000:0b/subsystem/0000:13/subsystem/0000:0e/subsystem/0000:13/device HTTP/1.1" 200 262264 "-" "meta-externalagent/1.1 (+https://developers.facebook.com/docs/sharing/webmasters/crawler)"
216.73.216.137 - - [04/Nov/2025:00:44:15 +0000] "GET /entity/305206634.htm HTTP/1.1" 301 5 "-" "Mozilla/5.0 AppleWebKit/537.36 (KHTML, like Gecko; compatible; ClaudeBot/1.0; +claudebot@anthropic.com)"
216.73.216.137 - - [04/Nov/2025:00:44:16 +0000] "GET /entity/305206634.htm/ HTTP/1.1" 200 45436 "https://datainsightnow.com/entity/305206634.htm" "Mozilla/5.0 AppleWebKit/537.36 (KHTML, like Gecko; compatible; ClaudeBot/1.0; +claudebot@anthropic.com)"
114.119.153.242 - - [04/Nov/2025:00:44:17 +0000] "GET /zodiac-kasino-erfahrungen-2024-480-bonus-80-freispiele?path=//sys/dev/char/5:1/subsystem/tty5/subsystem/ttyS18/subsystem/tty53 HTTP/1.1" 301 5 "https://datainsightnow.com/zodiac-kasino-erfahrungen-2024-480-bonus-80-freispiele/?path=//sys/dev/char/5%3A1/subsystem/tty5/subsystem/ttyS18/subsystem" "Mozilla/5.0 (Linux; Android 7.0;) AppleWebKit/537.36 (KHTML, like Gecko) Mobile Safari/537.36 (compatible; PetalBot;+https://webmaster.petalsearch.com/site/petalbot)"
74.7.227.116 - - [04/Nov/2025:00:44:17 +0000] "GET /entity/840561708.htm HTTP/1.1" 301 5 "-" "Mozilla/5.0 AppleWebKit/537.36 (KHTML, like Gecko; compatible; GPTBot/1.2; +https://openai.com/gptbot)"
74.7.227.116 - - [04/Nov/2025:00:44:17 +0000] "GET /entity/840561708.htm/ HTTP/1.1" 200 45436 "-" "Mozilla/5.0 AppleWebKit/537.36 (KHTML, like Gecko; compatible; GPTBot/1.2; +https://openai.com/gptbot)"
216.73.216.137 - - [04/Nov/2025:00:44:18 +0000] "GET /entity/305278642.htm HTTP/1.1" 301 5 "-" "Mozilla/5.0 AppleWebKit/537.36 (KHTML, like Gecko; compatible; ClaudeBot/1.0; +claudebot@anthropic.com)"
114.119.153.242 - - [04/Nov/2025:00:44:19 +0000] "GET /zodiac-kasino-erfahrungen-2024-480-bonus-80-freispiele/?path=//sys/dev/char/5:1/subsystem/tty5/subsystem/ttyS18/subsystem/tty53 HTTP/1.1" 200 45437 "https://datainsightnow.com/zodiac-kasino-erfahrungen-2024-480-bonus-80-freispiele/?path=//sys/dev/char/5%3A1/subsystem/tty5/subsystem/ttyS18/subsystem" "Mozilla/5.0 (Linux; Android 7.0;) AppleWebKit/537.36 (KHTML, like Gecko) Mobile Safari/537.36 (compatible; PetalBot;+https://webmaster.petalsearch.com/site/petalbot)"
216.73.216.137 - - [04/Nov/2025:00:44:19 +0000] "GET /entity/305278642.htm/ HTTP/1.1" 200 45436 "https://datainsightnow.com/entity/305278642.htm" "Mozilla/5.0 AppleWebKit/537.36 (KHTML, like Gecko; compatible; ClaudeBot/1.0; +claudebot@anthropic.com)"
52.167.144.142 - - [04/Nov/2025:00:44:20 +0000] "GET /al_c?fileloc=//proc/net/icmp6&path=//proc/net HTTP/1.1" 200 30323 "-" "Mozilla/5.0 AppleWebKit/537.36 (KHTML, like Gecko; compatible; bingbot/2.0; +http://www.bing.com/bingbot.htm) Chrome/116.0.1938.76 Safari/537.36"
57.141.0.42 - - [04/Nov/2025:00:44:21 +0000] "GET /karamba-spielsaal-erfahrungen-angeschlossen-testbericht-werfen-sie-einen-blick-auf-den-link-within-2025-pro-teutonia/?path=//sys/class/pci_bus/0000:04/subsystem/0000:09/device/driver/0000:00:02.4/0000:06:00.0/subsystem/drivers/pcieport/0000:00:03.6/driver HTTP/1.1" 200 262264 "-" "meta-externalagent/1.1 (+https://developers.facebook.com/docs/sharing/webmasters/crawler)"
216.73.216.137 - - [04/Nov/2025:00:44:21 +0000] "GET /entity/305153023.htm HTTP/1.1" 301 5 "-" "Mozilla/5.0 AppleWebKit/537.36 (KHTML, like Gecko; compatible; ClaudeBot/1.0; +claudebot@anthropic.com)"
216.73.216.137 - - [04/Nov/2025:00:44:22 +0000] "GET /entity/305153023.htm/ HTTP/1.1" 200 45436 "https://datainsightnow.com/entity/305153023.htm" "Mozilla/5.0 AppleWebKit/537.36 (KHTML, like Gecko; compatible; ClaudeBot/1.0; +claudebot@anthropic.com)"
57.141.0.9 - - [04/Nov/2025:00:44:24 +0000] "GET /2025/03/07/page/6/?fileloc=//sys/class/pci_bus/0000:01/subsystem/0000:00/device/0000:00:02.7/driver/0000:00:02.7/driver/0000:00:02.7/local_cpus&path=//sys/class/pci_bus/0000:01/subsystem/0000:00/device/0000:00:02.7/driver/0000:00:02.7/driver/0000:00:02.7 HTTP/1.1" 200 262264 "-" "meta-externalagent/1.1 (+https://developers.facebook.com/docs/sharing/webmasters/crawler)"
216.73.216.137 - - [04/Nov/2025:00:44:24 +0000] "GET /entity/305162349.htm HTTP/1.1" 301 5 "-" "Mozilla/5.0 AppleWebKit/537.36 (KHTML, like Gecko; compatible; ClaudeBot/1.0; +claudebot@anthropic.com)"
185.191.171.4 - - [04/Nov/2025:00:44:25 +0000] "GET /entity/510569033.htm HTTP/1.1" 301 5 "-" "Mozilla/5.0 (compatible; SemrushBot/7~bl; +http://www.semrush.com/bot.html)"
216.73.216.137 - - [04/Nov/2025:00:44:25 +0000] "GET /entity/305162349.htm/ HTTP/1.1" 200 45436 "https://datainsightnow.com/entity/305162349.htm" "Mozilla/5.0 AppleWebKit/537.36 (KHTML, like Gecko; compatible; ClaudeBot/1.0; +claudebot@anthropic.com)"
74.7.227.116 - - [04/Nov/2025:00:44:25 +0000] "GET /entity/840717620.htm HTTP/1.1" 301 5 "-" "Mozilla/5.0 AppleWebKit/537.36 (KHTML, like Gecko; compatible; GPTBot/1.2; +https://openai.com/gptbot)"
74.7.227.116 - - [04/Nov/2025:00:44:26 +0000] "GET /entity/840717620.htm/ HTTP/1.1" 200 45436 "-" "Mozilla/5.0 AppleWebKit/537.36 (KHTML, like Gecko; compatible; GPTBot/1.2; +https://openai.com/gptbot)"
57.141.0.42 - - [04/Nov/2025:00:44:27 +0000] "GET /2025/03/06/page/39/?fileloc=//sys/class/pci_bus/0000:0c/device/driver/0000:00:03.0/subsystem/devices/0000:00:02.1/aer_dev_correctable&path=//sys/class/pci_bus/0000:0c/device/driver/0000:00:03.0/subsystem/devices/0000:00:02.1 HTTP/1.1" 200 262264 "-" "meta-externalagent/1.1 (+https://developers.facebook.com/docs/sharing/webmasters/crawler)"
216.73.216.137 - - [04/Nov/2025:00:44:28 +0000] "GET /entity/305182808.htm HTTP/1.1" 301 5 "-" "Mozilla/5.0 AppleWebKit/537.36 (KHTML, like Gecko; compatible; ClaudeBot/1.0; +claudebot@anthropic.com)"
52.167.144.19 - - [04/Nov/2025:00:44:28 +0000] "GET /21778017?entity=0021694190 HTTP/1.1" 200 29629 "-" "Mozilla/5.0 AppleWebKit/537.36 (KHTML, like Gecko; compatible; bingbot/2.0; +http://www.bing.com/bingbot.htm) Chrome/116.0.1938.76 Safari/537.36"
216.73.216.137 - - [04/Nov/2025:00:44:28 +0000] "GET /entity/305182808.htm/ HTTP/1.1" 200 45436 "https://datainsightnow.com/entity/305182808.htm" "Mozilla/5.0 AppleWebKit/537.36 (KHTML, like Gecko; compatible; ClaudeBot/1.0; +claudebot@anthropic.com)"
57.141.0.46 - - [04/Nov/2025:00:44:29 +0000] "GET /karamba-spielsaal-erfahrungen-angeschlossen-testbericht-werfen-sie-einen-blick-auf-den-link-within-2025-pro-teutonia/?path=//sys/class/pci_bus/0000:00/subsystem/0000:11/subsystem/0000:0b/subsystem/0000:00/device/0000:00:03.6/pci_bus HTTP/1.1" 200 262264 "-" "meta-externalagent/1.1 (+https://developers.facebook.com/docs/sharing/webmasters/crawler)"
85.208.96.206 - - [04/Nov/2025:00:44:30 +0000] "GET /entity/510569033.htm/ HTTP/1.1" 200 45436 "-" "Mozilla/5.0 (compatible; SemrushBot/7~bl; +http://www.semrush.com/bot.html)"
57.141.0.28 - - [04/Nov/2025:00:44:30 +0000] "GET /2025/03/06/page/39/?path=//sys/class/pci_bus/0000:11/subsystem/0000:0d/subsystem/0000:0d/device/0000:00:03.3:pcie002 HTTP/1.1" 200 262248 "-" "meta-externalagent/1.1 (+https://developers.facebook.com/docs/sharing/webmasters/crawler)"
216.73.216.137 - - [04/Nov/2025:00:44:30 +0000] "GET /entity/305215958.htm HTTP/1.1" 301 5 "-" "Mozilla/5.0 AppleWebKit/537.36 (KHTML, like Gecko; compatible; ClaudeBot/1.0; +claudebot@anthropic.com)"
216.73.216.137 - - [04/Nov/2025:00:44:31 +0000] "GET /entity/305215958.htm/ HTTP/1.1" 200 45436 "https://datainsightnow.com/entity/305215958.htm" "Mozilla/5.0 AppleWebKit/537.36 (KHTML, like Gecko; compatible; ClaudeBot/1.0; +claudebot@anthropic.com)"
74.7.227.116 - - [04/Nov/2025:00:44:31 +0000] "GET /entity/840696910.htm HTTP/1.1" 301 5 "-" "Mozilla/5.0 AppleWebKit/537.36 (KHTML, like Gecko; compatible; GPTBot/1.2; +https://openai.com/gptbot)"
74.7.227.116 - - [04/Nov/2025:00:44:32 +0000] "GET /entity/840696910.htm/ HTTP/1.1" 200 45436 "-" "Mozilla/5.0 AppleWebKit/537.36 (KHTML, like Gecko; compatible; GPTBot/1.2; +https://openai.com/gptbot)"
57.141.0.50 - - [04/Nov/2025:00:44:32 +0000] "GET /karamba-spielsaal-erfahrungen-angeschlossen-testbericht-werfen-sie-einen-blick-auf-den-link-within-2025-pro-teutonia/?path=//sys/class/pci_bus/0000:0b/subsystem/0000:00/device/firmware_node/device:46/subsystem/devices/device:0e HTTP/1.1" 200 262264 "-" "meta-externalagent/1.1 (+https://developers.facebook.com/docs/sharing/webmasters/crawler)"
217.113.194.60 - - [04/Nov/2025:00:44:33 +0000] "GET /account/?fileloc=//sbin/ldattach&path=//sbin HTTP/1.1" 200 45436 "-" "Mozilla/5.0 (compatible; Barkrowler/0.9; +https://babbar.tech/crawler)"
57.141.0.74 - - [04/Nov/2025:00:44:34 +0000] "GET /karamba-spielsaal-erfahrungen-angeschlossen-testbericht-werfen-sie-einen-blick-auf-den-link-within-2025-pro-teutonia/?fileloc=//sys/class/pci_bus/0000:06/subsystem/0000:0c/device/driver/0000:00:03.3/driver/0000:00:02.6/driver/0000:00:03.2/driver_override&path=//sys/class/pci_bus/0000:06/subsystem/0000:0c/device/driver/0000:00:03.3/driver/0000:00:02.6/driver/0000:00:03.2 HTTP/1.1" 200 262264 "-" "meta-externalagent/1.1 (+https://developers.facebook.com/docs/sharing/webmasters/crawler)"
216.73.216.137 - - [04/Nov/2025:00:44:34 +0000] "GET /entity/305296515.htm HTTP/1.1" 301 5 "-" "Mozilla/5.0 AppleWebKit/537.36 (KHTML, like Gecko; compatible; ClaudeBot/1.0; +claudebot@anthropic.com)"
216.73.216.137 - - [04/Nov/2025:00:44:35 +0000] "GET /entity/305296515.htm/ HTTP/1.1" 200 45436 "https://datainsightnow.com/entity/305296515.htm" "Mozilla/5.0 AppleWebKit/537.36 (KHTML, like Gecko; compatible; ClaudeBot/1.0; +claudebot@anthropic.com)"
57.141.0.32 - - [04/Nov/2025:00:44:36 +0000] "GET /2025/03/07/page/6/?fileloc=//sys/class/pci_bus/0000:0a/subsystem/0000:08/subsystem/0000:0e/subsystem/0000:08/subsystem/0000:09/uevent&path=//sys/class/pci_bus/0000:0a/subsystem/0000:08/subsystem/0000:0e/subsystem/0000:08/subsystem/0000:09 HTTP/1.1" 200 262264 "-" "meta-externalagent/1.1 (+https://developers.facebook.com/docs/sharing/webmasters/crawler)"
216.73.216.137 - - [04/Nov/2025:00:44:37 +0000] "GET /entity/305234867.htm HTTP/1.1" 301 5 "-" "Mozilla/5.0 AppleWebKit/537.36 (KHTML, like Gecko; compatible; ClaudeBot/1.0; +claudebot@anthropic.com)"
216.73.216.137 - - [04/Nov/2025:00:44:37 +0000] "GET /entity/305234867.htm/ HTTP/1.1" 200 45436 "https://datainsightnow.com/entity/305234867.htm" "Mozilla/5.0 AppleWebKit/537.36 (KHTML, like Gecko; compatible; ClaudeBot/1.0; +claudebot@anthropic.com)"
52.167.144.19 - - [04/Nov/2025:00:44:39 +0000] "GET /enc_avif?fileloc=//lib/recovery-mode/recovery-menu&path=//lib/recovery-mode HTTP/1.1" 200 30418 "-" "Mozilla/5.0 AppleWebKit/537.36 (KHTML, like Gecko; compatible; bingbot/2.0; +http://www.bing.com/bingbot.htm) Chrome/116.0.1938.76 Safari/537.36"
216.73.216.137 - - [04/Nov/2025:00:44:40 +0000] "GET /entity/305182031.htm HTTP/1.1" 301 5 "-" "Mozilla/5.0 AppleWebKit/537.36 (KHTML, like Gecko; compatible; ClaudeBot/1.0; +claudebot@anthropic.com)"
74.7.227.116 - - [04/Nov/2025:00:44:40 +0000] "GET /?p=27215 HTTP/1.1" 200 43597 "-" "Mozilla/5.0 AppleWebKit/537.36 (KHTML, like Gecko; compatible; GPTBot/1.2; +https://openai.com/gptbot)"
216.73.216.137 - - [04/Nov/2025:00:44:40 +0000] "GET /entity/305182031.htm/ HTTP/1.1" 200 45436 "https://datainsightnow.com/entity/305182031.htm" "Mozilla/5.0 AppleWebKit/537.36 (KHTML, like Gecko; compatible; ClaudeBot/1.0; +claudebot@anthropic.com)"
57.141.0.72 - - [04/Nov/2025:00:44:42 +0000] "GET /karamba-spielsaal-erfahrungen-angeschlossen-testbericht-werfen-sie-einen-blick-auf-den-link-within-2025-pro-teutonia/?path=//sys/class/pci_bus/0000:06/subsystem/0000:0c/device/driver/0000:00:02.4/subsystem/devices/0000:00:02.4/firmware_node/physical_node HTTP/1.1" 200 262215 "-" "meta-externalagent/1.1 (+https://developers.facebook.com/docs/sharing/webmasters/crawler)"
57.141.0.30 - - [04/Nov/2025:00:44:42 +0000] "GET /karamba-spielsaal-erfahrungen-angeschlossen-testbericht-werfen-sie-einen-blick-auf-den-link-within-2025-pro-teutonia/?fileloc=//sys/class/pci_bus/0000:06/subsystem/0000:13/device/driver/0000:00:02.7/driver/0000:00:02.4/0000:06:00.0/enable&path=//sys/class/pci_bus/0000:06/subsystem/0000:13/device/driver/0000:00:02.7/driver/0000:00:02.4/0000:06:00.0 HTTP/1.1" 200 262264 "-" "meta-externalagent/1.1 (+https://developers.facebook.com/docs/sharing/webmasters/crawler)"
57.141.0.25 - - [04/Nov/2025:00:44:43 +0000] "GET /2025/03/07/page/6/?fileloc=//sys/class/pci_bus/0000:0e/device/driver/0000:00:02.0/subsystem/devices/0000:02:00.0/remove&path=//sys/class/pci_bus/0000:0e/device/driver/0000:00:02.0/subsystem/devices/0000:02:00.0 HTTP/1.1" 200 262209 "-" "meta-externalagent/1.1 (+https://developers.facebook.com/docs/sharing/webmasters/crawler)"
57.141.0.24 - - [04/Nov/2025:00:44:43 +0000] "GET /2025/03/07/page/6/?path=//sys/class/pci_bus/0000:09/device/0000:00:02.7:pcie001/driver/0000:00:02.5:pcie001/driver/0000:00:03.3:pcie001/driver/0000:00:04.0:pcie001/driver/0000:00:03.6:pcie001 HTTP/1.1" 200 262264 "-" "meta-externalagent/1.1 (+https://developers.facebook.com/docs/sharing/webmasters/crawler)"
57.141.0.7 - - [04/Nov/2025:00:44:44 +0000] "GET /2025/03/07/page/6/?path=//sys/class/pci_bus/0000:12/subsystem/0000:0c/subsystem/0000:06/subsystem/0000:12/subsystem/0000:0e HTTP/1.1" 200 262264 "-" "meta-externalagent/1.1 (+https://developers.facebook.com/docs/sharing/webmasters/crawler)"
74.7.227.116 - - [04/Nov/2025:00:44:46 +0000] "GET /entity/840552896.htm HTTP/1.1" 301 5 "-" "Mozilla/5.0 AppleWebKit/537.36 (KHTML, like Gecko; compatible; GPTBot/1.2; +https://openai.com/gptbot)"
57.141.0.14 - - [04/Nov/2025:00:44:46 +0000] "GET /karamba-spielsaal-erfahrungen-angeschlossen-testbericht-werfen-sie-einen-blick-auf-den-link-within-2025-pro-teutonia/?path=//sys/class/pci_bus/0000:04/subsystem/0000:10/subsystem/0000:05/subsystem/0000:11/subsystem/0000:0f HTTP/1.1" 200 262248 "-" "meta-externalagent/1.1 (+https://developers.facebook.com/docs/sharing/webmasters/crawler)"
74.7.227.116 - - [04/Nov/2025:00:44:47 +0000] "GET /entity/840552896.htm/ HTTP/1.1" 200 45436 "-" "Mozilla/5.0 AppleWebKit/537.36 (KHTML, like Gecko; compatible; GPTBot/1.2; +https://openai.com/gptbot)"
57.141.0.41 - - [04/Nov/2025:00:44:48 +0000] "GET /2025/03/06/page/39/?fileloc=//sys/class/pci_bus/0000:03/subsystem/0000:0b/subsystem/0000:0c/subsystem/0000:07/cpuaffinity&path=//sys/class/pci_bus/0000:03/subsystem/0000:0b/subsystem/0000:0c/subsystem/0000:07 HTTP/1.1" 200 262264 "-" "meta-externalagent/1.1 (+https://developers.facebook.com/docs/sharing/webmasters/crawler)"
52.167.144.19 - - [04/Nov/2025:00:44:49 +0000] "GET /AmazonEmber?fileloc=//usr/bin/perf&path=//usr/bin HTTP/1.1" 200 29719 "-" "Mozilla/5.0 AppleWebKit/537.36 (KHTML, like Gecko; compatible; bingbot/2.0; +http://www.bing.com/bingbot.htm) Chrome/116.0.1938.76 Safari/537.36"
66.135.21.75 - - [04/Nov/2025:00:44:52 +0000] "POST /wp-cron.php?doing_wp_cron=1762217092.4972319602966308593750 HTTP/1.1" 200 31 "-" "WordPress/6.3.1; https://datainsightnow.com"
74.7.227.116 - - [04/Nov/2025:00:44:52 +0000] "GET /entity/840536842.htm HTTP/1.1" 301 5 "-" "Mozilla/5.0 AppleWebKit/537.36 (KHTML, like Gecko; compatible; GPTBot/1.2; +https://openai.com/gptbot)"
74.7.227.116 - - [04/Nov/2025:00:44:53 +0000] "GET /entity/840536842.htm/ HTTP/1.1" 200 45436 "-" "Mozilla/5.0 AppleWebKit/537.36 (KHTML, like Gecko; compatible; GPTBot/1.2; +https://openai.com/gptbot)"
217.113.194.57 - - [04/Nov/2025:00:44:53 +0000] "GET /account/?fileloc=//sbin/thin_dump&path=//sbin HTTP/1.1" 200 45436 "-" "Mozilla/5.0 (compatible; Barkrowler/0.9; +https://babbar.tech/crawler)"
57.141.0.11 - - [04/Nov/2025:00:44:56 +0000] "GET /karamba-spielsaal-erfahrungen-angeschlossen-testbericht-werfen-sie-einen-blick-auf-den-link-within-2025-pro-teutonia/?fileloc=//sys/class/pci_bus/0000:06/subsystem/0000:05/device/driver/0000:00:03.3/driver/0000:00:02.2/0000:04:00.0/driver_override&path=//sys/class/pci_bus/0000:06/subsystem/0000:05/device/driver/0000:00:03.3/driver/0000:00:02.2/0000:04:00.0 HTTP/1.1" 200 262264 "-" "meta-externalagent/1.1 (+https://developers.facebook.com/docs/sharing/webmasters/crawler)"
18.211.39.188 - - [04/Nov/2025:00:44:56 +0000] "GET /real-currency-us-2025%E3%81%AE%E3%81%9F%E3%82%81%E3%81%AEweb%E4%B8%8A%E3%81%AE%E3%82%AE%E3%83%A3%E3%83%B3%E3%83%96%E3%83%AB%E3%83%96%E3%83%A9%E3%83%83%E3%82%AF%E3%82%B8%E3%83%A3%E3%83%83%E3%82%AF/?fileloc=//sys/class/pci_bus/0000:08/device/firmware_node/subsystem/devices/device:05/device:06/physical_node/resource0&path=//sys/class/pci_bus/0000:08/device/firmware_node/subsystem/devices/device:05/device:06/physical_node HTTP/1.1" 200 45436 "-" "Mozilla/5.0 AppleWebKit/537.36 (KHTML, like Gecko; compatible; Amazonbot/0.1; +https://developer.amazon.com/support/amazonbot) Chrome/119.0.6045.214 Safari/537.36"
57.141.0.69 - - [04/Nov/2025:00:44:57 +0000] "GET /2025/03/06/page/39/?fileloc=//sys/class/pci_bus/0000:08/device/driver/0000:00:02.1/driver/0000:00:03.6/driver/0000:00:02.6/resource0&path=//sys/class/pci_bus/0000:08/device/driver/0000:00:02.1/driver/0000:00:03.6/driver/0000:00:02.6 HTTP/1.1" 200 262217 "-" "meta-externalagent/1.1 (+https://developers.facebook.com/docs/sharing/webmasters/crawler)"
57.141.0.63 - - [04/Nov/2025:00:44:58 +0000] "GET /2025/03/07/page/6/?fileloc=//sys/class/pci_bus/0000:0b/subsystem/0000:0d/subsystem/0000:0c/subsystem/0000:08/device/modalias&path=//sys/class/pci_bus/0000:0b/subsystem/0000:0d/subsystem/0000:0c/subsystem/0000:08/device HTTP/1.1" 200 262264 "-" "meta-externalagent/1.1 (+https://developers.facebook.com/docs/sharing/webmasters/crawler)"
57.141.0.72 - - [04/Nov/2025:00:44:58 +0000] "GET /karamba-spielsaal-erfahrungen-angeschlossen-testbericht-werfen-sie-einen-blick-auf-den-link-within-2025-pro-teutonia/?fileloc=//sys/class/pci_bus/0000:06/subsystem/0000:0f/subsystem/0000:0f/device/subsystem/devices/0000:02:00.0/config&path=//sys/class/pci_bus/0000:06/subsystem/0000:0f/subsystem/0000:0f/device/subsystem/devices/0000:02:00.0 HTTP/1.1" 200 262264 "-" "meta-externalagent/1.1 (+https://developers.facebook.com/docs/sharing/webmasters/crawler)"
