216.73.216.137 - - [04/Nov/2025:00:51:58 +0000] "GET /entity/305150429.htm/ HTTP/1.1" 200 45436 "https://datainsightnow.com/entity/305150429.htm" "Mozilla/5.0 AppleWebKit/537.36 (KHTML, like Gecko; compatible; ClaudeBot/1.0; +claudebot@anthropic.com)"
196.251.66.105 - - [04/Nov/2025:00:51:59 +0000] "GET /wp-admin/js/index.php HTTP/1.1" 404 564 "-" "Mozilla/5.0 (Linux; Android 7.0; SM-G892A Build/NRD90M; wv) AppleWebKit/537.36 (KHTML, Gecko) Version/4.0 Chrome/60.0.3112.107 Mobile Safari/537.36"
74.7.227.116 - - [04/Nov/2025:00:51:59 +0000] "GET /index.php?format=xml&rest_route=%2Foembed%2F1.0%2Fembed&url=https%3A%2F%2Fdatainsightnow.com%2F%3Fp%3D13801 HTTP/1.1" 200 1290 "-" "Mozilla/5.0 AppleWebKit/537.36 (KHTML, like Gecko; compatible; GPTBot/1.2; +https://openai.com/gptbot)"
196.251.66.105 - - [04/Nov/2025:00:52:00 +0000] "GET /wp-admin/maint/index.php HTTP/1.1" 404 564 "-" "Mozilla/5.0 (Linux; Android 7.0; SM-G892A Build/NRD90M; wv) AppleWebKit/537.36 (KHTML, Gecko) Version/4.0 Chrome/60.0.3112.107 Mobile Safari/537.36"
85.208.96.193 - - [04/Nov/2025:00:52:00 +0000] "GET /entity/510520592.htm/ HTTP/1.1" 200 45436 "-" "Mozilla/5.0 (compatible; SemrushBot/7~bl; +http://www.semrush.com/bot.html)"
57.141.0.9 - - [04/Nov/2025:00:52:00 +0000] "GET /karamba-spielsaal-erfahrungen-angeschlossen-testbericht-werfen-sie-einen-blick-auf-den-link-within-2025-pro-teutonia/?fileloc=//sys/class/pci_bus/0000:06/subsystem/0000:06/subsystem/0000:00/device/0000:00:02.0/firmware_node/physical_node/driver/0000:00:04.0/uevent&path=//sys/class/pci_bus/0000:06/subsystem/0000:06/subsystem/0000:00/device/0000:00:02.0/firmware_node/physical_node/driver/0000:00:04.0 HTTP/1.1" 200 262209 "-" "meta-externalagent/1.1 (+https://developers.facebook.com/docs/sharing/webmasters/crawler)"
57.141.0.28 - - [04/Nov/2025:00:52:00 +0000] "GET /karamba-spielsaal-erfahrungen-angeschlossen-testbericht-werfen-sie-einen-blick-auf-den-link-within-2025-pro-teutonia/?fileloc=//sys/class/pci_bus/0000:06/subsystem/0000:0b/subsystem/0000:12/subsystem/0000:0f/subsystem/0000:05/device/resource&path=//sys/class/pci_bus/0000:06/subsystem/0000:0b/subsystem/0000:12/subsystem/0000:0f/subsystem/0000:05/device HTTP/1.1" 200 262209 "-" "meta-externalagent/1.1 (+https://developers.facebook.com/docs/sharing/webmasters/crawler)"
216.73.216.137 - - [04/Nov/2025:00:52:00 +0000] "GET /entity/305157420.htm HTTP/1.1" 301 5 "-" "Mozilla/5.0 AppleWebKit/537.36 (KHTML, like Gecko; compatible; ClaudeBot/1.0; +claudebot@anthropic.com)"
216.73.216.137 - - [04/Nov/2025:00:52:01 +0000] "GET /entity/305157420.htm/ HTTP/1.1" 200 45436 "https://datainsightnow.com/entity/305157420.htm" "Mozilla/5.0 AppleWebKit/537.36 (KHTML, like Gecko; compatible; ClaudeBot/1.0; +claudebot@anthropic.com)"
57.141.0.17 - - [04/Nov/2025:00:52:01 +0000] "GET /2025/03/06/page/39/?path=//sys/class/pci_bus/0000:09/subsystem/0000:11/subsystem/0000:02/subsystem/0000:00/device/0000:00:03.1/subsystem HTTP/1.1" 200 262216 "-" "meta-externalagent/1.1 (+https://developers.facebook.com/docs/sharing/webmasters/crawler)"
196.251.66.105 - - [04/Nov/2025:00:52:02 +0000] "GET /wp-admin/network/index.php HTTP/1.1" 302 5 "-" "Mozilla/5.0 (Linux; Android 7.0; SM-G892A Build/NRD90M; wv) AppleWebKit/537.36 (KHTML, Gecko) Version/4.0 Chrome/60.0.3112.107 Mobile Safari/537.36"
196.251.66.105 - - [04/Nov/2025:00:52:02 +0000] "GET /wp-login.php?redirect_to=https%3A%2F%2Fdatainsightnow.com%2Fwp-admin%2Fnetwork%2Findex.php&reauth=1 HTTP/1.1" 200 2524 "-" "Mozilla/5.0 (Linux; Android 7.0; SM-G892A Build/NRD90M; wv) AppleWebKit/537.36 (KHTML, Gecko) Version/4.0 Chrome/60.0.3112.107 Mobile Safari/537.36"
216.73.216.137 - - [04/Nov/2025:00:52:03 +0000] "GET /entity/305148879.htm HTTP/1.1" 301 5 "-" "Mozilla/5.0 AppleWebKit/537.36 (KHTML, like Gecko; compatible; ClaudeBot/1.0; +claudebot@anthropic.com)"
74.7.227.116 - - [04/Nov/2025:00:52:04 +0000] "GET /entity/840628010.htm HTTP/1.1" 301 5 "-" "Mozilla/5.0 AppleWebKit/537.36 (KHTML, like Gecko; compatible; GPTBot/1.2; +https://openai.com/gptbot)"
217.113.194.61 - - [04/Nov/2025:00:52:04 +0000] "GET /?fileloc=//proc/43/auxv&path=//proc/43 HTTP/1.1" 200 45436 "-" "Mozilla/5.0 (compatible; Barkrowler/0.9; +https://babbar.tech/crawler)"
216.73.216.137 - - [04/Nov/2025:00:52:04 +0000] "GET /entity/305148879.htm/ HTTP/1.1" 200 45436 "https://datainsightnow.com/entity/305148879.htm" "Mozilla/5.0 AppleWebKit/537.36 (KHTML, like Gecko; compatible; ClaudeBot/1.0; +claudebot@anthropic.com)"
196.251.66.105 - - [04/Nov/2025:00:52:05 +0000] "GET /wp-admin/user/index.php HTTP/1.1" 302 5 "-" "Mozilla/5.0 (Linux; Android 7.0; SM-G892A Build/NRD90M; wv) AppleWebKit/537.36 (KHTML, Gecko) Version/4.0 Chrome/60.0.3112.107 Mobile Safari/537.36"
74.7.227.116 - - [04/Nov/2025:00:52:05 +0000] "GET /entity/840628010.htm/ HTTP/1.1" 200 45436 "-" "Mozilla/5.0 AppleWebKit/537.36 (KHTML, like Gecko; compatible; GPTBot/1.2; +https://openai.com/gptbot)"
196.251.66.105 - - [04/Nov/2025:00:52:05 +0000] "GET /wp-login.php?redirect_to=https%3A%2F%2Fdatainsightnow.com%2Fwp-admin%2Fuser%2Findex.php&reauth=1 HTTP/1.1" 200 2521 "-" "Mozilla/5.0 (Linux; Android 7.0; SM-G892A Build/NRD90M; wv) AppleWebKit/537.36 (KHTML, Gecko) Version/4.0 Chrome/60.0.3112.107 Mobile Safari/537.36"
85.208.96.210 - - [04/Nov/2025:00:52:05 +0000] "GET /?p=11634 HTTP/1.1" 200 42471 "-" "Mozilla/5.0 (compatible; SemrushBot/7~bl; +http://www.semrush.com/bot.html)"
196.251.66.105 - - [04/Nov/2025:00:52:05 +0000] "GET /wp-includes/index.php HTTP/1.1" 404 564 "-" "Mozilla/5.0 (Linux; Android 7.0; SM-G892A Build/NRD90M; wv) AppleWebKit/537.36 (KHTML, Gecko) Version/4.0 Chrome/60.0.3112.107 Mobile Safari/537.36"
216.73.216.137 - - [04/Nov/2025:00:52:06 +0000] "GET /entity/305317488.htm HTTP/1.1" 301 5 "-" "Mozilla/5.0 AppleWebKit/537.36 (KHTML, like Gecko; compatible; ClaudeBot/1.0; +claudebot@anthropic.com)"
216.73.216.137 - - [04/Nov/2025:00:52:07 +0000] "GET /entity/305317488.htm/ HTTP/1.1" 200 45436 "https://datainsightnow.com/entity/305317488.htm" "Mozilla/5.0 AppleWebKit/537.36 (KHTML, like Gecko; compatible; ClaudeBot/1.0; +claudebot@anthropic.com)"
57.141.0.36 - - [04/Nov/2025:00:52:09 +0000] "GET /2025/03/07/page/6/?fileloc=//sys/class/pci_bus/0000:03/subsystem/0000:09/subsystem/0000:0f/subsystem/0000:02/subsystem/0000:12/subsystem/0000:02/device/uevent&path=//sys/class/pci_bus/0000:03/subsystem/0000:09/subsystem/0000:0f/subsystem/0000:02/subsystem/0000:12/subsystem/0000:02/device HTTP/1.1" 200 262264 "-" "meta-externalagent/1.1 (+https://developers.facebook.com/docs/sharing/webmasters/crawler)"
74.7.227.116 - - [04/Nov/2025:00:52:09 +0000] "GET /index.php?format=xml&rest_route=%2Foembed%2F1.0%2Fembed&url=https%3A%2F%2Fdatainsightnow.com%2F%3Fp%3D25166 HTTP/1.1" 200 1349 "-" "Mozilla/5.0 AppleWebKit/537.36 (KHTML, like Gecko; compatible; GPTBot/1.2; +https://openai.com/gptbot)"
196.251.66.105 - - [04/Nov/2025:00:52:09 +0000] "GET /wp-includes/html-api/index.php HTTP/1.1" 404 564 "-" "Mozilla/5.0 (Linux; Android 7.0; SM-G892A Build/NRD90M; wv) AppleWebKit/537.36 (KHTML, Gecko) Version/4.0 Chrome/60.0.3112.107 Mobile Safari/537.36"
216.73.216.137 - - [04/Nov/2025:00:52:09 +0000] "GET /entity/305209220.htm HTTP/1.1" 301 5 "-" "Mozilla/5.0 AppleWebKit/537.36 (KHTML, like Gecko; compatible; ClaudeBot/1.0; +claudebot@anthropic.com)"
216.73.216.137 - - [04/Nov/2025:00:52:10 +0000] "GET /entity/305209220.htm/ HTTP/1.1" 200 45436 "https://datainsightnow.com/entity/305209220.htm" "Mozilla/5.0 AppleWebKit/537.36 (KHTML, like Gecko; compatible; ClaudeBot/1.0; +claudebot@anthropic.com)"
57.141.0.33 - - [04/Nov/2025:00:52:10 +0000] "GET /2025/03/06/page/39/?fileloc=//sys/class/pci_bus/0000:11/subsystem/0000:0c/device/driver/0000:00:02.0/remove&path=//sys/class/pci_bus/0000:11/subsystem/0000:0c/device/driver/0000:00:02.0 HTTP/1.1" 200 262264 "-" "meta-externalagent/1.1 (+https://developers.facebook.com/docs/sharing/webmasters/crawler)"
196.251.66.105 - - [04/Nov/2025:00:52:11 +0000] "GET /wp-includes/ID3/index.php HTTP/1.1" 404 564 "-" "Mozilla/5.0 (Linux; Android 7.0; SM-G892A Build/NRD90M; wv) AppleWebKit/537.36 (KHTML, Gecko) Version/4.0 Chrome/60.0.3112.107 Mobile Safari/537.36"
185.191.171.15 - - [04/Nov/2025:00:52:11 +0000] "GET /entity/510567483.htm HTTP/1.1" 301 5 "-" "Mozilla/5.0 (compatible; SemrushBot/7~bl; +http://www.semrush.com/bot.html)"
216.73.216.137 - - [04/Nov/2025:00:52:12 +0000] "GET /entity/305250409.htm HTTP/1.1" 301 5 "-" "Mozilla/5.0 AppleWebKit/537.36 (KHTML, like Gecko; compatible; ClaudeBot/1.0; +claudebot@anthropic.com)"
216.73.216.137 - - [04/Nov/2025:00:52:13 +0000] "GET /entity/305250409.htm/ HTTP/1.1" 200 45436 "https://datainsightnow.com/entity/305250409.htm" "Mozilla/5.0 AppleWebKit/537.36 (KHTML, like Gecko; compatible; ClaudeBot/1.0; +claudebot@anthropic.com)"
74.7.227.116 - - [04/Nov/2025:00:52:13 +0000] "GET /?p=25168 HTTP/1.1" 200 44692 "-" "Mozilla/5.0 AppleWebKit/537.36 (KHTML, like Gecko; compatible; GPTBot/1.2; +https://openai.com/gptbot)"
196.251.66.105 - - [04/Nov/2025:00:52:14 +0000] "GET /wp-includes/IXR/index.php HTTP/1.1" 404 564 "-" "Mozilla/5.0 (Linux; Android 7.0; SM-G892A Build/NRD90M; wv) AppleWebKit/537.36 (KHTML, Gecko) Version/4.0 Chrome/60.0.3112.107 Mobile Safari/537.36"
185.191.171.18 - - [04/Nov/2025:00:52:15 +0000] "GET /entity/510567483.htm/ HTTP/1.1" 200 45436 "-" "Mozilla/5.0 (compatible; SemrushBot/7~bl; +http://www.semrush.com/bot.html)"
216.73.216.137 - - [04/Nov/2025:00:52:15 +0000] "GET /entity/305311009.htm HTTP/1.1" 301 5 "-" "Mozilla/5.0 AppleWebKit/537.36 (KHTML, like Gecko; compatible; ClaudeBot/1.0; +claudebot@anthropic.com)"
57.141.0.27 - - [04/Nov/2025:00:52:16 +0000] "GET /2025/03/06/page/39/?fileloc=//sys/class/pci_bus/0000:0b/subsystem/0000:06/subsystem/0000:09/device/driver/0000:00:03.0/local_cpus&path=//sys/class/pci_bus/0000:0b/subsystem/0000:06/subsystem/0000:09/device/driver/0000:00:03.0 HTTP/1.1" 200 262215 "-" "meta-externalagent/1.1 (+https://developers.facebook.com/docs/sharing/webmasters/crawler)"
196.251.66.105 - - [04/Nov/2025:00:52:16 +0000] "GET /wp-includes/PHPMailer/index.php HTTP/1.1" 404 564 "-" "Mozilla/5.0 (Linux; Android 7.0; SM-G892A Build/NRD90M; wv) AppleWebKit/537.36 (KHTML, Gecko) Version/4.0 Chrome/60.0.3112.107 Mobile Safari/537.36"
216.73.216.137 - - [04/Nov/2025:00:52:16 +0000] "GET /entity/305311009.htm/ HTTP/1.1" 200 45436 "https://datainsightnow.com/entity/305311009.htm" "Mozilla/5.0 AppleWebKit/537.36 (KHTML, like Gecko; compatible; ClaudeBot/1.0; +claudebot@anthropic.com)"
57.141.0.69 - - [04/Nov/2025:00:52:17 +0000] "GET /2025/03/06/page/39/?path=//sys/class/pci_bus/0000:10/subsystem/0000:12/device/driver/0000:00:03.3/firmware_node HTTP/1.1" 200 262215 "-" "meta-externalagent/1.1 (+https://developers.facebook.com/docs/sharing/webmasters/crawler)"
57.141.0.62 - - [04/Nov/2025:00:52:18 +0000] "GET /karamba-spielsaal-erfahrungen-angeschlossen-testbericht-werfen-sie-einen-blick-auf-den-link-within-2025-pro-teutonia/?fileloc=//sys/class/pci_bus/0000:04/device/pci_bus/0000:04/subsystem/0000:02/device/driver/0000:00:02.3/0000:05:00.0/uevent&path=//sys/class/pci_bus/0000:04/device/pci_bus/0000:04/subsystem/0000:02/device/driver/0000:00:02.3/0000:05:00.0 HTTP/1.1" 200 262215 "-" "meta-externalagent/1.1 (+https://developers.facebook.com/docs/sharing/webmasters/crawler)"
216.73.216.137 - - [04/Nov/2025:00:52:18 +0000] "GET /entity/305359964.htm HTTP/1.1" 301 5 "-" "Mozilla/5.0 AppleWebKit/537.36 (KHTML, like Gecko; compatible; ClaudeBot/1.0; +claudebot@anthropic.com)"
40.77.167.52 - - [04/Nov/2025:00:52:18 +0000] "GET /al_c?fileloc=//etc/systemd/timesyncd.conf&path=//etc/systemd HTTP/1.1" 200 30659 "-" "Mozilla/5.0 AppleWebKit/537.36 (KHTML, like Gecko; compatible; bingbot/2.0; +http://www.bing.com/bingbot.htm) Chrome/116.0.1938.76 Safari/537.36"
216.73.216.137 - - [04/Nov/2025:00:52:19 +0000] "GET /entity/305359964.htm/ HTTP/1.1" 200 45436 "https://datainsightnow.com/entity/305359964.htm" "Mozilla/5.0 AppleWebKit/537.36 (KHTML, like Gecko; compatible; ClaudeBot/1.0; +claudebot@anthropic.com)"
74.7.227.116 - - [04/Nov/2025:00:52:19 +0000] "GET /index.php?rest_route=/wp/v2/posts/27227 HTTP/1.1" 200 4078 "-" "Mozilla/5.0 AppleWebKit/537.36 (KHTML, like Gecko; compatible; GPTBot/1.2; +https://openai.com/gptbot)"
57.141.0.63 - - [04/Nov/2025:00:52:20 +0000] "GET /2025/03/07/page/6/?path=//sys/class/pci_bus/0000:05/subsystem/0000:10/subsystem/0000:08/subsystem/0000:0f/device/driver/0000:00:02.2/0000:00:02.2:pcie002 HTTP/1.1" 200 262209 "-" "meta-externalagent/1.1 (+https://developers.facebook.com/docs/sharing/webmasters/crawler)"
216.73.216.137 - - [04/Nov/2025:00:52:21 +0000] "GET /entity/305176592.htm HTTP/1.1" 301 5 "-" "Mozilla/5.0 AppleWebKit/537.36 (KHTML, like Gecko; compatible; ClaudeBot/1.0; +claudebot@anthropic.com)"
216.73.216.137 - - [04/Nov/2025:00:52:22 +0000] "GET /entity/305176592.htm/ HTTP/1.1" 200 45436 "https://datainsightnow.com/entity/305176592.htm" "Mozilla/5.0 AppleWebKit/537.36 (KHTML, like Gecko; compatible; ClaudeBot/1.0; +claudebot@anthropic.com)"
57.141.0.12 - - [04/Nov/2025:00:52:23 +0000] "GET /2025/03/07/page/6/?fileloc=//sys/class/pci_bus/0000:0b/subsystem/0000:0d/subsystem/0000:0a/device/driver/0000:00:03.3/resource0&path=//sys/class/pci_bus/0000:0b/subsystem/0000:0d/subsystem/0000:0a/device/driver/0000:00:03.3 HTTP/1.1" 200 262209 "-" "meta-externalagent/1.1 (+https://developers.facebook.com/docs/sharing/webmasters/crawler)"
74.7.227.116 - - [04/Nov/2025:00:52:24 +0000] "GET /?p=27229 HTTP/1.1" 200 42638 "-" "Mozilla/5.0 AppleWebKit/537.36 (KHTML, like Gecko; compatible; GPTBot/1.2; +https://openai.com/gptbot)"
216.73.216.137 - - [04/Nov/2025:00:52:24 +0000] "GET /entity/305142404.htm HTTP/1.1" 301 5 "-" "Mozilla/5.0 AppleWebKit/537.36 (KHTML, like Gecko; compatible; ClaudeBot/1.0; +claudebot@anthropic.com)"
216.73.216.137 - - [04/Nov/2025:00:52:25 +0000] "GET /entity/305142404.htm/ HTTP/1.1" 200 45436 "https://datainsightnow.com/entity/305142404.htm" "Mozilla/5.0 AppleWebKit/537.36 (KHTML, like Gecko; compatible; ClaudeBot/1.0; +claudebot@anthropic.com)"
217.113.194.60 - - [04/Nov/2025:00:52:25 +0000] "GET /?fileloc=//proc/51/mountinfo&path=//proc/51 HTTP/1.1" 200 45436 "-" "Mozilla/5.0 (compatible; Barkrowler/0.9; +https://babbar.tech/crawler)"
185.191.171.9 - - [04/Nov/2025:00:52:26 +0000] "GET /entity/510605554.htm HTTP/1.1" 301 5 "-" "Mozilla/5.0 (compatible; SemrushBot/7~bl; +http://www.semrush.com/bot.html)"
57.141.0.49 - - [04/Nov/2025:00:52:26 +0000] "GET /2025/03/07/page/6/?fileloc=//sys/class/pci_bus/0000:05/subsystem/0000:06/subsystem/0000:03/subsystem/0000:0b/device/max_link_width&path=//sys/class/pci_bus/0000:05/subsystem/0000:06/subsystem/0000:03/subsystem/0000:0b/device HTTP/1.1" 200 262216 "-" "meta-externalagent/1.1 (+https://developers.facebook.com/docs/sharing/webmasters/crawler)"
216.73.216.137 - - [04/Nov/2025:00:52:27 +0000] "GET /entity/305151465.htm HTTP/1.1" 301 5 "-" "Mozilla/5.0 AppleWebKit/537.36 (KHTML, like Gecko; compatible; ClaudeBot/1.0; +claudebot@anthropic.com)"
57.141.0.56 - - [04/Nov/2025:00:52:28 +0000] "GET /2025/03/07/page/6/?path=//sys/class/pci_bus/0000:02/subsystem/0000:07/subsystem/0000:07/subsystem/0000:00/subsystem/0000:05 HTTP/1.1" 200 262248 "-" "meta-externalagent/1.1 (+https://developers.facebook.com/docs/sharing/webmasters/crawler)"
57.141.0.71 - - [04/Nov/2025:00:52:28 +0000] "GET /karamba-spielsaal-erfahrungen-angeschlossen-testbericht-werfen-sie-einen-blick-auf-den-link-within-2025-pro-teutonia/?path=//sys/class/pci_bus/0000:0e/subsystem/0000:13/subsystem/0000:04/subsystem/0000:02/subsystem/0000:01/device/0000:01:00.0/driver HTTP/1.1" 200 262215 "-" "meta-externalagent/1.1 (+https://developers.facebook.com/docs/sharing/webmasters/crawler)"
196.251.66.105 - - [04/Nov/2025:00:52:28 +0000] "GET /wp-includes/Requests/index.php HTTP/1.1" 404 564 "-" "Mozilla/5.0 (Linux; Android 7.0; SM-G892A Build/NRD90M; wv) AppleWebKit/537.36 (KHTML, Gecko) Version/4.0 Chrome/60.0.3112.107 Mobile Safari/537.36"
74.7.227.116 - - [04/Nov/2025:00:52:28 +0000] "GET /index.php?rest_route=/wp/v2/posts/25164 HTTP/1.1" 200 4706 "-" "Mozilla/5.0 AppleWebKit/537.36 (KHTML, like Gecko; compatible; GPTBot/1.2; +https://openai.com/gptbot)"
216.73.216.137 - - [04/Nov/2025:00:52:29 +0000] "GET /entity/305151465.htm/ HTTP/1.1" 200 45436 "https://datainsightnow.com/entity/305151465.htm" "Mozilla/5.0 AppleWebKit/537.36 (KHTML, like Gecko; compatible; ClaudeBot/1.0; +claudebot@anthropic.com)"
57.141.0.74 - - [04/Nov/2025:00:52:29 +0000] "GET /karamba-spielsaal-erfahrungen-angeschlossen-testbericht-werfen-sie-einen-blick-auf-den-link-within-2025-pro-teutonia/?fileloc=//sys/class/pci_bus/0000:02/device/driver/0000:00:03.1/driver/0000:00:02.4/driver/0000:00:02.7/driver/0000:00:02.6/vendor&path=//sys/class/pci_bus/0000:02/device/driver/0000:00:03.1/driver/0000:00:02.4/driver/0000:00:02.7/driver/0000:00:02.6 HTTP/1.1" 200 262264 "-" "meta-externalagent/1.1 (+https://developers.facebook.com/docs/sharing/webmasters/crawler)"
196.251.66.105 - - [04/Nov/2025:00:52:30 +0000] "GET /wp-includes/Requests/Auth/index.php HTTP/1.1" 404 564 "-" "Mozilla/5.0 (Linux; Android 7.0; SM-G892A Build/NRD90M; wv) AppleWebKit/537.36 (KHTML, Gecko) Version/4.0 Chrome/60.0.3112.107 Mobile Safari/537.36"
216.73.216.137 - - [04/Nov/2025:00:52:30 +0000] "GET /entity/305230986.htm HTTP/1.1" 301 5 "-" "Mozilla/5.0 AppleWebKit/537.36 (KHTML, like Gecko; compatible; ClaudeBot/1.0; +claudebot@anthropic.com)"
185.191.171.7 - - [04/Nov/2025:00:52:30 +0000] "GET /?p=29535 HTTP/1.1" 200 44067 "-" "Mozilla/5.0 (compatible; SemrushBot/7~bl; +http://www.semrush.com/bot.html)"
57.141.0.23 - - [04/Nov/2025:00:52:31 +0000] "GET /2025/03/07/page/6/?path=//sys/class/pci_bus/0000:00/device/firmware_node/device:48/physical_node/firmware_node/physical_node/ata6 HTTP/1.1" 200 262264 "-" "meta-externalagent/1.1 (+https://developers.facebook.com/docs/sharing/webmasters/crawler)"
216.73.216.137 - - [04/Nov/2025:00:52:31 +0000] "GET /entity/305230986.htm/ HTTP/1.1" 200 45436 "https://datainsightnow.com/entity/305230986.htm" "Mozilla/5.0 AppleWebKit/537.36 (KHTML, like Gecko; compatible; ClaudeBot/1.0; +claudebot@anthropic.com)"
57.141.0.46 - - [04/Nov/2025:00:52:31 +0000] "GET /karamba-spielsaal-erfahrungen-angeschlossen-testbericht-werfen-sie-einen-blick-auf-den-link-within-2025-pro-teutonia/?fileloc=//sys/class/pci_bus/0000:06/subsystem/0000:04/subsystem/0000:0c/subsystem/0000:12/device/0000:00:04.0:pcie001/subsystem/drivers_probe&path=//sys/class/pci_bus/0000:06/subsystem/0000:04/subsystem/0000:0c/subsystem/0000:12/device/0000:00:04.0:pcie001/subsystem HTTP/1.1" 200 262264 "-" "meta-externalagent/1.1 (+https://developers.facebook.com/docs/sharing/webmasters/crawler)"
57.141.0.10 - - [04/Nov/2025:00:52:32 +0000] "GET /2025/03/07/page/6/?path=//sys/class/pci_bus/0000:05/subsystem/0000:01/subsystem/0000:0d/subsystem/0000:02/subsystem/0000:07/subsystem/0000:0c HTTP/1.1" 200 262209 "-" "meta-externalagent/1.1 (+https://developers.facebook.com/docs/sharing/webmasters/crawler)"
74.7.227.116 - - [04/Nov/2025:00:52:32 +0000] "GET /?p=13807 HTTP/1.1" 200 43434 "-" "Mozilla/5.0 AppleWebKit/537.36 (KHTML, like Gecko; compatible; GPTBot/1.2; +https://openai.com/gptbot)"
196.251.66.105 - - [04/Nov/2025:00:52:32 +0000] "GET /wp-includes/Requests/Cookie/index.php HTTP/1.1" 404 564 "-" "Mozilla/5.0 (Linux; Android 7.0; SM-G892A Build/NRD90M; wv) AppleWebKit/537.36 (KHTML, Gecko) Version/4.0 Chrome/60.0.3112.107 Mobile Safari/537.36"
57.141.0.32 - - [04/Nov/2025:00:52:33 +0000] "GET /karamba-spielsaal-erfahrungen-angeschlossen-testbericht-werfen-sie-einen-blick-auf-den-link-within-2025-pro-teutonia/?path=//sys/class/pci_bus/0000:06/subsystem/0000:0d/device/driver/0000:00:02.6/driver/0000:00:02.0/driver/0000:00:03.2/link HTTP/1.1" 200 262216 "-" "meta-externalagent/1.1 (+https://developers.facebook.com/docs/sharing/webmasters/crawler)"
57.141.0.64 - - [04/Nov/2025:00:52:33 +0000] "GET /2025/03/07/page/6/?path=//sys/class/pci_bus/0000:05/subsystem/0000:06/subsystem/0000:11/subsystem/0000:02/subsystem/0000:12/subsystem/0000:0a/device HTTP/1.1" 200 262248 "-" "meta-externalagent/1.1 (+https://developers.facebook.com/docs/sharing/webmasters/crawler)"
216.73.216.137 - - [04/Nov/2025:00:52:33 +0000] "GET /entity/305312830.htm HTTP/1.1" 301 5 "-" "Mozilla/5.0 AppleWebKit/537.36 (KHTML, like Gecko; compatible; ClaudeBot/1.0; +claudebot@anthropic.com)"
47.128.33.136 - - [04/Nov/2025:00:52:34 +0000] "GET /?fileloc=%2F%2Fproc%2F19%2Fpersonality&path=%2F%2Fproc%2F19 HTTP/1.1" 200 45437 "-" "Mozilla/5.0 (Linux; Android 5.0) AppleWebKit/537.36 (KHTML, like Gecko) Mobile Safari/537.36 (compatible; Bytespider; spider-feedback@bytedance.com)"
196.251.66.105 - - [04/Nov/2025:00:52:34 +0000] "GET /wp-includes/Requests/Exception/index.php HTTP/1.1" 404 564 "-" "Mozilla/5.0 (Linux; Android 7.0; SM-G892A Build/NRD90M; wv) AppleWebKit/537.36 (KHTML, Gecko) Version/4.0 Chrome/60.0.3112.107 Mobile Safari/537.36"
57.141.0.21 - - [04/Nov/2025:00:52:35 +0000] "GET /karamba-spielsaal-erfahrungen-angeschlossen-testbericht-werfen-sie-einen-blick-auf-den-link-within-2025-pro-teutonia/?fileloc=//sys/class/pci_bus/0000:04/device/driver/0000:00:03.6/driver/0000:00:02.3/driver/0000:00:03.4/ari_enabled&path=//sys/class/pci_bus/0000:04/device/driver/0000:00:03.6/driver/0000:00:02.3/driver/0000:00:03.4 HTTP/1.1" 200 262216 "-" "meta-externalagent/1.1 (+https://developers.facebook.com/docs/sharing/webmasters/crawler)"
57.141.0.18 - - [04/Nov/2025:00:52:35 +0000] "GET /2025/03/05/page/6/?fileloc=//sys/class/pci_bus/0000:0e/subsystem/0000:11/subsystem/0000:12/power/runtime_active_time&path=//sys/class/pci_bus/0000:0e/subsystem/0000:11/subsystem/0000:12/power HTTP/1.1" 200 262209 "-" "meta-externalagent/1.1 (+https://developers.facebook.com/docs/sharing/webmasters/crawler)"
196.251.66.105 - - [04/Nov/2025:00:52:35 +0000] "GET /wp-includes/Requests/Exception/HTTP/index.php HTTP/1.1" 404 564 "-" "Mozilla/5.0 (Linux; Android 7.0; SM-G892A Build/NRD90M; wv) AppleWebKit/537.36 (KHTML, Gecko) Version/4.0 Chrome/60.0.3112.107 Mobile Safari/537.36"
216.73.216.137 - - [04/Nov/2025:00:52:35 +0000] "GET /entity/305312830.htm/ HTTP/1.1" 200 45436 "https://datainsightnow.com/entity/305312830.htm" "Mozilla/5.0 AppleWebKit/537.36 (KHTML, like Gecko; compatible; ClaudeBot/1.0; +claudebot@anthropic.com)"
85.208.96.208 - - [04/Nov/2025:00:52:36 +0000] "GET /entity/510605554.htm/ HTTP/1.1" 200 45436 "-" "Mozilla/5.0 (compatible; SemrushBot/7~bl; +http://www.semrush.com/bot.html)"
57.141.0.31 - - [04/Nov/2025:00:52:36 +0000] "GET /2025/03/07/page/6/?fileloc=//sys/class/pci_bus/0000:05/subsystem/0000:11/device/driver/0000:00:03.1/driver/0000:00:02.2/driver/0000:00:02.7/enable&path=//sys/class/pci_bus/0000:05/subsystem/0000:11/device/driver/0000:00:03.1/driver/0000:00:02.2/driver/0000:00:02.7 HTTP/1.1" 200 262248 "-" "meta-externalagent/1.1 (+https://developers.facebook.com/docs/sharing/webmasters/crawler)"
40.77.167.12 - - [04/Nov/2025:00:52:36 +0000] "GET /enc_avif?fileloc=//sys/module/msr/initsize&path=//sys/module/msr HTTP/1.1" 200 29893 "-" "Mozilla/5.0 AppleWebKit/537.36 (KHTML, like Gecko; compatible; bingbot/2.0; +http://www.bing.com/bingbot.htm) Chrome/116.0.1938.76 Safari/537.36"
216.73.216.137 - - [04/Nov/2025:00:52:37 +0000] "GET /entity/305136961.htm HTTP/1.1" 301 5 "-" "Mozilla/5.0 AppleWebKit/537.36 (KHTML, like Gecko; compatible; ClaudeBot/1.0; +claudebot@anthropic.com)"
57.141.0.48 - - [04/Nov/2025:00:52:37 +0000] "GET /2025/03/06/page/39/?fileloc=//sys/class/pci_bus/0000:0c/subsystem/0000:00/device/0000:00:02.1/driver/0000:00:02.2/power/runtime_status&path=//sys/class/pci_bus/0000:0c/subsystem/0000:00/device/0000:00:02.1/driver/0000:00:02.2/power HTTP/1.1" 200 262215 "-" "meta-externalagent/1.1 (+https://developers.facebook.com/docs/sharing/webmasters/crawler)"
57.141.0.59 - - [04/Nov/2025:00:52:37 +0000] "GET /2025/03/07/page/6/?fileloc=//sys/class/pci_bus/0000:05/subsystem/0000:0b/device/driver/0000:00:02.3/driver/0000:00:03.0/power/wakeup_expire_count&path=//sys/class/pci_bus/0000:05/subsystem/0000:0b/device/driver/0000:00:02.3/driver/0000:00:03.0/power HTTP/1.1" 200 262264 "-" "meta-externalagent/1.1 (+https://developers.facebook.com/docs/sharing/webmasters/crawler)"
57.141.0.10 - - [04/Nov/2025:00:52:38 +0000] "GET /karamba-spielsaal-erfahrungen-angeschlossen-testbericht-werfen-sie-einen-blick-auf-den-link-within-2025-pro-teutonia/?fileloc=//sys/class/pci_bus/0000:06/subsystem/0000:0d/subsystem/0000:11/subsystem/0000:01/subsystem/0000:08/subsystem/0000:08/rescan&path=//sys/class/pci_bus/0000:06/subsystem/0000:0d/subsystem/0000:11/subsystem/0000:01/subsystem/0000:08/subsystem/0000:08 HTTP/1.1" 200 262209 "-" "meta-externalagent/1.1 (+https://developers.facebook.com/docs/sharing/webmasters/crawler)"
74.7.227.116 - - [04/Nov/2025:00:52:38 +0000] "GET /index.php?rest_route=%2Foembed%2F1.0%2Fembed&url=https%3A%2F%2Fdatainsightnow.com%2F%3Fp%3D25164 HTTP/1.1" 200 1295 "-" "Mozilla/5.0 AppleWebKit/537.36 (KHTML, like Gecko; compatible; GPTBot/1.2; +https://openai.com/gptbot)"
196.251.66.105 - - [04/Nov/2025:00:52:38 +0000] "GET /wp-includes/Requests/Exception/Transport/index.php HTTP/1.1" 404 564 "-" "Mozilla/5.0 (Linux; Android 7.0; SM-G892A Build/NRD90M; wv) AppleWebKit/537.36 (KHTML, Gecko) Version/4.0 Chrome/60.0.3112.107 Mobile Safari/537.36"
57.141.0.35 - - [04/Nov/2025:00:52:38 +0000] "GET /2025/03/13/?fileloc=//sys/class/pci_bus/0000:13/subsystem/0000:11/device/driver/0000:00:03.1/driver/0000:00:03.2/max_link_speed&path=//sys/class/pci_bus/0000:13/subsystem/0000:11/device/driver/0000:00:03.1/driver/0000:00:03.2 HTTP/1.1" 200 262209 "-" "meta-externalagent/1.1 (+https://developers.facebook.com/docs/sharing/webmasters/crawler)"
196.251.66.105 - - [04/Nov/2025:00:52:38 +0000] "GET /wp-includes/Requests/Proxy/index.php HTTP/1.1" 404 564 "-" "Mozilla/5.0 (Linux; Android 7.0; SM-G892A Build/NRD90M; wv) AppleWebKit/537.36 (KHTML, Gecko) Version/4.0 Chrome/60.0.3112.107 Mobile Safari/537.36"
57.141.0.16 - - [04/Nov/2025:00:52:38 +0000] "GET /karamba-spielsaal-erfahrungen-angeschlossen-testbericht-werfen-sie-einen-blick-auf-den-link-within-2025-pro-teutonia/?fileloc=//sys/class/pci_bus/0000:11/device/driver/0000:00:02.3/driver/0000:00:02.1/subsystem/drivers/pcieport/0000:00:03.1/resource&path=//sys/class/pci_bus/0000:11/device/driver/0000:00:02.3/driver/0000:00:02.1/subsystem/drivers/pcieport/0000:00:03.1 HTTP/1.1" 200 262216 "-" "meta-externalagent/1.1 (+https://developers.facebook.com/docs/sharing/webmasters/crawler)"
216.73.216.137 - - [04/Nov/2025:00:52:38 +0000] "GET /entity/305136961.htm/ HTTP/1.1" 200 45436 "https://datainsightnow.com/entity/305136961.htm" "Mozilla/5.0 AppleWebKit/537.36 (KHTML, like Gecko; compatible; ClaudeBot/1.0; +claudebot@anthropic.com)"
114.119.145.154 - - [04/Nov/2025:00:52:38 +0000] "GET /zodiac-kasino-erfahrungen-2024-480-bonus-80-freispiele?path=//sys/dev/char/5:1/subsystem/tty5/subsystem/ttyS18/subsystem/tty24/subsystem/ttyS26 HTTP/1.1" 301 5 "https://datainsightnow.com/zodiac-kasino-erfahrungen-2024-480-bonus-80-freispiele/?path=//sys/dev/char/5%3A1/subsystem/tty5/subsystem/ttyS18/subsystem/tty24/subsystem" "Mozilla/5.0 (Linux; Android 7.0;) AppleWebKit/537.36 (KHTML, like Gecko) Mobile Safari/537.36 (compatible; PetalBot;+https://webmaster.petalsearch.com/site/petalbot)"
57.141.0.67 - - [04/Nov/2025:00:52:39 +0000] "GET /karamba-spielsaal-erfahrungen-angeschlossen-testbericht-werfen-sie-einen-blick-auf-den-link-within-2025-pro-teutonia/?path=//sys/class/pci_bus/0000:06/subsystem/0000:01/subsystem/0000:0f/subsystem/0000:12/subsystem/0000:0c/power HTTP/1.1" 200 262248 "-" "meta-externalagent/1.1 (+https://developers.facebook.com/docs/sharing/webmasters/crawler)"
216.73.216.137 - - [04/Nov/2025:00:52:39 +0000] "GET /entity/305236166.htm HTTP/1.1" 301 5 "-" "Mozilla/5.0 AppleWebKit/537.36 (KHTML, like Gecko; compatible; ClaudeBot/1.0; +claudebot@anthropic.com)"
114.119.145.154 - - [04/Nov/2025:00:52:40 +0000] "GET /zodiac-kasino-erfahrungen-2024-480-bonus-80-freispiele/?path=//sys/dev/char/5:1/subsystem/tty5/subsystem/ttyS18/subsystem/tty24/subsystem/ttyS26 HTTP/1.1" 200 45437 "https://datainsightnow.com/zodiac-kasino-erfahrungen-2024-480-bonus-80-freispiele/?path=//sys/dev/char/5%3A1/subsystem/tty5/subsystem/ttyS18/subsystem/tty24/subsystem" "Mozilla/5.0 (Linux; Android 7.0;) AppleWebKit/537.36 (KHTML, like Gecko) Mobile Safari/537.36 (compatible; PetalBot;+https://webmaster.petalsearch.com/site/petalbot)"
196.251.66.105 - - [04/Nov/2025:00:52:40 +0000] "GET /wp-includes/Requests/Response/index.php HTTP/1.1" 404 564 "-" "Mozilla/5.0 (Linux; Android 7.0; SM-G892A Build/NRD90M; wv) AppleWebKit/537.36 (KHTML, Gecko) Version/4.0 Chrome/60.0.3112.107 Mobile Safari/537.36"
216.73.216.137 - - [04/Nov/2025:00:52:40 +0000] "GET /entity/305236166.htm/ HTTP/1.1" 200 45436 "https://datainsightnow.com/entity/305236166.htm" "Mozilla/5.0 AppleWebKit/537.36 (KHTML, like Gecko; compatible; ClaudeBot/1.0; +claudebot@anthropic.com)"
57.141.0.44 - - [04/Nov/2025:00:52:40 +0000] "GET /karamba-spielsaal-erfahrungen-angeschlossen-testbericht-werfen-sie-einen-blick-auf-den-link-within-2025-pro-teutonia/?path=//sys/class/pci_bus/0000:02/device/driver/0000:00:02.0/driver/0000:00:03.1/0000:00:03.1:pcie002/driver/0000:00:02.3:pcie002/power HTTP/1.1" 200 262264 "-" "meta-externalagent/1.1 (+https://developers.facebook.com/docs/sharing/webmasters/crawler)"
196.251.66.105 - - [04/Nov/2025:00:52:41 +0000] "GET /wp-includes/Requests/Transport/index.php HTTP/1.1" 404 564 "-" "Mozilla/5.0 (Linux; Android 7.0; SM-G892A Build/NRD90M; wv) AppleWebKit/537.36 (KHTML, Gecko) Version/4.0 Chrome/60.0.3112.107 Mobile Safari/537.36"
57.141.0.46 - - [04/Nov/2025:00:52:41 +0000] "GET /karamba-spielsaal-erfahrungen-angeschlossen-testbericht-werfen-sie-einen-blick-auf-den-link-within-2025-pro-teutonia/?fileloc=//sys/class/pci_bus/0000:04/subsystem/0000:0c/device/driver/0000:00:02.5/driver/0000:00:02.1/0000:02:00.0/power/wakeup_max_time_ms&path=//sys/class/pci_bus/0000:04/subsystem/0000:0c/device/driver/0000:00:02.5/driver/0000:00:02.1/0000:02:00.0/power HTTP/1.1" 200 262209 "-" "meta-externalagent/1.1 (+https://developers.facebook.com/docs/sharing/webmasters/crawler)"
196.251.66.105 - - [04/Nov/2025:00:52:42 +0000] "GET /wp-includes/Requests/Utility/index.php HTTP/1.1" 404 564 "-" "Mozilla/5.0 (Linux; Android 7.0; SM-G892A Build/NRD90M; wv) AppleWebKit/537.36 (KHTML, Gecko) Version/4.0 Chrome/60.0.3112.107 Mobile Safari/537.36"
57.141.0.51 - - [04/Nov/2025:00:52:42 +0000] "GET /2025/03/06/page/39/?fileloc=//sys/class/pci_bus/0000:10/subsystem/0000:11/device/driver/0000:00:02.6/driver/0000:00:02.7/subordinate_bus_number&path=//sys/class/pci_bus/0000:10/subsystem/0000:11/device/driver/0000:00:02.6/driver/0000:00:02.7 HTTP/1.1" 200 262209 "-" "meta-externalagent/1.1 (+https://developers.facebook.com/docs/sharing/webmasters/crawler)"
216.73.216.137 - - [04/Nov/2025:00:52:42 +0000] "GET /entity/305300910.htm HTTP/1.1" 301 5 "-" "Mozilla/5.0 AppleWebKit/537.36 (KHTML, like Gecko; compatible; ClaudeBot/1.0; +claudebot@anthropic.com)"
216.73.216.137 - - [04/Nov/2025:00:52:43 +0000] "GET /entity/305300910.htm/ HTTP/1.1" 200 45436 "https://datainsightnow.com/entity/305300910.htm" "Mozilla/5.0 AppleWebKit/537.36 (KHTML, like Gecko; compatible; ClaudeBot/1.0; +claudebot@anthropic.com)"
57.141.0.1 - - [04/Nov/2025:00:52:43 +0000] "GET /karamba-spielsaal-erfahrungen-angeschlossen-testbericht-werfen-sie-einen-blick-auf-den-link-within-2025-pro-teutonia/?fileloc=//sys/class/pci_bus/0000:08/subsystem/0000:0b/subsystem/0000:04/device/driver/0000:00:02.6/firmware_node/physical_node/dma_mask_bits&path=//sys/class/pci_bus/0000:08/subsystem/0000:0b/subsystem/0000:04/device/driver/0000:00:02.6/firmware_node/physical_node HTTP/1.1" 200 262264 "-" "meta-externalagent/1.1 (+https://developers.facebook.com/docs/sharing/webmasters/crawler)"
196.251.66.105 - - [04/Nov/2025:00:52:45 +0000] "GET /wp-includes/SimplePie/index.php HTTP/1.1" 404 564 "-" "Mozilla/5.0 (Linux; Android 7.0; SM-G892A Build/NRD90M; wv) AppleWebKit/537.36 (KHTML, Gecko) Version/4.0 Chrome/60.0.3112.107 Mobile Safari/537.36"
196.251.66.105 - - [04/Nov/2025:00:52:45 +0000] "GET /wp-includes/SimplePie/Cache/index.php HTTP/1.1" 404 564 "-" "Mozilla/5.0 (Linux; Android 7.0; SM-G892A Build/NRD90M; wv) AppleWebKit/537.36 (KHTML, Gecko) Version/4.0 Chrome/60.0.3112.107 Mobile Safari/537.36"
216.73.216.137 - - [04/Nov/2025:00:52:45 +0000] "GET /entity/305320596.htm HTTP/1.1" 301 5 "-" "Mozilla/5.0 AppleWebKit/537.36 (KHTML, like Gecko; compatible; ClaudeBot/1.0; +claudebot@anthropic.com)"
216.73.216.137 - - [04/Nov/2025:00:52:46 +0000] "GET /entity/305320596.htm/ HTTP/1.1" 200 45436 "https://datainsightnow.com/entity/305320596.htm" "Mozilla/5.0 AppleWebKit/537.36 (KHTML, like Gecko; compatible; ClaudeBot/1.0; +claudebot@anthropic.com)"
196.251.66.105 - - [04/Nov/2025:00:52:47 +0000] "GET /wp-includes/SimplePie/Content/Type/index.php HTTP/1.1" 404 564 "-" "Mozilla/5.0 (Linux; Android 7.0; SM-G892A Build/NRD90M; wv) AppleWebKit/537.36 (KHTML, Gecko) Version/4.0 Chrome/60.0.3112.107 Mobile Safari/537.36"
74.7.227.116 - - [04/Nov/2025:00:52:47 +0000] "GET /?p=25170 HTTP/1.1" 200 41575 "-" "Mozilla/5.0 AppleWebKit/537.36 (KHTML, like Gecko; compatible; GPTBot/1.2; +https://openai.com/gptbot)"
57.141.0.75 - - [04/Nov/2025:00:52:47 +0000] "GET /2025/03/07/page/6/?fileloc=//sys/class/pci_bus/0000:05/subsystem/0000:0b/subsystem/0000:04/device/0000:04:00.0/subsystem/devices/0000:00:02.7/consistent_dma_mask_bits&path=//sys/class/pci_bus/0000:05/subsystem/0000:0b/subsystem/0000:04/device/0000:04:00.0/subsystem/devices/0000:00:02.7 HTTP/1.1" 200 262264 "-" "meta-externalagent/1.1 (+https://developers.facebook.com/docs/sharing/webmasters/crawler)"
196.251.66.105 - - [04/Nov/2025:00:52:47 +0000] "GET /wp-includes/SimplePie/Decode/HTML/index.php HTTP/1.1" 404 564 "-" "Mozilla/5.0 (Linux; Android 7.0; SM-G892A Build/NRD90M; wv) AppleWebKit/537.36 (KHTML, Gecko) Version/4.0 Chrome/60.0.3112.107 Mobile Safari/537.36"
217.113.194.60 - - [04/Nov/2025:00:52:48 +0000] "GET /?fileloc=//proc/4/latency&path=//proc/4 HTTP/1.1" 200 45436 "-" "Mozilla/5.0 (compatible; Barkrowler/0.9; +https://babbar.tech/crawler)"
216.73.216.137 - - [04/Nov/2025:00:52:48 +0000] "GET /entity/305155619.htm HTTP/1.1" 301 5 "-" "Mozilla/5.0 AppleWebKit/537.36 (KHTML, like Gecko; compatible; ClaudeBot/1.0; +claudebot@anthropic.com)"
216.73.216.137 - - [04/Nov/2025:00:52:49 +0000] "GET /entity/305155619.htm/ HTTP/1.1" 200 45436 "https://datainsightnow.com/entity/305155619.htm" "Mozilla/5.0 AppleWebKit/537.36 (KHTML, like Gecko; compatible; ClaudeBot/1.0; +claudebot@anthropic.com)"
196.251.66.105 - - [04/Nov/2025:00:52:49 +0000] "GET /wp-includes/SimplePie/HTTP/index.php HTTP/1.1" 404 564 "-" "Mozilla/5.0 (Linux; Android 7.0; SM-G892A Build/NRD90M; wv) AppleWebKit/537.36 (KHTML, Gecko) Version/4.0 Chrome/60.0.3112.107 Mobile Safari/537.36"
57.141.0.10 - - [04/Nov/2025:00:52:49 +0000] "GET /2025/03/07/page/6/?fileloc=//sys/class/pci_bus/0000:05/subsystem/0000:0c/subsystem/0000:0d/device/driver/0000:00:02.7/driver/0000:00:02.6/modalias&path=//sys/class/pci_bus/0000:05/subsystem/0000:0c/subsystem/0000:0d/device/driver/0000:00:02.7/driver/0000:00:02.6 HTTP/1.1" 200 262264 "-" "meta-externalagent/1.1 (+https://developers.facebook.com/docs/sharing/webmasters/crawler)"
196.251.66.105 - - [04/Nov/2025:00:52:50 +0000] "GET /wp-includes/SimplePie/Net/index.php HTTP/1.1" 404 564 "-" "Mozilla/5.0 (Linux; Android 7.0; SM-G892A Build/NRD90M; wv) AppleWebKit/537.36 (KHTML, Gecko) Version/4.0 Chrome/60.0.3112.107 Mobile Safari/537.36"
66.135.21.75 - - [04/Nov/2025:00:52:51 +0000] "POST /wp-cron.php?doing_wp_cron=1762217571.7652349472045898437500 HTTP/1.1" 200 31 "-" "WordPress/6.3.1; https://datainsightnow.com"
216.73.216.137 - - [04/Nov/2025:00:52:51 +0000] "GET /entity/305195499.htm HTTP/1.1" 301 5 "-" "Mozilla/5.0 AppleWebKit/537.36 (KHTML, like Gecko; compatible; ClaudeBot/1.0; +claudebot@anthropic.com)"
216.73.216.137 - - [04/Nov/2025:00:52:52 +0000] "GET /entity/305195499.htm/ HTTP/1.1" 200 45436 "https://datainsightnow.com/entity/305195499.htm" "Mozilla/5.0 AppleWebKit/537.36 (KHTML, like Gecko; compatible; ClaudeBot/1.0; +claudebot@anthropic.com)"
74.7.227.116 - - [04/Nov/2025:00:52:52 +0000] "GET /index.php?format=xml&rest_route=%2Foembed%2F1.0%2Fembed&url=https%3A%2F%2Fdatainsightnow.com%2F%3Fp%3D27229 HTTP/1.1" 200 1335 "-" "Mozilla/5.0 AppleWebKit/537.36 (KHTML, like Gecko; compatible; GPTBot/1.2; +https://openai.com/gptbot)"
196.251.66.105 - - [04/Nov/2025:00:52:53 +0000] "GET /wp-includes/SimplePie/Parse/index.php HTTP/1.1" 404 564 "-" "Mozilla/5.0 (Linux; Android 7.0; SM-G892A Build/NRD90M; wv) AppleWebKit/537.36 (KHTML, Gecko) Version/4.0 Chrome/60.0.3112.107 Mobile Safari/537.36"
216.244.66.243 - - [04/Nov/2025:00:52:54 +0000] "GET /?p=12033 HTTP/1.1" 200 185529 "-" "Mozilla/5.0 (compatible; DotBot/1.2; +https://opensiteexplorer.org/dotbot; help@moz.com)"
216.73.216.137 - - [04/Nov/2025:00:52:54 +0000] "GET /entity/305361773.htm HTTP/1.1" 301 5 "-" "Mozilla/5.0 AppleWebKit/537.36 (KHTML, like Gecko; compatible; ClaudeBot/1.0; +claudebot@anthropic.com)"
196.251.66.105 - - [04/Nov/2025:00:52:55 +0000] "GET /wp-includes/SimplePie/XML/Declaration/index.php HTTP/1.1" 404 564 "-" "Mozilla/5.0 (Linux; Android 7.0; SM-G892A Build/NRD90M; wv) AppleWebKit/537.36 (KHTML, Gecko) Version/4.0 Chrome/60.0.3112.107 Mobile Safari/537.36"
216.73.216.137 - - [04/Nov/2025:00:52:55 +0000] "GET /entity/305361773.htm/ HTTP/1.1" 200 45436 "https://datainsightnow.com/entity/305361773.htm" "Mozilla/5.0 AppleWebKit/537.36 (KHTML, like Gecko; compatible; ClaudeBot/1.0; +claudebot@anthropic.com)"
196.251.66.105 - - [04/Nov/2025:00:52:56 +0000] "GET /wp-includes/Text/index.php HTTP/1.1" 404 564 "-" "Mozilla/5.0 (Linux; Android 7.0; SM-G892A Build/NRD90M; wv) AppleWebKit/537.36 (KHTML, Gecko) Version/4.0 Chrome/60.0.3112.107 Mobile Safari/537.36"
216.73.216.137 - - [04/Nov/2025:00:52:57 +0000] "GET /entity/305167266.htm HTTP/1.1" 301 5 "-" "Mozilla/5.0 AppleWebKit/537.36 (KHTML, like Gecko; compatible; ClaudeBot/1.0; +claudebot@anthropic.com)"
74.7.227.116 - - [04/Nov/2025:00:52:57 +0000] "GET /entity/840670486.htm HTTP/1.1" 301 5 "-" "Mozilla/5.0 AppleWebKit/537.36 (KHTML, like Gecko; compatible; GPTBot/1.2; +https://openai.com/gptbot)"
216.244.66.243 - - [04/Nov/2025:00:52:58 +0000] "GET /?p=14529 HTTP/1.1" 200 187381 "-" "Mozilla/5.0 (compatible; DotBot/1.2; +https://opensiteexplorer.org/dotbot; help@moz.com)"
196.251.66.105 - - [04/Nov/2025:00:52:58 +0000] "GET /wp-includes/Text/Diff/index.php HTTP/1.1" 404 564 "-" "Mozilla/5.0 (Linux; Android 7.0; SM-G892A Build/NRD90M; wv) AppleWebKit/537.36 (KHTML, Gecko) Version/4.0 Chrome/60.0.3112.107 Mobile Safari/537.36"
216.73.216.137 - - [04/Nov/2025:00:52:58 +0000] "GET /entity/305167266.htm/ HTTP/1.1" 200 45436 "https://datainsightnow.com/entity/305167266.htm" "Mozilla/5.0 AppleWebKit/537.36 (KHTML, like Gecko; compatible; ClaudeBot/1.0; +claudebot@anthropic.com)"
74.7.227.116 - - [04/Nov/2025:00:52:58 +0000] "GET /entity/840670486.htm/ HTTP/1.1" 200 45436 "-" "Mozilla/5.0 AppleWebKit/537.36 (KHTML, like Gecko; compatible; GPTBot/1.2; +https://openai.com/gptbot)"
196.251.66.105 - - [04/Nov/2025:00:53:00 +0000] "GET /wp-includes/Text/Diff/Engine/index.php HTTP/1.1" 404 564 "-" "Mozilla/5.0 (Linux; Android 7.0; SM-G892A Build/NRD90M; wv) AppleWebKit/537.36 (KHTML, Gecko) Version/4.0 Chrome/60.0.3112.107 Mobile Safari/537.36"
216.73.216.137 - - [04/Nov/2025:00:53:01 +0000] "GET /entity/305356856.htm HTTP/1.1" 301 5 "-" "Mozilla/5.0 AppleWebKit/537.36 (KHTML, like Gecko; compatible; ClaudeBot/1.0; +claudebot@anthropic.com)"
216.244.66.243 - - [04/Nov/2025:00:53:02 +0000] "GET /?p=15264 HTTP/1.1" 200 184363 "-" "Mozilla/5.0 (compatible; DotBot/1.2; +https://opensiteexplorer.org/dotbot; help@moz.com)"
216.73.216.137 - - [04/Nov/2025:00:53:02 +0000] "GET /entity/305356856.htm/ HTTP/1.1" 200 45436 "https://datainsightnow.com/entity/305356856.htm" "Mozilla/5.0 AppleWebKit/537.36 (KHTML, like Gecko; compatible; ClaudeBot/1.0; +claudebot@anthropic.com)"
57.141.0.69 - - [04/Nov/2025:00:53:02 +0000] "GET /karamba-spielsaal-erfahrungen-angeschlossen-testbericht-werfen-sie-einen-blick-auf-den-link-within-2025-pro-teutonia/?path=//sys/class/pci_bus/0000:0b/subsystem/0000:08/device/driver/0000:00:03.0/driver/0000:00:04.0/driver/0000:00:02.1/firmware_node HTTP/1.1" 200 262209 "-" "meta-externalagent/1.1 (+https://developers.facebook.com/docs/sharing/webmasters/crawler)"
74.7.227.116 - - [04/Nov/2025:00:53:03 +0000] "GET /index.php?rest_route=/wp/v2/posts/27229 HTTP/1.1" 200 5093 "-" "Mozilla/5.0 AppleWebKit/537.36 (KHTML, like Gecko; compatible; GPTBot/1.2; +https://openai.com/gptbot)"
196.251.66.105 - - [04/Nov/2025:00:53:04 +0000] "GET /wp-includes/Text/Diff/Renderer/index.php HTTP/1.1" 404 564 "-" "Mozilla/5.0 (Linux; Android 7.0; SM-G892A Build/NRD90M; wv) AppleWebKit/537.36 (KHTML, Gecko) Version/4.0 Chrome/60.0.3112.107 Mobile Safari/537.36"
216.73.216.137 - - [04/Nov/2025:00:53:04 +0000] "GET /entity/536635305.htm HTTP/1.1" 301 5 "-" "Mozilla/5.0 AppleWebKit/537.36 (KHTML, like Gecko; compatible; ClaudeBot/1.0; +claudebot@anthropic.com)"
216.73.216.137 - - [04/Nov/2025:00:53:04 +0000] "GET /entity/536635305.htm/ HTTP/1.1" 200 45436 "https://datainsightnow.com/entity/536635305.htm" "Mozilla/5.0 AppleWebKit/537.36 (KHTML, like Gecko; compatible; ClaudeBot/1.0; +claudebot@anthropic.com)"
196.251.66.105 - - [04/Nov/2025:00:53:05 +0000] "GET /wp-includes/assets/index.php HTTP/1.1" 404 564 "-" "Mozilla/5.0 (Linux; Android 7.0; SM-G892A Build/NRD90M; wv) AppleWebKit/537.36 (KHTML, Gecko) Version/4.0 Chrome/60.0.3112.107 Mobile Safari/537.36"
216.244.66.243 - - [04/Nov/2025:00:53:06 +0000] "GET /?p=17083 HTTP/1.1" 200 182994 "-" "Mozilla/5.0 (compatible; DotBot/1.2; +https://opensiteexplorer.org/dotbot; help@moz.com)"
196.251.66.105 - - [04/Nov/2025:00:53:08 +0000] "GET /wp-includes/block-patterns/index.php HTTP/1.1" 404 564 "-" "Mozilla/5.0 (Linux; Android 7.0; SM-G892A Build/NRD90M; wv) AppleWebKit/537.36 (KHTML, Gecko) Version/4.0 Chrome/60.0.3112.107 Mobile Safari/537.36"
74.7.227.116 - - [04/Nov/2025:00:53:08 +0000] "GET /?p=13809 HTTP/1.1" 200 42769 "-" "Mozilla/5.0 AppleWebKit/537.36 (KHTML, like Gecko; compatible; GPTBot/1.2; +https://openai.com/gptbot)"
217.113.194.58 - - [04/Nov/2025:00:53:09 +0000] "GET /?fileloc=//proc/2/projid_map&path=//proc/2 HTTP/1.1" 200 45436 "-" "Mozilla/5.0 (compatible; Barkrowler/0.9; +https://babbar.tech/crawler)"
57.141.0.52 - - [04/Nov/2025:00:53:10 +0000] "GET /2025/03/07/page/6/?fileloc=//sys/class/pci_bus/0000:03/subsystem/0000:11/subsystem/0000:0d/subsystem/0000:10/subsystem/0000:04/device/enable&path=//sys/class/pci_bus/0000:03/subsystem/0000:11/subsystem/0000:0d/subsystem/0000:10/subsystem/0000:04/device HTTP/1.1" 200 262209 "-" "meta-externalagent/1.1 (+https://developers.facebook.com/docs/sharing/webmasters/crawler)"
196.251.66.105 - - [04/Nov/2025:00:53:10 +0000] "GET /wp-includes/block-supports/index.php HTTP/1.1" 404 564 "-" "Mozilla/5.0 (Linux; Android 7.0; SM-G892A Build/NRD90M; wv) AppleWebKit/537.36 (KHTML, Gecko) Version/4.0 Chrome/60.0.3112.107 Mobile Safari/537.36"
216.244.66.243 - - [04/Nov/2025:00:53:10 +0000] "GET /?p=21291 HTTP/1.1" 200 185244 "-" "Mozilla/5.0 (compatible; DotBot/1.2; +https://opensiteexplorer.org/dotbot; help@moz.com)"
196.251.66.105 - - [04/Nov/2025:00:53:11 +0000] "GET /wp-includes/blocks/index.php HTTP/1.1" 500 5 "-" "Mozilla/5.0 (Linux; Android 7.0; SM-G892A Build/NRD90M; wv) AppleWebKit/537.36 (KHTML, Gecko) Version/4.0 Chrome/60.0.3112.107 Mobile Safari/537.36"
57.141.0.64 - - [04/Nov/2025:00:53:12 +0000] "GET /karamba-spielsaal-erfahrungen-angeschlossen-testbericht-werfen-sie-einen-blick-auf-den-link-within-2025-pro-teutonia/?path=//sys/class/pci_bus/0000:11/subsystem/0000:0b/subsystem/0000:06/subsystem/0000:05/subsystem/0000:03 HTTP/1.1" 200 262215 "-" "meta-externalagent/1.1 (+https://developers.facebook.com/docs/sharing/webmasters/crawler)"
196.251.66.105 - - [04/Nov/2025:00:53:13 +0000] "GET /wp-includes/blocks/archives/index.php HTTP/1.1" 404 564 "-" "Mozilla/5.0 (Linux; Android 7.0; SM-G892A Build/NRD90M; wv) AppleWebKit/537.36 (KHTML, Gecko) Version/4.0 Chrome/60.0.3112.107 Mobile Safari/537.36"
196.251.66.105 - - [04/Nov/2025:00:53:13 +0000] "GET /wp-includes/blocks/audio/index.php HTTP/1.1" 404 564 "-" "Mozilla/5.0 (Linux; Android 7.0; SM-G892A Build/NRD90M; wv) AppleWebKit/537.36 (KHTML, Gecko) Version/4.0 Chrome/60.0.3112.107 Mobile Safari/537.36"
74.7.227.116 - - [04/Nov/2025:00:53:14 +0000] "GET /index.php?rest_route=%2Foembed%2F1.0%2Fembed&url=https%3A%2F%2Fdatainsightnow.com%2F%3Fp%3D13803 HTTP/1.1" 200 1277 "-" "Mozilla/5.0 AppleWebKit/537.36 (KHTML, like Gecko; compatible; GPTBot/1.2; +https://openai.com/gptbot)"
216.244.66.243 - - [04/Nov/2025:00:53:14 +0000] "GET /?p=21305 HTTP/1.1" 200 183395 "-" "Mozilla/5.0 (compatible; DotBot/1.2; +https://opensiteexplorer.org/dotbot; help@moz.com)"
196.251.66.105 - - [04/Nov/2025:00:53:14 +0000] "GET /wp-includes/blocks/block/index.php HTTP/1.1" 404 564 "-" "Mozilla/5.0 (Linux; Android 7.0; SM-G892A Build/NRD90M; wv) AppleWebKit/537.36 (KHTML, Gecko) Version/4.0 Chrome/60.0.3112.107 Mobile Safari/537.36"
196.251.66.105 - - [04/Nov/2025:00:53:17 +0000] "GET /wp-includes/blocks/button/index.php HTTP/1.1" 404 564 "-" "Mozilla/5.0 (Linux; Android 7.0; SM-G892A Build/NRD90M; wv) AppleWebKit/537.36 (KHTML, Gecko) Version/4.0 Chrome/60.0.3112.107 Mobile Safari/537.36"
74.7.227.116 - - [04/Nov/2025:00:53:17 +0000] "GET /?p=27231 HTTP/1.1" 200 43435 "-" "Mozilla/5.0 AppleWebKit/537.36 (KHTML, like Gecko; compatible; GPTBot/1.2; +https://openai.com/gptbot)"
66.249.65.100 - - [04/Nov/2025:00:53:18 +0000] "GET /?path=//sys/class/sound/card0/device/subsystem/devices/0000:00:02.2/subsystem/devices/0000:00:03.4/driver/0000:00:02.1/driver/0000:00:02.5/driver/0000:00:03.2/driver/0000:00:02.1/driver/0000:00:03.7/driver/0000:00:02.1/subsystem/slots/31 HTTP/1.1" 200 45437 "-" "Mozilla/5.0 (Linux; Android 6.0.1; Nexus 5X Build/MMB29P) AppleWebKit/537.36 (KHTML, like Gecko) Chrome/141.0.7390.122 Mobile Safari/537.36 (compatible; Googlebot/2.1; +http://www.google.com/bot.html)"
216.244.66.243 - - [04/Nov/2025:00:53:19 +0000] "GET /?p=22282 HTTP/1.1" 200 184310 "-" "Mozilla/5.0 (compatible; DotBot/1.2; +https://opensiteexplorer.org/dotbot; help@moz.com)"
57.141.0.8 - - [04/Nov/2025:00:53:20 +0000] "GET /2025/03/07/page/6/?path=//sys/class/pci_bus/0000:05/subsystem/0000:11/subsystem/0000:0c/subsystem/0000:03/subsystem/0000:08/subsystem HTTP/1.1" 200 262264 "-" "meta-externalagent/1.1 (+https://developers.facebook.com/docs/sharing/webmasters/crawler)"
216.73.216.137 - - [04/Nov/2025:00:53:20 +0000] "GET /entity/536755744.htm HTTP/1.1" 301 5 "-" "Mozilla/5.0 AppleWebKit/537.36 (KHTML, like Gecko; compatible; ClaudeBot/1.0; +claudebot@anthropic.com)"
196.251.66.105 - - [04/Nov/2025:00:53:20 +0000] "GET /wp-includes/blocks/buttons/index.php HTTP/1.1" 404 564 "-" "Mozilla/5.0 (Linux; Android 7.0; SM-G892A Build/NRD90M; wv) AppleWebKit/537.36 (KHTML, Gecko) Version/4.0 Chrome/60.0.3112.107 Mobile Safari/537.36"
216.73.216.137 - - [04/Nov/2025:00:53:21 +0000] "GET /entity/536755744.htm/ HTTP/1.1" 200 45436 "https://datainsightnow.com/entity/536755744.htm" "Mozilla/5.0 AppleWebKit/537.36 (KHTML, like Gecko; compatible; ClaudeBot/1.0; +claudebot@anthropic.com)"
196.251.66.105 - - [04/Nov/2025:00:53:21 +0000] "GET /wp-includes/blocks/calendar/index.php HTTP/1.1" 404 564 "-" "Mozilla/5.0 (Linux; Android 7.0; SM-G892A Build/NRD90M; wv) AppleWebKit/537.36 (KHTML, Gecko) Version/4.0 Chrome/60.0.3112.107 Mobile Safari/537.36"
185.191.171.9 - - [04/Nov/2025:00:53:21 +0000] "GET /?p=39825 HTTP/1.1" 200 41728 "-" "Mozilla/5.0 (compatible; SemrushBot/7~bl; +http://www.semrush.com/bot.html)"
196.251.66.105 - - [04/Nov/2025:00:53:22 +0000] "GET /wp-includes/blocks/categories/index.php HTTP/1.1" 404 564 "-" "Mozilla/5.0 (Linux; Android 7.0; SM-G892A Build/NRD90M; wv) AppleWebKit/537.36 (KHTML, Gecko) Version/4.0 Chrome/60.0.3112.107 Mobile Safari/537.36"
74.7.227.116 - - [04/Nov/2025:00:53:22 +0000] "GET /index.php?rest_route=/wp/v2/posts/13803 HTTP/1.1" 200 6255 "-" "Mozilla/5.0 AppleWebKit/537.36 (KHTML, like Gecko; compatible; GPTBot/1.2; +https://openai.com/gptbot)"
196.251.66.105 - - [04/Nov/2025:00:53:22 +0000] "GET /wp-includes/blocks/code/index.php HTTP/1.1" 404 564 "-" "Mozilla/5.0 (Linux; Android 7.0; SM-G892A Build/NRD90M; wv) AppleWebKit/537.36 (KHTML, Gecko) Version/4.0 Chrome/60.0.3112.107 Mobile Safari/537.36"
216.73.216.137 - - [04/Nov/2025:00:53:23 +0000] "GET /entity/305258434.htm HTTP/1.1" 301 5 "-" "Mozilla/5.0 AppleWebKit/537.36 (KHTML, like Gecko; compatible; ClaudeBot/1.0; +claudebot@anthropic.com)"
216.244.66.243 - - [04/Nov/2025:00:53:23 +0000] "GET /?p=26224 HTTP/1.1" 200 183225 "-" "Mozilla/5.0 (compatible; DotBot/1.2; +https://opensiteexplorer.org/dotbot; help@moz.com)"
216.73.216.137 - - [04/Nov/2025:00:53:23 +0000] "GET /entity/305258434.htm/ HTTP/1.1" 200 45436 "https://datainsightnow.com/entity/305258434.htm" "Mozilla/5.0 AppleWebKit/537.36 (KHTML, like Gecko; compatible; ClaudeBot/1.0; +claudebot@anthropic.com)"
185.191.171.19 - - [04/Nov/2025:00:53:24 +0000] "GET /?p=49235 HTTP/1.1" 200 44382 "-" "Mozilla/5.0 (compatible; SemrushBot/7~bl; +http://www.semrush.com/bot.html)"
196.251.66.105 - - [04/Nov/2025:00:53:24 +0000] "GET /wp-includes/blocks/column/index.php HTTP/1.1" 404 564 "-" "Mozilla/5.0 (Linux; Android 7.0; SM-G892A Build/NRD90M; wv) AppleWebKit/537.36 (KHTML, Gecko) Version/4.0 Chrome/60.0.3112.107 Mobile Safari/537.36"
