52.205.113.104 - - [04/Nov/2025:00:57:50 +0000] "GET /career/?path=//etc/logcheck/ignore.d.workstation HTTP/1.1" 200 3369 "-" "Mozilla/5.0 AppleWebKit/537.36 (KHTML, like Gecko; compatible; Amazonbot/0.1; +https://developer.amazon.com/support/amazonbot) Chrome/119.0.6045.214 Safari/537.36"
74.7.227.39 - - [04/Nov/2025:00:57:51 +0000] "GET /?path=//sys/class/net/enp1s0/device/net/enp1s0/device/subsystem/devices/virtio1/block/vda/subsystem/loop7/subsystem/vda/device/block/vda/device/block/vda/vda2/subsystem HTTP/1.1" 200 4010 "-" "Mozilla/5.0 AppleWebKit/537.36 (KHTML, like Gecko; compatible; GPTBot/1.2; +https://openai.com/gptbot)"
74.7.227.19 - - [04/Nov/2025:00:57:51 +0000] "GET /?path=//sys/bus/node/devices/node0/memory2/subsystem/devices/memory3/subsystem/devices/memory0/subsystem/devices/memory4/node0/memory4/power HTTP/1.1" 200 3963 "-" "Mozilla/5.0 AppleWebKit/537.36 (KHTML, like Gecko; compatible; GPTBot/1.2; +https://openai.com/gptbot)"
74.7.227.39 - - [04/Nov/2025:00:57:53 +0000] "GET /?path=//sys/class/net/enp1s0/device/net/enp1s0/device/subsystem/devices/virtio1/block/vda/subsystem/vda/device/block/vda/subsystem/loop3/subsystem/sr0/queue/bsg/device HTTP/1.1" 200 6040 "-" "Mozilla/5.0 AppleWebKit/537.36 (KHTML, like Gecko; compatible; GPTBot/1.2; +https://openai.com/gptbot)"
74.7.227.19 - - [04/Nov/2025:00:57:54 +0000] "GET /?path=//sys/bus/node/devices/node0/memory2/subsystem/devices/memory3/subsystem/devices/memory6/subsystem/devices/memory7/node0/memory6 HTTP/1.1" 200 4056 "-" "Mozilla/5.0 AppleWebKit/537.36 (KHTML, like Gecko; compatible; GPTBot/1.2; +https://openai.com/gptbot)"
52.23.112.144 - - [04/Nov/2025:00:57:54 +0000] "GET /about-us/?fileloc=//lib/python3/dist-packages/snack.py&path=//lib/python3/dist-packages HTTP/1.1" 200 12135 "-" "Mozilla/5.0 AppleWebKit/537.36 (KHTML, like Gecko; compatible; Amazonbot/0.1; +https://developer.amazon.com/support/amazonbot) Chrome/119.0.6045.214 Safari/537.36"
74.7.227.19 - - [04/Nov/2025:00:57:56 +0000] "GET /?path=//sys/bus/node/devices/node0/memory2/subsystem/devices/memory3/subsystem/devices/memory1/subsystem/devices/memory2/node0/memory5/power HTTP/1.1" 200 3969 "-" "Mozilla/5.0 AppleWebKit/537.36 (KHTML, like Gecko; compatible; GPTBot/1.2; +https://openai.com/gptbot)"
74.7.227.39 - - [04/Nov/2025:00:57:57 +0000] "GET /?path=//sys/class/net/enp1s0/device/net/enp1s0/device/subsystem/devices/virtio1/block/vda/subsystem/vda/device/block/vda/device/block/vda/vda1/subsystem/vda/subsystem/loop7 HTTP/1.1" 200 4795 "-" "Mozilla/5.0 AppleWebKit/537.36 (KHTML, like Gecko; compatible; GPTBot/1.2; +https://openai.com/gptbot)"
98.82.107.102 - - [04/Nov/2025:00:57:58 +0000] "GET /career/?path=//lib/firmware/mwl8k HTTP/1.1" 200 3654 "-" "Mozilla/5.0 AppleWebKit/537.36 (KHTML, like Gecko; compatible; Amazonbot/0.1; +https://developer.amazon.com/support/amazonbot) Chrome/119.0.6045.214 Safari/537.36"
74.7.227.39 - - [04/Nov/2025:00:57:59 +0000] "GET /?path=//sys/class/net/enp1s0/device/net/enp1s0/device/subsystem/devices/virtio1/block/vda/device/block/vda/subsystem/vda/subsystem/vda/vda2/subsystem/vda/subsystem/loop3 HTTP/1.1" 200 4766 "-" "Mozilla/5.0 AppleWebKit/537.36 (KHTML, like Gecko; compatible; GPTBot/1.2; +https://openai.com/gptbot)"
74.7.227.19 - - [04/Nov/2025:00:57:59 +0000] "GET /?path=//sys/bus/node/devices/node0/memory2/subsystem/devices/memory3/subsystem/devices/memory1/subsystem/devices/memory0/node0/memory1/power HTTP/1.1" 200 3968 "-" "Mozilla/5.0 AppleWebKit/537.36 (KHTML, like Gecko; compatible; GPTBot/1.2; +https://openai.com/gptbot)"
74.7.227.19 - - [04/Nov/2025:00:58:02 +0000] "GET /?path=//sys/bus/node/devices/node0/memory6/subsystem/devices/memory1/subsystem/devices/memory2/subsystem/devices/memory0/node0/memory3 HTTP/1.1" 200 4056 "-" "Mozilla/5.0 AppleWebKit/537.36 (KHTML, like Gecko; compatible; GPTBot/1.2; +https://openai.com/gptbot)"
3.235.215.92 - - [04/Nov/2025:00:58:02 +0000] "GET /career/?fileloc=//bin/X11/apport-cli&path=//bin/X11 HTTP/1.1" 200 7730 "-" "Mozilla/5.0 AppleWebKit/537.36 (KHTML, like Gecko; compatible; Amazonbot/0.1; +https://developer.amazon.com/support/amazonbot) Chrome/119.0.6045.214 Safari/537.36"
74.7.227.39 - - [04/Nov/2025:00:58:02 +0000] "GET /?path=//sys/class/net/enp1s0/device/net/enp1s0/device/subsystem/devices/virtio1/block/vda/subsystem/vda/device/block/vda/subsystem/vda/subsystem/vda/vda2/subsystem/loop5 HTTP/1.1" 200 4762 "-" "Mozilla/5.0 AppleWebKit/537.36 (KHTML, like Gecko; compatible; GPTBot/1.2; +https://openai.com/gptbot)"
66.249.74.13 - - [04/Nov/2025:00:58:03 +0000] "GET /?path=//sys/class/tty/tty8/subsystem/ttyS16/subsystem/ttyS7/subsystem/ttyS29/subsystem/tty32/subsystem/ttyS15/subsystem/tty44/subsystem/tty61/subsystem/tty11/subsystem/tty60/subsystem/tty52 HTTP/1.1" 200 3866 "-" "Mozilla/5.0 (Linux; Android 6.0.1; Nexus 5X Build/MMB29P) AppleWebKit/537.36 (KHTML, like Gecko) Chrome/141.0.7390.122 Mobile Safari/537.36 (compatible; Googlebot/2.1; +http://www.google.com/bot.html)"
217.113.194.201 - - [04/Nov/2025:00:58:03 +0000] "GET /comments/feed/?path=/opt/wpsites/datacloudnow.com/wp-includes/ID3 HTTP/1.1" 200 4372 "-" "Mozilla/5.0 (compatible; Barkrowler/0.9; +https://babbar.tech/crawler)"
74.7.227.39 - - [04/Nov/2025:00:58:04 +0000] "GET /?path=//sys/class/net/enp1s0/device/net/enp1s0/device/subsystem/devices/virtio1/block/vda/vda2/subsystem/vda/device/block/vda/device/block/vda/subsystem/loop2/subsystem/vda HTTP/1.1" 200 4969 "-" "Mozilla/5.0 AppleWebKit/537.36 (KHTML, like Gecko; compatible; GPTBot/1.2; +https://openai.com/gptbot)"
74.7.227.19 - - [04/Nov/2025:00:58:06 +0000] "GET /?path=//sys/bus/node/devices/node0/memory6/subsystem/devices/memory1/subsystem/devices/memory2/subsystem/devices/memory4/node0/memory4 HTTP/1.1" 200 4051 "-" "Mozilla/5.0 AppleWebKit/537.36 (KHTML, like Gecko; compatible; GPTBot/1.2; +https://openai.com/gptbot)"
18.214.251.19 - - [04/Nov/2025:00:58:07 +0000] "GET /register/?fileloc=//sys/kernel/slab/UNIX-STREAM/remote_node_defrag_ratio&path=//sys/kernel/slab/UNIX-STREAM HTTP/1.1" 200 3016 "-" "Mozilla/5.0 AppleWebKit/537.36 (KHTML, like Gecko; compatible; Amazonbot/0.1; +https://developer.amazon.com/support/amazonbot) Chrome/119.0.6045.214 Safari/537.36"
74.7.227.39 - - [04/Nov/2025:00:58:07 +0000] "GET /?path=//sys/class/net/enp1s0/device/net/enp1s0/device/subsystem/devices/virtio1/block/vda/subsystem/vda/subsystem/loop6/subsystem/vda/subsystem/sr0/queue/bsg/device/block HTTP/1.1" 200 3587 "-" "Mozilla/5.0 AppleWebKit/537.36 (KHTML, like Gecko; compatible; GPTBot/1.2; +https://openai.com/gptbot)"
74.7.227.19 - - [04/Nov/2025:00:58:08 +0000] "GET /?path=//sys/bus/node/devices/node0/memory6/subsystem/devices/memory1/subsystem/devices/memory0/subsystem/devices/memory4/node0/memory0 HTTP/1.1" 200 4056 "-" "Mozilla/5.0 AppleWebKit/537.36 (KHTML, like Gecko; compatible; GPTBot/1.2; +https://openai.com/gptbot)"
74.7.227.39 - - [04/Nov/2025:00:58:10 +0000] "GET /?path=//sys/class/net/enp1s0/device/net/enp1s0/device/subsystem/devices/virtio1/block/vda/subsystem/vda/device/block/vda/subsystem/vda/subsystem/vda/vda2/subsystem/vda/vda2 HTTP/1.1" 200 4305 "-" "Mozilla/5.0 AppleWebKit/537.36 (KHTML, like Gecko; compatible; GPTBot/1.2; +https://openai.com/gptbot)"
100.28.57.133 - - [04/Nov/2025:00:58:10 +0000] "GET /about-us/?fileloc=//sys/kernel/btf/soundcore&path=//sys/kernel/btf HTTP/1.1" 200 3396 "-" "Mozilla/5.0 AppleWebKit/537.36 (KHTML, like Gecko; compatible; Amazonbot/0.1; +https://developer.amazon.com/support/amazonbot) Chrome/119.0.6045.214 Safari/537.36"
74.7.227.19 - - [04/Nov/2025:00:58:12 +0000] "GET /?path=//sys/bus/node/devices/node0/memory2/subsystem/devices/memory3/subsystem/devices/memory6/subsystem/devices/memory2/node0/memory3 HTTP/1.1" 200 4056 "-" "Mozilla/5.0 AppleWebKit/537.36 (KHTML, like Gecko; compatible; GPTBot/1.2; +https://openai.com/gptbot)"
52.205.113.104 - - [04/Nov/2025:00:58:14 +0000] "GET /enterprise-services/?fileloc=//sys/module/mrp/srcversion&path=//sys/module/mrp HTTP/1.1" 200 2999 "-" "Mozilla/5.0 AppleWebKit/537.36 (KHTML, like Gecko; compatible; Amazonbot/0.1; +https://developer.amazon.com/support/amazonbot) Chrome/119.0.6045.214 Safari/537.36"
74.7.227.39 - - [04/Nov/2025:00:58:15 +0000] "GET /?fileloc=//sys/class/net/enp1s0/device/net/enp1s0/device/subsystem/devices/virtio1/block/vda/subsystem/vda/device/block/vda/subsystem/loop3/subsystem/sr0/queue/bsg/device/device_busy&path=//sys/class/net/enp1s0/device/net/enp1s0/device/subsystem/devices/virtio1/block/vda/subsystem/vda/device/block/vda/subsystem/loop3/subsystem/sr0/queue/bsg/device HTTP/1.1" 200 3235 "-" "Mozilla/5.0 AppleWebKit/537.36 (KHTML, like Gecko; compatible; GPTBot/1.2; +https://openai.com/gptbot)"
74.7.227.19 - - [04/Nov/2025:00:58:17 +0000] "GET /?path=//sys/bus/node/devices/node0/memory2/subsystem/devices/memory3/subsystem/devices/memory6/subsystem/devices/memory7/node0/memory6/power HTTP/1.1" 200 3966 "-" "Mozilla/5.0 AppleWebKit/537.36 (KHTML, like Gecko; compatible; GPTBot/1.2; +https://openai.com/gptbot)"
74.7.227.39 - - [04/Nov/2025:00:58:18 +0000] "GET /?path=//sys/class/net/enp1s0/device/net/enp1s0/device/subsystem/devices/virtio1/block/vda/subsystem/vda/device/block/vda/subsystem/loop3/subsystem HTTP/1.1" 200 3996 "-" "Mozilla/5.0 AppleWebKit/537.36 (KHTML, like Gecko; compatible; GPTBot/1.2; +https://openai.com/gptbot)"
54.159.98.248 - - [04/Nov/2025:00:58:18 +0000] "GET /enterprise-services/?fileloc=//lib/lsb/init-functions.d/50-ubuntu-logging&path=//lib/lsb/init-functions.d HTTP/1.1" 200 4400 "-" "Mozilla/5.0 AppleWebKit/537.36 (KHTML, like Gecko; compatible; Amazonbot/0.1; +https://developer.amazon.com/support/amazonbot) Chrome/119.0.6045.214 Safari/537.36"
74.7.227.19 - - [04/Nov/2025:00:58:20 +0000] "GET /?path=//sys/bus/node/devices/node0/memory2/subsystem/devices/memory3/subsystem/devices/memory1/subsystem/devices/memory2/node0/memory7 HTTP/1.1" 200 4059 "-" "Mozilla/5.0 AppleWebKit/537.36 (KHTML, like Gecko; compatible; GPTBot/1.2; +https://openai.com/gptbot)"
217.113.194.254 - - [04/Nov/2025:00:58:21 +0000] "GET /comments/feed/?path=/opt/wpsites/datacloudnow.com/wp-includes/certificates HTTP/1.1" 200 3402 "-" "Mozilla/5.0 (compatible; Barkrowler/0.9; +https://babbar.tech/crawler)"
3.213.106.226 - - [04/Nov/2025:00:58:22 +0000] "GET /contact-u/?fileloc=//etc/ssh/ssh_host_rsa_key&path=//etc/ssh HTTP/1.1" 200 2963 "-" "Mozilla/5.0 AppleWebKit/537.36 (KHTML, like Gecko; compatible; Amazonbot/0.1; +https://developer.amazon.com/support/amazonbot) Chrome/119.0.6045.214 Safari/537.36"
74.7.227.39 - - [04/Nov/2025:00:58:22 +0000] "GET /?path=//sys/class/net/enp1s0/device/net/enp1s0/device/subsystem/devices/virtio1/block/vda/device/block/vda/subsystem/vda/subsystem/vda/vda2/subsystem/vda/subsystem/loop3/mq HTTP/1.1" 200 3594 "-" "Mozilla/5.0 AppleWebKit/537.36 (KHTML, like Gecko; compatible; GPTBot/1.2; +https://openai.com/gptbot)"
74.7.227.19 - - [04/Nov/2025:00:58:23 +0000] "GET /?path=//sys/bus/node/devices/node0/memory2/subsystem/devices/memory3/subsystem/devices/memory0/subsystem/devices/memory6/node0/memory7 HTTP/1.1" 200 4058 "-" "Mozilla/5.0 AppleWebKit/537.36 (KHTML, like Gecko; compatible; GPTBot/1.2; +https://openai.com/gptbot)"
3.93.211.16 - - [04/Nov/2025:00:58:26 +0000] "GET /privacy-policy/?path=//lib/systemd/system/system-update.target.wants HTTP/1.1" 200 3464 "-" "Mozilla/5.0 AppleWebKit/537.36 (KHTML, like Gecko; compatible; Amazonbot/0.1; +https://developer.amazon.com/support/amazonbot) Chrome/119.0.6045.214 Safari/537.36"
74.7.227.19 - - [04/Nov/2025:00:58:26 +0000] "GET /?path=//sys/bus/node/devices/node0/memory6/subsystem/devices/memory1/subsystem/devices/memory2/subsystem/devices/memory4/node0/memory4/power HTTP/1.1" 200 3960 "-" "Mozilla/5.0 AppleWebKit/537.36 (KHTML, like Gecko; compatible; GPTBot/1.2; +https://openai.com/gptbot)"
74.7.227.39 - - [04/Nov/2025:00:58:27 +0000] "GET /?path=//sys/class/net/enp1s0/device/net/enp1s0/device/subsystem/devices/virtio1/block/vda/vda2/subsystem/vda/subsystem/loop5/subsystem/vda/subsystem/vda/device/block/vda HTTP/1.1" 200 4938 "-" "Mozilla/5.0 AppleWebKit/537.36 (KHTML, like Gecko; compatible; GPTBot/1.2; +https://openai.com/gptbot)"
74.7.227.19 - - [04/Nov/2025:00:58:29 +0000] "GET /?path=//sys/bus/node/devices/node0/memory2/subsystem/devices/memory3/subsystem/devices/memory6/subsystem/devices/memory4/node0/memory0 HTTP/1.1" 200 4059 "-" "Mozilla/5.0 AppleWebKit/537.36 (KHTML, like Gecko; compatible; GPTBot/1.2; +https://openai.com/gptbot)"
3.229.164.203 - - [04/Nov/2025:00:58:30 +0000] "GET /about-us/?path=//usr/share/doc/cpio HTTP/1.1" 200 3537 "-" "Mozilla/5.0 AppleWebKit/537.36 (KHTML, like Gecko; compatible; Amazonbot/0.1; +https://developer.amazon.com/support/amazonbot) Chrome/119.0.6045.214 Safari/537.36"
74.7.227.19 - - [04/Nov/2025:00:58:31 +0000] "GET /?fileloc=//sys/bus/node/devices/node0/memory2/subsystem/devices/memory3/subsystem/devices/memory6/subsystem/devices/memory2/node0/memory3/online&path=//sys/bus/node/devices/node0/memory2/subsystem/devices/memory3/subsystem/devices/memory6/subsystem/devices/memory2/node0/memory3 HTTP/1.1" 200 3141 "-" "Mozilla/5.0 AppleWebKit/537.36 (KHTML, like Gecko; compatible; GPTBot/1.2; +https://openai.com/gptbot)"
74.7.227.39 - - [04/Nov/2025:00:58:31 +0000] "GET /?path=//sys/class/net/enp1s0/device/net/enp1s0/device/subsystem/devices/virtio1/block/vda/subsystem/vda/device/block/vda/subsystem/vda/subsystem/vda HTTP/1.1" 200 5037 "-" "Mozilla/5.0 AppleWebKit/537.36 (KHTML, like Gecko; compatible; GPTBot/1.2; +https://openai.com/gptbot)"
74.7.227.19 - - [04/Nov/2025:00:58:33 +0000] "GET /?path=//sys/bus/node/devices/node0/memory2/subsystem/devices/memory3/subsystem/devices/memory1/subsystem/devices/memory2/node0/memory7/power HTTP/1.1" 200 3970 "-" "Mozilla/5.0 AppleWebKit/537.36 (KHTML, like Gecko; compatible; GPTBot/1.2; +https://openai.com/gptbot)"
3.232.102.111 - - [04/Nov/2025:00:58:34 +0000] "GET /about-us/?fileloc=//bin/X11/renice&path=//bin/X11 HTTP/1.1" 200 7832 "-" "Mozilla/5.0 AppleWebKit/537.36 (KHTML, like Gecko; compatible; Amazonbot/0.1; +https://developer.amazon.com/support/amazonbot) Chrome/119.0.6045.214 Safari/537.36"
74.7.227.19 - - [04/Nov/2025:00:58:35 +0000] "GET /?path=//sys/bus/node/devices/node0/memory6/subsystem/devices/memory1/subsystem/devices/memory0/subsystem/devices/memory4/node0/memory0/power HTTP/1.1" 200 3968 "-" "Mozilla/5.0 AppleWebKit/537.36 (KHTML, like Gecko; compatible; GPTBot/1.2; +https://openai.com/gptbot)"
74.7.227.39 - - [04/Nov/2025:00:58:36 +0000] "GET /?path=//sys/class/net/enp1s0/device/net/enp1s0/device/subsystem/devices/virtio1/block/vda/subsystem/vda/subsystem/vda/vda2/subsystem/vda/device/block/vda/subsystem/loop2/mq HTTP/1.1" 200 3607 "-" "Mozilla/5.0 AppleWebKit/537.36 (KHTML, like Gecko; compatible; GPTBot/1.2; +https://openai.com/gptbot)"
52.54.15.103 - - [04/Nov/2025:00:58:38 +0000] "GET /privacy-policy/?path=//usr/share/doc/libglx-dev HTTP/1.1" 200 3449 "-" "Mozilla/5.0 AppleWebKit/537.36 (KHTML, like Gecko; compatible; Amazonbot/0.1; +https://developer.amazon.com/support/amazonbot) Chrome/119.0.6045.214 Safari/537.36"
74.7.227.19 - - [04/Nov/2025:00:58:38 +0000] "GET /?path=//sys/bus/node/devices/node0/memory6/subsystem/devices/memory1/subsystem/devices/memory2/subsystem/devices/memory0/node0/memory3/power HTTP/1.1" 200 3970 "-" "Mozilla/5.0 AppleWebKit/537.36 (KHTML, like Gecko; compatible; GPTBot/1.2; +https://openai.com/gptbot)"
217.113.194.240 - - [04/Nov/2025:00:58:39 +0000] "GET /comments/feed/?path=/opt/wpsites/datacloudnow.com/wp-includes/SimplePie HTTP/1.1" 200 4742 "-" "Mozilla/5.0 (compatible; Barkrowler/0.9; +https://babbar.tech/crawler)"
74.7.227.39 - - [04/Nov/2025:00:58:40 +0000] "GET /?path=//sys/class/net/enp1s0/device/net/enp1s0/device/subsystem/devices/virtio1/block/vda/subsystem/vda/device/block/vda/subsystem/vda/subsystem/vda/vda1/subsystem/loop2 HTTP/1.1" 200 4762 "-" "Mozilla/5.0 AppleWebKit/537.36 (KHTML, like Gecko; compatible; GPTBot/1.2; +https://openai.com/gptbot)"
74.7.227.19 - - [04/Nov/2025:00:58:42 +0000] "GET /?path=//sys/bus/node/devices/node0/memory2/subsystem/devices/memory3/subsystem/devices/memory0/subsystem/devices/memory6/node0/memory7/power HTTP/1.1" 200 3968 "-" "Mozilla/5.0 AppleWebKit/537.36 (KHTML, like Gecko; compatible; GPTBot/1.2; +https://openai.com/gptbot)"
52.205.222.214 - - [04/Nov/2025:00:58:42 +0000] "GET /contact-u/?path=//sys/kernel/boot_params HTTP/1.1" 200 3513 "-" "Mozilla/5.0 AppleWebKit/537.36 (KHTML, like Gecko; compatible; Amazonbot/0.1; +https://developer.amazon.com/support/amazonbot) Chrome/119.0.6045.214 Safari/537.36"
74.7.227.39 - - [04/Nov/2025:00:58:43 +0000] "GET /?path=//sys/class/net/enp1s0/device/net/enp1s0/device/subsystem/devices/virtio1/block/vda/subsystem/vda/device/block/vda/subsystem/vda/subsystem/vda/vda2/subsystem/loop5/mq HTTP/1.1" 200 3596 "-" "Mozilla/5.0 AppleWebKit/537.36 (KHTML, like Gecko; compatible; GPTBot/1.2; +https://openai.com/gptbot)"
74.7.227.19 - - [04/Nov/2025:00:58:44 +0000] "GET /?path=//sys/bus/node/devices/node0/memory2/subsystem/devices/memory3/subsystem/devices/memory1/subsystem/devices/memory1/node0/memory1 HTTP/1.1" 200 4050 "-" "Mozilla/5.0 AppleWebKit/537.36 (KHTML, like Gecko; compatible; GPTBot/1.2; +https://openai.com/gptbot)"
57.141.0.23 - - [04/Nov/2025:00:58:45 +0000] "GET /big-data/?fileloc=//lib/x86_64-linux-gnu/libVkLayer_MESA_overlay.so&path=//lib/x86_64-linux-gnu HTTP/1.1" 200 1390578 "-" "meta-externalagent/1.1 (+https://developers.facebook.com/docs/sharing/webmasters/crawler)"
74.7.227.39 - - [04/Nov/2025:00:58:46 +0000] "GET /?path=//sys/class/net/enp1s0/device/net/enp1s0/device/subsystem/devices/virtio1/block/vda/subsystem/vda/device/block/vda/subsystem/loop3 HTTP/1.1" 200 4825 "-" "Mozilla/5.0 AppleWebKit/537.36 (KHTML, like Gecko; compatible; GPTBot/1.2; +https://openai.com/gptbot)"
54.159.18.27 - - [04/Nov/2025:00:58:46 +0000] "GET /contact-u/?fileloc=//sys/module/intel_rapl_common/taint&path=//sys/module/intel_rapl_common HTTP/1.1" 200 2989 "-" "Mozilla/5.0 AppleWebKit/537.36 (KHTML, like Gecko; compatible; Amazonbot/0.1; +https://developer.amazon.com/support/amazonbot) Chrome/119.0.6045.214 Safari/537.36"
74.7.227.39 - - [04/Nov/2025:00:58:48 +0000] "GET /?path=//sys/class/net/enp1s0/device/net/enp1s0/device/subsystem/devices/virtio1/block/vda/subsystem/vda/device/block/vda/subsystem/vda/subsystem/vda/trace HTTP/1.1" 200 3797 "-" "Mozilla/5.0 AppleWebKit/537.36 (KHTML, like Gecko; compatible; GPTBot/1.2; +https://openai.com/gptbot)"
74.7.227.19 - - [04/Nov/2025:00:58:48 +0000] "GET /?path=//sys/bus/node/devices/node0/memory2/subsystem/devices/memory3/subsystem/devices/memory6/subsystem/devices/memory2/node0/memory3/power HTTP/1.1" 200 3971 "-" "Mozilla/5.0 AppleWebKit/537.36 (KHTML, like Gecko; compatible; GPTBot/1.2; +https://openai.com/gptbot)"
34.225.87.80 - - [04/Nov/2025:00:58:50 +0000] "GET /about-us/?fileloc=//lib/systemd/system/udisks2.service&path=//lib/systemd/system HTTP/1.1" 200 3124 "-" "Mozilla/5.0 AppleWebKit/537.36 (KHTML, like Gecko; compatible; Amazonbot/0.1; +https://developer.amazon.com/support/amazonbot) Chrome/119.0.6045.214 Safari/537.36"
74.7.227.39 - - [04/Nov/2025:00:58:51 +0000] "GET /?path=//sys/class/net/enp1s0/device/net/enp1s0/device/subsystem/devices/virtio1/block/vda/subsystem/vda/device/block/vda/device/block/vda/subsystem/vda2/subsystem/loop2 HTTP/1.1" 200 4768 "-" "Mozilla/5.0 AppleWebKit/537.36 (KHTML, like Gecko; compatible; GPTBot/1.2; +https://openai.com/gptbot)"
74.7.227.19 - - [04/Nov/2025:00:58:52 +0000] "GET /?path=//sys/bus/node/devices/node0/memory2/subsystem/devices/memory3/subsystem/devices/memory6/subsystem/devices/memory4/node0/memory0/power HTTP/1.1" 200 3967 "-" "Mozilla/5.0 AppleWebKit/537.36 (KHTML, like Gecko; compatible; GPTBot/1.2; +https://openai.com/gptbot)"
74.7.227.39 - - [04/Nov/2025:00:58:54 +0000] "GET /?path=//sys/class/net/enp1s0/device/net/enp1s0/device/subsystem/devices/virtio1/block/vda/subsystem/vda/device/block/vda/subsystem/vda/vda1/subsystem/loop5/bdi/subsystem HTTP/1.1" 200 3963 "-" "Mozilla/5.0 AppleWebKit/537.36 (KHTML, like Gecko; compatible; GPTBot/1.2; +https://openai.com/gptbot)"
3.221.244.28 - - [04/Nov/2025:00:58:54 +0000] "GET /about-us/?fileloc=//lib/snapd/complete.sh&path=//lib/snapd HTTP/1.1" 200 5385 "-" "Mozilla/5.0 AppleWebKit/537.36 (KHTML, like Gecko; compatible; Amazonbot/0.1; +https://developer.amazon.com/support/amazonbot) Chrome/119.0.6045.214 Safari/537.36"
74.7.227.19 - - [04/Nov/2025:00:58:55 +0000] "GET /?path=//sys/bus/node/devices/node0/memory2/subsystem/devices/memory3/subsystem/devices/memory6/subsystem/devices/memory3/node0/memory5 HTTP/1.1" 200 4066 "-" "Mozilla/5.0 AppleWebKit/537.36 (KHTML, like Gecko; compatible; GPTBot/1.2; +https://openai.com/gptbot)"
74.7.227.39 - - [04/Nov/2025:00:58:56 +0000] "GET /?fileloc=//sys/class/net/enp1s0/device/net/enp1s0/device/subsystem/devices/virtio1/block/vda/subsystem/vda/device/block/vda/subsystem/vda/subsystem/vda/vda1/subsystem/loop2/removable&path=//sys/class/net/enp1s0/device/net/enp1s0/device/subsystem/devices/virtio1/block/vda/subsystem/vda/device/block/vda/subsystem/vda/subsystem/vda/vda1/subsystem/loop2 HTTP/1.1" 200 3222 "-" "Mozilla/5.0 AppleWebKit/537.36 (KHTML, like Gecko; compatible; GPTBot/1.2; +https://openai.com/gptbot)"
217.113.194.201 - - [04/Nov/2025:00:58:57 +0000] "GET /comments/feed/?path=/opt/wpsites/datacloudnow.com/wp-includes/style-engine HTTP/1.1" 200 3655 "-" "Mozilla/5.0 (compatible; Barkrowler/0.9; +https://babbar.tech/crawler)"
74.7.227.39 - - [04/Nov/2025:00:58:58 +0000] "GET /?fileloc=//sys/class/net/enp1s0/device/net/enp1s0/device/subsystem/devices/virtio1/block/vda/vda2/subsystem/vda/subsystem/loop5/subsystem/vda/subsystem/vda/device/block/vda/events_async&path=//sys/class/net/enp1s0/device/net/enp1s0/device/subsystem/devices/virtio1/block/vda/vda2/subsystem/vda/subsystem/loop5/subsystem/vda/subsystem/vda/device/block/vda HTTP/1.1" 200 3227 "-" "Mozilla/5.0 AppleWebKit/537.36 (KHTML, like Gecko; compatible; GPTBot/1.2; +https://openai.com/gptbot)"
74.7.227.19 - - [04/Nov/2025:00:58:58 +0000] "GET /?path=//sys/bus/node/devices/node0/memory6/subsystem/devices/memory1/subsystem/devices/memory2/subsystem/devices/memory0/node0/memory0 HTTP/1.1" 200 4050 "-" "Mozilla/5.0 AppleWebKit/537.36 (KHTML, like Gecko; compatible; GPTBot/1.2; +https://openai.com/gptbot)"
34.202.88.37 - - [04/Nov/2025:00:58:58 +0000] "GET /about-us/?path=//usr/share/doc/shim-signed HTTP/1.1" 200 3488 "-" "Mozilla/5.0 AppleWebKit/537.36 (KHTML, like Gecko; compatible; Amazonbot/0.1; +https://developer.amazon.com/support/amazonbot) Chrome/119.0.6045.214 Safari/537.36"
74.7.227.39 - - [04/Nov/2025:00:59:00 +0000] "GET /?path=//sys/class/net/enp1s0/device/net/enp1s0/device/subsystem/devices/virtio1/block/vda/device/block/vda/subsystem/vda/subsystem/loop7/subsystem/vda/subsystem/vda/vda2 HTTP/1.1" 200 4306 "-" "Mozilla/5.0 AppleWebKit/537.36 (KHTML, like Gecko; compatible; GPTBot/1.2; +https://openai.com/gptbot)"
74.7.227.19 - - [04/Nov/2025:00:59:01 +0000] "GET /?path=//sys/bus/node/devices/node0/memory6/subsystem/devices/memory1/subsystem/devices/memory2/subsystem/devices/memory1/node0/memory4 HTTP/1.1" 200 4064 "-" "Mozilla/5.0 AppleWebKit/537.36 (KHTML, like Gecko; compatible; GPTBot/1.2; +https://openai.com/gptbot)"
35.172.125.172 - - [04/Nov/2025:00:59:02 +0000] "GET /contact-u/?path=//usr/share/doc/libwayland-client0 HTTP/1.1" 200 3456 "-" "Mozilla/5.0 AppleWebKit/537.36 (KHTML, like Gecko; compatible; Amazonbot/0.1; +https://developer.amazon.com/support/amazonbot) Chrome/119.0.6045.214 Safari/537.36"
74.7.227.39 - - [04/Nov/2025:00:59:04 +0000] "GET /?path=//sys/class/net/enp1s0/device/net/enp1s0/device/subsystem/devices/virtio1/block/vda/subsystem/vda/device/block/vda/subsystem/loop3/mq HTTP/1.1" 200 3541 "-" "Mozilla/5.0 AppleWebKit/537.36 (KHTML, like Gecko; compatible; GPTBot/1.2; +https://openai.com/gptbot)"
74.7.227.19 - - [04/Nov/2025:00:59:04 +0000] "GET /?path=//sys/bus/node/devices/node0/memory6/subsystem/devices/memory1/subsystem/devices/memory2/subsystem/devices/memory7/node0/memory5 HTTP/1.1" 200 4058 "-" "Mozilla/5.0 AppleWebKit/537.36 (KHTML, like Gecko; compatible; GPTBot/1.2; +https://openai.com/gptbot)"
34.202.88.37 - - [04/Nov/2025:00:59:06 +0000] "GET /about-us/?fileloc=//etc/apparmor.d/evolution&path=//etc/apparmor.d HTTP/1.1" 200 3194 "-" "Mozilla/5.0 AppleWebKit/537.36 (KHTML, like Gecko; compatible; Amazonbot/0.1; +https://developer.amazon.com/support/amazonbot) Chrome/119.0.6045.214 Safari/537.36"
74.7.227.39 - - [04/Nov/2025:00:59:08 +0000] "GET /?path=//sys/class/net/enp1s0/device/net/enp1s0/device/subsystem/devices/virtio1/block/vda/subsystem/vda/device/block/vda/subsystem/loop3/bdi HTTP/1.1" 200 4191 "-" "Mozilla/5.0 AppleWebKit/537.36 (KHTML, like Gecko; compatible; GPTBot/1.2; +https://openai.com/gptbot)"
74.7.227.19 - - [04/Nov/2025:00:59:08 +0000] "GET /?path=//sys/bus/node/devices/node0/memory2/subsystem/devices/memory3/subsystem/devices/memory0/subsystem/devices/memory6/node0/memory4 HTTP/1.1" 200 4059 "-" "Mozilla/5.0 AppleWebKit/537.36 (KHTML, like Gecko; compatible; GPTBot/1.2; +https://openai.com/gptbot)"
98.82.107.102 - - [04/Nov/2025:00:59:10 +0000] "GET /career/?fileloc=//sys/bus/serio/drivers/atkbd/serio0/firmware_node/path&path=//sys/bus/serio/drivers/atkbd/serio0/firmware_node HTTP/1.1" 200 3059 "-" "Mozilla/5.0 AppleWebKit/537.36 (KHTML, like Gecko; compatible; Amazonbot/0.1; +https://developer.amazon.com/support/amazonbot) Chrome/119.0.6045.214 Safari/537.36"
74.7.227.39 - - [04/Nov/2025:00:59:11 +0000] "GET /?path=//sys/class/net/enp1s0/device/net/enp1s0/device/subsystem/devices/virtio1/block/vda/subsystem/vda/device/block/vda/device/block/vda/subsystem/vda2/subsystem/loop2/mq HTTP/1.1" 200 3593 "-" "Mozilla/5.0 AppleWebKit/537.36 (KHTML, like Gecko; compatible; GPTBot/1.2; +https://openai.com/gptbot)"
74.7.227.19 - - [04/Nov/2025:00:59:11 +0000] "GET /?path=//sys/bus/node/devices/node0/memory6/subsystem/devices/memory1/subsystem/devices/memory0/subsystem/devices/memory2/node0/memory6 HTTP/1.1" 200 4054 "-" "Mozilla/5.0 AppleWebKit/537.36 (KHTML, like Gecko; compatible; GPTBot/1.2; +https://openai.com/gptbot)"
74.7.227.39 - - [04/Nov/2025:00:59:13 +0000] "GET /?path=//sys/class/net/enp1s0/device/net/enp1s0/device/subsystem/devices/virtio1/block/vda/subsystem/vda/device/block/vda/device/block/vda/subsystem/vda2/subsystem/vda/vda2 HTTP/1.1" 200 4310 "-" "Mozilla/5.0 AppleWebKit/537.36 (KHTML, like Gecko; compatible; GPTBot/1.2; +https://openai.com/gptbot)"
54.221.203.24 - - [04/Nov/2025:00:59:14 +0000] "GET /about-us/?fileloc=//proc/50/cpu_resctrl_groups&path=//proc/50 HTTP/1.1" 200 2974 "-" "Mozilla/5.0 AppleWebKit/537.36 (KHTML, like Gecko; compatible; Amazonbot/0.1; +https://developer.amazon.com/support/amazonbot) Chrome/119.0.6045.214 Safari/537.36"
74.7.227.19 - - [04/Nov/2025:00:59:14 +0000] "GET /?path=//sys/bus/node/devices/node0/memory2/subsystem/devices/memory3/subsystem/devices/memory0/subsystem/devices/memory3/node0/memory0 HTTP/1.1" 200 4061 "-" "Mozilla/5.0 AppleWebKit/537.36 (KHTML, like Gecko; compatible; GPTBot/1.2; +https://openai.com/gptbot)"
217.113.194.201 - - [04/Nov/2025:00:59:14 +0000] "GET /privacy-policy/feed/?path=/opt/wpsites/datacloudnow.com/wp-includes/Requests HTTP/1.1" 200 4367 "-" "Mozilla/5.0 (compatible; Barkrowler/0.9; +https://babbar.tech/crawler)"
74.7.227.39 - - [04/Nov/2025:00:59:16 +0000] "GET /?path=//sys/class/net/enp1s0/device/net/enp1s0/device/subsystem/drivers/virtio_blk/virtio1/driver/virtio1/driver/virtio1/block/vda/holders HTTP/1.1" 200 3204 "-" "Mozilla/5.0 AppleWebKit/537.36 (KHTML, like Gecko; compatible; GPTBot/1.2; +https://openai.com/gptbot)"
74.7.227.19 - - [04/Nov/2025:00:59:17 +0000] "GET /?path=//sys/bus/node/devices/node0/memory6/subsystem/devices/memory1/subsystem/devices/memory2/subsystem/devices/memory0/node0/memory0/power HTTP/1.1" 200 3959 "-" "Mozilla/5.0 AppleWebKit/537.36 (KHTML, like Gecko; compatible; GPTBot/1.2; +https://openai.com/gptbot)"
34.202.88.37 - - [04/Nov/2025:00:59:18 +0000] "GET /contact-u/?fileloc=//sys/kernel/btf/snd_hwdep&path=//sys/kernel/btf HTTP/1.1" 200 5697 "-" "Mozilla/5.0 AppleWebKit/537.36 (KHTML, like Gecko; compatible; Amazonbot/0.1; +https://developer.amazon.com/support/amazonbot) Chrome/119.0.6045.214 Safari/537.36"
74.7.227.19 - - [04/Nov/2025:00:59:20 +0000] "GET /?path=//sys/bus/node/devices/node0/memory6/subsystem/devices/memory1/subsystem/devices/memory2/subsystem/devices/memory7/node0/memory1 HTTP/1.1" 200 4054 "-" "Mozilla/5.0 AppleWebKit/537.36 (KHTML, like Gecko; compatible; GPTBot/1.2; +https://openai.com/gptbot)"
74.7.227.39 - - [04/Nov/2025:00:59:22 +0000] "GET /?path=//sys/class/net/enp1s0/device/net/enp1s0/device/subsystem/devices/virtio1/block/vda/subsystem/vda/device/block/vda/subsystem/vda/subsystem/vda/vda1/subsystem/loop6 HTTP/1.1" 200 4759 "-" "Mozilla/5.0 AppleWebKit/537.36 (KHTML, like Gecko; compatible; GPTBot/1.2; +https://openai.com/gptbot)"
74.7.227.19 - - [04/Nov/2025:00:59:22 +0000] "GET /?path=//sys/bus/node/devices/node0/memory6/subsystem/devices/memory1/subsystem/devices/memory2/subsystem/devices/memory7/node0/memory5/power HTTP/1.1" 200 3968 "-" "Mozilla/5.0 AppleWebKit/537.36 (KHTML, like Gecko; compatible; GPTBot/1.2; +https://openai.com/gptbot)"
52.45.194.165 - - [04/Nov/2025:00:59:22 +0000] "GET /about-us/?path=//usr/share/doc/nftables HTTP/1.1" 200 3607 "-" "Mozilla/5.0 AppleWebKit/537.36 (KHTML, like Gecko; compatible; Amazonbot/0.1; +https://developer.amazon.com/support/amazonbot) Chrome/119.0.6045.214 Safari/537.36"
74.7.227.19 - - [04/Nov/2025:00:59:24 +0000] "GET /?path=//sys/bus/node/devices/node0/memory2/subsystem/devices/memory3/subsystem/devices/memory6/subsystem/devices/memory3/node0/memory5/power HTTP/1.1" 200 3973 "-" "Mozilla/5.0 AppleWebKit/537.36 (KHTML, like Gecko; compatible; GPTBot/1.2; +https://openai.com/gptbot)"
74.7.227.39 - - [04/Nov/2025:00:59:25 +0000] "GET /?path=//sys/class/net/enp1s0/device/net/enp1s0/device/subsystem/devices/virtio1/block/vda/subsystem/vda/device/block/vda/subsystem/sr0/device/generic/subsystem/sg0/device HTTP/1.1" 200 6060 "-" "Mozilla/5.0 AppleWebKit/537.36 (KHTML, like Gecko; compatible; GPTBot/1.2; +https://openai.com/gptbot)"
52.1.106.130 - - [04/Nov/2025:00:59:26 +0000] "GET /about-us/?fileloc=//proc/24/net/ipv6_route&path=//proc/24/net HTTP/1.1" 200 3109 "-" "Mozilla/5.0 AppleWebKit/537.36 (KHTML, like Gecko; compatible; Amazonbot/0.1; +https://developer.amazon.com/support/amazonbot) Chrome/119.0.6045.214 Safari/537.36"
74.7.227.19 - - [04/Nov/2025:00:59:27 +0000] "GET /?path=//sys/bus/node/devices/node0/memory2/subsystem/devices/memory3/subsystem/devices/memory0/subsystem/devices/memory6/node0/memory4/power HTTP/1.1" 200 3969 "-" "Mozilla/5.0 AppleWebKit/537.36 (KHTML, like Gecko; compatible; GPTBot/1.2; +https://openai.com/gptbot)"
74.7.227.39 - - [04/Nov/2025:00:59:28 +0000] "GET /?path=//sys/class/net/enp1s0/device/net/enp1s0/device/subsystem/devices/virtio1/block/vda/subsystem/vda/device/block/vda/subsystem/vda/vda2/subsystem/vda/subsystem/vda2 HTTP/1.1" 200 4315 "-" "Mozilla/5.0 AppleWebKit/537.36 (KHTML, like Gecko; compatible; GPTBot/1.2; +https://openai.com/gptbot)"
74.7.227.19 - - [04/Nov/2025:00:59:29 +0000] "GET /?path=//sys/bus/node/devices/node0/memory6/subsystem/devices/memory1/subsystem/devices/memory0/subsystem/devices/memory2/node0/memory6/power HTTP/1.1" 200 3965 "-" "Mozilla/5.0 AppleWebKit/537.36 (KHTML, like Gecko; compatible; GPTBot/1.2; +https://openai.com/gptbot)"
3.212.86.97 - - [04/Nov/2025:00:59:30 +0000] "GET /privacy-policy/?fileloc=//lib/python3/dist-packages/rich/cells.py&path=//lib/python3/dist-packages/rich HTTP/1.1" 200 4798 "-" "Mozilla/5.0 AppleWebKit/537.36 (KHTML, like Gecko; compatible; Amazonbot/0.1; +https://developer.amazon.com/support/amazonbot) Chrome/119.0.6045.214 Safari/537.36"
45.145.136.141 - - [04/Nov/2025:00:59:31 +0000] "GET /it-as-a-service/ HTTP/1.1" 200 4342 "-" "Mozilla/5.0 (Macintosh; Intel Mac OS X 10_15_7) AppleWebKit/537.36 (KHTML, like Gecko) Chrome/139.0.0.0 Safari/537.36"
217.113.194.240 - - [04/Nov/2025:00:59:31 +0000] "GET /career/?fileloc=//proc/softirqs&path=//proc HTTP/1.1" 200 3092 "-" "Mozilla/5.0 (compatible; Barkrowler/0.9; +https://babbar.tech/crawler)"
74.7.227.19 - - [04/Nov/2025:00:59:32 +0000] "GET /?path=//sys/bus/node/devices/node0/memory2/subsystem/devices/memory3/subsystem/devices/memory0/subsystem/devices/memory3/node0/memory0/power HTTP/1.1" 200 3969 "-" "Mozilla/5.0 AppleWebKit/537.36 (KHTML, like Gecko; compatible; GPTBot/1.2; +https://openai.com/gptbot)"
74.7.227.39 - - [04/Nov/2025:00:59:32 +0000] "GET /?path=//sys/class/net/enp1s0/device/net/enp1s0/device/subsystem/devices/virtio1/block/vda/subsystem/vda/subsystem/vda/vda2/subsystem/vda/device/block/vda/subsystem/loop0/mq HTTP/1.1" 200 3607 "-" "Mozilla/5.0 AppleWebKit/537.36 (KHTML, like Gecko; compatible; GPTBot/1.2; +https://openai.com/gptbot)"
184.72.84.154 - - [04/Nov/2025:00:59:34 +0000] "GET /enterprise-services/?fileloc=//sys/kernel/btf/x_tables&path=//sys/kernel/btf HTTP/1.1" 200 6272 "-" "Mozilla/5.0 AppleWebKit/537.36 (KHTML, like Gecko; compatible; Amazonbot/0.1; +https://developer.amazon.com/support/amazonbot) Chrome/119.0.6045.214 Safari/537.36"
74.7.227.19 - - [04/Nov/2025:00:59:35 +0000] "GET /?path=//sys/bus/node/devices/node0/memory2/subsystem/devices/memory3/subsystem/devices/memory6/subsystem/devices/memory6/node0/memory1 HTTP/1.1" 200 4053 "-" "Mozilla/5.0 AppleWebKit/537.36 (KHTML, like Gecko; compatible; GPTBot/1.2; +https://openai.com/gptbot)"
74.7.227.39 - - [04/Nov/2025:00:59:35 +0000] "GET /?path=//sys/class/net/enp1s0/device/net/enp1s0/device/subsystem/devices/virtio1/block/vda/subsystem/vda/device/block/vda/device/block/vda/subsystem/vda2/subsystem/loop0/mq HTTP/1.1" 200 3593 "-" "Mozilla/5.0 AppleWebKit/537.36 (KHTML, like Gecko; compatible; GPTBot/1.2; +https://openai.com/gptbot)"
74.7.227.19 - - [04/Nov/2025:00:59:38 +0000] "GET /?path=//sys/bus/node/devices/node0/memory6/subsystem/devices/memory1/subsystem/devices/memory2/subsystem/devices/memory7/node0/memory1/power HTTP/1.1" 200 3966 "-" "Mozilla/5.0 AppleWebKit/537.36 (KHTML, like Gecko; compatible; GPTBot/1.2; +https://openai.com/gptbot)"
3.217.171.106 - - [04/Nov/2025:00:59:38 +0000] "GET /data-centers/?fileloc=//etc/gnutls/config&path=//etc/gnutls HTTP/1.1" 200 3006 "-" "Mozilla/5.0 AppleWebKit/537.36 (KHTML, like Gecko; compatible; Amazonbot/0.1; +https://developer.amazon.com/support/amazonbot) Chrome/119.0.6045.214 Safari/537.36"
74.7.227.39 - - [04/Nov/2025:00:59:39 +0000] "GET /?path=//sys/class/net/enp1s0/device/net/enp1s0/device/subsystem/devices/virtio1/block/vda/device/block/vda/vda1/subsystem/vda/subsystem/vda/device/block/vda/subsystem/loop2 HTTP/1.1" 200 4795 "-" "Mozilla/5.0 AppleWebKit/537.36 (KHTML, like Gecko; compatible; GPTBot/1.2; +https://openai.com/gptbot)"
66.249.74.13 - - [04/Nov/2025:00:59:39 +0000] "GET /?path=//sys/class/tty/tty8/subsystem/ttyS16/subsystem/ttyS7/subsystem/ttyS29/subsystem/tty32/subsystem/ttyS15/subsystem/tty44/subsystem/tty61/subsystem/tty11/subsystem/tty60/subsystem/tty51 HTTP/1.1" 200 3865 "-" "Mozilla/5.0 (Linux; Android 6.0.1; Nexus 5X Build/MMB29P) AppleWebKit/537.36 (KHTML, like Gecko) Chrome/141.0.7390.122 Mobile Safari/537.36 (compatible; Googlebot/2.1; +http://www.google.com/bot.html)"
74.7.227.19 - - [04/Nov/2025:00:59:40 +0000] "GET /?path=//sys/bus/node/devices/node0/memory6/subsystem/devices/memory1/subsystem/devices/memory2/subsystem/devices/memory2/node0/memory5 HTTP/1.1" 200 4054 "-" "Mozilla/5.0 AppleWebKit/537.36 (KHTML, like Gecko; compatible; GPTBot/1.2; +https://openai.com/gptbot)"
66.249.74.15 - - [04/Nov/2025:00:59:40 +0000] "GET /?fileloc=//sys/class/tty/tty8/subsystem/ttyS16/subsystem/ttyS7/subsystem/ttyS29/subsystem/tty32/subsystem/tty17/subsystem/tty30/subsystem/tty62/subsystem/tty31/subsystem/tty31/subsystem/tty11/subsystem/ttyS25/subsystem/tty3/subsystem/tty54/subsystem/tty11/subsystem/tty7/dev&path=//sys/class/tty/tty8/subsystem/ttyS16/subsystem/ttyS7/subsystem/ttyS29/subsystem/tty32/subsystem/tty17/subsystem/tty30/subsystem/tty62/subsystem/tty31/subsystem/tty31/subsystem/tty11/subsystem/ttyS25/subsystem/tty3/subsystem/tty54/subsystem/tty11/subsystem/tty7 HTTP/1.1" 200 3365 "-" "Mozilla/5.0 (Linux; Android 6.0.1; Nexus 5X Build/MMB29P) AppleWebKit/537.36 (KHTML, like Gecko) Chrome/141.0.7390.122 Mobile Safari/537.36 (compatible; Googlebot/2.1; +http://www.google.com/bot.html)"
66.249.74.15 - - [04/Nov/2025:00:59:40 +0000] "GET /?path=//sys/class/tty/tty8/subsystem/ttyS16/subsystem/ttyS7/subsystem/ttyS29/subsystem/tty32/subsystem/ttyS15/subsystem/tty44/subsystem/tty61/subsystem/tty11/subsystem/tty50/subsystem/tty55 HTTP/1.1" 200 3859 "-" "Mozilla/5.0 (Linux; Android 6.0.1; Nexus 5X Build/MMB29P) AppleWebKit/537.36 (KHTML, like Gecko) Chrome/141.0.7390.122 Mobile Safari/537.36 (compatible; Googlebot/2.1; +http://www.google.com/bot.html)"
74.7.227.39 - - [04/Nov/2025:00:59:42 +0000] "GET /?path=//sys/class/net/enp1s0/device/net/enp1s0/device/subsystem/devices/virtio1/block/vda/subsystem/vda/device/block/vda/subsystem/vda/subsystem/vda/vda1/subsystem/loop6/trace HTTP/1.1" 200 3837 "-" "Mozilla/5.0 AppleWebKit/537.36 (KHTML, like Gecko; compatible; GPTBot/1.2; +https://openai.com/gptbot)"
107.20.255.194 - - [04/Nov/2025:00:59:42 +0000] "GET /enterprise-services/?path=//lib/systemd/journald.conf.d HTTP/1.1" 200 3354 "-" "Mozilla/5.0 AppleWebKit/537.36 (KHTML, like Gecko; compatible; Amazonbot/0.1; +https://developer.amazon.com/support/amazonbot) Chrome/119.0.6045.214 Safari/537.36"
74.7.227.19 - - [04/Nov/2025:00:59:43 +0000] "GET /?path=//sys/bus/node/devices/node0/memory2/subsystem/devices/memory3/subsystem/devices/memory6/subsystem/devices/memory1/node0/memory6 HTTP/1.1" 200 4055 "-" "Mozilla/5.0 AppleWebKit/537.36 (KHTML, like Gecko; compatible; GPTBot/1.2; +https://openai.com/gptbot)"
74.7.227.39 - - [04/Nov/2025:00:59:44 +0000] "GET /?path=//sys/class/net/enp1s0/device/net/enp1s0/device/subsystem/devices/virtio1/block/vda/subsystem/sr0/subsystem/vda/device/block/vda/device/block/vda/subsystem/loop5 HTTP/1.1" 200 4775 "-" "Mozilla/5.0 AppleWebKit/537.36 (KHTML, like Gecko; compatible; GPTBot/1.2; +https://openai.com/gptbot)"
74.7.227.39 - - [04/Nov/2025:00:59:46 +0000] "GET /?path=//sys/class/net/enp1s0/device/net/enp1s0/device/subsystem/devices/virtio1/block/vda/subsystem/vda/device/block/vda/subsystem/sr0/device/generic/subsystem HTTP/1.1" 200 3568 "-" "Mozilla/5.0 AppleWebKit/537.36 (KHTML, like Gecko; compatible; GPTBot/1.2; +https://openai.com/gptbot)"
98.83.72.38 - - [04/Nov/2025:00:59:46 +0000] "GET /register/?fileloc=//etc/vmware-tools/tools.conf.example&path=//etc/vmware-tools HTTP/1.1" 200 10298 "-" "Mozilla/5.0 AppleWebKit/537.36 (KHTML, like Gecko; compatible; Amazonbot/0.1; +https://developer.amazon.com/support/amazonbot) Chrome/119.0.6045.214 Safari/537.36"
74.7.227.19 - - [04/Nov/2025:00:59:47 +0000] "GET /?path=//sys/bus/node/devices/node0/memory6/subsystem/devices/memory1/subsystem/devices/memory2/subsystem/devices/memory5/node0/memory3 HTTP/1.1" 200 4057 "-" "Mozilla/5.0 AppleWebKit/537.36 (KHTML, like Gecko; compatible; GPTBot/1.2; +https://openai.com/gptbot)"
217.113.194.241 - - [04/Nov/2025:00:59:48 +0000] "GET /career/?fileloc=//proc/version_signature&path=//proc HTTP/1.1" 200 2963 "-" "Mozilla/5.0 (compatible; Barkrowler/0.9; +https://babbar.tech/crawler)"
74.7.227.39 - - [04/Nov/2025:00:59:49 +0000] "GET /?path=//sys/class/net/enp1s0/device/net/enp1s0/device/subsystem/devices/virtio1/block/vda/subsystem/vda/vda2/subsystem/vda/device/block/vda/subsystem/loop2/bdi/subsystem HTTP/1.1" 200 3977 "-" "Mozilla/5.0 AppleWebKit/537.36 (KHTML, like Gecko; compatible; GPTBot/1.2; +https://openai.com/gptbot)"
74.7.227.19 - - [04/Nov/2025:00:59:49 +0000] "GET /?path=//sys/bus/node/devices/node0/memory2/subsystem/devices/memory3/subsystem/devices/memory6/subsystem/devices/memory0/node0/memory6 HTTP/1.1" 200 4056 "-" "Mozilla/5.0 AppleWebKit/537.36 (KHTML, like Gecko; compatible; GPTBot/1.2; +https://openai.com/gptbot)"
35.171.117.160 - - [04/Nov/2025:00:59:50 +0000] "GET /contact-u/?fileloc=//bin/X11/debconf-set-selections&path=//bin/X11 HTTP/1.1" 200 4379 "-" "Mozilla/5.0 AppleWebKit/537.36 (KHTML, like Gecko; compatible; Amazonbot/0.1; +https://developer.amazon.com/support/amazonbot) Chrome/119.0.6045.214 Safari/537.36"
74.7.227.39 - - [04/Nov/2025:00:59:51 +0000] "GET /?path=//sys/class/net/enp1s0/device/net/enp1s0/device/subsystem/devices/virtio1/block/vda/device/block/vda/subsystem/vda/device/driver/virtio1/block/vda/subsystem/vda/vda2 HTTP/1.1" 200 4309 "-" "Mozilla/5.0 AppleWebKit/537.36 (KHTML, like Gecko; compatible; GPTBot/1.2; +https://openai.com/gptbot)"
74.7.227.19 - - [04/Nov/2025:00:59:53 +0000] "GET /?path=//sys/bus/node/devices/node0/memory6/subsystem/devices/memory1/subsystem/devices/memory0/subsystem/devices/memory6/node0/memory0 HTTP/1.1" 200 4055 "-" "Mozilla/5.0 AppleWebKit/537.36 (KHTML, like Gecko; compatible; GPTBot/1.2; +https://openai.com/gptbot)"
44.223.115.10 - - [04/Nov/2025:00:59:54 +0000] "GET /contact-u/?fileloc=//bin/X11/systemd-notify&path=//bin/X11 HTTP/1.1" 200 11640 "-" "Mozilla/5.0 AppleWebKit/537.36 (KHTML, like Gecko; compatible; Amazonbot/0.1; +https://developer.amazon.com/support/amazonbot) Chrome/119.0.6045.214 Safari/537.36"
74.7.227.19 - - [04/Nov/2025:00:59:56 +0000] "GET /?path=//sys/bus/node/devices/node0/memory2/subsystem/devices/memory3/subsystem/devices/memory6/subsystem/devices/memory6/node0/memory1/power HTTP/1.1" 200 3963 "-" "Mozilla/5.0 AppleWebKit/537.36 (KHTML, like Gecko; compatible; GPTBot/1.2; +https://openai.com/gptbot)"
74.7.227.39 - - [04/Nov/2025:00:59:56 +0000] "GET /?path=//sys/class/net/enp1s0/device/net/enp1s0/device/subsystem/devices/virtio1/block/vda/subsystem/vda/device/block/vda/device/block/vda/vda2/subsystem/vda/subsystem/loop3 HTTP/1.1" 200 4795 "-" "Mozilla/5.0 AppleWebKit/537.36 (KHTML, like Gecko; compatible; GPTBot/1.2; +https://openai.com/gptbot)"
74.7.227.19 - - [04/Nov/2025:00:59:58 +0000] "GET /?path=//sys/bus/node/devices/node0/memory6/subsystem/devices/memory1/subsystem/devices/memory0/subsystem/devices/memory4/node0/memory6 HTTP/1.1" 200 4055 "-" "Mozilla/5.0 AppleWebKit/537.36 (KHTML, like Gecko; compatible; GPTBot/1.2; +https://openai.com/gptbot)"
52.45.92.83 - - [04/Nov/2025:00:59:58 +0000] "GET /automations/?fileloc=//etc/apparmor.d/chrome&path=//etc/apparmor.d HTTP/1.1" 200 3195 "-" "Mozilla/5.0 AppleWebKit/537.36 (KHTML, like Gecko; compatible; Amazonbot/0.1; +https://developer.amazon.com/support/amazonbot) Chrome/119.0.6045.214 Safari/537.36"
74.7.227.39 - - [04/Nov/2025:00:59:59 +0000] "GET /?path=//sys/class/net/enp1s0/device/net/enp1s0/device/subsystem/devices/virtio1/block/vda/subsystem/vda/subsystem/vda/device/block/vda/subsystem/vda/vda1/subsystem/loop3 HTTP/1.1" 200 4759 "-" "Mozilla/5.0 AppleWebKit/537.36 (KHTML, like Gecko; compatible; GPTBot/1.2; +https://openai.com/gptbot)"
74.7.227.19 - - [04/Nov/2025:01:00:01 +0000] "GET /?path=//sys/bus/node/devices/node0/memory6/subsystem/devices/memory1/subsystem/devices/memory2/subsystem/devices/memory2/node0/memory5/power HTTP/1.1" 200 3966 "-" "Mozilla/5.0 AppleWebKit/537.36 (KHTML, like Gecko; compatible; GPTBot/1.2; +https://openai.com/gptbot)"
52.70.123.241 - - [04/Nov/2025:01:00:03 +0000] "GET /enterprise-services/?fileloc=//etc/apparmor.d/Discord&path=//etc/apparmor.d HTTP/1.1" 200 3199 "-" "Mozilla/5.0 AppleWebKit/537.36 (KHTML, like Gecko; compatible; Amazonbot/0.1; +https://developer.amazon.com/support/amazonbot) Chrome/119.0.6045.214 Safari/537.36"
74.7.227.39 - - [04/Nov/2025:01:00:03 +0000] "GET /?path=//sys/class/net/enp1s0/device/net/enp1s0/device/subsystem/devices/virtio1/block/vda/subsystem/vda/subsystem/loop2/subsystem/vda/subsystem/vda/device/block/vda/vda2 HTTP/1.1" 200 4303 "-" "Mozilla/5.0 AppleWebKit/537.36 (KHTML, like Gecko; compatible; GPTBot/1.2; +https://openai.com/gptbot)"
74.7.227.19 - - [04/Nov/2025:01:00:03 +0000] "GET /?path=//sys/bus/node/devices/node0/memory6/subsystem/devices/memory1/subsystem/devices/memory2/subsystem/devices/memory5/node0/memory3/power HTTP/1.1" 200 3967 "-" "Mozilla/5.0 AppleWebKit/537.36 (KHTML, like Gecko; compatible; GPTBot/1.2; +https://openai.com/gptbot)"
217.113.194.196 - - [04/Nov/2025:01:00:05 +0000] "GET /career/?fileloc=//bin/gcov-tool-13&path=//bin HTTP/1.1" 200 159075 "-" "Mozilla/5.0 (compatible; Barkrowler/0.9; +https://babbar.tech/crawler)"
74.7.227.19 - - [04/Nov/2025:01:00:05 +0000] "GET /?path=//sys/bus/node/devices/node0/memory2/subsystem/devices/memory3/subsystem/devices/memory6/subsystem/devices/memory1/node0/memory6/power HTTP/1.1" 200 3965 "-" "Mozilla/5.0 AppleWebKit/537.36 (KHTML, like Gecko; compatible; GPTBot/1.2; +https://openai.com/gptbot)"
74.7.227.39 - - [04/Nov/2025:01:00:05 +0000] "GET /?path=//sys/class/net/enp1s0/device/net/enp1s0/device/subsystem/devices/virtio1/block/vda/subsystem/vda/device/block/vda/subsystem/vda/subsystem/sr0/device/scsi_generic/sg0 HTTP/1.1" 200 3885 "-" "Mozilla/5.0 AppleWebKit/537.36 (KHTML, like Gecko; compatible; GPTBot/1.2; +https://openai.com/gptbot)"
52.201.155.215 - - [04/Nov/2025:01:00:06 +0000] "GET /about-us/?fileloc=//etc/fonts/conf.d/80-delicious.conf&path=//etc/fonts/conf.d HTTP/1.1" 200 3245 "-" "Mozilla/5.0 AppleWebKit/537.36 (KHTML, like Gecko; compatible; Amazonbot/0.1; +https://developer.amazon.com/support/amazonbot) Chrome/119.0.6045.214 Safari/537.36"
74.7.227.39 - - [04/Nov/2025:01:00:08 +0000] "GET /?path=//sys/class/net/enp1s0/device/net/enp1s0/device/subsystem/devices/virtio1/block/vda/subsystem/vda/device/block/vda/device/block/vda/subsystem/vda1/subsystem/loop7 HTTP/1.1" 200 4769 "-" "Mozilla/5.0 AppleWebKit/537.36 (KHTML, like Gecko; compatible; GPTBot/1.2; +https://openai.com/gptbot)"
74.7.227.19 - - [04/Nov/2025:01:00:08 +0000] "GET /?path=//sys/bus/node/devices/node0/memory2/subsystem/devices/memory3/subsystem/devices/memory6/subsystem/devices/memory0/node0/memory6/power HTTP/1.1" 200 3968 "-" "Mozilla/5.0 AppleWebKit/537.36 (KHTML, like Gecko; compatible; GPTBot/1.2; +https://openai.com/gptbot)"
107.20.255.194 - - [04/Nov/2025:01:00:10 +0000] "GET /privacy-policy/?path=//usr/share/doc/pkgconf-bin HTTP/1.1" 200 3551 "-" "Mozilla/5.0 AppleWebKit/537.36 (KHTML, like Gecko; compatible; Amazonbot/0.1; +https://developer.amazon.com/support/amazonbot) Chrome/119.0.6045.214 Safari/537.36"
74.7.227.39 - - [04/Nov/2025:01:00:11 +0000] "GET /?path=//sys/class/net/enp1s0/device/net/enp1s0/device/subsystem/devices/virtio1/block/vda/subsystem/vda/vda2/subsystem/vda/device/block/vda/subsystem/loop2/bdi/subsystem/7:4 HTTP/1.1" 200 4279 "-" "Mozilla/5.0 AppleWebKit/537.36 (KHTML, like Gecko; compatible; GPTBot/1.2; +https://openai.com/gptbot)"
74.7.227.19 - - [04/Nov/2025:01:00:11 +0000] "GET /?path=//sys/bus/node/devices/node0/memory6/subsystem/devices/memory1/subsystem/devices/memory0/subsystem/devices/memory6/node0/memory0/power HTTP/1.1" 200 3965 "-" "Mozilla/5.0 AppleWebKit/537.36 (KHTML, like Gecko; compatible; GPTBot/1.2; +https://openai.com/gptbot)"
74.7.227.19 - - [04/Nov/2025:01:00:13 +0000] "GET /?path=//sys/bus/node/devices/node0/memory2/subsystem/devices/memory3/subsystem/devices/memory0/subsystem/devices/memory3/node0/memory4 HTTP/1.1" 200 4066 "-" "Mozilla/5.0 AppleWebKit/537.36 (KHTML, like Gecko; compatible; GPTBot/1.2; +https://openai.com/gptbot)"
74.7.227.39 - - [04/Nov/2025:01:00:13 +0000] "GET /?path=//sys/class/net/enp1s0/device/net/enp1s0/device/subsystem/devices/virtio1/block/vda/subsystem/vda/vda2/subsystem/vda HTTP/1.1" 200 4917 "-" "Mozilla/5.0 AppleWebKit/537.36 (KHTML, like Gecko; compatible; GPTBot/1.2; +https://openai.com/gptbot)"
23.23.213.182 - - [04/Nov/2025:01:00:14 +0000] "GET /privacy-policy/?fileloc=//lib/python3/dist-packages/DistUpgrade/distro.py&path=//lib/python3/dist-packages/DistUpgrade HTTP/1.1" 200 10589 "-" "Mozilla/5.0 AppleWebKit/537.36 (KHTML, like Gecko; compatible; Amazonbot/0.1; +https://developer.amazon.com/support/amazonbot) Chrome/119.0.6045.214 Safari/537.36"
74.7.227.39 - - [04/Nov/2025:01:00:16 +0000] "GET /?path=//sys/class/net/enp1s0/device/net/enp1s0/device/subsystem/devices/virtio1/block/vda/subsystem/vda/vda2/subsystem/vda/device/block/vda/subsystem/loop2/bdi/subsystem/11:0 HTTP/1.1" 200 4286 "-" "Mozilla/5.0 AppleWebKit/537.36 (KHTML, like Gecko; compatible; GPTBot/1.2; +https://openai.com/gptbot)"
74.7.227.19 - - [04/Nov/2025:01:00:17 +0000] "GET /?path=//sys/bus/node/devices/node0/memory6/subsystem/devices/memory1/subsystem/devices/memory0/subsystem/devices/memory4/node0/memory6/power HTTP/1.1" 200 3968 "-" "Mozilla/5.0 AppleWebKit/537.36 (KHTML, like Gecko; compatible; GPTBot/1.2; +https://openai.com/gptbot)"
44.214.19.8 - - [04/Nov/2025:01:00:18 +0000] "GET /enterprise-services/?path=//lib/x86_64-linux-gnu/perl-base/IPC HTTP/1.1" 200 3439 "-" "Mozilla/5.0 AppleWebKit/537.36 (KHTML, like Gecko; compatible; Amazonbot/0.1; +https://developer.amazon.com/support/amazonbot) Chrome/119.0.6045.214 Safari/537.36"
74.7.227.39 - - [04/Nov/2025:01:00:19 +0000] "GET /?path=//sys/class/net/enp1s0/device/net/enp1s0/device/subsystem/devices/virtio1/block/vda/subsystem/vda/subsystem/vda/device/block/vda/subsystem/vda/vda1/subsystem/loop3/mq HTTP/1.1" 200 3593 "-" "Mozilla/5.0 AppleWebKit/537.36 (KHTML, like Gecko; compatible; GPTBot/1.2; +https://openai.com/gptbot)"
74.7.227.19 - - [04/Nov/2025:01:00:19 +0000] "GET /?path=//sys/bus/node/devices/node0/memory6/subsystem/devices/memory1/subsystem/devices/memory0/subsystem/devices/memory5/node0/memory6 HTTP/1.1" 200 4054 "-" "Mozilla/5.0 AppleWebKit/537.36 (KHTML, like Gecko; compatible; GPTBot/1.2; +https://openai.com/gptbot)"
