74.7.227.39 - - [04/Nov/2025:01:14:33 +0000] "GET /?path=//sys/class/net/enp1s0/device/net/enp1s0/device/subsystem/devices/virtio1/block/vda/subsystem/vda/vda1/subsystem/vda/device/block/vda/subsystem/vda/subsystem/vda/vda1 HTTP/1.1" 200 4302 "-" "Mozilla/5.0 AppleWebKit/537.36 (KHTML, like Gecko; compatible; GPTBot/1.2; +https://openai.com/gptbot)"
74.7.227.19 - - [04/Nov/2025:01:14:33 +0000] "GET /?path=//sys/bus/node/devices/node0/memory2/subsystem/devices/memory3/subsystem/devices/memory6/subsystem/devices/memory0/node0/cpu0/firmware_node/physical_node HTTP/1.1" 200 4155 "-" "Mozilla/5.0 AppleWebKit/537.36 (KHTML, like Gecko; compatible; GPTBot/1.2; +https://openai.com/gptbot)"
35.168.238.50 - - [04/Nov/2025:01:14:34 +0000] "GET /about-us/?path=//sys/class/leds/input1::capslock/subsystem/input1::numlock/device/device/firmware_node/physical_node/firmware_node/subsystem/devices/device:1e/subsystem/devices/device:05/device:0e/power HTTP/1.1" 200 4111 "-" "Mozilla/5.0 AppleWebKit/537.36 (KHTML, like Gecko; compatible; Amazonbot/0.1; +https://developer.amazon.com/support/amazonbot) Chrome/119.0.6045.214 Safari/537.36"
74.7.227.19 - - [04/Nov/2025:01:14:37 +0000] "GET /?path=//sys/bus/node/devices/node0/memory2/subsystem/devices/memory3/subsystem/devices/memory1/subsystem/devices/memory0/node0/cpu0/firmware_node/physical_node/driver HTTP/1.1" 200 3806 "-" "Mozilla/5.0 AppleWebKit/537.36 (KHTML, like Gecko; compatible; GPTBot/1.2; +https://openai.com/gptbot)"
74.7.227.39 - - [04/Nov/2025:01:14:37 +0000] "GET /?path=//sys/class/net/enp1s0/device/net/enp1s0/device/subsystem/devices/virtio1/block/vda/subsystem/loop5/subsystem/vda/device/block/vda/subsystem/vda/subsystem/vda/vda1 HTTP/1.1" 200 4321 "-" "Mozilla/5.0 AppleWebKit/537.36 (KHTML, like Gecko; compatible; GPTBot/1.2; +https://openai.com/gptbot)"
18.235.158.19 - - [04/Nov/2025:01:14:38 +0000] "GET /?path=//sys/class/misc/rfkill/subsystem/psaux/subsystem/ecryptfs/subsystem/mpt2ctl/subsystem/mpt2ctl HTTP/1.1" 200 3683 "-" "Mozilla/5.0 AppleWebKit/537.36 (KHTML, like Gecko; compatible; Amazonbot/0.1; +https://developer.amazon.com/support/amazonbot) Chrome/119.0.6045.214 Safari/537.36"
74.7.227.19 - - [04/Nov/2025:01:14:40 +0000] "GET /?path=//sys/bus/node/devices/node0/memory6/subsystem/devices/memory1/subsystem/devices/memory2/subsystem/devices/memory1/node0/cpu0/firmware_node/physical_node/driver HTTP/1.1" 200 3811 "-" "Mozilla/5.0 AppleWebKit/537.36 (KHTML, like Gecko; compatible; GPTBot/1.2; +https://openai.com/gptbot)"
74.7.227.39 - - [04/Nov/2025:01:14:41 +0000] "GET /?path=//sys/class/net/enp1s0/device/net/enp1s0/device/subsystem/devices/virtio1/block/vda/subsystem/loop3/subsystem/vda/device/block/vda/subsystem/sr0/queue/bsg/device/bsg HTTP/1.1" 200 3617 "-" "Mozilla/5.0 AppleWebKit/537.36 (KHTML, like Gecko; compatible; GPTBot/1.2; +https://openai.com/gptbot)"
217.113.194.194 - - [04/Nov/2025:01:14:42 +0000] "GET /career/?fileloc=//sbin/bitesize.bt&path=//sbin HTTP/1.1" 200 3299 "-" "Mozilla/5.0 (compatible; Barkrowler/0.9; +https://babbar.tech/crawler)"
54.210.152.179 - - [04/Nov/2025:01:14:42 +0000] "GET /about-us/?path=//sys/class/leds/input1::capslock/subsystem/input1::numlock/device/device/firmware_node/physical_node/firmware_node/subsystem/devices/device:1b/subsystem/devices/device:04/device:05/device:1e HTTP/1.1" 200 4054 "-" "Mozilla/5.0 AppleWebKit/537.36 (KHTML, like Gecko; compatible; Amazonbot/0.1; +https://developer.amazon.com/support/amazonbot) Chrome/119.0.6045.214 Safari/537.36"
74.7.227.19 - - [04/Nov/2025:01:14:43 +0000] "GET /?path=//sys/bus/node/devices/node0/memory6/subsystem/devices/memory1/subsystem/devices/memory2/subsystem/devices/memory3/node0/cpu0/firmware_node/physical_node/power HTTP/1.1" 200 4064 "-" "Mozilla/5.0 AppleWebKit/537.36 (KHTML, like Gecko; compatible; GPTBot/1.2; +https://openai.com/gptbot)"
74.7.227.39 - - [04/Nov/2025:01:14:44 +0000] "GET /?path=//sys/class/net/enp1s0/device/net/enp1s0/device/subsystem/devices/virtio1/block/vda/device/block/vda/subsystem/vda/device/driver/virtio1/block/vda/subsystem/loop1/bdi HTTP/1.1" 200 4297 "-" "Mozilla/5.0 AppleWebKit/537.36 (KHTML, like Gecko; compatible; GPTBot/1.2; +https://openai.com/gptbot)"
74.7.227.19 - - [04/Nov/2025:01:14:45 +0000] "GET /?path=//sys/bus/node/devices/node0/memory6/subsystem/devices/memory1/subsystem/devices/memory0/subsystem/devices/memory6/node0/cpu0/firmware_node/physical_node HTTP/1.1" 200 4161 "-" "Mozilla/5.0 AppleWebKit/537.36 (KHTML, like Gecko; compatible; GPTBot/1.2; +https://openai.com/gptbot)"
34.194.233.48 - - [04/Nov/2025:01:14:46 +0000] "GET /about-us/?path=//sys/class/leds/input1::capslock/subsystem/input1::numlock/device/subsystem/event4/subsystem/input0/event0/subsystem/input1/input1::scrolllock/device/event1/device HTTP/1.1" 200 4352 "-" "Mozilla/5.0 AppleWebKit/537.36 (KHTML, like Gecko; compatible; Amazonbot/0.1; +https://developer.amazon.com/support/amazonbot) Chrome/119.0.6045.214 Safari/537.36"
74.7.227.19 - - [04/Nov/2025:01:14:48 +0000] "GET /?path=//sys/bus/node/devices/node0/memory6/subsystem/devices/memory1/subsystem/devices/memory2/subsystem/devices/memory0/node0/cpu0/firmware_node/physical_node/cache HTTP/1.1" 200 3838 "-" "Mozilla/5.0 AppleWebKit/537.36 (KHTML, like Gecko; compatible; GPTBot/1.2; +https://openai.com/gptbot)"
74.7.227.39 - - [04/Nov/2025:01:14:49 +0000] "GET /?path=//sys/class/net/enp1s0/device/net/enp1s0/device/subsystem/devices/virtio1/block/vda/device/block/vda/vda1/subsystem/vda/subsystem/vda/subsystem/loop5/bdi/subsystem HTTP/1.1" 200 3947 "-" "Mozilla/5.0 AppleWebKit/537.36 (KHTML, like Gecko; compatible; GPTBot/1.2; +https://openai.com/gptbot)"
107.20.25.33 - - [04/Nov/2025:01:14:50 +0000] "GET /about-us/?path=//sys/class/input/input1/subsystem/input4/event2/subsystem/event4/subsystem/input1/subsystem/input1/input1::capslock/device/input1::capslock/device/power HTTP/1.1" 200 3995 "-" "Mozilla/5.0 AppleWebKit/537.36 (KHTML, like Gecko; compatible; Amazonbot/0.1; +https://developer.amazon.com/support/amazonbot) Chrome/119.0.6045.214 Safari/537.36"
74.7.227.19 - - [04/Nov/2025:01:14:51 +0000] "GET /?path=//sys/bus/node/devices/node0/memory2/subsystem/devices/memory3/subsystem/devices/memory6/subsystem/devices/memory0/node0/cpu0/firmware_node/physical_node/cache HTTP/1.1" 200 3837 "-" "Mozilla/5.0 AppleWebKit/537.36 (KHTML, like Gecko; compatible; GPTBot/1.2; +https://openai.com/gptbot)"
66.249.74.13 - - [04/Nov/2025:01:14:51 +0000] "GET /?path=//sys/class/tty/tty8/subsystem/ttyS16/subsystem/ttyS7/subsystem/ttyS29/subsystem/tty32/subsystem/tty17/subsystem/tty30/subsystem/tty62/subsystem/tty31/subsystem/tty31/subsystem/tty11/subsystem/ttyS25/subsystem/tty3/subsystem/tty38/subsystem/tty27/subsystem/tty39/subsystem/tty55/subsystem HTTP/1.1" 200 7450 "-" "Mozilla/5.0 (Linux; Android 6.0.1; Nexus 5X Build/MMB29P) AppleWebKit/537.36 (KHTML, like Gecko) Chrome/141.0.7390.122 Mobile Safari/537.36 (compatible; Googlebot/2.1; +http://www.google.com/bot.html)"
74.7.227.39 - - [04/Nov/2025:01:14:52 +0000] "GET /?path=//sys/class/net/enp1s0/device/net/enp1s0/device/subsystem/devices/virtio1/block/vda/subsystem/vda/vda2/subsystem/vda/device/block/vda/subsystem/vda/subsystem/loop4/mq HTTP/1.1" 200 3611 "-" "Mozilla/5.0 AppleWebKit/537.36 (KHTML, like Gecko; compatible; GPTBot/1.2; +https://openai.com/gptbot)"
66.249.74.14 - - [04/Nov/2025:01:14:52 +0000] "GET /?fileloc=//sys/class/tty/tty8/subsystem/ttyS16/subsystem/ttyS7/subsystem/ttyS29/subsystem/tty32/subsystem/ttyS4/subsystem/tty57/subsystem/tty0/subsystem/ttyS31/subsystem/tty50/subsystem/tty3/subsystem/tty4/subsystem/tty9/subsystem/ttyS6/subsystem/tty9/subsystem/tty/dev&path=//sys/class/tty/tty8/subsystem/ttyS16/subsystem/ttyS7/subsystem/ttyS29/subsystem/tty32/subsystem/ttyS4/subsystem/tty57/subsystem/tty0/subsystem/ttyS31/subsystem/tty50/subsystem/tty3/subsystem/tty4/subsystem/tty9/subsystem/ttyS6/subsystem/tty9/subsystem/tty HTTP/1.1" 200 3374 "-" "Mozilla/5.0 (Linux; Android 6.0.1; Nexus 5X Build/MMB29P) AppleWebKit/537.36 (KHTML, like Gecko) Chrome/141.0.7390.122 Mobile Safari/537.36 (compatible; Googlebot/2.1; +http://www.google.com/bot.html)"
74.7.227.19 - - [04/Nov/2025:01:14:54 +0000] "GET /?fileloc=//sys/bus/node/devices/node0/memory6/subsystem/devices/memory1/subsystem/devices/memory2/subsystem/devices/memory1/node0/cpu0/firmware_node/physical_node/driver/bind&path=//sys/bus/node/devices/node0/memory6/subsystem/devices/memory1/subsystem/devices/memory2/subsystem/devices/memory1/node0/cpu0/firmware_node/physical_node/driver HTTP/1.1" 200 3204 "-" "Mozilla/5.0 AppleWebKit/537.36 (KHTML, like Gecko; compatible; GPTBot/1.2; +https://openai.com/gptbot)"
3.209.174.110 - - [04/Nov/2025:01:14:55 +0000] "GET /about-us/?path=//sys/class/wakeup/wakeup8/device/physical_node/firmware_node/device:2f/subsystem/devices/device:02/subsystem/devices/device:1f/subsystem/devices/device:01/subsystem HTTP/1.1" 200 3871 "-" "Mozilla/5.0 AppleWebKit/537.36 (KHTML, like Gecko; compatible; Amazonbot/0.1; +https://developer.amazon.com/support/amazonbot) Chrome/119.0.6045.214 Safari/537.36"
74.7.227.19 - - [04/Nov/2025:01:14:56 +0000] "GET /?fileloc=//sys/bus/node/devices/node0/memory2/subsystem/devices/memory3/subsystem/devices/memory6/subsystem/devices/memory5/node0/cpu0/firmware_node/physical_node/driver/unbind&path=//sys/bus/node/devices/node0/memory2/subsystem/devices/memory3/subsystem/devices/memory6/subsystem/devices/memory5/node0/cpu0/firmware_node/physical_node/driver HTTP/1.1" 200 3198 "-" "Mozilla/5.0 AppleWebKit/537.36 (KHTML, like Gecko; compatible; GPTBot/1.2; +https://openai.com/gptbot)"
52.204.71.8 - - [04/Nov/2025:01:14:58 +0000] "GET /about-us/?path=//sys/class/leds/input1::capslock/subsystem/input1::numlock/device/device/firmware_node/physical_node/firmware_node/subsystem/devices/device:37/subsystem/devices/device:41/subsystem HTTP/1.1" 200 3905 "-" "Mozilla/5.0 AppleWebKit/537.36 (KHTML, like Gecko; compatible; Amazonbot/0.1; +https://developer.amazon.com/support/amazonbot) Chrome/119.0.6045.214 Safari/537.36"
74.7.227.39 - - [04/Nov/2025:01:14:58 +0000] "GET /?path=//sys/class/net/enp1s0/device/net/enp1s0/device/subsystem/devices/virtio1/block/vda/subsystem/vda/subsystem/loop2/subsystem/vda/device/block/vda/subsystem/vda/vda1 HTTP/1.1" 200 4312 "-" "Mozilla/5.0 AppleWebKit/537.36 (KHTML, like Gecko; compatible; GPTBot/1.2; +https://openai.com/gptbot)"
74.7.227.19 - - [04/Nov/2025:01:14:59 +0000] "GET /?path=//sys/bus/node/devices/node0/memory2/subsystem/devices/memory3/subsystem/devices/memory6/subsystem/devices/memory0/node0/cpu0/firmware_node/physical_node/driver HTTP/1.1" 200 3805 "-" "Mozilla/5.0 AppleWebKit/537.36 (KHTML, like Gecko; compatible; GPTBot/1.2; +https://openai.com/gptbot)"
217.113.194.195 - - [04/Nov/2025:01:14:59 +0000] "GET /career/?fileloc=//sbin/profile-bpfcc&path=//sbin HTTP/1.1" 200 8552 "-" "Mozilla/5.0 (compatible; Barkrowler/0.9; +https://babbar.tech/crawler)"
74.7.227.19 - - [04/Nov/2025:01:15:02 +0000] "GET /?path=//sys/bus/node/devices/node0/memory2/subsystem/devices/memory3/subsystem/devices/memory0/subsystem/devices/memory2/node0/cpu0/firmware_node/physical_node HTTP/1.1" 200 4160 "-" "Mozilla/5.0 AppleWebKit/537.36 (KHTML, like Gecko; compatible; GPTBot/1.2; +https://openai.com/gptbot)"
184.73.35.182 - - [04/Nov/2025:01:15:02 +0000] "GET /about-us/?path=//sys/class/leds/input1::capslock/subsystem/input1::numlock/device/device/firmware_node/physical_node/firmware_node/subsystem/devices/device:10/subsystem/devices/device:06/physical_node HTTP/1.1" 200 5549 "-" "Mozilla/5.0 AppleWebKit/537.36 (KHTML, like Gecko; compatible; Amazonbot/0.1; +https://developer.amazon.com/support/amazonbot) Chrome/119.0.6045.214 Safari/537.36"
74.7.227.39 - - [04/Nov/2025:01:15:03 +0000] "GET /?path=//sys/class/net/enp1s0/device/net/enp1s0/device/subsystem/drivers/virtio_blk/virtio1/block/vda/subsystem/sr0/subsystem/sr0/subsystem/vda/subsystem/vda/bdi/subsystem HTTP/1.1" 200 3959 "-" "Mozilla/5.0 AppleWebKit/537.36 (KHTML, like Gecko; compatible; GPTBot/1.2; +https://openai.com/gptbot)"
74.7.227.19 - - [04/Nov/2025:01:15:04 +0000] "GET /?path=//sys/bus/node/devices/node0/memory6/subsystem/devices/memory1/subsystem/devices/memory0/subsystem/devices/memory6/node0/cpu0/firmware_node/physical_node/cache HTTP/1.1" 200 3843 "-" "Mozilla/5.0 AppleWebKit/537.36 (KHTML, like Gecko; compatible; GPTBot/1.2; +https://openai.com/gptbot)"
100.28.49.152 - - [04/Nov/2025:01:15:06 +0000] "GET /about-us/?path=//sys/class/leds/input1::capslock/subsystem/input1::numlock/device/device/firmware_node/physical_node/firmware_node/subsystem/devices/device:3b/subsystem/devices/device:04/power HTTP/1.1" 200 4040 "-" "Mozilla/5.0 AppleWebKit/537.36 (KHTML, like Gecko; compatible; Amazonbot/0.1; +https://developer.amazon.com/support/amazonbot) Chrome/119.0.6045.214 Safari/537.36"
74.7.227.19 - - [04/Nov/2025:01:15:06 +0000] "GET /?path=//sys/bus/node/devices/node0/memory6/subsystem/devices/memory1/subsystem/devices/memory0/subsystem/devices/memory6/node0/cpu0/firmware_node/physical_node/power HTTP/1.1" 200 4072 "-" "Mozilla/5.0 AppleWebKit/537.36 (KHTML, like Gecko; compatible; GPTBot/1.2; +https://openai.com/gptbot)"
74.7.227.39 - - [04/Nov/2025:01:15:09 +0000] "GET /?path=//sys/class/net/enp1s0/device/net/enp1s0/device/subsystem/devices/virtio1/block/vda/subsystem/vda/device/block/vda/subsystem/loop0/subsystem/sr0/device/subsystem HTTP/1.1" 200 3893 "-" "Mozilla/5.0 AppleWebKit/537.36 (KHTML, like Gecko; compatible; GPTBot/1.2; +https://openai.com/gptbot)"
74.7.227.19 - - [04/Nov/2025:01:15:09 +0000] "GET /?path=//sys/bus/node/devices/node0/memory6/subsystem/devices/memory1/subsystem/devices/memory0/subsystem/devices/memory0/node0/cpu0/firmware_node/physical_node HTTP/1.1" 200 4156 "-" "Mozilla/5.0 AppleWebKit/537.36 (KHTML, like Gecko; compatible; GPTBot/1.2; +https://openai.com/gptbot)"
23.21.250.48 - - [04/Nov/2025:01:15:10 +0000] "GET /about-us/?path=//sys/class/leds/input1::capslock/subsystem/input1::numlock/device/subsystem/input0/subsystem/event4/subsystem/event1/device/input1::capslock/device/device/power HTTP/1.1" 200 4401 "-" "Mozilla/5.0 AppleWebKit/537.36 (KHTML, like Gecko; compatible; Amazonbot/0.1; +https://developer.amazon.com/support/amazonbot) Chrome/119.0.6045.214 Safari/537.36"
74.7.227.19 - - [04/Nov/2025:01:15:13 +0000] "GET /?path=//sys/bus/node/devices/node0/memory6/subsystem/devices/memory1/subsystem/devices/memory2/subsystem/devices/memory7/node0/cpu0/firmware_node/physical_node HTTP/1.1" 200 4154 "-" "Mozilla/5.0 AppleWebKit/537.36 (KHTML, like Gecko; compatible; GPTBot/1.2; +https://openai.com/gptbot)"
74.7.227.39 - - [04/Nov/2025:01:15:13 +0000] "GET /?path=//sys/class/net/enp1s0/device/net/enp1s0/device/subsystem/devices/virtio1/block/vda/vda2/subsystem/vda/subsystem/vda/device/block/vda/subsystem/vda/subsystem/loop1 HTTP/1.1" 200 4784 "-" "Mozilla/5.0 AppleWebKit/537.36 (KHTML, like Gecko; compatible; GPTBot/1.2; +https://openai.com/gptbot)"
34.192.125.239 - - [04/Nov/2025:01:15:15 +0000] "GET /about-us/?path=//sys/class/leds/input1::capslock/subsystem/input1::numlock/device/subsystem/event2/subsystem/event0/subsystem/event0/device/event0/device/device/driver HTTP/1.1" 200 3791 "-" "Mozilla/5.0 AppleWebKit/537.36 (KHTML, like Gecko; compatible; Amazonbot/0.1; +https://developer.amazon.com/support/amazonbot) Chrome/119.0.6045.214 Safari/537.36"
74.7.227.19 - - [04/Nov/2025:01:15:15 +0000] "GET /?path=//sys/bus/node/devices/node0/memory2/subsystem/devices/memory3/subsystem/devices/memory1/subsystem/devices/memory2/node0/cpu0/firmware_node/physical_node/driver HTTP/1.1" 200 3806 "-" "Mozilla/5.0 AppleWebKit/537.36 (KHTML, like Gecko; compatible; GPTBot/1.2; +https://openai.com/gptbot)"
154.54.249.214 - - [04/Nov/2025:01:15:16 +0000] "GET /career/?fileloc=//sbin/ip6tables&path=//sbin HTTP/1.1" 200 100161 "-" "Mozilla/5.0 (compatible; Barkrowler/0.9; +https://babbar.tech/crawler)"
74.7.227.19 - - [04/Nov/2025:01:15:17 +0000] "GET /?path=//sys/bus/node/devices/node0/memory6/subsystem/devices/memory1/subsystem/devices/memory2/subsystem/devices/memory4/node0/cpu0/firmware_node/physical_node/cache HTTP/1.1" 200 3833 "-" "Mozilla/5.0 AppleWebKit/537.36 (KHTML, like Gecko; compatible; GPTBot/1.2; +https://openai.com/gptbot)"
74.7.227.39 - - [04/Nov/2025:01:15:17 +0000] "GET /?path=//sys/class/net/enp1s0/device/net/enp1s0/device/subsystem/devices/virtio1/block/vda/subsystem/loop1/subsystem/vda/device/block/vda/device/block/vda/subsystem/loop2 HTTP/1.1" 200 4776 "-" "Mozilla/5.0 AppleWebKit/537.36 (KHTML, like Gecko; compatible; GPTBot/1.2; +https://openai.com/gptbot)"
3.90.73.206 - - [04/Nov/2025:01:15:19 +0000] "GET /about-us/?path=//sys/class/leds/input1::capslock/subsystem/input1::numlock/device/device/firmware_node/physical_node/firmware_node/subsystem/devices/device:0b/subsystem/devices/device:12/power HTTP/1.1" 200 4063 "-" "Mozilla/5.0 AppleWebKit/537.36 (KHTML, like Gecko; compatible; Amazonbot/0.1; +https://developer.amazon.com/support/amazonbot) Chrome/119.0.6045.214 Safari/537.36"
74.7.227.19 - - [04/Nov/2025:01:15:19 +0000] "GET /?path=//sys/bus/node/devices/node0/memory2/subsystem/devices/memory3/subsystem/devices/memory6/subsystem/devices/memory2/node0/cpu0/firmware_node/physical_node/driver HTTP/1.1" 200 3806 "-" "Mozilla/5.0 AppleWebKit/537.36 (KHTML, like Gecko; compatible; GPTBot/1.2; +https://openai.com/gptbot)"
74.7.227.19 - - [04/Nov/2025:01:15:21 +0000] "GET /?path=//sys/bus/node/devices/node0/memory2/subsystem/devices/memory3/subsystem/devices/memory0/subsystem/devices/memory2/node0/cpu0/firmware_node/physical_node/driver HTTP/1.1" 200 3811 "-" "Mozilla/5.0 AppleWebKit/537.36 (KHTML, like Gecko; compatible; GPTBot/1.2; +https://openai.com/gptbot)"
3.213.106.226 - - [04/Nov/2025:01:15:22 +0000] "GET /about-us/?path=//sys/class/input/mice/subsystem/input3/event3/subsystem/event0/device/device/input/input0/subsystem/event0/subsystem/input3 HTTP/1.1" 200 4231 "-" "Mozilla/5.0 AppleWebKit/537.36 (KHTML, like Gecko; compatible; Amazonbot/0.1; +https://developer.amazon.com/support/amazonbot) Chrome/119.0.6045.214 Safari/537.36"
74.7.227.39 - - [04/Nov/2025:01:15:23 +0000] "GET /?path=//sys/class/net/enp1s0/device/net/enp1s0/device/subsystem/devices/virtio1/block/vda/vda2/subsystem/vda/device/block/vda/device/block/vda/subsystem/loop5/bdi/subsystem HTTP/1.1" 200 3985 "-" "Mozilla/5.0 AppleWebKit/537.36 (KHTML, like Gecko; compatible; GPTBot/1.2; +https://openai.com/gptbot)"
74.7.227.19 - - [04/Nov/2025:01:15:24 +0000] "GET /?path=//sys/bus/node/devices/node0/memory2/subsystem/devices/memory3/subsystem/devices/memory0/subsystem/devices/memory2/node0/cpu0/firmware_node/physical_node/cache HTTP/1.1" 200 3843 "-" "Mozilla/5.0 AppleWebKit/537.36 (KHTML, like Gecko; compatible; GPTBot/1.2; +https://openai.com/gptbot)"
35.171.117.160 - - [04/Nov/2025:01:15:26 +0000] "GET /about-us/?path=//sys/class/leds/input1::capslock/subsystem/input1::numlock/device/device/firmware_node/physical_node/firmware_node/subsystem/devices/device:1f/subsystem/devices/PNP0C0F:06/subsystem HTTP/1.1" 200 3905 "-" "Mozilla/5.0 AppleWebKit/537.36 (KHTML, like Gecko; compatible; Amazonbot/0.1; +https://developer.amazon.com/support/amazonbot) Chrome/119.0.6045.214 Safari/537.36"
74.7.227.19 - - [04/Nov/2025:01:15:26 +0000] "GET /?path=//sys/bus/node/devices/node0/memory6/subsystem/devices/memory1/subsystem/devices/memory0/subsystem/devices/memory0/node0/cpu0/firmware_node/physical_node/driver HTTP/1.1" 200 3806 "-" "Mozilla/5.0 AppleWebKit/537.36 (KHTML, like Gecko; compatible; GPTBot/1.2; +https://openai.com/gptbot)"
74.7.227.39 - - [04/Nov/2025:01:15:28 +0000] "GET /?path=//sys/class/net/enp1s0/device/net/enp1s0/device/subsystem/devices/virtio1/driver/virtio1/block/vda/subsystem/vda/device/block/vda/device/block/vda/subsystem/loop1/mq HTTP/1.1" 200 3603 "-" "Mozilla/5.0 AppleWebKit/537.36 (KHTML, like Gecko; compatible; GPTBot/1.2; +https://openai.com/gptbot)"
74.7.227.19 - - [04/Nov/2025:01:15:29 +0000] "GET /?path=//sys/bus/node/devices/node0/memory6/subsystem/devices/memory1/subsystem/devices/memory0/subsystem/devices/memory0/node0/cpu0/firmware_node/physical_node/power HTTP/1.1" 200 4068 "-" "Mozilla/5.0 AppleWebKit/537.36 (KHTML, like Gecko; compatible; GPTBot/1.2; +https://openai.com/gptbot)"
35.153.86.200 - - [04/Nov/2025:01:15:30 +0000] "GET /about-us/?path=//sys/class/leds/input1::capslock/subsystem/input1::numlock/device/device/firmware_node/physical_node/firmware_node/physical_node1/input/input1/subsystem/input3/subsystem/mouse0 HTTP/1.1" 200 3847 "-" "Mozilla/5.0 AppleWebKit/537.36 (KHTML, like Gecko; compatible; Amazonbot/0.1; +https://developer.amazon.com/support/amazonbot) Chrome/119.0.6045.214 Safari/537.36"
74.7.227.39 - - [04/Nov/2025:01:15:31 +0000] "GET /?path=//sys/class/net/enp1s0/device/net/enp1s0/device/subsystem/devices/virtio1/block/vda/subsystem/vda/device/block/vda/device/block/vda/subsystem/vda1/subsystem/loop2/bdi HTTP/1.1" 200 4274 "-" "Mozilla/5.0 AppleWebKit/537.36 (KHTML, like Gecko; compatible; GPTBot/1.2; +https://openai.com/gptbot)"
74.7.227.19 - - [04/Nov/2025:01:15:32 +0000] "GET /?path=//sys/bus/node/devices/node0/memory6/subsystem/devices/memory1/subsystem/devices/memory2/subsystem/devices/memory1/node0/cpu0/firmware_node/physical_node/power HTTP/1.1" 200 4071 "-" "Mozilla/5.0 AppleWebKit/537.36 (KHTML, like Gecko; compatible; GPTBot/1.2; +https://openai.com/gptbot)"
217.113.194.254 - - [04/Nov/2025:01:15:34 +0000] "GET /career/?fileloc=//sbin/iucode-tool&path=//sbin HTTP/1.1" 200 28126 "-" "Mozilla/5.0 (compatible; Barkrowler/0.9; +https://babbar.tech/crawler)"
34.196.114.170 - - [04/Nov/2025:01:15:34 +0000] "GET /about-us/?path=//sys/class/leds/input1::capslock/subsystem/input1::numlock/device/device/firmware_node/physical_node/firmware_node/subsystem/devices/device:23/subsystem/devices/device:05/device:0f HTTP/1.1" 200 4010 "-" "Mozilla/5.0 AppleWebKit/537.36 (KHTML, like Gecko; compatible; Amazonbot/0.1; +https://developer.amazon.com/support/amazonbot) Chrome/119.0.6045.214 Safari/537.36"
74.7.227.19 - - [04/Nov/2025:01:15:34 +0000] "GET /?path=//sys/bus/node/devices/node0/memory6/subsystem/devices/memory1/subsystem/devices/memory2/subsystem/devices/memory7/node0/cpu0/firmware_node/physical_node/driver HTTP/1.1" 200 3800 "-" "Mozilla/5.0 AppleWebKit/537.36 (KHTML, like Gecko; compatible; GPTBot/1.2; +https://openai.com/gptbot)"
74.7.227.39 - - [04/Nov/2025:01:15:36 +0000] "GET /?path=//sys/class/net/enp1s0/device/net/enp1s0/device/subsystem/devices/virtio1/block/vda/vda2/subsystem/vda/subsystem/vda/device/block/vda/subsystem/vda/subsystem/loop1/mq HTTP/1.1" 200 3602 "-" "Mozilla/5.0 AppleWebKit/537.36 (KHTML, like Gecko; compatible; GPTBot/1.2; +https://openai.com/gptbot)"
74.7.227.19 - - [04/Nov/2025:01:15:37 +0000] "GET /?path=//sys/bus/node/devices/node0/memory6/subsystem/devices/memory1/subsystem/devices/memory2/subsystem/devices/memory7/node0/cpu0/firmware_node/physical_node/cache HTTP/1.1" 200 3836 "-" "Mozilla/5.0 AppleWebKit/537.36 (KHTML, like Gecko; compatible; GPTBot/1.2; +https://openai.com/gptbot)"
50.16.216.166 - - [04/Nov/2025:01:15:38 +0000] "GET /about-us/?path=//sys/class/input/input1/subsystem/event0/device/subsystem/mouse2/subsystem/event1/device/subsystem/input1/input1::scrolllock/device/input1::numlock HTTP/1.1" 200 3941 "-" "Mozilla/5.0 AppleWebKit/537.36 (KHTML, like Gecko; compatible; Amazonbot/0.1; +https://developer.amazon.com/support/amazonbot) Chrome/119.0.6045.214 Safari/537.36"
74.7.227.39 - - [04/Nov/2025:01:15:39 +0000] "GET /?path=//sys/class/net/enp1s0/device/net/enp1s0/device/subsystem/devices/virtio1/block/vda/subsystem/loop1/subsystem/vda/device/block/vda/device/block/vda/subsystem/loop2/mq HTTP/1.1" 200 3613 "-" "Mozilla/5.0 AppleWebKit/537.36 (KHTML, like Gecko; compatible; GPTBot/1.2; +https://openai.com/gptbot)"
74.7.227.19 - - [04/Nov/2025:01:15:40 +0000] "GET /?path=//sys/bus/node/devices/node0/memory6/subsystem/devices/memory1/subsystem/devices/memory2/subsystem/devices/memory7/node0/cpu0/firmware_node/physical_node/power HTTP/1.1" 200 4065 "-" "Mozilla/5.0 AppleWebKit/537.36 (KHTML, like Gecko; compatible; GPTBot/1.2; +https://openai.com/gptbot)"
74.7.227.19 - - [04/Nov/2025:01:15:42 +0000] "GET /?path=//sys/bus/node/devices/node0/memory6/subsystem/devices/memory1/subsystem/devices/memory0/subsystem/devices/memory3/node0/cpu0/firmware_node/physical_node/cache HTTP/1.1" 200 3839 "-" "Mozilla/5.0 AppleWebKit/537.36 (KHTML, like Gecko; compatible; GPTBot/1.2; +https://openai.com/gptbot)"
44.207.207.36 - - [04/Nov/2025:01:15:42 +0000] "GET /data-centers/?path=//sys/class/misc/fuse/subsystem/hpet/subsystem/snapshot/subsystem/snapshot/subsystem/tun HTTP/1.1" 200 3671 "-" "Mozilla/5.0 AppleWebKit/537.36 (KHTML, like Gecko; compatible; Amazonbot/0.1; +https://developer.amazon.com/support/amazonbot) Chrome/119.0.6045.214 Safari/537.36"
74.7.227.39 - - [04/Nov/2025:01:15:43 +0000] "GET /?path=//sys/class/net/enp1s0/device/net/enp1s0/device/subsystem/devices/virtio1/block/vda/subsystem/vda/device/block/vda/subsystem/loop0/subsystem HTTP/1.1" 200 3994 "-" "Mozilla/5.0 AppleWebKit/537.36 (KHTML, like Gecko; compatible; GPTBot/1.2; +https://openai.com/gptbot)"
74.7.227.19 - - [04/Nov/2025:01:15:44 +0000] "GET /?path=//sys/bus/node/devices/node0/memory2/subsystem/devices/memory3/subsystem/devices/memory6/subsystem/devices/memory7/node0/cpu0/firmware_node/physical_node HTTP/1.1" 200 4153 "-" "Mozilla/5.0 AppleWebKit/537.36 (KHTML, like Gecko; compatible; GPTBot/1.2; +https://openai.com/gptbot)"
74.7.227.39 - - [04/Nov/2025:01:15:46 +0000] "GET /?path=//sys/class/net/enp1s0/device/net/enp1s0/device/subsystem/devices/virtio1/block/vda/subsystem/vda/device/block/vda/vda1/subsystem/vda/subsystem/vda/subsystem/loop0 HTTP/1.1" 200 4769 "-" "Mozilla/5.0 AppleWebKit/537.36 (KHTML, like Gecko; compatible; GPTBot/1.2; +https://openai.com/gptbot)"
3.217.171.106 - - [04/Nov/2025:01:15:46 +0000] "GET /application-management-services/?path=//sys/devices/platform/reg-dummy/driver/reg-dummy/subsystem/drivers/reg-dummy/reg-dummy/subsystem/drivers/sram HTTP/1.1" 200 3597 "-" "Mozilla/5.0 AppleWebKit/537.36 (KHTML, like Gecko; compatible; Amazonbot/0.1; +https://developer.amazon.com/support/amazonbot) Chrome/119.0.6045.214 Safari/537.36"
74.7.227.19 - - [04/Nov/2025:01:15:47 +0000] "GET /?path=//sys/bus/node/devices/node0/memory2/subsystem/devices/memory3/subsystem/devices/memory1/subsystem/devices/memory5/node0/cpu0/firmware_node/physical_node/power HTTP/1.1" 200 4064 "-" "Mozilla/5.0 AppleWebKit/537.36 (KHTML, like Gecko; compatible; GPTBot/1.2; +https://openai.com/gptbot)"
74.7.227.39 - - [04/Nov/2025:01:15:48 +0000] "GET /?path=//sys/class/net/enp1s0/device/net/enp1s0/device/subsystem/devices/virtio1/block/vda/subsystem/loop5/subsystem/vda/device/block/vda/device/block/vda/subsystem/sr0/mq HTTP/1.1" 200 3610 "-" "Mozilla/5.0 AppleWebKit/537.36 (KHTML, like Gecko; compatible; GPTBot/1.2; +https://openai.com/gptbot)"
74.7.227.19 - - [04/Nov/2025:01:15:50 +0000] "GET /?path=//sys/bus/node/devices/node0/memory2/subsystem/devices/memory3/subsystem/devices/memory1/subsystem/devices/memory4/node0/cpu0/firmware_node/physical_node/cache HTTP/1.1" 200 3833 "-" "Mozilla/5.0 AppleWebKit/537.36 (KHTML, like Gecko; compatible; GPTBot/1.2; +https://openai.com/gptbot)"
23.21.119.232 - - [04/Nov/2025:01:15:50 +0000] "GET /application-management-services/?path=//sys/devices/platform/reg-dummy/driver/reg-dummy/subsystem/drivers/reg-dummy/reg-dummy/subsystem/devices/efivars.0 HTTP/1.1" 200 3796 "-" "Mozilla/5.0 AppleWebKit/537.36 (KHTML, like Gecko; compatible; Amazonbot/0.1; +https://developer.amazon.com/support/amazonbot) Chrome/119.0.6045.214 Safari/537.36"
74.7.227.39 - - [04/Nov/2025:01:15:50 +0000] "GET /?path=//sys/class/net/enp1s0/device/net/enp1s0/device/subsystem/devices/virtio1/block/vda/subsystem/loop4/subsystem/vda/device/block/vda/device/block/vda/subsystem/loop2 HTTP/1.1" 200 4777 "-" "Mozilla/5.0 AppleWebKit/537.36 (KHTML, like Gecko; compatible; GPTBot/1.2; +https://openai.com/gptbot)"
217.113.194.254 - - [04/Nov/2025:01:15:51 +0000] "GET /career/?fileloc=//sbin/resize2fs&path=//sbin HTTP/1.1" 200 30494 "-" "Mozilla/5.0 (compatible; Barkrowler/0.9; +https://babbar.tech/crawler)"
74.7.227.39 - - [04/Nov/2025:01:15:52 +0000] "GET /?path=//sys/class/net/enp1s0/device/net/enp1s0/device/subsystem/devices/virtio1/block/vda/subsystem/vda/subsystem/vda/vda1/subsystem/vda/device/block/vda/subsystem/loop2/mq HTTP/1.1" 200 3607 "-" "Mozilla/5.0 AppleWebKit/537.36 (KHTML, like Gecko; compatible; GPTBot/1.2; +https://openai.com/gptbot)"
74.7.227.19 - - [04/Nov/2025:01:15:52 +0000] "GET /?path=//sys/bus/node/devices/node0/memory6/subsystem/devices/memory1/subsystem/devices/memory0/subsystem/devices/memory0/node0/cpu0/firmware_node/physical_node/cache HTTP/1.1" 200 3839 "-" "Mozilla/5.0 AppleWebKit/537.36 (KHTML, like Gecko; compatible; GPTBot/1.2; +https://openai.com/gptbot)"
54.163.136.244 - - [04/Nov/2025:01:15:54 +0000] "GET /application-management-services/?path=//sys/devices/platform/reg-dummy/driver/reg-dummy/subsystem/drivers/reg-dummy/reg-dummy/subsystem/devices/alarmtimer.0.auto HTTP/1.1" 200 3908 "-" "Mozilla/5.0 AppleWebKit/537.36 (KHTML, like Gecko; compatible; Amazonbot/0.1; +https://developer.amazon.com/support/amazonbot) Chrome/119.0.6045.214 Safari/537.36"
45.138.99.186 - - [04/Nov/2025:01:15:54 +0000] "GET /wp-login.php HTTP/1.1" 200 4342 "-" "Mozilla/5.0 (Macintosh; Intel Mac OS X 10_13_2) AppleWebKit/537.36 (KHTML, like Gecko) Chrome/66.0.3359.139 Safari/537.36"
74.7.227.39 - - [04/Nov/2025:01:15:55 +0000] "GET /?path=//sys/class/net/enp1s0/device/net/enp1s0/device/subsystem/devices/virtio1/block/vda/device/block/vda/subsystem/vda/subsystem/vda/vda2/subsystem/vda/subsystem/loop2/mq HTTP/1.1" 200 3594 "-" "Mozilla/5.0 AppleWebKit/537.36 (KHTML, like Gecko; compatible; GPTBot/1.2; +https://openai.com/gptbot)"
74.7.227.19 - - [04/Nov/2025:01:15:56 +0000] "GET /?path=//sys/bus/node/devices/node0/memory2/subsystem/devices/memory3/subsystem/devices/memory6/subsystem/devices/memory0/node0/cpu0/firmware_node/physical_node/power HTTP/1.1" 200 4066 "-" "Mozilla/5.0 AppleWebKit/537.36 (KHTML, like Gecko; compatible; GPTBot/1.2; +https://openai.com/gptbot)"
45.138.99.186 - - [04/Nov/2025:01:15:57 +0000] "POST /wp-login.php HTTP/1.1" 200 4342 "https://datacloudnow.com/wp-login.php" "Mozilla/5.0 (Macintosh; Intel Mac OS X 10_13_2) AppleWebKit/537.36 (KHTML, like Gecko) Chrome/66.0.3359.139 Safari/537.36"
74.7.227.39 - - [04/Nov/2025:01:15:57 +0000] "GET /?path=//sys/class/net/enp1s0/device/net/enp1s0/device/subsystem/devices/virtio1/block/vda/subsystem/vda/device/block/vda/subsystem/loop4/subsystem/vda/device/driver/virtio1 HTTP/1.1" 200 4142 "-" "Mozilla/5.0 AppleWebKit/537.36 (KHTML, like Gecko; compatible; GPTBot/1.2; +https://openai.com/gptbot)"
74.7.227.19 - - [04/Nov/2025:01:15:58 +0000] "GET /?path=//sys/bus/node/devices/node0/memory2/subsystem/devices/memory3/subsystem/devices/memory0/subsystem/devices/memory5/node0/cpu0/firmware_node/physical_node/power HTTP/1.1" 200 4068 "-" "Mozilla/5.0 AppleWebKit/537.36 (KHTML, like Gecko; compatible; GPTBot/1.2; +https://openai.com/gptbot)"
34.235.239.240 - - [04/Nov/2025:01:15:58 +0000] "GET /about-us/?path=//sys/class/input/input1/subsystem/input1/event1/subsystem/input3/subsystem/event3/subsystem/event1/device/input1::numlock/device/input1::numlock/device/device HTTP/1.1" 200 4529 "-" "Mozilla/5.0 AppleWebKit/537.36 (KHTML, like Gecko; compatible; Amazonbot/0.1; +https://developer.amazon.com/support/amazonbot) Chrome/119.0.6045.214 Safari/537.36"
74.7.227.19 - - [04/Nov/2025:01:16:00 +0000] "GET /?path=//sys/bus/node/devices/node0/memory6/subsystem/devices/memory1/subsystem/devices/memory2/subsystem/devices/memory1/node0/cpu0/firmware_node/physical_node/cache HTTP/1.1" 200 3842 "-" "Mozilla/5.0 AppleWebKit/537.36 (KHTML, like Gecko; compatible; GPTBot/1.2; +https://openai.com/gptbot)"
74.7.227.39 - - [04/Nov/2025:01:16:01 +0000] "GET /?path=//sys/class/net/enp1s0/device/net/enp1s0/device/subsystem/devices/virtio1/block/vda/subsystem/vda/device/block/vda/subsystem/sr0/subsystem/sr0/queue/bsg/subsystem HTTP/1.1" 200 3593 "-" "Mozilla/5.0 AppleWebKit/537.36 (KHTML, like Gecko; compatible; GPTBot/1.2; +https://openai.com/gptbot)"
44.217.255.167 - - [04/Nov/2025:01:16:02 +0000] "GET /application-management-services/?path=//sys/devices/platform/reg-dummy/driver/reg-dummy/subsystem/devices/iTCO_wdt.1.auto/firmware_node/subsystem/devices/device:0d HTTP/1.1" 200 3892 "-" "Mozilla/5.0 AppleWebKit/537.36 (KHTML, like Gecko; compatible; Amazonbot/0.1; +https://developer.amazon.com/support/amazonbot) Chrome/119.0.6045.214 Safari/537.36"
74.7.227.19 - - [04/Nov/2025:01:16:03 +0000] "GET /?path=//sys/bus/node/devices/node0/memory2/subsystem/devices/memory3/subsystem/devices/memory6/subsystem/devices/memory7/node0/cpu0/firmware_node/physical_node/power HTTP/1.1" 200 4064 "-" "Mozilla/5.0 AppleWebKit/537.36 (KHTML, like Gecko; compatible; GPTBot/1.2; +https://openai.com/gptbot)"
74.7.227.39 - - [04/Nov/2025:01:16:03 +0000] "GET /?path=//sys/class/net/enp1s0/device/net/enp1s0/device/subsystem/devices/virtio1/block/vda/subsystem/loop7/subsystem/vda/subsystem/vda/subsystem/sr0/queue/bsg/device/block HTTP/1.1" 200 3585 "-" "Mozilla/5.0 AppleWebKit/537.36 (KHTML, like Gecko; compatible; GPTBot/1.2; +https://openai.com/gptbot)"
74.7.227.19 - - [04/Nov/2025:01:16:05 +0000] "GET /?path=//sys/bus/node/devices/node0/memory2/subsystem/devices/memory3/subsystem/devices/memory6/subsystem/devices/memory7/node0/cpu0/firmware_node/physical_node/driver HTTP/1.1" 200 3802 "-" "Mozilla/5.0 AppleWebKit/537.36 (KHTML, like Gecko; compatible; GPTBot/1.2; +https://openai.com/gptbot)"
74.7.227.39 - - [04/Nov/2025:01:16:06 +0000] "GET /?fileloc=//sys/class/net/enp1s0/device/net/enp1s0/device/subsystem/devices/virtio1/block/vda/device/block/vda/vda2/subsystem/vda/device/block/vda/subsystem/vda/subsystem/loop6/ro&path=//sys/class/net/enp1s0/device/net/enp1s0/device/subsystem/devices/virtio1/block/vda/device/block/vda/vda2/subsystem/vda/device/block/vda/subsystem/vda/subsystem/loop6 HTTP/1.1" 200 3223 "-" "Mozilla/5.0 AppleWebKit/537.36 (KHTML, like Gecko; compatible; GPTBot/1.2; +https://openai.com/gptbot)"
54.89.90.224 - - [04/Nov/2025:01:16:06 +0000] "GET /?path=//sys/class/misc/rfkill/subsystem/ecryptfs/subsystem/mcelog/subsystem/snapshot/subsystem/loop-control HTTP/1.1" 200 3706 "-" "Mozilla/5.0 AppleWebKit/537.36 (KHTML, like Gecko; compatible; Amazonbot/0.1; +https://developer.amazon.com/support/amazonbot) Chrome/119.0.6045.214 Safari/537.36"
74.7.227.19 - - [04/Nov/2025:01:16:08 +0000] "GET /?path=//sys/bus/node/devices/node0/memory2/subsystem/devices/memory3/subsystem/devices/memory6/subsystem/devices/memory6/node0/cpu0/firmware_node/physical_node/driver HTTP/1.1" 200 3798 "-" "Mozilla/5.0 AppleWebKit/537.36 (KHTML, like Gecko; compatible; GPTBot/1.2; +https://openai.com/gptbot)"
217.113.194.240 - - [04/Nov/2025:01:16:08 +0000] "GET /career/?fileloc=//sbin/killsnoop.bt&path=//sbin HTTP/1.1" 200 3447 "-" "Mozilla/5.0 (compatible; Barkrowler/0.9; +https://babbar.tech/crawler)"
74.7.227.39 - - [04/Nov/2025:01:16:09 +0000] "GET /?path=//sys/class/net/enp1s0/device/net/enp1s0/device/subsystem/devices/virtio1/block/vda/subsystem/vda/device/block/vda/vda1/subsystem/vda/subsystem/vda/subsystem/loop0/mq HTTP/1.1" 200 3601 "-" "Mozilla/5.0 AppleWebKit/537.36 (KHTML, like Gecko; compatible; GPTBot/1.2; +https://openai.com/gptbot)"
74.7.227.19 - - [04/Nov/2025:01:16:10 +0000] "GET /?path=//sys/bus/node/devices/node0/memory2/subsystem/devices/memory3/subsystem/devices/memory0/subsystem/devices/memory6/node0/cpu0/firmware_node/physical_node/power HTTP/1.1" 200 4064 "-" "Mozilla/5.0 AppleWebKit/537.36 (KHTML, like Gecko; compatible; GPTBot/1.2; +https://openai.com/gptbot)"
3.231.193.38 - - [04/Nov/2025:01:16:10 +0000] "GET /application-management-services/?path=//sys/devices/platform/reg-dummy/driver/reg-dummy/subsystem/devices/reg-dummy/subsystem/devices/alarmtimer.0.auto/driver HTTP/1.1" 200 3695 "-" "Mozilla/5.0 AppleWebKit/537.36 (KHTML, like Gecko; compatible; Amazonbot/0.1; +https://developer.amazon.com/support/amazonbot) Chrome/119.0.6045.214 Safari/537.36"
74.7.227.39 - - [04/Nov/2025:01:16:11 +0000] "GET /?path=//sys/class/net/enp1s0/device/net/enp1s0/device/subsystem/devices/virtio1/block/vda/subsystem/vda/device/driver/virtio1/block/vda/device/block/vda/subsystem/vda1 HTTP/1.1" 200 4343 "-" "Mozilla/5.0 AppleWebKit/537.36 (KHTML, like Gecko; compatible; GPTBot/1.2; +https://openai.com/gptbot)"
74.7.227.19 - - [04/Nov/2025:01:16:14 +0000] "GET /?path=//sys/bus/node/devices/node0/memory6/subsystem/devices/memory1/subsystem/devices/memory0/subsystem/devices/memory4/node0/cpu0/firmware_node/physical_node/cache HTTP/1.1" 200 3835 "-" "Mozilla/5.0 AppleWebKit/537.36 (KHTML, like Gecko; compatible; GPTBot/1.2; +https://openai.com/gptbot)"
216.244.66.247 - - [04/Nov/2025:01:16:14 +0000] "GET /user/admin/?path=/opt/wpsites/datacloudnow.com/wp-includes/pomo HTTP/1.1" 200 22255 "-" "Mozilla/5.0 (compatible; DotBot/1.2; +https://opensiteexplorer.org/dotbot; help@moz.com)"
74.7.227.39 - - [04/Nov/2025:01:16:14 +0000] "GET /?path=//sys/class/net/enp1s0/device/net/enp1s0/device/subsystem/devices/virtio1/block/vda/subsystem/sr0/device/driver HTTP/1.1" 200 3727 "-" "Mozilla/5.0 AppleWebKit/537.36 (KHTML, like Gecko; compatible; GPTBot/1.2; +https://openai.com/gptbot)"
50.19.79.213 - - [04/Nov/2025:01:16:14 +0000] "GET /about-us/?path=//sys/class/leds/input1::capslock/subsystem/input1::numlock/device/device/firmware_node/physical_node/firmware_node/subsystem/devices/device:2d/subsystem/devices/device:07/subsystem/devices HTTP/1.1" 200 7150 "-" "Mozilla/5.0 AppleWebKit/537.36 (KHTML, like Gecko; compatible; Amazonbot/0.1; +https://developer.amazon.com/support/amazonbot) Chrome/119.0.6045.214 Safari/537.36"
74.7.227.19 - - [04/Nov/2025:01:16:16 +0000] "GET /?path=//sys/bus/node/devices/node0/memory6/subsystem/devices/memory1/subsystem/devices/memory2/subsystem/devices/memory2/node0/cpu0/firmware_node/physical_node/driver HTTP/1.1" 200 3801 "-" "Mozilla/5.0 AppleWebKit/537.36 (KHTML, like Gecko; compatible; GPTBot/1.2; +https://openai.com/gptbot)"
52.204.71.8 - - [04/Nov/2025:01:16:18 +0000] "GET /about-us/?path=//sys/class/leds/input1::capslock/subsystem/input1::numlock/device/device/firmware_node/physical_node/firmware_node/subsystem/devices/device:0e/subsystem/devices/device:08/subsystem/drivers HTTP/1.1" 200 3907 "-" "Mozilla/5.0 AppleWebKit/537.36 (KHTML, like Gecko; compatible; Amazonbot/0.1; +https://developer.amazon.com/support/amazonbot) Chrome/119.0.6045.214 Safari/537.36"
74.7.227.19 - - [04/Nov/2025:01:16:18 +0000] "GET /?path=//sys/bus/node/devices/node0/memory2/subsystem/devices/memory3/subsystem/devices/memory6/subsystem/devices/memory7/node0/cpu0/firmware_node/physical_node/cache HTTP/1.1" 200 3835 "-" "Mozilla/5.0 AppleWebKit/537.36 (KHTML, like Gecko; compatible; GPTBot/1.2; +https://openai.com/gptbot)"
74.7.227.39 - - [04/Nov/2025:01:16:19 +0000] "GET /?path=//sys/class/net/enp1s0/device/net/enp1s0/device/subsystem/devices/virtio1/block/vda/subsystem/vda/device/block/vda/subsystem/loop4/subsystem/vda HTTP/1.1" 200 5080 "-" "Mozilla/5.0 AppleWebKit/537.36 (KHTML, like Gecko; compatible; GPTBot/1.2; +https://openai.com/gptbot)"
74.7.227.19 - - [04/Nov/2025:01:16:20 +0000] "GET /?path=//sys/bus/node/devices/node0/memory6/subsystem/devices/memory1/subsystem/devices/memory2/subsystem/devices/memory0/node0/cpu0/firmware_node/physical_node/driver HTTP/1.1" 200 3806 "-" "Mozilla/5.0 AppleWebKit/537.36 (KHTML, like Gecko; compatible; GPTBot/1.2; +https://openai.com/gptbot)"
3.218.103.254 - - [04/Nov/2025:01:16:22 +0000] "GET /about-us/?path=//sys/class/leds/input1::capslock/subsystem/input1::numlock/device/device/firmware_node/physical_node/firmware_node/subsystem/devices/device:10/subsystem/devices/device:1d/subsystem/devices HTTP/1.1" 200 7148 "-" "Mozilla/5.0 AppleWebKit/537.36 (KHTML, like Gecko; compatible; Amazonbot/0.1; +https://developer.amazon.com/support/amazonbot) Chrome/119.0.6045.214 Safari/537.36"
74.7.227.19 - - [04/Nov/2025:01:16:22 +0000] "GET /?path=//sys/bus/node/devices/node0/memory2/subsystem/devices/memory3/subsystem/devices/memory0/subsystem/devices/memory7/node0/cpu0/firmware_node/physical_node/power HTTP/1.1" 200 4068 "-" "Mozilla/5.0 AppleWebKit/537.36 (KHTML, like Gecko; compatible; GPTBot/1.2; +https://openai.com/gptbot)"
74.7.227.39 - - [04/Nov/2025:01:16:23 +0000] "GET /?path=//sys/class/net/enp1s0/device/net/enp1s0/device/subsystem/devices/virtio1/block/vda/subsystem/sr0/device/bsg HTTP/1.1" 200 3503 "-" "Mozilla/5.0 AppleWebKit/537.36 (KHTML, like Gecko; compatible; GPTBot/1.2; +https://openai.com/gptbot)"
74.7.227.19 - - [04/Nov/2025:01:16:24 +0000] "GET /?path=//sys/bus/node/devices/node0/memory6/subsystem/devices/memory1/subsystem/devices/memory0/subsystem/devices/memory6/node0/cpu0/firmware_node/physical_node/driver HTTP/1.1" 200 3811 "-" "Mozilla/5.0 AppleWebKit/537.36 (KHTML, like Gecko; compatible; GPTBot/1.2; +https://openai.com/gptbot)"
74.7.227.39 - - [04/Nov/2025:01:16:25 +0000] "GET /?path=//sys/class/net/enp1s0/device/net/enp1s0/device/subsystem/devices/virtio1/block/vda/subsystem/vda/device/block/vda/subsystem/loop6/subsystem/sr0/device/generic/device HTTP/1.1" 200 6110 "-" "Mozilla/5.0 AppleWebKit/537.36 (KHTML, like Gecko; compatible; GPTBot/1.2; +https://openai.com/gptbot)"
44.213.202.136 - - [04/Nov/2025:01:16:26 +0000] "GET /about-us/?path=//sys/class/leds/input1::capslock/subsystem/input1::numlock/device/device/firmware_node/physical_node/firmware_node/physical_node1/firmware_node/subsystem/devices/device:0b/subsystem/drivers HTTP/1.1" 200 3886 "-" "Mozilla/5.0 AppleWebKit/537.36 (KHTML, like Gecko; compatible; Amazonbot/0.1; +https://developer.amazon.com/support/amazonbot) Chrome/119.0.6045.214 Safari/537.36"
74.7.227.19 - - [04/Nov/2025:01:16:27 +0000] "GET /?path=//sys/bus/node/devices/node0/memory6/subsystem/devices/memory1/subsystem/devices/memory2/subsystem/devices/memory3/node0/cpu0/firmware_node/physical_node/driver HTTP/1.1" 200 3799 "-" "Mozilla/5.0 AppleWebKit/537.36 (KHTML, like Gecko; compatible; GPTBot/1.2; +https://openai.com/gptbot)"
217.113.194.254 - - [04/Nov/2025:01:16:27 +0000] "GET /career/?fileloc=//sbin/oomkill.bt&path=//sbin HTTP/1.1" 200 3674 "-" "Mozilla/5.0 (compatible; Barkrowler/0.9; +https://babbar.tech/crawler)"
74.7.227.19 - - [04/Nov/2025:01:16:29 +0000] "GET /?path=//sys/bus/node/devices/node0/memory6/subsystem/devices/memory1/subsystem/devices/memory0/subsystem/devices/memory4/node0/cpu0/firmware_node/physical_node/cache/index0 HTTP/1.1" 200 4157 "-" "Mozilla/5.0 AppleWebKit/537.36 (KHTML, like Gecko; compatible; GPTBot/1.2; +https://openai.com/gptbot)"
74.7.227.39 - - [04/Nov/2025:01:16:29 +0000] "GET /?path=//sys/class/net/enp1s0/device/net/enp1s0/device/subsystem/devices/virtio1/block/vda/subsystem/sr0/device/power HTTP/1.1" 200 3938 "-" "Mozilla/5.0 AppleWebKit/537.36 (KHTML, like Gecko; compatible; GPTBot/1.2; +https://openai.com/gptbot)"
18.213.102.186 - - [04/Nov/2025:01:16:30 +0000] "GET /about-us/?path=//sys/class/leds/input1::capslock/subsystem/input1::numlock/device/device/firmware_node/physical_node/firmware_node/subsystem/devices/ACPI0010:00/subsystem/devices/device:07/subsystem/drivers HTTP/1.1" 200 3916 "-" "Mozilla/5.0 AppleWebKit/537.36 (KHTML, like Gecko; compatible; Amazonbot/0.1; +https://developer.amazon.com/support/amazonbot) Chrome/119.0.6045.214 Safari/537.36"
74.7.227.19 - - [04/Nov/2025:01:16:31 +0000] "GET /?path=//sys/bus/node/devices/node0/memory6/subsystem/devices/memory1/subsystem/devices/memory0/subsystem/devices/memory2/node0/cpu0/firmware_node/physical_node/cache HTTP/1.1" 200 3839 "-" "Mozilla/5.0 AppleWebKit/537.36 (KHTML, like Gecko; compatible; GPTBot/1.2; +https://openai.com/gptbot)"
74.7.227.39 - - [04/Nov/2025:01:16:31 +0000] "GET /?path=//sys/class/net/enp1s0/device/net/enp1s0/device/subsystem/devices/virtio1/block/vda/subsystem/vda/subsystem/loop4/subsystem/vda/subsystem/sr0/queue/bsg/subsystem HTTP/1.1" 200 3586 "-" "Mozilla/5.0 AppleWebKit/537.36 (KHTML, like Gecko; compatible; GPTBot/1.2; +https://openai.com/gptbot)"
74.7.227.19 - - [04/Nov/2025:01:16:32 +0000] "GET /?path=//sys/bus/node/devices/node0/memory2/subsystem/devices/memory3/subsystem/devices/memory0/subsystem/devices/memory4/node0/cpu0/firmware_node/physical_node HTTP/1.1" 200 4153 "-" "Mozilla/5.0 AppleWebKit/537.36 (KHTML, like Gecko; compatible; GPTBot/1.2; +https://openai.com/gptbot)"
74.7.227.39 - - [04/Nov/2025:01:16:33 +0000] "GET /?path=//sys/class/net/enp1s0/device/net/enp1s0/device/subsystem/devices/virtio1/block/vda/device/block/vda/subsystem/vda/device/driver/virtio1/block/vda/subsystem/loop0/mq HTTP/1.1" 200 3614 "-" "Mozilla/5.0 AppleWebKit/537.36 (KHTML, like Gecko; compatible; GPTBot/1.2; +https://openai.com/gptbot)"
18.213.102.186 - - [04/Nov/2025:01:16:34 +0000] "GET /about-us/?path=//sys/class/input/input1/subsystem/event0/subsystem/input3/subsystem/event2/subsystem/input1/input1::numlock/device/input1::numlock/device/input1::capslock/device/capabilities HTTP/1.1" 200 3938 "-" "Mozilla/5.0 AppleWebKit/537.36 (KHTML, like Gecko; compatible; Amazonbot/0.1; +https://developer.amazon.com/support/amazonbot) Chrome/119.0.6045.214 Safari/537.36"
74.7.227.39 - - [04/Nov/2025:01:16:34 +0000] "GET /?path=//sys/class/net/enp1s0/device/net/enp1s0/device/subsystem/devices/virtio1/block/vda/subsystem/vda/device/driver HTTP/1.1" 200 3720 "-" "Mozilla/5.0 AppleWebKit/537.36 (KHTML, like Gecko; compatible; GPTBot/1.2; +https://openai.com/gptbot)"
74.7.227.19 - - [04/Nov/2025:01:16:35 +0000] "GET /?path=//sys/bus/node/devices/node0/memory6/subsystem/devices/memory1/subsystem/devices/memory2/subsystem/devices/memory5/node0/cpu0/firmware_node/physical_node HTTP/1.1" 200 4153 "-" "Mozilla/5.0 AppleWebKit/537.36 (KHTML, like Gecko; compatible; GPTBot/1.2; +https://openai.com/gptbot)"
74.7.227.19 - - [04/Nov/2025:01:16:38 +0000] "GET /?path=//sys/bus/node/devices/node0/memory6/subsystem/devices/memory1/subsystem/devices/memory0/subsystem/devices/memory6/node0/cpu0/firmware_node/thermal_cooling HTTP/1.1" 200 3988 "-" "Mozilla/5.0 AppleWebKit/537.36 (KHTML, like Gecko; compatible; GPTBot/1.2; +https://openai.com/gptbot)"
74.7.227.39 - - [04/Nov/2025:01:16:38 +0000] "GET /?path=//sys/class/net/enp1s0/device/net/enp1s0/device/subsystem/devices/virtio1/block/vda/subsystem/vda/device/block/vda/subsystem/loop4/subsystem/vda/holders HTTP/1.1" 200 3254 "-" "Mozilla/5.0 AppleWebKit/537.36 (KHTML, like Gecko; compatible; GPTBot/1.2; +https://openai.com/gptbot)"
66.249.74.13 - - [04/Nov/2025:01:16:38 +0000] "GET /?path=//sys/class/tty/tty8/subsystem/ttyS16/subsystem/ttyS7/subsystem/ttyS29/subsystem/tty32/subsystem/tty17/subsystem/tty30/subsystem/tty62/subsystem/tty31/subsystem/tty31/subsystem/tty11/subsystem/ttyS25/subsystem/tty3/subsystem/tty38/subsystem/tty23/subsystem/ttyS2/device HTTP/1.1" 200 4118 "-" "Mozilla/5.0 (Linux; Android 6.0.1; Nexus 5X Build/MMB29P) AppleWebKit/537.36 (KHTML, like Gecko) Chrome/141.0.7390.122 Mobile Safari/537.36 (compatible; Googlebot/2.1; +http://www.google.com/bot.html)"
54.83.180.239 - - [04/Nov/2025:01:16:38 +0000] "GET /about-us/?path=//sys/class/leds/input1::capslock/subsystem/input1::numlock/device/device/firmware_node/physical_node/firmware_node/subsystem/devices/device:1c/subsystem/devices/device:08/subsystem/drivers HTTP/1.1" 200 3910 "-" "Mozilla/5.0 AppleWebKit/537.36 (KHTML, like Gecko; compatible; Amazonbot/0.1; +https://developer.amazon.com/support/amazonbot) Chrome/119.0.6045.214 Safari/537.36"
74.7.227.39 - - [04/Nov/2025:01:16:40 +0000] "GET /?path=//sys/class/net/enp1s0/device/net/enp1s0/device/subsystem/devices/virtio1/block/vda/subsystem/vda/device/block/vda/subsystem/loop4/subsystem/vda/queue HTTP/1.1" 200 5555 "-" "Mozilla/5.0 AppleWebKit/537.36 (KHTML, like Gecko; compatible; GPTBot/1.2; +https://openai.com/gptbot)"
74.7.227.19 - - [04/Nov/2025:01:16:40 +0000] "GET /?path=//sys/bus/node/devices/node0/memory2/subsystem/devices/memory3/subsystem/devices/memory0/subsystem/devices/memory2/node0/cpu0/firmware_node/thermal_cooling HTTP/1.1" 200 3989 "-" "Mozilla/5.0 AppleWebKit/537.36 (KHTML, like Gecko; compatible; GPTBot/1.2; +https://openai.com/gptbot)"
54.235.172.108 - - [04/Nov/2025:01:16:42 +0000] "GET /about-us/?path=//sys/class/leds/input1::capslock/subsystem/input1::numlock/device/device/firmware_node/physical_node/firmware_node/subsystem/devices/device:1b/subsystem/devices/device:21/subsystem/drivers HTTP/1.1" 200 3909 "-" "Mozilla/5.0 AppleWebKit/537.36 (KHTML, like Gecko; compatible; Amazonbot/0.1; +https://developer.amazon.com/support/amazonbot) Chrome/119.0.6045.214 Safari/537.36"
74.7.227.19 - - [04/Nov/2025:01:16:42 +0000] "GET /?path=//sys/bus/node/devices/node0/memory2/subsystem/devices/memory3/subsystem/devices/memory0/subsystem/devices/memory0/node0/cpu0/firmware_node/thermal_cooling HTTP/1.1" 200 3984 "-" "Mozilla/5.0 AppleWebKit/537.36 (KHTML, like Gecko; compatible; GPTBot/1.2; +https://openai.com/gptbot)"
217.113.194.241 - - [04/Nov/2025:01:16:43 +0000] "GET /career/?fileloc=//sbin/resolvconf&path=//sbin HTTP/1.1" 200 65949 "-" "Mozilla/5.0 (compatible; Barkrowler/0.9; +https://babbar.tech/crawler)"
74.7.227.19 - - [04/Nov/2025:01:16:44 +0000] "GET /?path=//sys/bus/node/devices/node0/memory6/subsystem/devices/memory1/subsystem/devices/memory0/subsystem/devices/memory0/node0/cpu0/firmware_node/thermal_cooling HTTP/1.1" 200 3983 "-" "Mozilla/5.0 AppleWebKit/537.36 (KHTML, like Gecko; compatible; GPTBot/1.2; +https://openai.com/gptbot)"
