44.218.6.93 - - [04/Nov/2025:01:09:54 +0000] "GET /about-us/?path=//sys/class/leds/input1::capslock/subsystem/input1::numlock/device/device/firmware_node/physical_node/firmware_node/subsystem/devices/device:26/subsystem/devices/device:05/device:0c HTTP/1.1" 200 4009 "-" "Mozilla/5.0 AppleWebKit/537.36 (KHTML, like Gecko; compatible; Amazonbot/0.1; +https://developer.amazon.com/support/amazonbot) Chrome/119.0.6045.214 Safari/537.36"
74.7.227.39 - - [04/Nov/2025:01:09:55 +0000] "GET /?path=//sys/class/net/enp1s0/device/net/enp1s0/device/subsystem/devices/virtio1/block/vda/subsystem/vda/vda2/subsystem/vda/subsystem/vda/device/block/vda/subsystem/loop3/mq HTTP/1.1" 200 3608 "-" "Mozilla/5.0 AppleWebKit/537.36 (KHTML, like Gecko; compatible; GPTBot/1.2; +https://openai.com/gptbot)"
74.7.227.19 - - [04/Nov/2025:01:09:56 +0000] "GET /?path=//sys/bus/node/devices/node0/memory2/subsystem/devices/memory3/subsystem/devices/memory0/subsystem/devices/memory7/node0/cpu0/firmware_node/physical_node HTTP/1.1" 200 4157 "-" "Mozilla/5.0 AppleWebKit/537.36 (KHTML, like Gecko; compatible; GPTBot/1.2; +https://openai.com/gptbot)"
74.7.227.39 - - [04/Nov/2025:01:09:57 +0000] "GET /?path=//sys/class/net/enp1s0/device/net/enp1s0/device/subsystem/devices/virtio1/block/vda/device/block/vda/subsystem/vda/subsystem/vda/vda2/subsystem/vda/subsystem/sr0 HTTP/1.1" 200 4802 "-" "Mozilla/5.0 AppleWebKit/537.36 (KHTML, like Gecko; compatible; GPTBot/1.2; +https://openai.com/gptbot)"
3.208.146.193 - - [04/Nov/2025:01:09:58 +0000] "GET /about-us/?path=//sys/class/leds/input1::capslock/subsystem/input1::numlock/device/device/firmware_node/physical_node/firmware_node/subsystem/devices/ACPI0010:00/subsystem/devices/device:15/power HTTP/1.1" 200 4065 "-" "Mozilla/5.0 AppleWebKit/537.36 (KHTML, like Gecko; compatible; Amazonbot/0.1; +https://developer.amazon.com/support/amazonbot) Chrome/119.0.6045.214 Safari/537.36"
74.7.227.19 - - [04/Nov/2025:01:09:59 +0000] "GET /?path=//sys/bus/node/devices/node0/memory6/subsystem/devices/memory1/subsystem/devices/memory2/subsystem/devices/memory2/node0/cpu0/firmware_node/physical_node HTTP/1.1" 200 4151 "-" "Mozilla/5.0 AppleWebKit/537.36 (KHTML, like Gecko; compatible; GPTBot/1.2; +https://openai.com/gptbot)"
217.113.194.200 - - [04/Nov/2025:01:10:01 +0000] "GET /career/?fileloc=//lib/libmultipath.so.0&path=//lib HTTP/1.1" 200 164127 "-" "Mozilla/5.0 (compatible; Barkrowler/0.9; +https://babbar.tech/crawler)"
74.7.227.19 - - [04/Nov/2025:01:10:01 +0000] "GET /?path=//sys/bus/node/devices/node0/memory2/subsystem/devices/memory3/subsystem/devices/memory1/subsystem/devices/memory4/node0/cpu0/firmware_node/physical_node/driver HTTP/1.1" 200 3799 "-" "Mozilla/5.0 AppleWebKit/537.36 (KHTML, like Gecko; compatible; GPTBot/1.2; +https://openai.com/gptbot)"
74.7.227.39 - - [04/Nov/2025:01:10:01 +0000] "GET /?path=//sys/class/net/enp1s0/device/net/enp1s0/device/subsystem/devices/virtio1/block/vda/subsystem/loop1/subsystem/vda/device/block/vda/device/block/vda/subsystem/vda/vda2 HTTP/1.1" 200 4344 "-" "Mozilla/5.0 AppleWebKit/537.36 (KHTML, like Gecko; compatible; GPTBot/1.2; +https://openai.com/gptbot)"
18.207.79.144 - - [04/Nov/2025:01:10:02 +0000] "GET /about-us/?path=//sys/class/leds/input1::capslock/subsystem/input1::numlock/device/device/firmware_node/physical_node/firmware_node/subsystem/devices/device:02/physical_node/subsystem/drivers/intel_scu HTTP/1.1" 200 3729 "-" "Mozilla/5.0 AppleWebKit/537.36 (KHTML, like Gecko; compatible; Amazonbot/0.1; +https://developer.amazon.com/support/amazonbot) Chrome/119.0.6045.214 Safari/537.36"
74.7.227.19 - - [04/Nov/2025:01:10:04 +0000] "GET /?path=//sys/bus/node/devices/node0/memory2/subsystem/devices/memory3/subsystem/devices/memory1/subsystem/devices/memory5/node0/cpu0/firmware_node/physical_node/driver HTTP/1.1" 200 3799 "-" "Mozilla/5.0 AppleWebKit/537.36 (KHTML, like Gecko; compatible; GPTBot/1.2; +https://openai.com/gptbot)"
74.7.227.39 - - [04/Nov/2025:01:10:05 +0000] "GET /?path=//sys/class/net/enp1s0/device/net/enp1s0/device/subsystem/devices/virtio1/block/vda/subsystem/loop0/subsystem/vda/device/block/vda/device/block/vda/vda2/subsystem/vda HTTP/1.1" 200 4981 "-" "Mozilla/5.0 AppleWebKit/537.36 (KHTML, like Gecko; compatible; GPTBot/1.2; +https://openai.com/gptbot)"
3.213.106.226 - - [04/Nov/2025:01:10:06 +0000] "GET /data-centers/?path=//sys/class/misc/fuse/subsystem/hpet/subsystem/snapshot/subsystem/mpt3ctl/subsystem/autofs HTTP/1.1" 200 3686 "-" "Mozilla/5.0 AppleWebKit/537.36 (KHTML, like Gecko; compatible; Amazonbot/0.1; +https://developer.amazon.com/support/amazonbot) Chrome/119.0.6045.214 Safari/537.36"
74.7.227.39 - - [04/Nov/2025:01:10:07 +0000] "GET /?path=//sys/class/net/enp1s0/device/net/enp1s0/device/subsystem/devices/virtio1/block/vda/subsystem/vda/device/block/vda/subsystem/loop1/subsystem/vda/subsystem/vda/vda2 HTTP/1.1" 200 4311 "-" "Mozilla/5.0 AppleWebKit/537.36 (KHTML, like Gecko; compatible; GPTBot/1.2; +https://openai.com/gptbot)"
74.7.227.19 - - [04/Nov/2025:01:10:08 +0000] "GET /?path=//sys/bus/node/devices/node0/memory2/subsystem/devices/memory3/subsystem/devices/memory0/subsystem/devices/memory5/node0/cpu0/firmware_node/physical_node/cache HTTP/1.1" 200 3839 "-" "Mozilla/5.0 AppleWebKit/537.36 (KHTML, like Gecko; compatible; GPTBot/1.2; +https://openai.com/gptbot)"
74.7.227.39 - - [04/Nov/2025:01:10:10 +0000] "GET /?path=//sys/class/net/enp1s0/device/net/enp1s0/device/subsystem/devices/virtio1/block/vda/subsystem/vda/device/block/vda/subsystem/vda1/subsystem/vda/subsystem/vda/vda2 HTTP/1.1" 200 4327 "-" "Mozilla/5.0 AppleWebKit/537.36 (KHTML, like Gecko; compatible; GPTBot/1.2; +https://openai.com/gptbot)"
54.210.155.69 - - [04/Nov/2025:01:10:10 +0000] "GET /about-us/?path=//sys/class/input/input1/subsystem/mouse0/subsystem/event1/device/subsystem/input0/subsystem/event1/device/input1::capslock/device/device/firmware_node HTTP/1.1" 200 4019 "-" "Mozilla/5.0 AppleWebKit/537.36 (KHTML, like Gecko; compatible; Amazonbot/0.1; +https://developer.amazon.com/support/amazonbot) Chrome/119.0.6045.214 Safari/537.36"
74.7.227.19 - - [04/Nov/2025:01:10:12 +0000] "GET /?path=//sys/bus/node/devices/node0/memory6/subsystem/devices/memory1/subsystem/devices/memory0/subsystem/devices/memory3/node0/cpu0/firmware_node/physical_node/hotplug HTTP/1.1" 200 3697 "-" "Mozilla/5.0 AppleWebKit/537.36 (KHTML, like Gecko; compatible; GPTBot/1.2; +https://openai.com/gptbot)"
74.7.227.39 - - [04/Nov/2025:01:10:13 +0000] "GET /?path=//sys/class/net/enp1s0/device/net/enp1s0/device/subsystem/devices/virtio1/block/vda/subsystem/vda/device/block/vda/subsystem/loop2/subsystem/sr0/queue/bsg/device/bsg HTTP/1.1" 200 3606 "-" "Mozilla/5.0 AppleWebKit/537.36 (KHTML, like Gecko; compatible; GPTBot/1.2; +https://openai.com/gptbot)"
54.84.93.8 - - [04/Nov/2025:01:10:14 +0000] "GET /contact-u/?path=//sys/devices/virtual/misc/hw_random/subsystem/cpu_dma_latency/subsystem/snapshot/subsystem/btrfs-control/subsystem/autofs HTTP/1.1" 200 3742 "-" "Mozilla/5.0 AppleWebKit/537.36 (KHTML, like Gecko; compatible; Amazonbot/0.1; +https://developer.amazon.com/support/amazonbot) Chrome/119.0.6045.214 Safari/537.36"
74.7.227.19 - - [04/Nov/2025:01:10:15 +0000] "GET /?path=//sys/bus/node/devices/node0/memory6/subsystem/devices/memory1/subsystem/devices/memory0/subsystem/devices/memory4/node0/cpu0/firmware_node/physical_node/power HTTP/1.1" 200 4064 "-" "Mozilla/5.0 AppleWebKit/537.36 (KHTML, like Gecko; compatible; GPTBot/1.2; +https://openai.com/gptbot)"
74.7.227.39 - - [04/Nov/2025:01:10:15 +0000] "GET /?path=//sys/class/net/enp1s0/device/net/enp1s0/device/subsystem/devices/virtio1/block/vda/device/block/vda/subsystem/vda/subsystem/vda/vda2/subsystem/vda/subsystem/sr0/mq HTTP/1.1" 200 3593 "-" "Mozilla/5.0 AppleWebKit/537.36 (KHTML, like Gecko; compatible; GPTBot/1.2; +https://openai.com/gptbot)"
3.90.73.206 - - [04/Nov/2025:01:10:18 +0000] "GET /about-us/?path=//sys/class/leds/input1::capslock/subsystem/input1::numlock/device/device/firmware_node/physical_node/firmware_node/subsystem/devices/device:3c/subsystem/devices/device:11/power HTTP/1.1" 200 4063 "-" "Mozilla/5.0 AppleWebKit/537.36 (KHTML, like Gecko; compatible; Amazonbot/0.1; +https://developer.amazon.com/support/amazonbot) Chrome/119.0.6045.214 Safari/537.36"
74.7.227.39 - - [04/Nov/2025:01:10:18 +0000] "GET /?path=//sys/class/net/enp1s0/device/net/enp1s0/device/subsystem/devices/virtio1/block/vda/device/block/vda/vda1/subsystem/vda/subsystem/vda/device/block/vda/subsystem/loop5 HTTP/1.1" 200 4795 "-" "Mozilla/5.0 AppleWebKit/537.36 (KHTML, like Gecko; compatible; GPTBot/1.2; +https://openai.com/gptbot)"
217.113.194.194 - - [04/Nov/2025:01:10:18 +0000] "GET /career/?fileloc=//bin/automat-visualize3&path=//bin HTTP/1.1" 200 3441 "-" "Mozilla/5.0 (compatible; Barkrowler/0.9; +https://babbar.tech/crawler)"
74.7.227.19 - - [04/Nov/2025:01:10:20 +0000] "GET /?path=//sys/bus/node/devices/node0/memory2/subsystem/devices/memory3/subsystem/devices/memory0/subsystem/devices/memory6/node0/cpu0/firmware_node/physical_node HTTP/1.1" 200 4153 "-" "Mozilla/5.0 AppleWebKit/537.36 (KHTML, like Gecko; compatible; GPTBot/1.2; +https://openai.com/gptbot)"
74.7.227.39 - - [04/Nov/2025:01:10:21 +0000] "GET /?path=//sys/class/net/enp1s0/device/net/enp1s0/device/subsystem/devices/virtio1/block/vda/device/block/vda/vda2/subsystem/vda/device/block/vda/subsystem/vda/subsystem/loop5 HTTP/1.1" 200 4784 "-" "Mozilla/5.0 AppleWebKit/537.36 (KHTML, like Gecko; compatible; GPTBot/1.2; +https://openai.com/gptbot)"
184.73.167.217 - - [04/Nov/2025:01:10:22 +0000] "GET /about-us/?path=//sys/class/leds/input1::scrolllock/device/subsystem/input1/subsystem/event2/subsystem/event1/subsystem/input0/device/input/input0 HTTP/1.1" 200 4219 "-" "Mozilla/5.0 AppleWebKit/537.36 (KHTML, like Gecko; compatible; Amazonbot/0.1; +https://developer.amazon.com/support/amazonbot) Chrome/119.0.6045.214 Safari/537.36"
74.7.227.19 - - [04/Nov/2025:01:10:23 +0000] "GET /?path=//sys/bus/node/devices/node0/memory6/subsystem/devices/memory1/subsystem/devices/memory0/subsystem/devices/memory3/node0/cpu0/firmware_node/physical_node/power HTTP/1.1" 200 4068 "-" "Mozilla/5.0 AppleWebKit/537.36 (KHTML, like Gecko; compatible; GPTBot/1.2; +https://openai.com/gptbot)"
74.7.227.39 - - [04/Nov/2025:01:10:23 +0000] "GET /?path=//sys/class/net/enp1s0/device/net/enp1s0/device/subsystem/devices/virtio1/block/vda/device/block/vda/vda2/subsystem/vda/subsystem/vda/device/block/vda/subsystem/vda2 HTTP/1.1" 200 4290 "-" "Mozilla/5.0 AppleWebKit/537.36 (KHTML, like Gecko; compatible; GPTBot/1.2; +https://openai.com/gptbot)"
66.249.74.15 - - [04/Nov/2025:01:10:24 +0000] "GET /?path=//sys/class/tty/tty8/subsystem/ttyS16/subsystem/ttyS7/subsystem/ttyS29/subsystem/tty32/subsystem/ttyS15/subsystem/tty44/subsystem/tty61/subsystem/tty11/subsystem/tty60/subsystem/tty57/subsystem/tty31 HTTP/1.1" 200 3905 "-" "Mozilla/5.0 (Linux; Android 6.0.1; Nexus 5X Build/MMB29P) AppleWebKit/537.36 (KHTML, like Gecko) Chrome/141.0.7390.122 Mobile Safari/537.36 (compatible; Googlebot/2.1; +http://www.google.com/bot.html)"
74.7.227.39 - - [04/Nov/2025:01:10:26 +0000] "GET /?fileloc=//sys/class/net/enp1s0/device/net/enp1s0/device/subsystem/devices/virtio1/block/vda/subsystem/vda/device/block/vda/subsystem/loop1/subsystem/vda/subsystem/vda/vda2/uevent&path=//sys/class/net/enp1s0/device/net/enp1s0/device/subsystem/devices/virtio1/block/vda/subsystem/vda/device/block/vda/subsystem/loop1/subsystem/vda/subsystem/vda/vda2 HTTP/1.1" 200 3280 "-" "Mozilla/5.0 AppleWebKit/537.36 (KHTML, like Gecko; compatible; GPTBot/1.2; +https://openai.com/gptbot)"
52.45.15.233 - - [04/Nov/2025:01:10:26 +0000] "GET /about-us/?path=//sys/class/leds/input1::capslock/subsystem/input1::numlock/device/device/firmware_node/physical_node/firmware_node/subsystem/devices/device:15/subsystem/devices/device:2e/physical_node HTTP/1.1" 200 6429 "-" "Mozilla/5.0 AppleWebKit/537.36 (KHTML, like Gecko; compatible; Amazonbot/0.1; +https://developer.amazon.com/support/amazonbot) Chrome/119.0.6045.214 Safari/537.36"
74.7.227.19 - - [04/Nov/2025:01:10:27 +0000] "GET /?path=//sys/bus/node/devices/node0/memory2/subsystem/devices/memory3/subsystem/devices/memory1/subsystem/devices/memory7/node0/cpu0/firmware_node/physical_node HTTP/1.1" 200 4154 "-" "Mozilla/5.0 AppleWebKit/537.36 (KHTML, like Gecko; compatible; GPTBot/1.2; +https://openai.com/gptbot)"
74.7.227.39 - - [04/Nov/2025:01:10:30 +0000] "GET /?path=//sys/class/net/enp1s0/device/net/enp1s0/device/subsystem/devices/virtio1/block/vda/subsystem/vda/device/block/vda/subsystem/vda1 HTTP/1.1" 200 4269 "-" "Mozilla/5.0 AppleWebKit/537.36 (KHTML, like Gecko; compatible; GPTBot/1.2; +https://openai.com/gptbot)"
18.207.89.138 - - [04/Nov/2025:01:10:30 +0000] "GET /about-us/?path=//sys/class/leds/input1::capslock/subsystem/input1::numlock/device/device/firmware_node/physical_node/firmware_node/subsystem/devices/device:1d/subsystem/devices/PNP0303:00/power HTTP/1.1" 200 4058 "-" "Mozilla/5.0 AppleWebKit/537.36 (KHTML, like Gecko; compatible; Amazonbot/0.1; +https://developer.amazon.com/support/amazonbot) Chrome/119.0.6045.214 Safari/537.36"
74.7.227.19 - - [04/Nov/2025:01:10:32 +0000] "GET /?path=//sys/bus/node/devices/node0/memory6/subsystem/devices/memory1/subsystem/devices/memory2/subsystem/devices/memory4/node0/cpu0/firmware_node/physical_node HTTP/1.1" 200 4150 "-" "Mozilla/5.0 AppleWebKit/537.36 (KHTML, like Gecko; compatible; GPTBot/1.2; +https://openai.com/gptbot)"
74.7.227.39 - - [04/Nov/2025:01:10:32 +0000] "GET /?path=//sys/class/net/enp1s0/device/net/enp1s0/device/subsystem/devices/virtio1/block/vda/subsystem/vda/device/block/vda/subsystem/vda1/subsystem HTTP/1.1" 200 3996 "-" "Mozilla/5.0 AppleWebKit/537.36 (KHTML, like Gecko; compatible; GPTBot/1.2; +https://openai.com/gptbot)"
44.209.89.189 - - [04/Nov/2025:01:10:34 +0000] "GET /about-us/?path=//sys/class/leds/input1::capslock/subsystem/input1::numlock/device/device/firmware_node/physical_node/firmware_node/subsystem/devices/QEMU0002:00/subsystem/devices/device:05/device:1b HTTP/1.1" 200 4033 "-" "Mozilla/5.0 AppleWebKit/537.36 (KHTML, like Gecko; compatible; Amazonbot/0.1; +https://developer.amazon.com/support/amazonbot) Chrome/119.0.6045.214 Safari/537.36"
217.113.194.201 - - [04/Nov/2025:01:10:35 +0000] "GET /career/?fileloc=//bin/add-apt-repository&path=//bin HTTP/1.1" 200 7852 "-" "Mozilla/5.0 (compatible; Barkrowler/0.9; +https://babbar.tech/crawler)"
74.7.227.39 - - [04/Nov/2025:01:10:35 +0000] "GET /?path=//sys/class/net/enp1s0/device/net/enp1s0/device/subsystem/devices/virtio1/block/vda/subsystem/vda/device/block/vda/subsystem/loop1/subsystem/vda HTTP/1.1" 200 5079 "-" "Mozilla/5.0 AppleWebKit/537.36 (KHTML, like Gecko; compatible; GPTBot/1.2; +https://openai.com/gptbot)"
74.7.227.19 - - [04/Nov/2025:01:10:36 +0000] "GET /?path=//sys/bus/node/devices/node0/memory2/subsystem/devices/memory3/subsystem/devices/memory0/subsystem/devices/memory3/node0/cpu0/firmware_node/physical_node HTTP/1.1" 200 4166 "-" "Mozilla/5.0 AppleWebKit/537.36 (KHTML, like Gecko; compatible; GPTBot/1.2; +https://openai.com/gptbot)"
44.205.180.155 - - [04/Nov/2025:01:10:38 +0000] "GET /about-us/?path=//sys/class/leds/input1::capslock/subsystem/input1::numlock/device/device/firmware_node/physical_node/firmware_node/subsystem/devices/device:2b/subsystem/devices/device:08/power HTTP/1.1" 200 4065 "-" "Mozilla/5.0 AppleWebKit/537.36 (KHTML, like Gecko; compatible; Amazonbot/0.1; +https://developer.amazon.com/support/amazonbot) Chrome/119.0.6045.214 Safari/537.36"
74.7.227.39 - - [04/Nov/2025:01:10:38 +0000] "GET /?path=//sys/class/net/enp1s0/device/net/enp1s0/device/subsystem/devices/virtio1/block/vda/subsystem/vda/device/block/vda/subsystem/loop1/subsystem HTTP/1.1" 200 3996 "-" "Mozilla/5.0 AppleWebKit/537.36 (KHTML, like Gecko; compatible; GPTBot/1.2; +https://openai.com/gptbot)"
74.7.227.19 - - [04/Nov/2025:01:10:39 +0000] "GET /?path=//sys/bus/node/devices/node0/memory2/subsystem/devices/memory3/subsystem/devices/memory6/subsystem/devices/memory2/node0/cpu0/firmware_node/physical_node HTTP/1.1" 200 4156 "-" "Mozilla/5.0 AppleWebKit/537.36 (KHTML, like Gecko; compatible; GPTBot/1.2; +https://openai.com/gptbot)"
74.7.227.39 - - [04/Nov/2025:01:10:41 +0000] "GET /?path=//sys/class/net/enp1s0/device/net/enp1s0/device/subsystem/devices/virtio1/block/vda/device/block/vda/vda2/subsystem/vda/device/block/vda/subsystem/vda/subsystem/loop5/mq HTTP/1.1" 200 3611 "-" "Mozilla/5.0 AppleWebKit/537.36 (KHTML, like Gecko; compatible; GPTBot/1.2; +https://openai.com/gptbot)"
54.157.99.244 - - [04/Nov/2025:01:10:42 +0000] "GET /about-us/?path=//sys/class/wakeup/wakeup8/device/physical_node/firmware_node/device:2f/subsystem/devices/device:02/subsystem/devices/device:05/device:1f/subsystem/drivers/ec HTTP/1.1" 200 3710 "-" "Mozilla/5.0 AppleWebKit/537.36 (KHTML, like Gecko; compatible; Amazonbot/0.1; +https://developer.amazon.com/support/amazonbot) Chrome/119.0.6045.214 Safari/537.36"
74.7.227.19 - - [04/Nov/2025:01:10:43 +0000] "GET /?path=//sys/bus/node/devices/node0/memory2/subsystem/devices/memory3/subsystem/devices/memory0/subsystem/devices/memory6/node0/cpu0/firmware_node/physical_node/driver HTTP/1.1" 200 3803 "-" "Mozilla/5.0 AppleWebKit/537.36 (KHTML, like Gecko; compatible; GPTBot/1.2; +https://openai.com/gptbot)"
74.7.227.39 - - [04/Nov/2025:01:10:43 +0000] "GET /?path=//sys/class/net/enp1s0/device/net/enp1s0/device/subsystem/devices/virtio1/block/vda/subsystem/vda/device/block/vda/subsystem/vda1/subsystem/vda HTTP/1.1" 200 5063 "-" "Mozilla/5.0 AppleWebKit/537.36 (KHTML, like Gecko; compatible; GPTBot/1.2; +https://openai.com/gptbot)"
74.7.227.39 - - [04/Nov/2025:01:10:46 +0000] "GET /?path=//sys/class/net/enp1s0/device/net/enp1s0/device/subsystem/devices/virtio1/block/vda/subsystem/vda/device/block/vda/subsystem/vda1/trace HTTP/1.1" 200 3779 "-" "Mozilla/5.0 AppleWebKit/537.36 (KHTML, like Gecko; compatible; GPTBot/1.2; +https://openai.com/gptbot)"
52.4.213.199 - - [04/Nov/2025:01:10:46 +0000] "GET /register/?path=//sys/bus/node/devices/node0/memory3/node0/memory2/subsystem/devices/memory0/subsystem/devices/memory5/subsystem HTTP/1.1" 200 3798 "-" "Mozilla/5.0 AppleWebKit/537.36 (KHTML, like Gecko; compatible; Amazonbot/0.1; +https://developer.amazon.com/support/amazonbot) Chrome/119.0.6045.214 Safari/537.36"
74.7.227.19 - - [04/Nov/2025:01:10:46 +0000] "GET /?path=//sys/bus/node/devices/node0/memory2/subsystem/devices/memory3/subsystem/devices/memory0/subsystem/devices/memory6/node0/cpu0/firmware_node/physical_node/cache HTTP/1.1" 200 3835 "-" "Mozilla/5.0 AppleWebKit/537.36 (KHTML, like Gecko; compatible; GPTBot/1.2; +https://openai.com/gptbot)"
3.216.13.10 - - [04/Nov/2025:01:10:50 +0000] "GET /about-us/?path=//sys/class/leds/input1::capslock/subsystem/input1::numlock/device/device/firmware_node/physical_node/firmware_node/subsystem/devices/device:3c/subsystem/devices/device:05/device:17 HTTP/1.1" 200 4012 "-" "Mozilla/5.0 AppleWebKit/537.36 (KHTML, like Gecko; compatible; Amazonbot/0.1; +https://developer.amazon.com/support/amazonbot) Chrome/119.0.6045.214 Safari/537.36"
74.7.227.19 - - [04/Nov/2025:01:10:50 +0000] "GET /?path=//sys/bus/node/devices/node0/memory2/subsystem/devices/memory3/subsystem/devices/memory1/subsystem/devices/memory7/node0/cpu0/firmware_node/physical_node/driver HTTP/1.1" 200 3800 "-" "Mozilla/5.0 AppleWebKit/537.36 (KHTML, like Gecko; compatible; GPTBot/1.2; +https://openai.com/gptbot)"
74.7.227.39 - - [04/Nov/2025:01:10:52 +0000] "GET /?fileloc=//sys/class/net/enp1s0/device/net/enp1s0/device/subsystem/devices/virtio1/block/vda/device/block/vda/vda2/subsystem/vda/subsystem/vda/device/block/vda/subsystem/vda2/alignment_offset&path=//sys/class/net/enp1s0/device/net/enp1s0/device/subsystem/devices/virtio1/block/vda/device/block/vda/vda2/subsystem/vda/subsystem/vda/device/block/vda/subsystem/vda2 HTTP/1.1" 200 3234 "-" "Mozilla/5.0 AppleWebKit/537.36 (KHTML, like Gecko; compatible; GPTBot/1.2; +https://openai.com/gptbot)"
217.113.194.241 - - [04/Nov/2025:01:10:53 +0000] "GET /career/?fileloc=//sbin/runqlat.bt&path=//sbin HTTP/1.1" 200 3401 "-" "Mozilla/5.0 (compatible; Barkrowler/0.9; +https://babbar.tech/crawler)"
74.7.227.19 - - [04/Nov/2025:01:10:54 +0000] "GET /?path=//sys/bus/node/devices/node0/memory2/subsystem/devices/memory3/subsystem/devices/memory0/subsystem/devices/memory0/node0/cpu0/firmware_node/physical_node HTTP/1.1" 200 4156 "-" "Mozilla/5.0 AppleWebKit/537.36 (KHTML, like Gecko; compatible; GPTBot/1.2; +https://openai.com/gptbot)"
44.216.172.204 - - [04/Nov/2025:01:10:54 +0000] "GET /about-us/?path=//sys/class/input/mice/subsystem/input3/event3/subsystem/event0/device/event0/subsystem/input0/event0/subsystem/event1/device HTTP/1.1" 200 4323 "-" "Mozilla/5.0 AppleWebKit/537.36 (KHTML, like Gecko; compatible; Amazonbot/0.1; +https://developer.amazon.com/support/amazonbot) Chrome/119.0.6045.214 Safari/537.36"
74.7.227.39 - - [04/Nov/2025:01:10:55 +0000] "GET /?path=//sys/class/net/enp1s0/device/net/enp1s0/device/subsystem/devices/virtio1/block/vda/subsystem/vda/device/block/vda/subsystem/vda1/power HTTP/1.1" 200 3996 "-" "Mozilla/5.0 AppleWebKit/537.36 (KHTML, like Gecko; compatible; GPTBot/1.2; +https://openai.com/gptbot)"
74.7.227.19 - - [04/Nov/2025:01:10:57 +0000] "GET /?path=//sys/bus/node/devices/node0/memory6/subsystem/devices/memory1/subsystem/devices/memory2/subsystem/devices/memory1/node0/cpu0/firmware_node/physical_node HTTP/1.1" 200 4160 "-" "Mozilla/5.0 AppleWebKit/537.36 (KHTML, like Gecko; compatible; GPTBot/1.2; +https://openai.com/gptbot)"
18.214.186.220 - - [04/Nov/2025:01:10:58 +0000] "GET /career/?path=//sys/class/leds/input1::numlock/device/subsystem/mouse1/subsystem/input1/device/firmware_node/subsystem/devices/device:00/subsystem/drivers HTTP/1.1" 200 3854 "-" "Mozilla/5.0 AppleWebKit/537.36 (KHTML, like Gecko; compatible; Amazonbot/0.1; +https://developer.amazon.com/support/amazonbot) Chrome/119.0.6045.214 Safari/537.36"
74.7.227.39 - - [04/Nov/2025:01:10:59 +0000] "GET /?path=//sys/class/net/enp1s0/device/net/enp1s0/device/subsystem/devices/virtio1/block/vda/subsystem/vda/device/block/vda/subsystem/loop1/subsystem/vda/queue HTTP/1.1" 200 5555 "-" "Mozilla/5.0 AppleWebKit/537.36 (KHTML, like Gecko; compatible; GPTBot/1.2; +https://openai.com/gptbot)"
74.7.227.19 - - [04/Nov/2025:01:11:01 +0000] "GET /?path=//sys/bus/node/devices/node0/memory2/subsystem/devices/memory3/subsystem/devices/memory0/subsystem/devices/memory1/node0/cpu0/firmware_node/physical_node HTTP/1.1" 200 4157 "-" "Mozilla/5.0 AppleWebKit/537.36 (KHTML, like Gecko; compatible; GPTBot/1.2; +https://openai.com/gptbot)"
74.7.227.39 - - [04/Nov/2025:01:11:01 +0000] "GET /?path=//sys/class/net/enp1s0/device/net/enp1s0/device/subsystem/devices/virtio1/block/vda/subsystem/vda/device/block/vda/subsystem/loop1/subsystem/vda/trace HTTP/1.1" 200 3807 "-" "Mozilla/5.0 AppleWebKit/537.36 (KHTML, like Gecko; compatible; GPTBot/1.2; +https://openai.com/gptbot)"
3.213.106.226 - - [04/Nov/2025:01:11:02 +0000] "GET /about-us/?path=//sys/class/leds/input1::capslock/subsystem/input1::numlock/device/device/firmware_node/physical_node/firmware_node/subsystem/devices/PNP0C0F:0a/subsystem/devices/device:16/subsystem HTTP/1.1" 200 3917 "-" "Mozilla/5.0 AppleWebKit/537.36 (KHTML, like Gecko; compatible; Amazonbot/0.1; +https://developer.amazon.com/support/amazonbot) Chrome/119.0.6045.214 Safari/537.36"
74.7.227.19 - - [04/Nov/2025:01:11:04 +0000] "GET /?path=//sys/bus/node/devices/node0/memory2/subsystem/devices/memory3/subsystem/devices/memory6/subsystem/devices/memory6/node0/cpu0/firmware_node/physical_node HTTP/1.1" 200 4149 "-" "Mozilla/5.0 AppleWebKit/537.36 (KHTML, like Gecko; compatible; GPTBot/1.2; +https://openai.com/gptbot)"
74.7.227.39 - - [04/Nov/2025:01:11:05 +0000] "GET /?path=//sys/class/net/enp1s0/device/net/enp1s0/device/subsystem/devices/virtio1/block/vda/subsystem/vda/device/block/vda/subsystem/loop1/subsystem/vda/mq HTTP/1.1" 200 3559 "-" "Mozilla/5.0 AppleWebKit/537.36 (KHTML, like Gecko; compatible; GPTBot/1.2; +https://openai.com/gptbot)"
44.210.213.220 - - [04/Nov/2025:01:11:06 +0000] "GET /about-us/?path=//sys/class/input/input1/subsystem/event0/device/subsystem/event2/subsystem/input3/event3/subsystem/input1/input1::capslock/device/device/id HTTP/1.1" 200 3704 "-" "Mozilla/5.0 AppleWebKit/537.36 (KHTML, like Gecko; compatible; Amazonbot/0.1; +https://developer.amazon.com/support/amazonbot) Chrome/119.0.6045.214 Safari/537.36"
74.7.227.19 - - [04/Nov/2025:01:11:07 +0000] "GET /?path=//sys/bus/node/devices/node0/memory2/subsystem/devices/memory3/subsystem/devices/memory1/subsystem/devices/memory3/node0/cpu0/firmware_node/physical_node HTTP/1.1" 200 4159 "-" "Mozilla/5.0 AppleWebKit/537.36 (KHTML, like Gecko; compatible; GPTBot/1.2; +https://openai.com/gptbot)"
74.7.227.39 - - [04/Nov/2025:01:11:07 +0000] "GET /?path=//sys/class/net/enp1s0/device/net/enp1s0/device/subsystem/devices/virtio1/block/vda/subsystem/vda/device/block/vda/subsystem/vda1/subsystem/vda/mq HTTP/1.1" 200 3561 "-" "Mozilla/5.0 AppleWebKit/537.36 (KHTML, like Gecko; compatible; GPTBot/1.2; +https://openai.com/gptbot)"
74.7.227.19 - - [04/Nov/2025:01:11:09 +0000] "GET /?path=//sys/bus/node/devices/node0/memory2/subsystem/devices/memory3/subsystem/devices/memory6/subsystem/devices/memory5/node0/cpu0/firmware_node/physical_node HTTP/1.1" 200 4152 "-" "Mozilla/5.0 AppleWebKit/537.36 (KHTML, like Gecko; compatible; GPTBot/1.2; +https://openai.com/gptbot)"
217.113.194.192 - - [04/Nov/2025:01:11:09 +0000] "GET /career/?fileloc=//sbin/arptables-nft&path=//sbin HTTP/1.1" 200 100166 "-" "Mozilla/5.0 (compatible; Barkrowler/0.9; +https://babbar.tech/crawler)"
74.7.227.39 - - [04/Nov/2025:01:11:10 +0000] "GET /?path=//sys/class/net/enp1s0/device/net/enp1s0/device/subsystem/devices/virtio1/block/vda/subsystem/vda/device/block/vda/subsystem/loop1/subsystem/vda/bdi HTTP/1.1" 200 4232 "-" "Mozilla/5.0 AppleWebKit/537.36 (KHTML, like Gecko; compatible; GPTBot/1.2; +https://openai.com/gptbot)"
100.29.160.53 - - [04/Nov/2025:01:11:10 +0000] "GET /about-us/?path=//sys/class/leds/input1::capslock/subsystem/input1::numlock/device/device/firmware_node/physical_node/firmware_node/subsystem/devices/PNP0C0F:0c/subsystem/devices/device:16/subsystem HTTP/1.1" 200 3917 "-" "Mozilla/5.0 AppleWebKit/537.36 (KHTML, like Gecko; compatible; Amazonbot/0.1; +https://developer.amazon.com/support/amazonbot) Chrome/119.0.6045.214 Safari/537.36"
74.7.227.19 - - [04/Nov/2025:01:11:13 +0000] "GET /?path=//sys/bus/node/devices/node0/memory2/subsystem/devices/memory3/subsystem/devices/memory0/subsystem/devices/memory0/node0/cpu0/firmware_node/physical_node/driver HTTP/1.1" 200 3806 "-" "Mozilla/5.0 AppleWebKit/537.36 (KHTML, like Gecko; compatible; GPTBot/1.2; +https://openai.com/gptbot)"
52.71.216.196 - - [04/Nov/2025:01:11:14 +0000] "GET /about-us/?path=//sys/class/leds/input1::capslock/subsystem/input1::numlock/device/device/firmware_node/physical_node/firmware_node/subsystem/devices/device:0f/subsystem/devices/PNP0C0F:06/subsystem HTTP/1.1" 200 3905 "-" "Mozilla/5.0 AppleWebKit/537.36 (KHTML, like Gecko; compatible; Amazonbot/0.1; +https://developer.amazon.com/support/amazonbot) Chrome/119.0.6045.214 Safari/537.36"
74.7.227.39 - - [04/Nov/2025:01:11:14 +0000] "GET /?path=//sys/class/net/enp1s0/device/net/enp1s0/device/subsystem/devices/virtio1/block/vda/subsystem/vda/device/block/vda/subsystem/loop1/subsystem/vda/slaves HTTP/1.1" 200 3254 "-" "Mozilla/5.0 AppleWebKit/537.36 (KHTML, like Gecko; compatible; GPTBot/1.2; +https://openai.com/gptbot)"
74.7.227.19 - - [04/Nov/2025:01:11:16 +0000] "GET /?path=//sys/bus/node/devices/node0/memory2/subsystem/devices/memory3/subsystem/devices/memory1/subsystem/devices/memory6/node0/cpu0/firmware_node/physical_node HTTP/1.1" 200 4151 "-" "Mozilla/5.0 AppleWebKit/537.36 (KHTML, like Gecko; compatible; GPTBot/1.2; +https://openai.com/gptbot)"
74.7.227.39 - - [04/Nov/2025:01:11:17 +0000] "GET /?path=//sys/class/net/enp1s0/device/net/enp1s0/device/subsystem/devices/virtio1/block/vda/subsystem/vda/device/block/vda/device/block/vda/subsystem/vda1/subsystem/loop3/mq HTTP/1.1" 200 3593 "-" "Mozilla/5.0 AppleWebKit/537.36 (KHTML, like Gecko; compatible; GPTBot/1.2; +https://openai.com/gptbot)"
66.249.74.15 - - [04/Nov/2025:01:11:17 +0000] "GET /?path=//sys/class/tty/tty8/subsystem/ttyS16/subsystem/ttyS7/subsystem/ttyS29/subsystem/tty32/subsystem/ttyS15/subsystem/tty44/subsystem/tty61/subsystem/tty11/subsystem/tty60/subsystem/tty57/subsystem/tty HTTP/1.1" 200 3895 "-" "Mozilla/5.0 (Linux; Android 6.0.1; Nexus 5X Build/MMB29P) AppleWebKit/537.36 (KHTML, like Gecko) Chrome/141.0.7390.122 Mobile Safari/537.36 (compatible; Googlebot/2.1; +http://www.google.com/bot.html)"
3.223.134.5 - - [04/Nov/2025:01:11:18 +0000] "GET /about-us/?path=//sys/class/input/input1/subsystem/input4/event2/subsystem/event4/subsystem/input1/subsystem/input1/event1/device/device/firmware_node/physical_node HTTP/1.1" 200 4006 "-" "Mozilla/5.0 AppleWebKit/537.36 (KHTML, like Gecko; compatible; Amazonbot/0.1; +https://developer.amazon.com/support/amazonbot) Chrome/119.0.6045.214 Safari/537.36"
74.7.227.19 - - [04/Nov/2025:01:11:19 +0000] "GET /?fileloc=//sys/bus/node/devices/node0/memory2/subsystem/devices/memory3/subsystem/devices/memory0/subsystem/devices/memory6/node0/cpu0/firmware_node/physical_node/driver/unbind&path=//sys/bus/node/devices/node0/memory2/subsystem/devices/memory3/subsystem/devices/memory0/subsystem/devices/memory6/node0/cpu0/firmware_node/physical_node/driver HTTP/1.1" 200 3198 "-" "Mozilla/5.0 AppleWebKit/537.36 (KHTML, like Gecko; compatible; GPTBot/1.2; +https://openai.com/gptbot)"
74.7.227.39 - - [04/Nov/2025:01:11:20 +0000] "GET /?path=//sys/class/net/enp1s0/device/net/enp1s0/device/subsystem/devices/virtio1/block/vda/subsystem/vda/device/block/vda/subsystem/loop1/subsystem/vda/queue/iosched HTTP/1.1" 200 3948 "-" "Mozilla/5.0 AppleWebKit/537.36 (KHTML, like Gecko; compatible; GPTBot/1.2; +https://openai.com/gptbot)"
74.7.227.19 - - [04/Nov/2025:01:11:22 +0000] "GET /?path=//sys/bus/node/devices/node0/memory6/subsystem/devices/memory1/subsystem/devices/memory2/subsystem/devices/memory4/node0/cpu0/firmware_node/physical_node/power HTTP/1.1" 200 4062 "-" "Mozilla/5.0 AppleWebKit/537.36 (KHTML, like Gecko; compatible; GPTBot/1.2; +https://openai.com/gptbot)"
52.204.37.237 - - [04/Nov/2025:01:11:22 +0000] "GET /about-us/?path=//sys/class/leds/input1::capslock/subsystem/input1::numlock/device/device/firmware_node/physical_node/firmware_node/subsystem/devices/device:10/subsystem/devices/device:30/wakeup HTTP/1.1" 200 3591 "-" "Mozilla/5.0 AppleWebKit/537.36 (KHTML, like Gecko; compatible; Amazonbot/0.1; +https://developer.amazon.com/support/amazonbot) Chrome/119.0.6045.214 Safari/537.36"
74.7.227.39 - - [04/Nov/2025:01:11:22 +0000] "GET /?path=//sys/class/net/enp1s0/device/net/enp1s0/device/subsystem/devices/virtio1/block/vda/subsystem/vda/device/block/vda/subsystem/vda1/subsystem/vda/power HTTP/1.1" 200 4026 "-" "Mozilla/5.0 AppleWebKit/537.36 (KHTML, like Gecko; compatible; GPTBot/1.2; +https://openai.com/gptbot)"
74.7.227.19 - - [04/Nov/2025:01:11:25 +0000] "GET /?path=//sys/bus/node/devices/node0/memory2/subsystem/devices/memory3/subsystem/devices/memory6/subsystem/devices/memory6/node0/cpu0/firmware_node/physical_node/power HTTP/1.1" 200 4059 "-" "Mozilla/5.0 AppleWebKit/537.36 (KHTML, like Gecko; compatible; GPTBot/1.2; +https://openai.com/gptbot)"
74.7.227.39 - - [04/Nov/2025:01:11:25 +0000] "GET /?path=//sys/class/net/enp1s0/device/net/enp1s0/device/subsystem/devices/virtio1/block/vda/subsystem/vda/device/block/vda/subsystem/vda1/subsystem/vda/queue HTTP/1.1" 200 5565 "-" "Mozilla/5.0 AppleWebKit/537.36 (KHTML, like Gecko; compatible; GPTBot/1.2; +https://openai.com/gptbot)"
18.207.89.138 - - [04/Nov/2025:01:11:26 +0000] "GET /about-us/?path=//sys/class/leds/input1::capslock/subsystem/input1::numlock/device/device/firmware_node/physical_node/firmware_node/physical_node1/firmware_node/subsystem/devices/device:23/power HTTP/1.1" 200 4050 "-" "Mozilla/5.0 AppleWebKit/537.36 (KHTML, like Gecko; compatible; Amazonbot/0.1; +https://developer.amazon.com/support/amazonbot) Chrome/119.0.6045.214 Safari/537.36"
74.7.227.19 - - [04/Nov/2025:01:11:28 +0000] "GET /?path=//sys/bus/node/devices/node0/memory2/subsystem/devices/memory3/subsystem/devices/memory1/subsystem/devices/memory3/node0/cpu0/firmware_node/physical_node/driver HTTP/1.1" 200 3810 "-" "Mozilla/5.0 AppleWebKit/537.36 (KHTML, like Gecko; compatible; GPTBot/1.2; +https://openai.com/gptbot)"
74.7.227.39 - - [04/Nov/2025:01:11:28 +0000] "GET /?path=//sys/class/net/enp1s0/device/net/enp1s0/device/subsystem/devices/virtio1/block/vda/subsystem/vda/device/block/vda/subsystem/loop1/subsystem/vda/bdi/power HTTP/1.1" 200 4050 "-" "Mozilla/5.0 AppleWebKit/537.36 (KHTML, like Gecko; compatible; GPTBot/1.2; +https://openai.com/gptbot)"
217.113.194.200 - - [04/Nov/2025:01:11:29 +0000] "GET /career/?fileloc=//sbin/lvmsadc&path=//sbin HTTP/1.1" 200 1157818 "-" "Mozilla/5.0 (compatible; Barkrowler/0.9; +https://babbar.tech/crawler)"
74.7.227.39 - - [04/Nov/2025:01:11:30 +0000] "GET /?path=//sys/class/net/enp1s0/device/net/enp1s0/device/subsystem/devices/virtio1/block/vda/device/block/vda/vda2 HTTP/1.1" 200 4173 "-" "Mozilla/5.0 AppleWebKit/537.36 (KHTML, like Gecko; compatible; GPTBot/1.2; +https://openai.com/gptbot)"
54.235.172.108 - - [04/Nov/2025:01:11:30 +0000] "GET /about-us/?path=//sys/class/leds/input1::capslock/subsystem/input1::numlock/device/device/firmware_node/physical_node/firmware_node/subsystem/devices/device:24/subsystem/devices/device:05/device:07 HTTP/1.1" 200 4011 "-" "Mozilla/5.0 AppleWebKit/537.36 (KHTML, like Gecko; compatible; Amazonbot/0.1; +https://developer.amazon.com/support/amazonbot) Chrome/119.0.6045.214 Safari/537.36"
74.7.227.19 - - [04/Nov/2025:01:11:31 +0000] "GET /?path=//sys/bus/node/devices/node0/memory2/subsystem/devices/memory3/subsystem/devices/memory6/subsystem/devices/memory5/node0/cpu0/firmware_node/physical_node/cache HTTP/1.1" 200 3834 "-" "Mozilla/5.0 AppleWebKit/537.36 (KHTML, like Gecko; compatible; GPTBot/1.2; +https://openai.com/gptbot)"
74.7.227.39 - - [04/Nov/2025:01:11:33 +0000] "GET /?path=//sys/class/net/enp1s0/device/net/enp1s0/device/subsystem/devices/virtio1/block/vda/vda2/subsystem/vda/vda2/subsystem/vda/device/subsystem/drivers/virtio_console HTTP/1.1" 200 3727 "-" "Mozilla/5.0 AppleWebKit/537.36 (KHTML, like Gecko; compatible; GPTBot/1.2; +https://openai.com/gptbot)"
3.224.215.150 - - [04/Nov/2025:01:11:34 +0000] "GET /register/?path=//sys/dev/char/13:63/subsystem/input0/subsystem/input1/event1/subsystem/event1/device/input1::numlock HTTP/1.1" 200 3870 "-" "Mozilla/5.0 AppleWebKit/537.36 (KHTML, like Gecko; compatible; Amazonbot/0.1; +https://developer.amazon.com/support/amazonbot) Chrome/119.0.6045.214 Safari/537.36"
74.7.227.19 - - [04/Nov/2025:01:11:35 +0000] "GET /?path=//sys/bus/node/devices/node0/memory2/subsystem/devices/memory3/subsystem/devices/memory6/subsystem/devices/memory5/node0/cpu0/firmware_node/physical_node/power HTTP/1.1" 200 4063 "-" "Mozilla/5.0 AppleWebKit/537.36 (KHTML, like Gecko; compatible; GPTBot/1.2; +https://openai.com/gptbot)"
74.7.227.39 - - [04/Nov/2025:01:11:36 +0000] "GET /?path=//sys/class/net/enp1s0/device/net/enp1s0/device/subsystem/devices/virtio1/block/vda/device/block/vda/subsystem/sr0/device/generic/device/generic/device/block/sr0/mq HTTP/1.1" 200 3591 "-" "Mozilla/5.0 AppleWebKit/537.36 (KHTML, like Gecko; compatible; GPTBot/1.2; +https://openai.com/gptbot)"
74.7.227.19 - - [04/Nov/2025:01:11:37 +0000] "GET /?path=//sys/bus/node/devices/node0/memory2/subsystem/devices/memory3/subsystem/devices/memory1/subsystem/devices/memory6/node0/cpu0/firmware_node/physical_node/cache HTTP/1.1" 200 3832 "-" "Mozilla/5.0 AppleWebKit/537.36 (KHTML, like Gecko; compatible; GPTBot/1.2; +https://openai.com/gptbot)"
18.213.240.226 - - [04/Nov/2025:01:11:38 +0000] "GET /about-us/?path=//sys/class/leds/input1::capslock/subsystem/input1::numlock/device/device/firmware_node/physical_node/firmware_node/subsystem/devices/device:15/subsystem/devices/device:03/wakeup HTTP/1.1" 200 3593 "-" "Mozilla/5.0 AppleWebKit/537.36 (KHTML, like Gecko; compatible; Amazonbot/0.1; +https://developer.amazon.com/support/amazonbot) Chrome/119.0.6045.214 Safari/537.36"
74.7.227.19 - - [04/Nov/2025:01:11:39 +0000] "GET /?path=//sys/bus/node/devices/node0/memory2/subsystem/devices/memory3/subsystem/devices/memory1/subsystem/devices/memory6/node0/cpu0/firmware_node/physical_node/firmware_node HTTP/1.1" 200 4019 "-" "Mozilla/5.0 AppleWebKit/537.36 (KHTML, like Gecko; compatible; GPTBot/1.2; +https://openai.com/gptbot)"
74.7.227.39 - - [04/Nov/2025:01:11:41 +0000] "GET /?path=//sys/class/net/enp1s0/device/net/enp1s0/device/subsystem/devices/virtio1/block/vda/subsystem/loop5/subsystem/vda/device/block/vda/device/block/vda/subsystem/loop0 HTTP/1.1" 200 4777 "-" "Mozilla/5.0 AppleWebKit/537.36 (KHTML, like Gecko; compatible; GPTBot/1.2; +https://openai.com/gptbot)"
3.224.215.150 - - [04/Nov/2025:01:11:42 +0000] "GET /about-us/?path=//sys/class/leds/input1::capslock/subsystem/input1::numlock/device/device/firmware_node/physical_node/firmware_node/subsystem/devices/device:3c/subsystem/devices/PNP0C0F:0f/subsystem HTTP/1.1" 200 3905 "-" "Mozilla/5.0 AppleWebKit/537.36 (KHTML, like Gecko; compatible; Amazonbot/0.1; +https://developer.amazon.com/support/amazonbot) Chrome/119.0.6045.214 Safari/537.36"
74.7.227.19 - - [04/Nov/2025:01:11:42 +0000] "GET /?path=//sys/bus/node/devices/node0/memory2/subsystem/devices/memory3/subsystem/devices/memory1/subsystem/devices/memory7/node0/cpu0/firmware_node/physical_node/cache HTTP/1.1" 200 3836 "-" "Mozilla/5.0 AppleWebKit/537.36 (KHTML, like Gecko; compatible; GPTBot/1.2; +https://openai.com/gptbot)"
74.7.227.39 - - [04/Nov/2025:01:11:43 +0000] "GET /?path=//sys/class/net/enp1s0/device/net/enp1s0/device/subsystem/devices/virtio1/block/vda/subsystem/vda/device/block/vda/vda1/subsystem/vda/device/driver/virtio1/block/vda HTTP/1.1" 200 4984 "-" "Mozilla/5.0 AppleWebKit/537.36 (KHTML, like Gecko; compatible; GPTBot/1.2; +https://openai.com/gptbot)"
74.7.227.19 - - [04/Nov/2025:01:11:44 +0000] "GET /?path=//sys/bus/node/devices/node0/memory6/subsystem/devices/memory1/subsystem/devices/memory2/subsystem/devices/memory4/node0/cpu0/firmware_node/physical_node/driver HTTP/1.1" 200 3801 "-" "Mozilla/5.0 AppleWebKit/537.36 (KHTML, like Gecko; compatible; GPTBot/1.2; +https://openai.com/gptbot)"
217.113.194.194 - - [04/Nov/2025:01:11:46 +0000] "GET /career/?fileloc=//sbin/ntfscp&path=//sbin HTTP/1.1" 200 15222 "-" "Mozilla/5.0 (compatible; Barkrowler/0.9; +https://babbar.tech/crawler)"
3.219.80.71 - - [04/Nov/2025:01:11:46 +0000] "GET /about-us/?path=//sys/class/leds/input1::capslock/subsystem/input1::numlock/device/device/firmware_node/physical_node/firmware_node/subsystem/devices/PNP0C0F:03/subsystem/devices/device:2e/subsystem HTTP/1.1" 200 3918 "-" "Mozilla/5.0 AppleWebKit/537.36 (KHTML, like Gecko; compatible; Amazonbot/0.1; +https://developer.amazon.com/support/amazonbot) Chrome/119.0.6045.214 Safari/537.36"
74.7.227.19 - - [04/Nov/2025:01:11:47 +0000] "GET /?path=//sys/bus/node/devices/node0/memory6/subsystem/devices/memory1/subsystem/devices/memory0/subsystem/devices/memory4/node0/cpu0/firmware_node/physical_node/driver HTTP/1.1" 200 3803 "-" "Mozilla/5.0 AppleWebKit/537.36 (KHTML, like Gecko; compatible; GPTBot/1.2; +https://openai.com/gptbot)"
74.7.227.39 - - [04/Nov/2025:01:11:47 +0000] "GET /?path=//sys/class/net/enp1s0/device/net/enp1s0/device/subsystem/devices/virtio1/block/vda/subsystem/vda/device/block/vda/device/block/vda/subsystem/loop1/subsystem/vda2 HTTP/1.1" 200 4313 "-" "Mozilla/5.0 AppleWebKit/537.36 (KHTML, like Gecko; compatible; GPTBot/1.2; +https://openai.com/gptbot)"
74.7.227.19 - - [04/Nov/2025:01:11:49 +0000] "GET /?path=//sys/bus/node/devices/node0/memory2/subsystem/devices/memory3/subsystem/devices/memory6/subsystem/devices/memory3/node0/cpu0/firmware_node/physical_node HTTP/1.1" 200 4160 "-" "Mozilla/5.0 AppleWebKit/537.36 (KHTML, like Gecko; compatible; GPTBot/1.2; +https://openai.com/gptbot)"
54.86.59.155 - - [04/Nov/2025:01:11:50 +0000] "GET /register/?path=//sys/dev/char/13:63/subsystem/input0/subsystem/input1/event1/subsystem/input0/event0/device HTTP/1.1" 200 4112 "-" "Mozilla/5.0 AppleWebKit/537.36 (KHTML, like Gecko; compatible; Amazonbot/0.1; +https://developer.amazon.com/support/amazonbot) Chrome/119.0.6045.214 Safari/537.36"
74.7.227.39 - - [04/Nov/2025:01:11:50 +0000] "GET /?path=//sys/class/net/enp1s0/device/net/enp1s0/device/subsystem/devices/virtio1/block/vda/device/block/vda/subsystem/vda/vda1/subsystem/vda/subsystem/vda/subsystem/loop3 HTTP/1.1" 200 4774 "-" "Mozilla/5.0 AppleWebKit/537.36 (KHTML, like Gecko; compatible; GPTBot/1.2; +https://openai.com/gptbot)"
74.7.227.19 - - [04/Nov/2025:01:11:52 +0000] "GET /?path=//sys/bus/node/devices/node0/memory2/subsystem/devices/memory3/subsystem/devices/memory1/subsystem/devices/memory7/node0/cpu0/firmware_node/physical_node/power HTTP/1.1" 200 4065 "-" "Mozilla/5.0 AppleWebKit/537.36 (KHTML, like Gecko; compatible; GPTBot/1.2; +https://openai.com/gptbot)"
74.7.227.39 - - [04/Nov/2025:01:11:53 +0000] "GET /?path=//sys/class/net/enp1s0/device/net/enp1s0/device/subsystem/devices/virtio1/block/vda/device/block/vda/vda2/holders HTTP/1.1" 200 3201 "-" "Mozilla/5.0 AppleWebKit/537.36 (KHTML, like Gecko; compatible; GPTBot/1.2; +https://openai.com/gptbot)"
34.224.9.144 - - [04/Nov/2025:01:11:54 +0000] "GET /contact-u/?path=//sys/devices/virtual/misc/userfaultfd/subsystem/cpu_dma_latency/subsystem/uinput/subsystem/snapshot/subsystem/btrfs-control HTTP/1.1" 200 3742 "-" "Mozilla/5.0 AppleWebKit/537.36 (KHTML, like Gecko; compatible; Amazonbot/0.1; +https://developer.amazon.com/support/amazonbot) Chrome/119.0.6045.214 Safari/537.36"
74.7.227.39 - - [04/Nov/2025:01:11:55 +0000] "GET /?path=//sys/class/net/enp1s0/device/net/enp1s0/device/subsystem/devices/virtio1/block/vda/device/block/vda/vda2/power HTTP/1.1" 200 3948 "-" "Mozilla/5.0 AppleWebKit/537.36 (KHTML, like Gecko; compatible; GPTBot/1.2; +https://openai.com/gptbot)"
74.7.227.19 - - [04/Nov/2025:01:11:56 +0000] "GET /?path=//sys/bus/node/devices/node0/memory2/subsystem/devices/memory3/subsystem/devices/memory0/subsystem/devices/memory1/node0/cpu0/firmware_node/physical_node/driver HTTP/1.1" 200 3802 "-" "Mozilla/5.0 AppleWebKit/537.36 (KHTML, like Gecko; compatible; GPTBot/1.2; +https://openai.com/gptbot)"
74.7.227.39 - - [04/Nov/2025:01:11:58 +0000] "GET /?path=//sys/class/net/enp1s0/device/net/enp1s0/device/subsystem/devices/virtio1/block/vda/subsystem/vda/device/block/vda/subsystem/sr0/subsystem/vda/subsystem/vda/vda1 HTTP/1.1" 200 4325 "-" "Mozilla/5.0 AppleWebKit/537.36 (KHTML, like Gecko; compatible; GPTBot/1.2; +https://openai.com/gptbot)"
34.230.124.21 - - [04/Nov/2025:01:11:58 +0000] "GET /register/?path=//sys/dev/char/13:32/subsystem/event1/subsystem/input5/subsystem/input1/event1/subsystem/input0/device/input HTTP/1.1" 200 3487 "-" "Mozilla/5.0 AppleWebKit/537.36 (KHTML, like Gecko; compatible; Amazonbot/0.1; +https://developer.amazon.com/support/amazonbot) Chrome/119.0.6045.214 Safari/537.36"
74.7.227.19 - - [04/Nov/2025:01:11:58 +0000] "GET /?path=//sys/bus/node/devices/node0/memory6/subsystem/devices/memory1/subsystem/devices/memory0/subsystem/devices/memory1/node0/cpu0/firmware_node/physical_node HTTP/1.1" 200 4166 "-" "Mozilla/5.0 AppleWebKit/537.36 (KHTML, like Gecko; compatible; GPTBot/1.2; +https://openai.com/gptbot)"
74.7.227.39 - - [04/Nov/2025:01:12:01 +0000] "GET /?path=//sys/class/net/enp1s0/device/net/enp1s0/device/subsystem/devices/virtio1/block/vda/subsystem/loop3/subsystem/vda/device/block/vda/subsystem/sr0/device/generic/device HTTP/1.1" 200 6111 "-" "Mozilla/5.0 AppleWebKit/537.36 (KHTML, like Gecko; compatible; GPTBot/1.2; +https://openai.com/gptbot)"
44.195.145.102 - - [04/Nov/2025:01:12:02 +0000] "GET /about-us/?path=//sys/class/leds/input1::capslock/subsystem/input1::numlock/device/device/firmware_node/physical_node/firmware_node/subsystem/devices/device:35/subsystem/devices/device:44/subsystem HTTP/1.1" 200 3911 "-" "Mozilla/5.0 AppleWebKit/537.36 (KHTML, like Gecko; compatible; Amazonbot/0.1; +https://developer.amazon.com/support/amazonbot) Chrome/119.0.6045.214 Safari/537.36"
74.7.227.19 - - [04/Nov/2025:01:12:02 +0000] "GET /?path=//sys/bus/node/devices/node0/memory2/subsystem/devices/memory3/subsystem/devices/memory1/subsystem/devices/memory6/node0/cpu0/firmware_node/physical_node/driver HTTP/1.1" 200 3800 "-" "Mozilla/5.0 AppleWebKit/537.36 (KHTML, like Gecko; compatible; GPTBot/1.2; +https://openai.com/gptbot)"
74.7.227.39 - - [04/Nov/2025:01:12:03 +0000] "GET /?path=//sys/class/net/enp1s0/device/net/enp1s0/device/subsystem/devices/virtio1/block/vda/device/driver/virtio1/block/vda/subsystem/vda/device/block/vda/subsystem/loop3 HTTP/1.1" 200 4776 "-" "Mozilla/5.0 AppleWebKit/537.36 (KHTML, like Gecko; compatible; GPTBot/1.2; +https://openai.com/gptbot)"
217.113.194.196 - - [04/Nov/2025:01:12:04 +0000] "GET /career/?fileloc=//sbin/pam_getenv&path=//sbin HTTP/1.1" 200 4460 "-" "Mozilla/5.0 (compatible; Barkrowler/0.9; +https://babbar.tech/crawler)"
74.7.227.19 - - [04/Nov/2025:01:12:05 +0000] "GET /?path=//sys/bus/node/devices/node0/memory2/subsystem/devices/memory3/subsystem/devices/memory6/subsystem/devices/memory2/node0/cpu0/firmware_node/physical_node/cache HTTP/1.1" 200 3838 "-" "Mozilla/5.0 AppleWebKit/537.36 (KHTML, like Gecko; compatible; GPTBot/1.2; +https://openai.com/gptbot)"
74.7.227.39 - - [04/Nov/2025:01:12:06 +0000] "GET /?path=//sys/class/net/enp1s0/device/net/enp1s0/device/subsystem/devices/virtio1/block/vda/subsystem/vda/device/block/vda/vda1/subsystem/vda/device/driver/virtio1/block/vda/device HTTP/1.1" 200 4180 "-" "Mozilla/5.0 AppleWebKit/537.36 (KHTML, like Gecko; compatible; GPTBot/1.2; +https://openai.com/gptbot)"
52.203.65.83 - - [04/Nov/2025:01:12:06 +0000] "GET /about-us/?path=//sys/class/input/input1/subsystem/mouse0/subsystem/event1/device/subsystem/input1/input1::capslock/device/input1::capslock/subsystem/input1::capslock/device/power HTTP/1.1" 200 3969 "-" "Mozilla/5.0 AppleWebKit/537.36 (KHTML, like Gecko; compatible; Amazonbot/0.1; +https://developer.amazon.com/support/amazonbot) Chrome/119.0.6045.214 Safari/537.36"
74.7.227.19 - - [04/Nov/2025:01:12:07 +0000] "GET /?path=//sys/bus/node/devices/node0/memory2/subsystem/devices/memory3/subsystem/devices/memory1/subsystem/devices/memory4/node0/cpu0/firmware_node/physical_node/power HTTP/1.1" 200 4062 "-" "Mozilla/5.0 AppleWebKit/537.36 (KHTML, like Gecko; compatible; GPTBot/1.2; +https://openai.com/gptbot)"
74.7.227.39 - - [04/Nov/2025:01:12:08 +0000] "GET /?path=//sys/class/net/enp1s0/device/net/enp1s0/device/subsystem/devices/virtio1/block/vda/vda2/subsystem/vda/subsystem/vda/device/block/vda/subsystem/vda/subsystem/loop4/mq HTTP/1.1" 200 3603 "-" "Mozilla/5.0 AppleWebKit/537.36 (KHTML, like Gecko; compatible; GPTBot/1.2; +https://openai.com/gptbot)"
74.7.227.19 - - [04/Nov/2025:01:12:10 +0000] "GET /?path=//sys/bus/node/devices/node0/memory2/subsystem/devices/memory3/subsystem/devices/memory6/subsystem/devices/memory3/node0/cpu0/firmware_node/physical_node/cache HTTP/1.1" 200 3842 "-" "Mozilla/5.0 AppleWebKit/537.36 (KHTML, like Gecko; compatible; GPTBot/1.2; +https://openai.com/gptbot)"
98.82.39.241 - - [04/Nov/2025:01:12:10 +0000] "GET /about-us/?path=//sys/class/input/mice/subsystem/event0/subsystem/event4/device/subsystem/mice/subsystem/event3/device/device/input HTTP/1.1" 200 3553 "-" "Mozilla/5.0 AppleWebKit/537.36 (KHTML, like Gecko; compatible; Amazonbot/0.1; +https://developer.amazon.com/support/amazonbot) Chrome/119.0.6045.214 Safari/537.36"
66.249.74.15 - - [04/Nov/2025:01:12:10 +0000] "GET /?path=//sys/class/tty/tty8/subsystem/ttyS16/subsystem/ttyS7/subsystem/ttyS29/subsystem/tty32/subsystem/ttyS15/subsystem/tty44/subsystem/tty61/subsystem/tty11/subsystem/tty60/subsystem/tty8 HTTP/1.1" 200 3858 "-" "Mozilla/5.0 (Linux; Android 6.0.1; Nexus 5X Build/MMB29P) AppleWebKit/537.36 (KHTML, like Gecko) Chrome/141.0.7390.122 Mobile Safari/537.36 (compatible; Googlebot/2.1; +http://www.google.com/bot.html)"
74.7.227.39 - - [04/Nov/2025:01:12:11 +0000] "GET /?path=//sys/class/net/enp1s0/device/net/enp1s0/device/subsystem/devices/virtio1/block/vda/device/block/vda/subsystem/vda/vda1/subsystem/vda/subsystem/vda/subsystem/loop3/mq HTTP/1.1" 200 3596 "-" "Mozilla/5.0 AppleWebKit/537.36 (KHTML, like Gecko; compatible; GPTBot/1.2; +https://openai.com/gptbot)"
74.7.227.19 - - [04/Nov/2025:01:12:14 +0000] "GET /?path=//sys/bus/node/devices/node0/memory2/subsystem/devices/memory3/subsystem/devices/memory6/subsystem/devices/memory3/node0/cpu0/firmware_node/physical_node/driver HTTP/1.1" 200 3810 "-" "Mozilla/5.0 AppleWebKit/537.36 (KHTML, like Gecko; compatible; GPTBot/1.2; +https://openai.com/gptbot)"
74.7.227.39 - - [04/Nov/2025:01:12:14 +0000] "GET /?path=//sys/class/net/enp1s0/device/net/enp1s0/device/subsystem/devices/virtio1/block/vda/subsystem/vda/device/block/vda/device/block/vda/vda1/subsystem/loop7/bdi/subsystem HTTP/1.1" 200 3967 "-" "Mozilla/5.0 AppleWebKit/537.36 (KHTML, like Gecko; compatible; GPTBot/1.2; +https://openai.com/gptbot)"
98.82.63.147 - - [04/Nov/2025:01:12:14 +0000] "GET /networking/?path=//sys/bus/acpi/devices/device:2e/physical_node/firmware_node/subsystem/devices/device:00/subsystem HTTP/1.1" 200 3762 "-" "Mozilla/5.0 AppleWebKit/537.36 (KHTML, like Gecko; compatible; Amazonbot/0.1; +https://developer.amazon.com/support/amazonbot) Chrome/119.0.6045.214 Safari/537.36"
