50.17.193.48 - - [04/Nov/2025:01:30:58 +0000] "GET /about-us/?path=//sys/class/leds/input1::capslock/subsystem/input1::numlock/device/device/firmware_node/physical_node/firmware_node/subsystem/devices/device:06/subsystem/devices/device:05/physical_node HTTP/1.1" 200 6217 "-" "Mozilla/5.0 AppleWebKit/537.36 (KHTML, like Gecko; compatible; Amazonbot/0.1; +https://developer.amazon.com/support/amazonbot) Chrome/119.0.6045.214 Safari/537.36"
74.7.227.39 - - [04/Nov/2025:01:30:58 +0000] "GET /?path=//sys/class/net/enp1s0/device/net/enp1s0/device/subsystem/devices/virtio1/block/vda/subsystem/vda/device/block/vda/device/block/vda/subsystem/sr0/subsystem/loop3/mq HTTP/1.1" 200 3593 "-" "Mozilla/5.0 AppleWebKit/537.36 (KHTML, like Gecko; compatible; GPTBot/1.2; +https://openai.com/gptbot)"
74.7.227.19 - - [04/Nov/2025:01:31:01 +0000] "GET /?path=//sys/bus/node/devices/node0/memory2/subsystem/devices/memory3/subsystem/devices/memory2/subsystem/devices/memory6/node0/cpu0/topology HTTP/1.1" 200 4284 "-" "Mozilla/5.0 AppleWebKit/537.36 (KHTML, like Gecko; compatible; GPTBot/1.2; +https://openai.com/gptbot)"
74.7.227.39 - - [04/Nov/2025:01:31:01 +0000] "GET /?path=//sys/class/net/enp1s0/device/net/enp1s0/device/subsystem/devices/virtio1/block/vda/subsystem/vda/device/block/vda/device/block/vda/vda2/subsystem/loop4/bdi/subsystem HTTP/1.1" 200 3965 "-" "Mozilla/5.0 AppleWebKit/537.36 (KHTML, like Gecko; compatible; GPTBot/1.2; +https://openai.com/gptbot)"
98.84.70.201 - - [04/Nov/2025:01:31:02 +0000] "GET /career/?path=//sys/class/leds/input1::numlock/device/subsystem/mouse0/subsystem/event2/device/subsystem/input1/device/firmware_node/physical_node/firmware_node HTTP/1.1" 200 4015 "-" "Mozilla/5.0 AppleWebKit/537.36 (KHTML, like Gecko; compatible; Amazonbot/0.1; +https://developer.amazon.com/support/amazonbot) Chrome/119.0.6045.214 Safari/537.36"
217.113.194.201 - - [04/Nov/2025:01:31:02 +0000] "GET /terms-conditions/feed/?path=/opt/wpsites/datacloudnow.com/wp-content/languages HTTP/1.1" 200 3512 "-" "Mozilla/5.0 (compatible; Barkrowler/0.9; +https://babbar.tech/crawler)"
74.7.227.39 - - [04/Nov/2025:01:31:04 +0000] "GET /?path=//sys/class/net/enp1s0/device/net/enp1s0/device/subsystem/devices/virtio1/block/vda/device/block/vda/vda1/holders HTTP/1.1" 200 3201 "-" "Mozilla/5.0 AppleWebKit/537.36 (KHTML, like Gecko; compatible; GPTBot/1.2; +https://openai.com/gptbot)"
74.7.227.19 - - [04/Nov/2025:01:31:04 +0000] "GET /?path=//sys/bus/node/devices/node0/memory2/subsystem/devices/memory3/subsystem/devices/memory2/subsystem/devices/memory0/node0/cpu0/hotplug HTTP/1.1" 200 3672 "-" "Mozilla/5.0 AppleWebKit/537.36 (KHTML, like Gecko; compatible; GPTBot/1.2; +https://openai.com/gptbot)"
34.231.156.59 - - [04/Nov/2025:01:31:06 +0000] "GET /about-us/?path=//sys/class/leds/input1::capslock/subsystem/input1::numlock/device/device/firmware_node/physical_node/firmware_node/subsystem/devices/device:02/device:03/subsystem/devices/device:07 HTTP/1.1" 200 3994 "-" "Mozilla/5.0 AppleWebKit/537.36 (KHTML, like Gecko; compatible; Amazonbot/0.1; +https://developer.amazon.com/support/amazonbot) Chrome/119.0.6045.214 Safari/537.36"
74.7.227.19 - - [04/Nov/2025:01:31:06 +0000] "GET /?fileloc=//sys/bus/node/devices/node0/memory6/subsystem/devices/memory1/subsystem/devices/memory6/subsystem/devices/memory1/node0/cpu0/driver/uevent&path=//sys/bus/node/devices/node0/memory6/subsystem/devices/memory1/subsystem/devices/memory6/subsystem/devices/memory1/node0/cpu0/driver HTTP/1.1" 200 3166 "-" "Mozilla/5.0 AppleWebKit/537.36 (KHTML, like Gecko; compatible; GPTBot/1.2; +https://openai.com/gptbot)"
74.7.227.39 - - [04/Nov/2025:01:31:07 +0000] "GET /?path=//sys/class/net/enp1s0/device/net/enp1s0/device/subsystem/devices/virtio1/block/vda/device/block/vda/vda1/power HTTP/1.1" 200 3948 "-" "Mozilla/5.0 AppleWebKit/537.36 (KHTML, like Gecko; compatible; GPTBot/1.2; +https://openai.com/gptbot)"
74.7.227.19 - - [04/Nov/2025:01:31:08 +0000] "GET /?path=//sys/bus/node/devices/node0/memory2/subsystem/devices/memory3/subsystem/devices/memory7/subsystem/devices/memory3/node0/cpu0/hotplug HTTP/1.1" 200 3676 "-" "Mozilla/5.0 AppleWebKit/537.36 (KHTML, like Gecko; compatible; GPTBot/1.2; +https://openai.com/gptbot)"
44.210.213.220 - - [04/Nov/2025:01:31:10 +0000] "GET /about-us/?path=//sys/class/leds/input1::capslock/subsystem/input1::numlock/device/device/firmware_node/physical_node/firmware_node/subsystem/devices/device:1f/subsystem/devices/device:3a/device:3b HTTP/1.1" 200 4008 "-" "Mozilla/5.0 AppleWebKit/537.36 (KHTML, like Gecko; compatible; Amazonbot/0.1; +https://developer.amazon.com/support/amazonbot) Chrome/119.0.6045.214 Safari/537.36"
74.7.227.39 - - [04/Nov/2025:01:31:10 +0000] "GET /?path=//sys/class/net/enp1s0/device/net/enp1s0/device/subsystem/devices/virtio1/block/vda/device/block/vda/vda1/trace HTTP/1.1" 200 3740 "-" "Mozilla/5.0 AppleWebKit/537.36 (KHTML, like Gecko; compatible; GPTBot/1.2; +https://openai.com/gptbot)"
74.7.227.19 - - [04/Nov/2025:01:31:11 +0000] "GET /?path=//sys/bus/node/devices/node0/memory2/subsystem/devices/memory3/subsystem/devices/memory7/subsystem/devices/memory3/node0/cpu0/firmware_node/power HTTP/1.1" 200 4002 "-" "Mozilla/5.0 AppleWebKit/537.36 (KHTML, like Gecko; compatible; GPTBot/1.2; +https://openai.com/gptbot)"
74.7.227.19 - - [04/Nov/2025:01:31:14 +0000] "GET /?path=//sys/bus/node/devices/node0/memory2/subsystem/devices/memory3/subsystem/devices/memory2/subsystem/devices/memory6/node0/cpu0/firmware_node/power HTTP/1.1" 200 3993 "-" "Mozilla/5.0 AppleWebKit/537.36 (KHTML, like Gecko; compatible; GPTBot/1.2; +https://openai.com/gptbot)"
44.215.210.112 - - [04/Nov/2025:01:31:14 +0000] "GET /about-us/?path=//sys/class/leds/input1::capslock/subsystem/input1::numlock/device/device/firmware_node/physical_node/firmware_node/subsystem/devices/PNP0C0F:07/subsystem/devices/device:1f/subsystem HTTP/1.1" 200 3917 "-" "Mozilla/5.0 AppleWebKit/537.36 (KHTML, like Gecko; compatible; Amazonbot/0.1; +https://developer.amazon.com/support/amazonbot) Chrome/119.0.6045.214 Safari/537.36"
74.7.227.39 - - [04/Nov/2025:01:31:15 +0000] "GET /?path=//sys/class/net/enp1s0/device/net/enp1s0/device/subsystem/devices/virtio1/block/vda/device/block/vda/subsystem/vda/device/driver/virtio1/block/vda/subsystem/loop7/mq HTTP/1.1" 200 3615 "-" "Mozilla/5.0 AppleWebKit/537.36 (KHTML, like Gecko; compatible; GPTBot/1.2; +https://openai.com/gptbot)"
74.7.227.19 - - [04/Nov/2025:01:31:16 +0000] "GET /?path=//sys/bus/node/devices/node0/memory2/subsystem/devices/memory3/subsystem/devices/memory2/subsystem/devices/memory5/node0/cpu0/topology HTTP/1.1" 200 4284 "-" "Mozilla/5.0 AppleWebKit/537.36 (KHTML, like Gecko; compatible; GPTBot/1.2; +https://openai.com/gptbot)"
52.0.218.219 - - [04/Nov/2025:01:31:18 +0000] "GET /about-us/?path=//sys/class/input/event4/subsystem/mice/subsystem/input0/subsystem/event0/subsystem/event1/device/event1/device/device/id HTTP/1.1" 200 3682 "-" "Mozilla/5.0 AppleWebKit/537.36 (KHTML, like Gecko; compatible; Amazonbot/0.1; +https://developer.amazon.com/support/amazonbot) Chrome/119.0.6045.214 Safari/537.36"
74.7.227.39 - - [04/Nov/2025:01:31:18 +0000] "GET /?path=//sys/class/net/enp1s0/device/net/enp1s0/device/subsystem/devices/virtio1/block/vda/vda1/subsystem/vda/subsystem/vda/device/block/vda/device/block/vda/subsystem/loop0 HTTP/1.1" 200 4777 "-" "Mozilla/5.0 AppleWebKit/537.36 (KHTML, like Gecko; compatible; GPTBot/1.2; +https://openai.com/gptbot)"
74.7.227.19 - - [04/Nov/2025:01:31:18 +0000] "GET /?fileloc=//sys/bus/node/devices/node0/memory2/subsystem/devices/memory3/subsystem/devices/memory2/subsystem/devices/memory5/node0/cpu0/firmware_node/path&path=//sys/bus/node/devices/node0/memory2/subsystem/devices/memory3/subsystem/devices/memory2/subsystem/devices/memory5/node0/cpu0/firmware_node HTTP/1.1" 200 3177 "-" "Mozilla/5.0 AppleWebKit/537.36 (KHTML, like Gecko; compatible; GPTBot/1.2; +https://openai.com/gptbot)"
217.113.194.196 - - [04/Nov/2025:01:31:19 +0000] "GET /comments/feed/?path=/opt/wpsites/datacloudnow.com/wp-includes/php-compat HTTP/1.1" 200 3402 "-" "Mozilla/5.0 (compatible; Barkrowler/0.9; +https://babbar.tech/crawler)"
74.7.227.19 - - [04/Nov/2025:01:31:21 +0000] "GET /?path=//sys/bus/node/devices/node0/memory2/subsystem/devices/memory3/subsystem/devices/memory2/subsystem/devices/memory5/node0/cpu0/firmware_node/power HTTP/1.1" 200 3995 "-" "Mozilla/5.0 AppleWebKit/537.36 (KHTML, like Gecko; compatible; GPTBot/1.2; +https://openai.com/gptbot)"
74.7.227.39 - - [04/Nov/2025:01:31:21 +0000] "GET /?path=//sys/class/net/enp1s0/device/net/enp1s0/device/subsystem/drivers/virtio_blk/virtio1/block/vda/subsystem/vda/device/block/vda/subsystem/sr0/device/block/sr0/subsystem HTTP/1.1" 200 4004 "-" "Mozilla/5.0 AppleWebKit/537.36 (KHTML, like Gecko; compatible; GPTBot/1.2; +https://openai.com/gptbot)"
107.20.25.33 - - [04/Nov/2025:01:31:22 +0000] "GET /contact-u/?path=//sys/devices/virtual/misc/userfaultfd/subsystem/tun/subsystem/device-mapper/subsystem/mpt3ctl/subsystem/mpt2ctl HTTP/1.1" 200 3726 "-" "Mozilla/5.0 AppleWebKit/537.36 (KHTML, like Gecko; compatible; Amazonbot/0.1; +https://developer.amazon.com/support/amazonbot) Chrome/119.0.6045.214 Safari/537.36"
74.7.227.19 - - [04/Nov/2025:01:31:23 +0000] "GET /?path=//sys/bus/node/devices/node0/memory2/subsystem/devices/memory3/subsystem/devices/memory2/subsystem/devices/memory6/node0/cpu0/hotplug HTTP/1.1" 200 3666 "-" "Mozilla/5.0 AppleWebKit/537.36 (KHTML, like Gecko; compatible; GPTBot/1.2; +https://openai.com/gptbot)"
74.7.227.39 - - [04/Nov/2025:01:31:25 +0000] "GET /?path=//sys/class/net/enp1s0/device/net/enp1s0/device/subsystem/devices/virtio1/block/vda/subsystem/loop3/subsystem/vda/device/block/vda/device/block/vda/subsystem/vda2 HTTP/1.1" 200 4332 "-" "Mozilla/5.0 AppleWebKit/537.36 (KHTML, like Gecko; compatible; GPTBot/1.2; +https://openai.com/gptbot)"
74.7.227.19 - - [04/Nov/2025:01:31:25 +0000] "GET /?path=//sys/bus/node/devices/node0/memory2/subsystem/devices/memory3/subsystem/devices/memory7/subsystem/devices/memory3/node0/cpu0/topology HTTP/1.1" 200 4287 "-" "Mozilla/5.0 AppleWebKit/537.36 (KHTML, like Gecko; compatible; GPTBot/1.2; +https://openai.com/gptbot)"
44.212.106.171 - - [04/Nov/2025:01:31:26 +0000] "GET /about-us/?path=//sys/class/leds/input1::capslock/subsystem/input1::numlock/device/device/firmware_node/physical_node/firmware_node/subsystem/devices/device:21/subsystem/devices/device:02/wakeup HTTP/1.1" 200 3590 "-" "Mozilla/5.0 AppleWebKit/537.36 (KHTML, like Gecko; compatible; Amazonbot/0.1; +https://developer.amazon.com/support/amazonbot) Chrome/119.0.6045.214 Safari/537.36"
74.7.227.19 - - [04/Nov/2025:01:31:27 +0000] "GET /?path=//sys/bus/node/devices/node0/memory2/subsystem/devices/memory3/subsystem/devices/memory2/subsystem/devices/memory5/node0/cpu0/hotplug HTTP/1.1" 200 3669 "-" "Mozilla/5.0 AppleWebKit/537.36 (KHTML, like Gecko; compatible; GPTBot/1.2; +https://openai.com/gptbot)"
74.7.227.39 - - [04/Nov/2025:01:31:29 +0000] "GET /?path=//sys/class/net/enp1s0/device/net/enp1s0/device/subsystem/devices/virtio1/block/vda/subsystem/loop6/subsystem/vda/device/block/vda/subsystem/sr0/device/scsi_device HTTP/1.1" 200 3601 "-" "Mozilla/5.0 AppleWebKit/537.36 (KHTML, like Gecko; compatible; GPTBot/1.2; +https://openai.com/gptbot)"
23.26.84.147 - - [04/Nov/2025:01:31:29 +0000] "GET / HTTP/1.1" 200 4342 "-" "Mozilla/5.0 (Macintosh; Intel Mac OS X 10_15_7) AppleWebKit/537.36 (KHTML, like Gecko) Chrome/139.0.0.0 Safari/537.36"
100.29.164.178 - - [04/Nov/2025:01:31:30 +0000] "GET /about-us/?path=//sys/class/leds/input1::capslock/subsystem/input1::numlock/device/device/firmware_node/physical_node/firmware_node/subsystem/devices/ACPI0010:00/subsystem/devices/PNP0C0F:0b/subsystem HTTP/1.1" 200 3918 "-" "Mozilla/5.0 AppleWebKit/537.36 (KHTML, like Gecko; compatible; Amazonbot/0.1; +https://developer.amazon.com/support/amazonbot) Chrome/119.0.6045.214 Safari/537.36"
74.7.227.19 - - [04/Nov/2025:01:31:31 +0000] "GET /?path=//sys/bus/node/devices/node0/memory2/subsystem/devices/memory3/subsystem/devices/memory2/subsystem/devices/memory5/node0/cpu0/firmware_node/thermal_cooling HTTP/1.1" 200 3981 "-" "Mozilla/5.0 AppleWebKit/537.36 (KHTML, like Gecko; compatible; GPTBot/1.2; +https://openai.com/gptbot)"
74.7.227.39 - - [04/Nov/2025:01:31:33 +0000] "GET /?path=//sys/class/net/enp1s0/device/net/enp1s0/device/subsystem/devices/virtio1/block/vda/subsystem/vda/device/block/vda/device/block/vda/subsystem/vda/vda2/subsystem/loop1 HTTP/1.1" 200 4791 "-" "Mozilla/5.0 AppleWebKit/537.36 (KHTML, like Gecko; compatible; GPTBot/1.2; +https://openai.com/gptbot)"
74.7.227.19 - - [04/Nov/2025:01:31:33 +0000] "GET /?path=//sys/bus/node/devices/node0/memory2/subsystem/devices/memory3/subsystem/devices/memory7/subsystem/devices/memory3/node0/cpu0/subsystem HTTP/1.1" 200 3846 "-" "Mozilla/5.0 AppleWebKit/537.36 (KHTML, like Gecko; compatible; GPTBot/1.2; +https://openai.com/gptbot)"
52.200.142.199 - - [04/Nov/2025:01:31:34 +0000] "GET /about-us/?path=//sys/class/input/input1/subsystem/event0/device/subsystem/event2/subsystem/input4/device/input/input3/event3/subsystem/input0/id HTTP/1.1" 200 3715 "-" "Mozilla/5.0 AppleWebKit/537.36 (KHTML, like Gecko; compatible; Amazonbot/0.1; +https://developer.amazon.com/support/amazonbot) Chrome/119.0.6045.214 Safari/537.36"
74.7.227.19 - - [04/Nov/2025:01:31:35 +0000] "GET /?path=//sys/bus/node/devices/node0/memory2/subsystem/devices/memory3/subsystem/devices/memory2/subsystem/devices/memory5/node0/cpu0/power HTTP/1.1" 200 4046 "-" "Mozilla/5.0 AppleWebKit/537.36 (KHTML, like Gecko; compatible; GPTBot/1.2; +https://openai.com/gptbot)"
74.7.227.39 - - [04/Nov/2025:01:31:37 +0000] "GET /?path=//sys/class/net/enp1s0/device/net/enp1s0/device/subsystem/drivers/virtio_blk/virtio1/block/vda/subsystem/sr0/subsystem/sr0/subsystem/vda/device/block/vda/device/block HTTP/1.1" 200 3574 "-" "Mozilla/5.0 AppleWebKit/537.36 (KHTML, like Gecko; compatible; GPTBot/1.2; +https://openai.com/gptbot)"
74.7.227.19 - - [04/Nov/2025:01:31:37 +0000] "GET /?fileloc=//sys/bus/node/devices/node0/memory2/subsystem/devices/memory3/subsystem/devices/memory2/subsystem/devices/memory5/node0/cpu0/topology/cluster_id&path=//sys/bus/node/devices/node0/memory2/subsystem/devices/memory3/subsystem/devices/memory2/subsystem/devices/memory5/node0/cpu0/topology HTTP/1.1" 200 3170 "-" "Mozilla/5.0 AppleWebKit/537.36 (KHTML, like Gecko; compatible; GPTBot/1.2; +https://openai.com/gptbot)"
217.113.194.196 - - [04/Nov/2025:01:31:38 +0000] "GET /comments/feed/?path=/opt/wpsites/datacloudnow.com/wp-includes/random_compat HTTP/1.1" 200 3930 "-" "Mozilla/5.0 (compatible; Barkrowler/0.9; +https://babbar.tech/crawler)"
100.28.204.82 - - [04/Nov/2025:01:31:38 +0000] "GET /career/?path=//sys/class/wakeup/wakeup8/device/physical_node/firmware_node/subsystem/devices/device:02 HTTP/1.1" 200 3855 "-" "Mozilla/5.0 AppleWebKit/537.36 (KHTML, like Gecko; compatible; Amazonbot/0.1; +https://developer.amazon.com/support/amazonbot) Chrome/119.0.6045.214 Safari/537.36"
74.7.227.19 - - [04/Nov/2025:01:31:40 +0000] "GET /?path=//sys/bus/node/devices/node0/memory2/subsystem/devices/memory3/subsystem/devices/memory7/subsystem/devices/memory3/node0/cpu0/driver HTTP/1.1" 200 3762 "-" "Mozilla/5.0 AppleWebKit/537.36 (KHTML, like Gecko; compatible; GPTBot/1.2; +https://openai.com/gptbot)"
74.7.227.39 - - [04/Nov/2025:01:31:41 +0000] "GET /?path=//sys/class/net/enp1s0/device/net/enp1s0/device/subsystem/devices/virtio1/block/vda/subsystem/vda/device/block/vda/subsystem/loop4/subsystem/vda/subsystem/vda/vda1 HTTP/1.1" 200 4312 "-" "Mozilla/5.0 AppleWebKit/537.36 (KHTML, like Gecko; compatible; GPTBot/1.2; +https://openai.com/gptbot)"
74.7.227.19 - - [04/Nov/2025:01:31:44 +0000] "GET /?path=//sys/bus/node/devices/node0/memory2/subsystem/devices/memory3/subsystem/devices/memory2/subsystem/devices/memory6/node0/cpu0/cache HTTP/1.1" 200 3792 "-" "Mozilla/5.0 AppleWebKit/537.36 (KHTML, like Gecko; compatible; GPTBot/1.2; +https://openai.com/gptbot)"
184.73.47.24 - - [04/Nov/2025:01:31:44 +0000] "GET /about-us/?path=//sys/class/leds/input1::capslock/subsystem/input1::numlock/device/device/firmware_node/physical_node/firmware_node/subsystem/devices/device:16/subsystem/devices/device:05/device:0a HTTP/1.1" 200 4009 "-" "Mozilla/5.0 AppleWebKit/537.36 (KHTML, like Gecko; compatible; Amazonbot/0.1; +https://developer.amazon.com/support/amazonbot) Chrome/119.0.6045.214 Safari/537.36"
74.7.227.39 - - [04/Nov/2025:01:31:46 +0000] "GET /?path=//sys/class/net/enp1s0/device/net/enp1s0/device/subsystem/devices/virtio1/block/vda/subsystem/vda/subsystem/loop7/subsystem/vda/subsystem/sr0/queue/bsg/device/block HTTP/1.1" 200 3587 "-" "Mozilla/5.0 AppleWebKit/537.36 (KHTML, like Gecko; compatible; GPTBot/1.2; +https://openai.com/gptbot)"
54.145.82.217 - - [04/Nov/2025:01:31:46 +0000] "GET /career/?path=//sys/class/drm/card0/device/firmware_node/subsystem/devices/device:2e/subsystem/devices/device:05/physical_node/firmware_node/device:0b/subsystem HTTP/1.1" 200 3838 "-" "Mozilla/5.0 AppleWebKit/537.36 (KHTML, like Gecko; compatible; Amazonbot/0.1; +https://developer.amazon.com/support/amazonbot) Chrome/119.0.6045.214 Safari/537.36"
74.7.227.19 - - [04/Nov/2025:01:31:48 +0000] "GET /?path=//sys/bus/node/devices/node0/memory2/subsystem/devices/memory3/subsystem/devices/memory2/subsystem/devices/memory0/node0/cpu0/power HTTP/1.1" 200 4044 "-" "Mozilla/5.0 AppleWebKit/537.36 (KHTML, like Gecko; compatible; GPTBot/1.2; +https://openai.com/gptbot)"
74.7.227.39 - - [04/Nov/2025:01:31:49 +0000] "GET /?path=//sys/class/net/enp1s0/device/net/enp1s0/device/subsystem/devices/virtio1/block/vda/subsystem/vda/device/block/vda/device/block/vda/subsystem/loop7/subsystem/loop4 HTTP/1.1" 200 4768 "-" "Mozilla/5.0 AppleWebKit/537.36 (KHTML, like Gecko; compatible; GPTBot/1.2; +https://openai.com/gptbot)"
52.200.142.199 - - [04/Nov/2025:01:31:50 +0000] "GET /about-us/?path=//sys/class/leds/input1::capslock/subsystem/input1::numlock/device/device/firmware_node/physical_node/firmware_node/subsystem/devices/device:2b/physical_node/subsystem/drivers/virtio-pci HTTP/1.1" 200 4130 "-" "Mozilla/5.0 AppleWebKit/537.36 (KHTML, like Gecko; compatible; Amazonbot/0.1; +https://developer.amazon.com/support/amazonbot) Chrome/119.0.6045.214 Safari/537.36"
74.7.227.19 - - [04/Nov/2025:01:31:51 +0000] "GET /?path=//sys/bus/node/devices/node0/memory2/subsystem/devices/memory3/subsystem/devices/memory2/subsystem/devices/memory6/node0/cpu0/power HTTP/1.1" 200 4043 "-" "Mozilla/5.0 AppleWebKit/537.36 (KHTML, like Gecko; compatible; GPTBot/1.2; +https://openai.com/gptbot)"
74.7.227.39 - - [04/Nov/2025:01:31:52 +0000] "GET /?path=//sys/class/net/enp1s0/device/net/enp1s0/device/subsystem/devices/virtio1/block/vda/subsystem/vda/vda1/subsystem/vda/device/block/vda/device/block/vda/subsystem/vda1 HTTP/1.1" 200 4316 "-" "Mozilla/5.0 AppleWebKit/537.36 (KHTML, like Gecko; compatible; GPTBot/1.2; +https://openai.com/gptbot)"
74.7.227.39 - - [04/Nov/2025:01:31:53 +0000] "GET /?fileloc=//sys/class/net/enp1s0/device/net/enp1s0/device/subsystem/devices/virtio1/block/vda/subsystem/vda/device/block/vda/device/block/vda/subsystem/vda/vda2/subsystem/loop1/hidden&path=//sys/class/net/enp1s0/device/net/enp1s0/device/subsystem/devices/virtio1/block/vda/subsystem/vda/device/block/vda/device/block/vda/subsystem/vda/vda2/subsystem/loop1 HTTP/1.1" 200 3227 "-" "Mozilla/5.0 AppleWebKit/537.36 (KHTML, like Gecko; compatible; GPTBot/1.2; +https://openai.com/gptbot)"
217.113.194.241 - - [04/Nov/2025:01:31:53 +0000] "GET /comments/feed/?path=/opt/wpsites/datacloudnow.com/wp-includes/block-supports HTTP/1.1" 200 4008 "-" "Mozilla/5.0 (compatible; Barkrowler/0.9; +https://babbar.tech/crawler)"
34.236.185.101 - - [04/Nov/2025:01:31:54 +0000] "GET /about-us/?path=//sys/class/leds/input1::capslock/subsystem/input1::numlock/device/device/firmware_node/physical_node/firmware_node/subsystem/devices/device:22/subsystem/devices/device:04/wakeup HTTP/1.1" 200 3572 "-" "Mozilla/5.0 AppleWebKit/537.36 (KHTML, like Gecko; compatible; Amazonbot/0.1; +https://developer.amazon.com/support/amazonbot) Chrome/119.0.6045.214 Safari/537.36"
74.7.227.19 - - [04/Nov/2025:01:31:54 +0000] "GET /?path=//sys/bus/node/devices/node0/memory2/subsystem/devices/memory3/subsystem/devices/memory7/subsystem/devices/memory3/node0/cpu0/power HTTP/1.1" 200 4053 "-" "Mozilla/5.0 AppleWebKit/537.36 (KHTML, like Gecko; compatible; GPTBot/1.2; +https://openai.com/gptbot)"
74.7.227.19 - - [04/Nov/2025:01:31:57 +0000] "GET /?path=//sys/bus/node/devices/node0/memory2/subsystem/devices/memory3/subsystem/devices/memory2/subsystem/devices/memory5/node0/cpu0/driver HTTP/1.1" 200 3749 "-" "Mozilla/5.0 AppleWebKit/537.36 (KHTML, like Gecko; compatible; GPTBot/1.2; +https://openai.com/gptbot)"
74.7.227.39 - - [04/Nov/2025:01:31:57 +0000] "GET /?fileloc=//sys/class/net/enp1s0/device/net/enp1s0/device/subsystem/devices/virtio1/block/vda/subsystem/vda/device/block/vda/device/block/vda/subsystem/vda/vda2/subsystem/loop1/events_async&path=//sys/class/net/enp1s0/device/net/enp1s0/device/subsystem/devices/virtio1/block/vda/subsystem/vda/device/block/vda/device/block/vda/subsystem/vda/vda2/subsystem/loop1 HTTP/1.1" 200 3235 "-" "Mozilla/5.0 AppleWebKit/537.36 (KHTML, like Gecko; compatible; GPTBot/1.2; +https://openai.com/gptbot)"
34.194.14.255 - - [04/Nov/2025:01:31:58 +0000] "GET /about-us/?path=//sys/class/leds/input1::capslock/subsystem/input1::numlock/device/device/firmware_node/physical_node/firmware_node/subsystem/devices/ACPI0010:00/subsystem/devices/device:2c/power HTTP/1.1" 200 4065 "-" "Mozilla/5.0 AppleWebKit/537.36 (KHTML, like Gecko; compatible; Amazonbot/0.1; +https://developer.amazon.com/support/amazonbot) Chrome/119.0.6045.214 Safari/537.36"
74.7.227.19 - - [04/Nov/2025:01:31:59 +0000] "GET /?path=//sys/bus/node/devices/node0/memory2/subsystem/devices/memory3/subsystem/devices/memory7/subsystem/devices/memory2/node0/cpu0 HTTP/1.1" 200 4080 "-" "Mozilla/5.0 AppleWebKit/537.36 (KHTML, like Gecko; compatible; GPTBot/1.2; +https://openai.com/gptbot)"
74.7.227.39 - - [04/Nov/2025:01:32:01 +0000] "GET /?path=//sys/class/net/enp1s0/device/net/enp1s0/device/subsystem/devices/virtio1/block/vda/subsystem/loop6/subsystem/vda/device/block/vda/device/block/vda/vda1/subsystem HTTP/1.1" 200 4010 "-" "Mozilla/5.0 AppleWebKit/537.36 (KHTML, like Gecko; compatible; GPTBot/1.2; +https://openai.com/gptbot)"
52.204.89.12 - - [04/Nov/2025:01:32:02 +0000] "GET /about-us/?path=//sys/class/leds/input1::capslock/subsystem/input1::numlock/device/device/firmware_node/physical_node/firmware_node/subsystem/devices/device:0b/subsystem/devices/device:42/physical_node HTTP/1.1" 200 6428 "-" "Mozilla/5.0 AppleWebKit/537.36 (KHTML, like Gecko; compatible; Amazonbot/0.1; +https://developer.amazon.com/support/amazonbot) Chrome/119.0.6045.214 Safari/537.36"
74.7.227.19 - - [04/Nov/2025:01:32:03 +0000] "GET /?path=//sys/bus/node/devices/node0/memory6/subsystem/devices/memory1/subsystem/devices/memory6/subsystem/devices/memory6/node0/cpu0/cache HTTP/1.1" 200 3790 "-" "Mozilla/5.0 AppleWebKit/537.36 (KHTML, like Gecko; compatible; GPTBot/1.2; +https://openai.com/gptbot)"
74.7.227.39 - - [04/Nov/2025:01:32:03 +0000] "GET /?path=//sys/class/net/enp1s0/device/net/enp1s0/device/subsystem/devices/virtio1/block/vda/subsystem/vda/device/block/vda/device/block/vda/subsystem/vda1/subsystem/vda2 HTTP/1.1" 200 4315 "-" "Mozilla/5.0 AppleWebKit/537.36 (KHTML, like Gecko; compatible; GPTBot/1.2; +https://openai.com/gptbot)"
74.7.227.19 - - [04/Nov/2025:01:32:05 +0000] "GET /?path=//sys/bus/node/devices/node0/memory2/subsystem/devices/memory3/subsystem/devices/memory2/subsystem/devices/memory6/node0/cpu0/driver HTTP/1.1" 200 3750 "-" "Mozilla/5.0 AppleWebKit/537.36 (KHTML, like Gecko; compatible; GPTBot/1.2; +https://openai.com/gptbot)"
74.7.227.39 - - [04/Nov/2025:01:32:05 +0000] "GET /?path=//sys/class/net/enp1s0/device/net/enp1s0/device/subsystem/devices/virtio1/block/vda/subsystem/vda/device/block/vda/device/block/vda/subsystem/sr0/subsystem/loop5/mq HTTP/1.1" 200 3593 "-" "Mozilla/5.0 AppleWebKit/537.36 (KHTML, like Gecko; compatible; GPTBot/1.2; +https://openai.com/gptbot)"
52.21.62.139 - - [04/Nov/2025:01:32:06 +0000] "GET /about-us/?path=//sys/class/leds/input1::capslock/subsystem/input1::numlock/device/device/firmware_node/physical_node/firmware_node/physical_node1/input/input1/subsystem/mouse0/subsystem/input4 HTTP/1.1" 200 4285 "-" "Mozilla/5.0 AppleWebKit/537.36 (KHTML, like Gecko; compatible; Amazonbot/0.1; +https://developer.amazon.com/support/amazonbot) Chrome/119.0.6045.214 Safari/537.36"
74.7.227.39 - - [04/Nov/2025:01:32:08 +0000] "GET /?fileloc=//sys/class/net/enp1s0/device/net/enp1s0/device/subsystem/devices/virtio1/block/vda/subsystem/vda/device/block/vda/device/block/vda/subsystem/loop7/subsystem/loop4/events_async&path=//sys/class/net/enp1s0/device/net/enp1s0/device/subsystem/devices/virtio1/block/vda/subsystem/vda/device/block/vda/device/block/vda/subsystem/loop7/subsystem/loop4 HTTP/1.1" 200 3228 "-" "Mozilla/5.0 AppleWebKit/537.36 (KHTML, like Gecko; compatible; GPTBot/1.2; +https://openai.com/gptbot)"
74.7.227.19 - - [04/Nov/2025:01:32:09 +0000] "GET /?path=//sys/bus/node/devices/node0/memory2/subsystem/devices/memory3/subsystem/devices/memory7/subsystem/devices/memory3/node0/cpu0/cache HTTP/1.1" 200 3803 "-" "Mozilla/5.0 AppleWebKit/537.36 (KHTML, like Gecko; compatible; GPTBot/1.2; +https://openai.com/gptbot)"
217.113.194.201 - - [04/Nov/2025:01:32:10 +0000] "GET /comments/feed/?path=/opt/wpsites/datacloudnow.com/wp-includes/IXR HTTP/1.1" 200 3907 "-" "Mozilla/5.0 (compatible; Barkrowler/0.9; +https://babbar.tech/crawler)"
100.28.44.58 - - [04/Nov/2025:01:32:10 +0000] "GET /about-us/?path=//sys/class/leds/input1::capslock/subsystem/input1::numlock/device/device/firmware_node/physical_node/firmware_node/subsystem/devices/PNP0303:00/subsystem/devices/device:0d/power HTTP/1.1" 200 4062 "-" "Mozilla/5.0 AppleWebKit/537.36 (KHTML, like Gecko; compatible; Amazonbot/0.1; +https://developer.amazon.com/support/amazonbot) Chrome/119.0.6045.214 Safari/537.36"
74.7.227.39 - - [04/Nov/2025:01:32:11 +0000] "GET /?path=//sys/class/net/enp1s0/device/net/enp1s0/device/subsystem/devices/virtio1/block/vda/vda1/subsystem/vda/subsystem/vda/device/block/vda/device/block/vda/subsystem/vda2 HTTP/1.1" 200 4300 "-" "Mozilla/5.0 AppleWebKit/537.36 (KHTML, like Gecko; compatible; GPTBot/1.2; +https://openai.com/gptbot)"
74.7.227.19 - - [04/Nov/2025:01:32:12 +0000] "GET /?path=//sys/bus/node/devices/node0/memory6/subsystem/devices/memory1/subsystem/devices/memory6/subsystem/devices/memory7/node0/cpu0/power HTTP/1.1" 200 4047 "-" "Mozilla/5.0 AppleWebKit/537.36 (KHTML, like Gecko; compatible; GPTBot/1.2; +https://openai.com/gptbot)"
54.87.95.7 - - [04/Nov/2025:01:32:14 +0000] "GET /about-us/?path=//sys/class/leds/input1::capslock/subsystem/input1::numlock/device/device/firmware_node/physical_node/firmware_node/subsystem/devices/PNP0C0F:00/subsystem/devices/ACPI0010:00/subsystem HTTP/1.1" 200 3915 "-" "Mozilla/5.0 AppleWebKit/537.36 (KHTML, like Gecko; compatible; Amazonbot/0.1; +https://developer.amazon.com/support/amazonbot) Chrome/119.0.6045.214 Safari/537.36"
74.7.227.39 - - [04/Nov/2025:01:32:15 +0000] "GET /?fileloc=//sys/class/net/enp1s0/device/net/enp1s0/device/subsystem/devices/virtio1/block/vda/subsystem/vda/vda1/subsystem/vda/device/block/vda/device/block/vda/subsystem/vda1/discard_alignment&path=//sys/class/net/enp1s0/device/net/enp1s0/device/subsystem/devices/virtio1/block/vda/subsystem/vda/vda1/subsystem/vda/device/block/vda/device/block/vda/subsystem/vda1 HTTP/1.1" 200 3252 "-" "Mozilla/5.0 AppleWebKit/537.36 (KHTML, like Gecko; compatible; GPTBot/1.2; +https://openai.com/gptbot)"
74.7.227.19 - - [04/Nov/2025:01:32:15 +0000] "GET /?path=//sys/bus/node/devices/node0/memory2/subsystem/devices/memory3/subsystem/devices/memory7/subsystem/devices/memory6/node0/cpu0/cache HTTP/1.1" 200 3794 "-" "Mozilla/5.0 AppleWebKit/537.36 (KHTML, like Gecko; compatible; GPTBot/1.2; +https://openai.com/gptbot)"
74.7.227.19 - - [04/Nov/2025:01:32:17 +0000] "GET /?path=//sys/bus/node/devices/node0/memory2/subsystem/devices/memory3/subsystem/devices/memory2/subsystem/devices/memory0/node0/cpu0/cache HTTP/1.1" 200 3798 "-" "Mozilla/5.0 AppleWebKit/537.36 (KHTML, like Gecko; compatible; GPTBot/1.2; +https://openai.com/gptbot)"
52.205.113.104 - - [04/Nov/2025:01:32:18 +0000] "GET /career/?path=//sys/devices/system/node/node0/memory0/subsystem/devices/memory0/subsystem/devices/memory7/subsystem/devices/memory2/node0 HTTP/1.1" 200 4526 "-" "Mozilla/5.0 AppleWebKit/537.36 (KHTML, like Gecko; compatible; Amazonbot/0.1; +https://developer.amazon.com/support/amazonbot) Chrome/119.0.6045.214 Safari/537.36"
74.7.227.39 - - [04/Nov/2025:01:32:19 +0000] "GET /?path=//sys/class/net/enp1s0/device/net/enp1s0/device/subsystem/devices/virtio1/block/vda/subsystem/vda/device/block/vda/subsystem/loop1/subsystem/sr0/queue/bsg/subsystem HTTP/1.1" 200 3599 "-" "Mozilla/5.0 AppleWebKit/537.36 (KHTML, like Gecko; compatible; GPTBot/1.2; +https://openai.com/gptbot)"
74.7.227.19 - - [04/Nov/2025:01:32:25 +0000] "GET /?path=//sys/bus/node/devices/node0/memory2/subsystem/devices/memory3/subsystem/devices/memory7/subsystem/devices/memory2/node0/cpu0/topology HTTP/1.1" 200 4285 "-" "Mozilla/5.0 AppleWebKit/537.36 (KHTML, like Gecko; compatible; GPTBot/1.2; +https://openai.com/gptbot)"
3.224.205.25 - - [04/Nov/2025:01:32:25 +0000] "GET /about-us/?path=//sys/class/leds/input1::capslock/subsystem/input1::numlock/device/device/firmware_node/physical_node/firmware_node/subsystem/devices/device:08/subsystem/devices/device:00/power HTTP/1.1" 200 4041 "-" "Mozilla/5.0 AppleWebKit/537.36 (KHTML, like Gecko; compatible; Amazonbot/0.1; +https://developer.amazon.com/support/amazonbot) Chrome/119.0.6045.214 Safari/537.36"
74.7.227.39 - - [04/Nov/2025:01:32:25 +0000] "GET /?path=//sys/class/net/enp1s0/device/net/enp1s0/device/subsystem/devices/virtio1/block/vda/subsystem/vda/device/block/vda/subsystem/loop0/subsystem/sr0/device/scsi_device HTTP/1.1" 200 3588 "-" "Mozilla/5.0 AppleWebKit/537.36 (KHTML, like Gecko; compatible; GPTBot/1.2; +https://openai.com/gptbot)"
54.145.82.217 - - [04/Nov/2025:01:32:27 +0000] "GET /register/?path=//sys/dev/char/13:64/subsystem/event0/subsystem/input1/subsystem/input0/subsystem/input1/device/firmware_node/physical_node/driver/00:00 HTTP/1.1" 200 3986 "-" "Mozilla/5.0 AppleWebKit/537.36 (KHTML, like Gecko; compatible; Amazonbot/0.1; +https://developer.amazon.com/support/amazonbot) Chrome/119.0.6045.214 Safari/537.36"
217.113.194.240 - - [04/Nov/2025:01:32:28 +0000] "GET /comments/feed/?path=/opt/wpsites/datacloudnow.com/wp-includes/theme-compat HTTP/1.1" 200 3842 "-" "Mozilla/5.0 (compatible; Barkrowler/0.9; +https://babbar.tech/crawler)"
74.7.227.39 - - [04/Nov/2025:01:32:28 +0000] "GET /?path=//sys/class/net/enp1s0/device/net/enp1s0/device/subsystem/devices/virtio1/block/vda/device/block/vda/subsystem/vda/subsystem/vda/vda2/subsystem/vda/subsystem/sr0/bdi HTTP/1.1" 200 4253 "-" "Mozilla/5.0 AppleWebKit/537.36 (KHTML, like Gecko; compatible; GPTBot/1.2; +https://openai.com/gptbot)"
74.7.227.19 - - [04/Nov/2025:01:32:29 +0000] "GET /?path=//sys/bus/node/devices/node0/memory2/subsystem/devices/memory3/subsystem/devices/memory7/subsystem/devices/memory2/node0/cpu0/firmware_node HTTP/1.1" 200 4025 "-" "Mozilla/5.0 AppleWebKit/537.36 (KHTML, like Gecko; compatible; GPTBot/1.2; +https://openai.com/gptbot)"
44.221.105.234 - - [04/Nov/2025:01:32:30 +0000] "GET /about-us/?path=//sys/class/leds/input1::capslock/subsystem/input1::numlock/device/device/firmware_node/physical_node/firmware_node/subsystem/devices/device:2f/subsystem/devices/LNXSYBUS:00 HTTP/1.1" 200 4757 "-" "Mozilla/5.0 AppleWebKit/537.36 (KHTML, like Gecko; compatible; Amazonbot/0.1; +https://developer.amazon.com/support/amazonbot) Chrome/119.0.6045.214 Safari/537.36"
74.7.227.39 - - [04/Nov/2025:01:32:31 +0000] "GET /?path=//sys/class/net/enp1s0/device/net/enp1s0/device/subsystem/devices/virtio1/block/vda/subsystem/vda/device/block/vda/subsystem/vda2/subsystem/vda/device/driver/virtio1 HTTP/1.1" 200 4142 "-" "Mozilla/5.0 AppleWebKit/537.36 (KHTML, like Gecko; compatible; GPTBot/1.2; +https://openai.com/gptbot)"
66.249.74.13 - - [04/Nov/2025:01:32:31 +0000] "GET /?fileloc=//sys/class/tty/tty8/subsystem/ttyS16/subsystem/ttyS7/subsystem/ttyS29/subsystem/tty32/subsystem/tty17/subsystem/tty30/subsystem/tty62/subsystem/tty31/subsystem/tty31/subsystem/tty11/subsystem/ttyS25/subsystem/tty3/subsystem/tty54/subsystem/tty38/subsystem/tty42/dev&path=//sys/class/tty/tty8/subsystem/ttyS16/subsystem/ttyS7/subsystem/ttyS29/subsystem/tty32/subsystem/tty17/subsystem/tty30/subsystem/tty62/subsystem/tty31/subsystem/tty31/subsystem/tty11/subsystem/ttyS25/subsystem/tty3/subsystem/tty54/subsystem/tty38/subsystem/tty42 HTTP/1.1" 200 3376 "-" "Mozilla/5.0 (Linux; Android 6.0.1; Nexus 5X Build/MMB29P) AppleWebKit/537.36 (KHTML, like Gecko) Chrome/141.0.7390.122 Mobile Safari/537.36 (compatible; Googlebot/2.1; +http://www.google.com/bot.html)"
74.7.227.19 - - [04/Nov/2025:01:32:32 +0000] "GET /?path=//sys/bus/node/devices/node0/memory2/subsystem/devices/memory3/subsystem/devices/memory7/subsystem/devices/memory2/node0/cpu0/subsystem HTTP/1.1" 200 3846 "-" "Mozilla/5.0 AppleWebKit/537.36 (KHTML, like Gecko; compatible; GPTBot/1.2; +https://openai.com/gptbot)"
3.226.106.93 - - [04/Nov/2025:01:32:34 +0000] "GET /about-us/?path=//sys/class/leds/input1::capslock/subsystem/input1::numlock/device/device/firmware_node/physical_node/firmware_node/physical_node1/input/input1/subsystem/event1/subsystem/mouse0 HTTP/1.1" 200 3847 "-" "Mozilla/5.0 AppleWebKit/537.36 (KHTML, like Gecko; compatible; Amazonbot/0.1; +https://developer.amazon.com/support/amazonbot) Chrome/119.0.6045.214 Safari/537.36"
74.7.227.39 - - [04/Nov/2025:01:32:35 +0000] "GET /?path=//sys/class/net/enp1s0/device/net/enp1s0/device/subsystem/devices/virtio1/block/vda/device/block/vda/subsystem/vda/subsystem/vda/device/block/vda/vda2/subsystem/loop0 HTTP/1.1" 200 4798 "-" "Mozilla/5.0 AppleWebKit/537.36 (KHTML, like Gecko; compatible; GPTBot/1.2; +https://openai.com/gptbot)"
74.7.227.19 - - [04/Nov/2025:01:32:35 +0000] "GET /?path=//sys/bus/node/devices/node0/memory2/subsystem/devices/memory3/subsystem/devices/memory7/subsystem/devices/memory2/node0/cpu0/hotplug HTTP/1.1" 200 3673 "-" "Mozilla/5.0 AppleWebKit/537.36 (KHTML, like Gecko; compatible; GPTBot/1.2; +https://openai.com/gptbot)"
44.215.231.15 - - [04/Nov/2025:01:32:38 +0000] "GET /about-us/?path=//sys/class/leds/input1::capslock/subsystem/input1::numlock/device/device/firmware_node/physical_node/firmware_node/subsystem/devices/device:15/subsystem/devices/device:04/physical_node HTTP/1.1" 200 6476 "-" "Mozilla/5.0 AppleWebKit/537.36 (KHTML, like Gecko; compatible; Amazonbot/0.1; +https://developer.amazon.com/support/amazonbot) Chrome/119.0.6045.214 Safari/537.36"
74.7.227.19 - - [04/Nov/2025:01:32:39 +0000] "GET /?fileloc=//sys/bus/node/devices/node0/memory6/subsystem/devices/memory1/subsystem/devices/memory6/subsystem/devices/memory7/node0/cpu0/power/runtime_suspended_time&path=//sys/bus/node/devices/node0/memory6/subsystem/devices/memory1/subsystem/devices/memory6/subsystem/devices/memory7/node0/cpu0/power HTTP/1.1" 200 3170 "-" "Mozilla/5.0 AppleWebKit/537.36 (KHTML, like Gecko; compatible; GPTBot/1.2; +https://openai.com/gptbot)"
74.7.227.39 - - [04/Nov/2025:01:32:39 +0000] "GET /?path=//sys/class/net/enp1s0/device/net/enp1s0/device/subsystem/devices/virtio1/block/vda/subsystem/vda/subsystem/loop0/subsystem/vda/subsystem/sr0/queue/bsg/subsystem HTTP/1.1" 200 3585 "-" "Mozilla/5.0 AppleWebKit/537.36 (KHTML, like Gecko; compatible; GPTBot/1.2; +https://openai.com/gptbot)"
34.236.41.241 - - [04/Nov/2025:01:32:43 +0000] "GET /about-us/?path=//sys/class/leds/input1::scrolllock/device/subsystem/input1/subsystem/event2/subsystem/input1/event1/subsystem/input0/device/input HTTP/1.1" 200 3499 "-" "Mozilla/5.0 AppleWebKit/537.36 (KHTML, like Gecko; compatible; Amazonbot/0.1; +https://developer.amazon.com/support/amazonbot) Chrome/119.0.6045.214 Safari/537.36"
74.7.227.19 - - [04/Nov/2025:01:32:43 +0000] "GET /?path=//sys/bus/node/devices/node0/memory2/subsystem/devices/memory3/subsystem/devices/memory7/subsystem/devices/memory2/node0/cpu0/driver HTTP/1.1" 200 3757 "-" "Mozilla/5.0 AppleWebKit/537.36 (KHTML, like Gecko; compatible; GPTBot/1.2; +https://openai.com/gptbot)"
217.113.194.192 - - [04/Nov/2025:01:32:44 +0000] "GET /privacy-policy/feed/?path=/opt/wpsites/datacloudnow.com/wp-includes/ID3 HTTP/1.1" 200 4372 "-" "Mozilla/5.0 (compatible; Barkrowler/0.9; +https://babbar.tech/crawler)"
74.7.227.39 - - [04/Nov/2025:01:32:45 +0000] "GET /?path=//sys/class/net/enp1s0/device/net/enp1s0/device/driver/virtio0/subsystem/drivers/virtio_net/virtio0/subsystem/devices/virtio1/block/vda/subsystem/vda/device/block/vda HTTP/1.1" 200 4956 "-" "Mozilla/5.0 AppleWebKit/537.36 (KHTML, like Gecko; compatible; GPTBot/1.2; +https://openai.com/gptbot)"
198.54.114.29 - - [04/Nov/2025:01:32:46 +0000] "GET /wp-login.php HTTP/1.1" 200 4342 "-" "Mozilla/5.0 (Windows NT 6.1; WOW64; Trident/7.0; EIE10;ENCAWOL; rv:11.0) like Gecko"
44.207.69.106 - - [04/Nov/2025:01:32:46 +0000] "GET /about-us/?path=//sys/class/input/event3/device/mouse1/device/subsystem/input0/subsystem/input0/subsystem/input1/subsystem/input1/event1/device/input1::numlock HTTP/1.1" 200 3923 "-" "Mozilla/5.0 AppleWebKit/537.36 (KHTML, like Gecko; compatible; Amazonbot/0.1; +https://developer.amazon.com/support/amazonbot) Chrome/119.0.6045.214 Safari/537.36"
74.7.227.19 - - [04/Nov/2025:01:32:47 +0000] "GET /?path=//sys/bus/node/devices/node0/memory2/subsystem/devices/memory3/subsystem/devices/memory7/subsystem/devices/memory2/node0/cpu0/power HTTP/1.1" 200 4049 "-" "Mozilla/5.0 AppleWebKit/537.36 (KHTML, like Gecko; compatible; GPTBot/1.2; +https://openai.com/gptbot)"
198.54.114.29 - - [04/Nov/2025:01:32:49 +0000] "POST /wp-login.php HTTP/1.1" 200 4342 "https://datacloudnow.com/wp-login.php" "Mozilla/5.0 (Windows NT 6.1; WOW64; Trident/7.0; EIE10;ENCAWOL; rv:11.0) like Gecko"
74.7.227.19 - - [04/Nov/2025:01:32:50 +0000] "GET /?path=//sys/bus/node/devices/node0/memory2/subsystem/devices/memory3/subsystem/devices/memory7/subsystem/devices/memory2/node0/cpu0/cache HTTP/1.1" 200 3800 "-" "Mozilla/5.0 AppleWebKit/537.36 (KHTML, like Gecko; compatible; GPTBot/1.2; +https://openai.com/gptbot)"
74.7.227.39 - - [04/Nov/2025:01:32:50 +0000] "GET /?path=//sys/class/net/enp1s0/device/net/enp1s0/device/subsystem/devices/virtio1/block/vda/subsystem/vda/device/block/vda/subsystem/loop0 HTTP/1.1" 200 4825 "-" "Mozilla/5.0 AppleWebKit/537.36 (KHTML, like Gecko; compatible; GPTBot/1.2; +https://openai.com/gptbot)"
52.70.138.176 - - [04/Nov/2025:01:32:50 +0000] "GET /about-us/?path=//sys/class/input/input1/subsystem/event0/device/subsystem/event2/subsystem/input4/device/input/input3/event3/subsystem/input1/id HTTP/1.1" 200 3704 "-" "Mozilla/5.0 AppleWebKit/537.36 (KHTML, like Gecko; compatible; Amazonbot/0.1; +https://developer.amazon.com/support/amazonbot) Chrome/119.0.6045.214 Safari/537.36"
74.7.227.19 - - [04/Nov/2025:01:32:53 +0000] "GET /?fileloc=//sys/bus/node/devices/node0/memory2/subsystem/devices/memory3/subsystem/devices/memory7/subsystem/devices/memory2/node0/cpu0/firmware_node/status&path=//sys/bus/node/devices/node0/memory2/subsystem/devices/memory3/subsystem/devices/memory7/subsystem/devices/memory2/node0/cpu0/firmware_node HTTP/1.1" 200 3170 "-" "Mozilla/5.0 AppleWebKit/537.36 (KHTML, like Gecko; compatible; GPTBot/1.2; +https://openai.com/gptbot)"
74.7.227.39 - - [04/Nov/2025:01:32:53 +0000] "GET /?path=//sys/class/net/enp1s0/device/net/enp1s0/device/subsystem/devices/virtio1/block/vda/subsystem/vda2/subsystem/vda/device/block/vda/subsystem/vda/subsystem/vda/vda2 HTTP/1.1" 200 4309 "-" "Mozilla/5.0 AppleWebKit/537.36 (KHTML, like Gecko; compatible; GPTBot/1.2; +https://openai.com/gptbot)"
54.163.169.168 - - [04/Nov/2025:01:32:54 +0000] "GET /about-us/?path=//sys/class/leds/input1::capslock/subsystem/input1::numlock/device/device/firmware_node/physical_node/firmware_node/subsystem/devices/PNP0303:00/subsystem/devices/device:1e/power HTTP/1.1" 200 4066 "-" "Mozilla/5.0 AppleWebKit/537.36 (KHTML, like Gecko; compatible; Amazonbot/0.1; +https://developer.amazon.com/support/amazonbot) Chrome/119.0.6045.214 Safari/537.36"
74.7.227.19 - - [04/Nov/2025:01:32:55 +0000] "GET /?path=//sys/bus/node/devices/node0/memory2/subsystem/devices/memory3/subsystem/devices/memory2/subsystem/devices/memory2/node0/cpu0 HTTP/1.1" 200 4073 "-" "Mozilla/5.0 AppleWebKit/537.36 (KHTML, like Gecko; compatible; GPTBot/1.2; +https://openai.com/gptbot)"
74.7.227.19 - - [04/Nov/2025:01:32:57 +0000] "GET /?path=//sys/bus/node/devices/node0/memory2/subsystem/devices/memory3/subsystem/devices/memory2/subsystem/devices/memory3/node0/cpu0 HTTP/1.1" 200 4083 "-" "Mozilla/5.0 AppleWebKit/537.36 (KHTML, like Gecko; compatible; GPTBot/1.2; +https://openai.com/gptbot)"
74.7.227.39 - - [04/Nov/2025:01:32:57 +0000] "GET /?path=//sys/class/net/enp1s0/device/net/enp1s0/device/subsystem/devices/virtio1/block/vda/subsystem/vda/device/block/vda/subsystem/vda2/subsystem/vda HTTP/1.1" 200 5063 "-" "Mozilla/5.0 AppleWebKit/537.36 (KHTML, like Gecko; compatible; GPTBot/1.2; +https://openai.com/gptbot)"
44.212.131.50 - - [04/Nov/2025:01:32:58 +0000] "GET /about-us/?path=//sys/class/leds/input1::capslock/subsystem/input1::numlock/device/device/firmware_node/physical_node/firmware_node/subsystem/devices/device:0b/subsystem/devices/device:23/power HTTP/1.1" 200 4063 "-" "Mozilla/5.0 AppleWebKit/537.36 (KHTML, like Gecko; compatible; Amazonbot/0.1; +https://developer.amazon.com/support/amazonbot) Chrome/119.0.6045.214 Safari/537.36"
74.7.227.19 - - [04/Nov/2025:01:32:59 +0000] "GET /?path=//sys/bus/node/devices/node0/memory2/subsystem/devices/memory3/subsystem/devices/memory7/subsystem/devices/memory2/node0/cpu0/firmware_node/power HTTP/1.1" 200 3999 "-" "Mozilla/5.0 AppleWebKit/537.36 (KHTML, like Gecko; compatible; GPTBot/1.2; +https://openai.com/gptbot)"
74.7.227.39 - - [04/Nov/2025:01:33:01 +0000] "GET /?fileloc=//sys/class/net/enp1s0/device/net/enp1s0/device/subsystem/devices/virtio1/block/vda/device/block/vda/subsystem/vda/subsystem/vda/device/block/vda/vda2/subsystem/loop0/events_async&path=//sys/class/net/enp1s0/device/net/enp1s0/device/subsystem/devices/virtio1/block/vda/device/block/vda/subsystem/vda/subsystem/vda/device/block/vda/vda2/subsystem/loop0 HTTP/1.1" 200 3240 "-" "Mozilla/5.0 AppleWebKit/537.36 (KHTML, like Gecko; compatible; GPTBot/1.2; +https://openai.com/gptbot)"
217.113.194.192 - - [04/Nov/2025:01:33:01 +0000] "GET /privacy-policy/feed/?path=/opt/wpsites/datacloudnow.com/wp-includes/rest-api HTTP/1.1" 200 3736 "-" "Mozilla/5.0 (compatible; Barkrowler/0.9; +https://babbar.tech/crawler)"
100.28.204.82 - - [04/Nov/2025:01:33:02 +0000] "GET /about-us/?path=//sys/class/leds/input1::capslock/subsystem/input1::numlock/device/subsystem/event2/subsystem/event0/device/event0/device/subsystem/input1/device/input HTTP/1.1" 200 3537 "-" "Mozilla/5.0 AppleWebKit/537.36 (KHTML, like Gecko; compatible; Amazonbot/0.1; +https://developer.amazon.com/support/amazonbot) Chrome/119.0.6045.214 Safari/537.36"
74.7.227.19 - - [04/Nov/2025:01:33:03 +0000] "GET /?path=//sys/bus/node/devices/node0/memory2/subsystem/devices/memory3/subsystem/devices/memory7/subsystem/devices/memory5/node0/cpu0/driver HTTP/1.1" 200 3750 "-" "Mozilla/5.0 AppleWebKit/537.36 (KHTML, like Gecko; compatible; GPTBot/1.2; +https://openai.com/gptbot)"
74.7.227.39 - - [04/Nov/2025:01:33:04 +0000] "GET /?path=//sys/class/net/enp1s0/device/net/enp1s0/device/subsystem/devices/virtio1/block/vda/vda1/subsystem/vda/subsystem/vda/device/block/vda/device/block/vda/subsystem/loop6 HTTP/1.1" 200 4778 "-" "Mozilla/5.0 AppleWebKit/537.36 (KHTML, like Gecko; compatible; GPTBot/1.2; +https://openai.com/gptbot)"
44.212.131.50 - - [04/Nov/2025:01:33:06 +0000] "GET /register/?path=//sys/dev/char/13:32/subsystem/event0/subsystem/input1/device/input/input1/event1/subsystem/event2/device HTTP/1.1" 200 4166 "-" "Mozilla/5.0 AppleWebKit/537.36 (KHTML, like Gecko; compatible; Amazonbot/0.1; +https://developer.amazon.com/support/amazonbot) Chrome/119.0.6045.214 Safari/537.36"
57.141.0.55 - - [04/Nov/2025:01:33:07 +0000] "GET /big-data/?path=//lib/x86_64-linux-gnu/perl-base/List HTTP/1.1" 200 14352 "-" "meta-externalagent/1.1 (+https://developers.facebook.com/docs/sharing/webmasters/crawler)"
74.7.227.19 - - [04/Nov/2025:01:33:07 +0000] "GET /?path=//sys/bus/node/devices/node0/memory2/subsystem/devices/memory3/subsystem/devices/memory2/subsystem/devices/memory4/node0/cpu0/cache HTTP/1.1" 200 3792 "-" "Mozilla/5.0 AppleWebKit/537.36 (KHTML, like Gecko; compatible; GPTBot/1.2; +https://openai.com/gptbot)"
74.7.227.39 - - [04/Nov/2025:01:33:09 +0000] "GET /?path=//sys/class/net/enp1s0/device/net/enp1s0/device/driver/virtio0/subsystem/drivers/virtio_net/virtio0/subsystem/devices/virtio1/block/vda/subsystem/vda/device/block/vda/integrity HTTP/1.1" 200 3942 "-" "Mozilla/5.0 AppleWebKit/537.36 (KHTML, like Gecko; compatible; GPTBot/1.2; +https://openai.com/gptbot)"
74.7.227.19 - - [04/Nov/2025:01:33:10 +0000] "GET /?path=//sys/bus/node/devices/node0/memory6/subsystem/devices/memory1/subsystem/devices/memory6/subsystem/devices/memory3/node0/cpu0/power HTTP/1.1" 200 4046 "-" "Mozilla/5.0 AppleWebKit/537.36 (KHTML, like Gecko; compatible; GPTBot/1.2; +https://openai.com/gptbot)"
52.200.142.199 - - [04/Nov/2025:01:33:10 +0000] "GET /about-us/?path=//sys/class/leds/input1::capslock/subsystem/input1::numlock/device/device/firmware_node/physical_node/firmware_node/subsystem/devices/PNP0C0F:0e/subsystem/devices/device:18/subsystem HTTP/1.1" 200 3918 "-" "Mozilla/5.0 AppleWebKit/537.36 (KHTML, like Gecko; compatible; Amazonbot/0.1; +https://developer.amazon.com/support/amazonbot) Chrome/119.0.6045.214 Safari/537.36"
74.7.227.39 - - [04/Nov/2025:01:33:12 +0000] "GET /?path=//sys/class/net/enp1s0/device/net/enp1s0/device/driver/virtio0/subsystem/drivers/virtio_net/virtio0/subsystem/devices/virtio1/block/vda/subsystem/vda/device/block/vda/queue HTTP/1.1" 200 5661 "-" "Mozilla/5.0 AppleWebKit/537.36 (KHTML, like Gecko; compatible; GPTBot/1.2; +https://openai.com/gptbot)"
74.7.227.19 - - [04/Nov/2025:01:33:14 +0000] "GET /?path=//sys/bus/node/devices/node0/memory2/subsystem/devices/memory3/subsystem/devices/memory7/subsystem/devices/memory0/node0/cpu0/cache HTTP/1.1" 200 3800 "-" "Mozilla/5.0 AppleWebKit/537.36 (KHTML, like Gecko; compatible; GPTBot/1.2; +https://openai.com/gptbot)"
54.163.136.244 - - [04/Nov/2025:01:33:14 +0000] "GET /about-us/?path=//sys/class/input/input1/subsystem/mouse0/subsystem/event1/device/input1::numlock/device/input1::numlock/device/input1::capslock/subsystem/input1::scrolllock/power HTTP/1.1" 200 3949 "-" "Mozilla/5.0 AppleWebKit/537.36 (KHTML, like Gecko; compatible; Amazonbot/0.1; +https://developer.amazon.com/support/amazonbot) Chrome/119.0.6045.214 Safari/537.36"
74.7.227.39 - - [04/Nov/2025:01:33:15 +0000] "GET /?path=//sys/class/net/enp1s0/device/net/enp1s0/device/subsystem/devices/virtio1/block/vda/subsystem/vda/device/block/vda/subsystem/loop0/mq HTTP/1.1" 200 3540 "-" "Mozilla/5.0 AppleWebKit/537.36 (KHTML, like Gecko; compatible; GPTBot/1.2; +https://openai.com/gptbot)"
74.7.227.19 - - [04/Nov/2025:01:33:17 +0000] "GET /?path=//sys/bus/node/devices/node0/memory2/subsystem/devices/memory3/subsystem/devices/memory2/subsystem/devices/memory2/node0/cpu0/firmware_node HTTP/1.1" 200 4017 "-" "Mozilla/5.0 AppleWebKit/537.36 (KHTML, like Gecko; compatible; GPTBot/1.2; +https://openai.com/gptbot)"
217.113.194.193 - - [04/Nov/2025:01:33:17 +0000] "GET /privacy-policy/feed/?path=/opt/wpsites/datacloudnow.com/wp-includes/SimplePie HTTP/1.1" 200 4742 "-" "Mozilla/5.0 (compatible; Barkrowler/0.9; +https://babbar.tech/crawler)"
18.232.11.247 - - [04/Nov/2025:01:33:18 +0000] "GET /about-us/?path=//sys/class/input/input1/subsystem/event0/device/subsystem/event2/subsystem/input4/subsystem/input1/input1::capslock/device/device/input/input1 HTTP/1.1" 200 4387 "-" "Mozilla/5.0 AppleWebKit/537.36 (KHTML, like Gecko; compatible; Amazonbot/0.1; +https://developer.amazon.com/support/amazonbot) Chrome/119.0.6045.214 Safari/537.36"
74.7.227.39 - - [04/Nov/2025:01:33:19 +0000] "GET /?path=//sys/class/net/enp1s0/device/net/enp1s0/device/subsystem/devices/virtio1/block/vda/subsystem/vda/device/block/vda/subsystem/loop0/bdi HTTP/1.1" 200 4191 "-" "Mozilla/5.0 AppleWebKit/537.36 (KHTML, like Gecko; compatible; GPTBot/1.2; +https://openai.com/gptbot)"
74.7.227.19 - - [04/Nov/2025:01:33:19 +0000] "GET /?path=//sys/bus/node/devices/node0/memory2/subsystem/devices/memory3/subsystem/devices/memory2/subsystem/devices/memory3/node0/cpu0/firmware_node HTTP/1.1" 200 4026 "-" "Mozilla/5.0 AppleWebKit/537.36 (KHTML, like Gecko; compatible; GPTBot/1.2; +https://openai.com/gptbot)"
74.7.227.39 - - [04/Nov/2025:01:33:22 +0000] "GET /?path=//sys/class/net/enp1s0/device/net/enp1s0/device/subsystem/devices/virtio1/block/vda/subsystem/vda/device/block/vda/subsystem/vda2/subsystem/vda/mq HTTP/1.1" 200 3561 "-" "Mozilla/5.0 AppleWebKit/537.36 (KHTML, like Gecko; compatible; GPTBot/1.2; +https://openai.com/gptbot)"
74.7.227.19 - - [04/Nov/2025:01:33:22 +0000] "GET /?path=//sys/bus/node/devices/node0/memory2/subsystem/devices/memory3/subsystem/devices/memory2/subsystem/devices/memory2/node0/cpu0/hotplug HTTP/1.1" 200 3666 "-" "Mozilla/5.0 AppleWebKit/537.36 (KHTML, like Gecko; compatible; GPTBot/1.2; +https://openai.com/gptbot)"
