74.7.227.39 - - [04/Nov/2025:00:05:15 +0000] "GET /?path=//sys/class/net/enp1s0/device/net/enp1s0/device/subsystem/devices/virtio1/block/vda/subsystem/vda/subsystem/vda/vda2/subsystem/vda/device/block/vda/subsystem/loop0 HTTP/1.1" 200 4769 "-" "Mozilla/5.0 AppleWebKit/537.36 (KHTML, like Gecko; compatible; GPTBot/1.2; +https://openai.com/gptbot)"
74.7.227.19 - - [04/Nov/2025:00:05:17 +0000] "GET /?path=//sys/bus/node/devices/node0/memory2/subsystem/devices/memory3/subsystem/devices/memory1/subsystem/devices/memory4/node0/memory_failure HTTP/1.1" 200 3733 "-" "Mozilla/5.0 AppleWebKit/537.36 (KHTML, like Gecko; compatible; GPTBot/1.2; +https://openai.com/gptbot)"
34.225.138.57 - - [04/Nov/2025:00:05:18 +0000] "GET /about-us/?path=//sys/class/leds/input1::capslock/subsystem/input1::numlock/device/device/firmware_node/physical_node/firmware_node/subsystem/devices/PNP0C0F:0c/subsystem/devices/device:1e/subsystem HTTP/1.1" 200 3918 "-" "Mozilla/5.0 AppleWebKit/537.36 (KHTML, like Gecko; compatible; Amazonbot/0.1; +https://developer.amazon.com/support/amazonbot) Chrome/119.0.6045.214 Safari/537.36"
74.7.227.39 - - [04/Nov/2025:00:05:18 +0000] "GET /?path=//sys/class/net/enp1s0/device/net/enp1s0/device/subsystem/devices/virtio1/block/vda/device/block/vda/subsystem/loop0/subsystem/vda/device/block/vda/vda1/subsystem HTTP/1.1" 200 4005 "-" "Mozilla/5.0 AppleWebKit/537.36 (KHTML, like Gecko; compatible; GPTBot/1.2; +https://openai.com/gptbot)"
74.7.227.39 - - [04/Nov/2025:00:05:20 +0000] "GET /?path=//sys/class/net/enp1s0/device/net/enp1s0/device/subsystem/devices/virtio1/block/vda/subsystem/vda/device/block/vda/device/block/vda/subsystem/vda/vda1/subsystem/loop1 HTTP/1.1" 200 4790 "-" "Mozilla/5.0 AppleWebKit/537.36 (KHTML, like Gecko; compatible; GPTBot/1.2; +https://openai.com/gptbot)"
74.7.227.19 - - [04/Nov/2025:00:05:21 +0000] "GET /?path=//sys/bus/node/devices/node0/memory2/subsystem/devices/memory3/subsystem/devices/memory1/subsystem/devices/memory4/node0/power HTTP/1.1" 200 3957 "-" "Mozilla/5.0 AppleWebKit/537.36 (KHTML, like Gecko; compatible; GPTBot/1.2; +https://openai.com/gptbot)"
74.7.227.39 - - [04/Nov/2025:00:05:23 +0000] "GET /?path=//sys/class/net/enp1s0/device/net/enp1s0/device/subsystem/devices/virtio1/block/vda/subsystem/vda2/subsystem/vda/device/block/vda/device/block/vda/subsystem/loop2 HTTP/1.1" 200 4769 "-" "Mozilla/5.0 AppleWebKit/537.36 (KHTML, like Gecko; compatible; GPTBot/1.2; +https://openai.com/gptbot)"
54.91.122.193 - - [04/Nov/2025:00:05:23 +0000] "GET /about-us/?path=//sys/class/leds/input1::capslock/subsystem/input1::numlock/device/device/firmware_node/physical_node/firmware_node/subsystem/devices/device:0c/subsystem/devices/device:0c/power HTTP/1.1" 200 4052 "-" "Mozilla/5.0 AppleWebKit/537.36 (KHTML, like Gecko; compatible; Amazonbot/0.1; +https://developer.amazon.com/support/amazonbot) Chrome/119.0.6045.214 Safari/537.36"
74.7.227.19 - - [04/Nov/2025:00:05:23 +0000] "GET /?path=//sys/bus/node/devices/node0/memory2/subsystem/devices/memory3/subsystem/devices/memory1/subsystem/devices/memory3/node0/memory_failure HTTP/1.1" 200 3740 "-" "Mozilla/5.0 AppleWebKit/537.36 (KHTML, like Gecko; compatible; GPTBot/1.2; +https://openai.com/gptbot)"
74.7.227.39 - - [04/Nov/2025:00:05:25 +0000] "GET /?fileloc=//sys/class/net/enp1s0/device/net/enp1s0/device/subsystem/devices/virtio1/block/vda/subsystem/vda/device/block/vda/device/block/vda/subsystem/loop0/subsystem/loop0/size&path=//sys/class/net/enp1s0/device/net/enp1s0/device/subsystem/devices/virtio1/block/vda/subsystem/vda/device/block/vda/device/block/vda/subsystem/loop0/subsystem/loop0 HTTP/1.1" 200 3211 "-" "Mozilla/5.0 AppleWebKit/537.36 (KHTML, like Gecko; compatible; GPTBot/1.2; +https://openai.com/gptbot)"
74.7.227.19 - - [04/Nov/2025:00:05:26 +0000] "GET /?path=//sys/bus/node/devices/node0/memory2/subsystem/devices/memory3/subsystem/devices/memory1/subsystem/devices/memory6/node0/memory_failure HTTP/1.1" 200 3732 "-" "Mozilla/5.0 AppleWebKit/537.36 (KHTML, like Gecko; compatible; GPTBot/1.2; +https://openai.com/gptbot)"
52.1.157.90 - - [04/Nov/2025:00:05:26 +0000] "GET /about-us/?path=//sys/class/leds/input1::capslock/subsystem/input1::numlock/device/device/firmware_node/physical_node/firmware_node/subsystem/devices/device:1a/subsystem/devices/device:1a/power HTTP/1.1" 200 4052 "-" "Mozilla/5.0 AppleWebKit/537.36 (KHTML, like Gecko; compatible; Amazonbot/0.1; +https://developer.amazon.com/support/amazonbot) Chrome/119.0.6045.214 Safari/537.36"
217.113.194.254 - - [04/Nov/2025:00:05:26 +0000] "GET /career/?fileloc=//sbin/cfdisk&path=//sbin HTTP/1.1" 200 40810 "-" "Mozilla/5.0 (compatible; Barkrowler/0.9; +https://babbar.tech/crawler)"
74.7.227.39 - - [04/Nov/2025:00:05:27 +0000] "GET /?fileloc=//sys/class/net/enp1s0/device/net/enp1s0/device/subsystem/devices/virtio1/block/vda/subsystem/vda/device/block/vda/device/block/vda/subsystem/loop0/subsystem/loop0/partscan&path=//sys/class/net/enp1s0/device/net/enp1s0/device/subsystem/devices/virtio1/block/vda/subsystem/vda/device/block/vda/device/block/vda/subsystem/loop0/subsystem/loop0 HTTP/1.1" 200 3214 "-" "Mozilla/5.0 AppleWebKit/537.36 (KHTML, like Gecko; compatible; GPTBot/1.2; +https://openai.com/gptbot)"
74.7.227.19 - - [04/Nov/2025:00:05:28 +0000] "GET /?path=//sys/bus/node/devices/node0/memory2/subsystem/devices/memory3/subsystem/devices/memory0/subsystem/devices/memory6/node0/power HTTP/1.1" 200 3959 "-" "Mozilla/5.0 AppleWebKit/537.36 (KHTML, like Gecko; compatible; GPTBot/1.2; +https://openai.com/gptbot)"
74.7.227.19 - - [04/Nov/2025:00:05:30 +0000] "GET /?path=//sys/bus/node/devices/node0/memory2/subsystem/devices/memory3/subsystem/devices/memory0/subsystem/devices/memory3/node0/memory_failure HTTP/1.1" 200 3740 "-" "Mozilla/5.0 AppleWebKit/537.36 (KHTML, like Gecko; compatible; GPTBot/1.2; +https://openai.com/gptbot)"
74.7.227.39 - - [04/Nov/2025:00:05:30 +0000] "GET /?path=//sys/class/net/enp1s0/device/net/enp1s0/device/subsystem/devices/virtio1/block/vda/subsystem/vda/device/block/vda/device/block/vda/subsystem/loop2/subsystem/vda/vda1 HTTP/1.1" 200 4342 "-" "Mozilla/5.0 AppleWebKit/537.36 (KHTML, like Gecko; compatible; GPTBot/1.2; +https://openai.com/gptbot)"
44.207.252.58 - - [04/Nov/2025:00:05:30 +0000] "GET /about-us/?path=//sys/class/input/input1/subsystem/event0/device/subsystem/event2/subsystem/input4/subsystem/input1/input1::numlock/device/device/firmware_node/physical_node HTTP/1.1" 200 4011 "-" "Mozilla/5.0 AppleWebKit/537.36 (KHTML, like Gecko; compatible; Amazonbot/0.1; +https://developer.amazon.com/support/amazonbot) Chrome/119.0.6045.214 Safari/537.36"
74.7.227.39 - - [04/Nov/2025:00:05:32 +0000] "GET /?path=//sys/class/net/enp1s0/device/net/enp1s0/device/subsystem/devices/virtio1/block/vda/device/block/vda/vda2/subsystem/vda/subsystem/vda/device/block/vda/subsystem/loop5 HTTP/1.1" 200 4788 "-" "Mozilla/5.0 AppleWebKit/537.36 (KHTML, like Gecko; compatible; GPTBot/1.2; +https://openai.com/gptbot)"
74.7.227.19 - - [04/Nov/2025:00:05:33 +0000] "GET /?path=//sys/bus/node/devices/node0/memory2/subsystem/devices/memory3/subsystem/devices/memory0/subsystem/devices/memory3/node0/power HTTP/1.1" 200 3967 "-" "Mozilla/5.0 AppleWebKit/537.36 (KHTML, like Gecko; compatible; GPTBot/1.2; +https://openai.com/gptbot)"
18.213.102.186 - - [04/Nov/2025:00:05:34 +0000] "GET /about-us/?path=//sys/class/leds/input1::capslock/subsystem/input1::numlock/device/device/firmware_node/physical_node/firmware_node/subsystem/devices/device:1a/subsystem/devices/device:3e/physical_node HTTP/1.1" 200 6427 "-" "Mozilla/5.0 AppleWebKit/537.36 (KHTML, like Gecko; compatible; Amazonbot/0.1; +https://developer.amazon.com/support/amazonbot) Chrome/119.0.6045.214 Safari/537.36"
74.7.227.39 - - [04/Nov/2025:00:05:34 +0000] "GET /?path=//sys/class/net/enp1s0/device/net/enp1s0/device/subsystem/devices/virtio1/block/vda/subsystem/loop5/subsystem/vda/device/block/vda/subsystem/sr0/device/generic/device HTTP/1.1" 200 6111 "-" "Mozilla/5.0 AppleWebKit/537.36 (KHTML, like Gecko; compatible; GPTBot/1.2; +https://openai.com/gptbot)"
74.7.227.19 - - [04/Nov/2025:00:05:35 +0000] "GET /?path=//sys/bus/node/devices/node0/memory2/subsystem/devices/memory3/subsystem/devices/memory1/subsystem/devices/memory6/node0/power HTTP/1.1" 200 3957 "-" "Mozilla/5.0 AppleWebKit/537.36 (KHTML, like Gecko; compatible; GPTBot/1.2; +https://openai.com/gptbot)"
74.7.227.19 - - [04/Nov/2025:00:05:37 +0000] "GET /?path=//sys/bus/node/devices/node0/memory2/subsystem/devices/memory3/subsystem/devices/memory1/subsystem/devices/memory3/node0/power HTTP/1.1" 200 3964 "-" "Mozilla/5.0 AppleWebKit/537.36 (KHTML, like Gecko; compatible; GPTBot/1.2; +https://openai.com/gptbot)"
74.7.227.39 - - [04/Nov/2025:00:05:37 +0000] "GET /?path=//sys/class/net/enp1s0/device/net/enp1s0/device/subsystem/devices/virtio1/block/vda/vda2/subsystem/vda/device/block/vda/device/block/vda/subsystem/vda/subsystem/loop1 HTTP/1.1" 200 4791 "-" "Mozilla/5.0 AppleWebKit/537.36 (KHTML, like Gecko; compatible; GPTBot/1.2; +https://openai.com/gptbot)"
23.21.228.180 - - [04/Nov/2025:00:05:38 +0000] "GET /about-us/?path=//sys/class/input/mice/subsystem/input3/event3/subsystem/event0/device/event0/device/subsystem/event1/device/subsystem/input1 HTTP/1.1" 200 4313 "-" "Mozilla/5.0 AppleWebKit/537.36 (KHTML, like Gecko; compatible; Amazonbot/0.1; +https://developer.amazon.com/support/amazonbot) Chrome/119.0.6045.214 Safari/537.36"
74.7.227.19 - - [04/Nov/2025:00:05:40 +0000] "GET /?path=//sys/bus/node/devices/node0/memory6/subsystem/devices/memory1/subsystem/devices/memory0/subsystem/devices/memory7/power HTTP/1.1" 200 3932 "-" "Mozilla/5.0 AppleWebKit/537.36 (KHTML, like Gecko; compatible; GPTBot/1.2; +https://openai.com/gptbot)"
74.7.227.39 - - [04/Nov/2025:00:05:40 +0000] "GET /?path=//sys/class/net/enp1s0/device/net/enp1s0/device/subsystem/devices/virtio1/block/vda/subsystem/vda/vda2/subsystem/vda/device/block/vda/subsystem/loop6/bdi/subsystem HTTP/1.1" 200 3977 "-" "Mozilla/5.0 AppleWebKit/537.36 (KHTML, like Gecko; compatible; GPTBot/1.2; +https://openai.com/gptbot)"
74.7.227.39 - - [04/Nov/2025:00:05:42 +0000] "GET /?path=//sys/class/net/enp1s0/device/net/enp1s0/device/subsystem/devices/virtio1/block/vda/subsystem/vda2/subsystem/vda/device/block/vda/device/block/vda/subsystem/loop2/bdi HTTP/1.1" 200 4282 "-" "Mozilla/5.0 AppleWebKit/537.36 (KHTML, like Gecko; compatible; GPTBot/1.2; +https://openai.com/gptbot)"
98.84.60.17 - - [04/Nov/2025:00:05:42 +0000] "GET /enterprise-services/?path=//sys/devices/virtual/misc/mpt3ctl/subsystem/hpet/subsystem/snapshot/subsystem/snapshot/subsystem/loop-control HTTP/1.1" 200 3710 "-" "Mozilla/5.0 AppleWebKit/537.36 (KHTML, like Gecko; compatible; Amazonbot/0.1; +https://developer.amazon.com/support/amazonbot) Chrome/119.0.6045.214 Safari/537.36"
74.7.227.19 - - [04/Nov/2025:00:05:42 +0000] "GET /?path=//sys/bus/node/devices/node0/memory2/subsystem/devices/memory3/subsystem/devices/memory3/subsystem/drivers HTTP/1.1" 200 3173 "-" "Mozilla/5.0 AppleWebKit/537.36 (KHTML, like Gecko; compatible; GPTBot/1.2; +https://openai.com/gptbot)"
217.113.194.192 - - [04/Nov/2025:00:05:43 +0000] "GET /career/?fileloc=//sbin/cgdisk&path=//sbin HTTP/1.1" 200 80599 "-" "Mozilla/5.0 (compatible; Barkrowler/0.9; +https://babbar.tech/crawler)"
74.7.227.39 - - [04/Nov/2025:00:05:44 +0000] "GET /?path=//sys/class/net/enp1s0/device/net/enp1s0/device/subsystem/devices/virtio1/block/vda/subsystem/vda/device/block/vda/device/block/vda/subsystem/loop0/subsystem/vda/vda1 HTTP/1.1" 200 4341 "-" "Mozilla/5.0 AppleWebKit/537.36 (KHTML, like Gecko; compatible; GPTBot/1.2; +https://openai.com/gptbot)"
74.7.227.19 - - [04/Nov/2025:00:05:44 +0000] "GET /?path=//sys/bus/node/devices/node0/memory2/subsystem/devices/memory3/subsystem/devices/memory0/subsystem/devices/memory4/node0 HTTP/1.1" 200 4509 "-" "Mozilla/5.0 AppleWebKit/537.36 (KHTML, like Gecko; compatible; GPTBot/1.2; +https://openai.com/gptbot)"
74.7.227.39 - - [04/Nov/2025:00:05:46 +0000] "GET /?path=//sys/class/net/enp1s0/device/net/enp1s0/device/subsystem/devices/virtio1/block/vda/subsystem/vda/subsystem/vda/device/block/vda/subsystem/vda/vda2/subsystem/loop1 HTTP/1.1" 200 4754 "-" "Mozilla/5.0 AppleWebKit/537.36 (KHTML, like Gecko; compatible; GPTBot/1.2; +https://openai.com/gptbot)"
54.225.199.17 - - [04/Nov/2025:00:05:46 +0000] "GET /about-us/?path=//sys/class/leds/input1::capslock/subsystem/input1::numlock/device/device/firmware_node/physical_node/firmware_node/subsystem/devices/device:1f/subsystem/devices/device:3d/power HTTP/1.1" 200 4061 "-" "Mozilla/5.0 AppleWebKit/537.36 (KHTML, like Gecko; compatible; Amazonbot/0.1; +https://developer.amazon.com/support/amazonbot) Chrome/119.0.6045.214 Safari/537.36"
74.7.227.19 - - [04/Nov/2025:00:05:46 +0000] "GET /?path=//sys/bus/node/devices/node0/memory6/subsystem/devices/memory1/subsystem/devices/memory2/subsystem/devices/memory4/node0 HTTP/1.1" 200 4507 "-" "Mozilla/5.0 AppleWebKit/537.36 (KHTML, like Gecko; compatible; GPTBot/1.2; +https://openai.com/gptbot)"
74.7.227.39 - - [04/Nov/2025:00:05:47 +0000] "GET /?path=//sys/class/net/enp1s0/device/net/enp1s0/device/subsystem/devices/virtio1/block/vda/subsystem/vda/device/block/vda/device/block/vda/vda2/subsystem/vda/subsystem/loop6 HTTP/1.1" 200 4798 "-" "Mozilla/5.0 AppleWebKit/537.36 (KHTML, like Gecko; compatible; GPTBot/1.2; +https://openai.com/gptbot)"
74.7.227.19 - - [04/Nov/2025:00:05:48 +0000] "GET /?path=//sys/bus/node/devices/node0/memory2/subsystem/devices/memory3/subsystem/devices/memory0/subsystem/devices/memory2 HTTP/1.1" 200 4006 "-" "Mozilla/5.0 AppleWebKit/537.36 (KHTML, like Gecko; compatible; GPTBot/1.2; +https://openai.com/gptbot)"
74.7.227.39 - - [04/Nov/2025:00:05:49 +0000] "GET /?path=//sys/class/net/enp1s0/device/net/enp1s0/device/subsystem/devices/virtio1/block/vda/subsystem/vda/device/block/vda/subsystem/vda/subsystem/loop2/subsystem/vda/vda2 HTTP/1.1" 200 4318 "-" "Mozilla/5.0 AppleWebKit/537.36 (KHTML, like Gecko; compatible; GPTBot/1.2; +https://openai.com/gptbot)"
184.73.167.217 - - [04/Nov/2025:00:05:50 +0000] "GET /about-us/?path=//sys/class/leds/input1::capslock/subsystem/input1::numlock/device/device/firmware_node/physical_node/firmware_node/subsystem/devices/device:23/subsystem/devices/device:05/device:0d HTTP/1.1" 200 4008 "-" "Mozilla/5.0 AppleWebKit/537.36 (KHTML, like Gecko; compatible; Amazonbot/0.1; +https://developer.amazon.com/support/amazonbot) Chrome/119.0.6045.214 Safari/537.36"
74.7.227.19 - - [04/Nov/2025:00:05:51 +0000] "GET /?path=//sys/bus/node/devices/node0/memory6/subsystem/devices/memory1/subsystem/devices/memory0/subsystem/devices/memory5/node0 HTTP/1.1" 200 4497 "-" "Mozilla/5.0 AppleWebKit/537.36 (KHTML, like Gecko; compatible; GPTBot/1.2; +https://openai.com/gptbot)"
74.7.227.39 - - [04/Nov/2025:00:05:51 +0000] "GET /?path=//sys/class/net/enp1s0/device/net/enp1s0/device/subsystem/drivers/virtio_blk/virtio1/driver/virtio1/block/vda/subsystem/vda/device/block/vda/subsystem/sr0/device/bsg HTTP/1.1" 200 3597 "-" "Mozilla/5.0 AppleWebKit/537.36 (KHTML, like Gecko; compatible; GPTBot/1.2; +https://openai.com/gptbot)"
74.7.227.19 - - [04/Nov/2025:00:05:53 +0000] "GET /?path=//sys/bus/node/devices/node0/memory6/subsystem/devices/memory1/subsystem/devices/memory0/subsystem/devices/memory0/node0 HTTP/1.1" 200 4507 "-" "Mozilla/5.0 AppleWebKit/537.36 (KHTML, like Gecko; compatible; GPTBot/1.2; +https://openai.com/gptbot)"
74.7.227.39 - - [04/Nov/2025:00:05:53 +0000] "GET /?path=//sys/class/net/enp1s0/device/net/enp1s0/device/subsystem/devices/virtio1/block/vda/device/block/vda/subsystem/vda/device/block/vda/vda2/subsystem/vda/subsystem/vda1 HTTP/1.1" 200 4319 "-" "Mozilla/5.0 AppleWebKit/537.36 (KHTML, like Gecko; compatible; GPTBot/1.2; +https://openai.com/gptbot)"
3.217.82.254 - - [04/Nov/2025:00:05:54 +0000] "GET /about-us/?path=//sys/class/leds/input1::capslock/subsystem/input1::numlock/device/device/firmware_node/physical_node/firmware_node/subsystem/devices/device:1d/subsystem/devices/device:29/physical_node HTTP/1.1" 200 5977 "-" "Mozilla/5.0 AppleWebKit/537.36 (KHTML, like Gecko; compatible; Amazonbot/0.1; +https://developer.amazon.com/support/amazonbot) Chrome/119.0.6045.214 Safari/537.36"
74.7.227.19 - - [04/Nov/2025:00:05:55 +0000] "GET /?path=//sys/bus/node/devices/node0/memory6/subsystem/devices/memory1/subsystem/devices/memory0/subsystem/devices/memory6/power HTTP/1.1" 200 3929 "-" "Mozilla/5.0 AppleWebKit/537.36 (KHTML, like Gecko; compatible; GPTBot/1.2; +https://openai.com/gptbot)"
74.7.227.39 - - [04/Nov/2025:00:05:56 +0000] "GET /?path=//sys/class/net/enp1s0/device/net/enp1s0/device/subsystem/devices/virtio1/block/vda/subsystem/vda/device/block/vda/subsystem/loop4/subsystem/sr0/queue/bsg/subsystem HTTP/1.1" 200 3600 "-" "Mozilla/5.0 AppleWebKit/537.36 (KHTML, like Gecko; compatible; GPTBot/1.2; +https://openai.com/gptbot)"
74.7.227.19 - - [04/Nov/2025:00:05:58 +0000] "GET /?path=//sys/bus/node/devices/node0/memory6/subsystem/devices/memory1/subsystem/devices/memory2/subsystem/devices/memory0/node0 HTTP/1.1" 200 4509 "-" "Mozilla/5.0 AppleWebKit/537.36 (KHTML, like Gecko; compatible; GPTBot/1.2; +https://openai.com/gptbot)"
18.213.102.186 - - [04/Nov/2025:00:05:59 +0000] "GET /about-us/?path=//sys/class/leds/input1::capslock/subsystem/input1::numlock/device/device/firmware_node/physical_node/firmware_node/subsystem/devices/device:3c/subsystem/devices/device:0b/power HTTP/1.1" 200 4063 "-" "Mozilla/5.0 AppleWebKit/537.36 (KHTML, like Gecko; compatible; Amazonbot/0.1; +https://developer.amazon.com/support/amazonbot) Chrome/119.0.6045.214 Safari/537.36"
74.7.227.39 - - [04/Nov/2025:00:05:59 +0000] "GET /?path=//sys/class/net/enp1s0/device/net/enp1s0/device/subsystem/devices/virtio1/block/vda/vda1/subsystem/vda/subsystem/vda/subsystem/sr0/queue/bsg/device/subsystem/devices HTTP/1.1" 200 3879 "-" "Mozilla/5.0 AppleWebKit/537.36 (KHTML, like Gecko; compatible; GPTBot/1.2; +https://openai.com/gptbot)"
74.7.227.19 - - [04/Nov/2025:00:06:00 +0000] "GET /?path=//sys/bus/node/devices/node0/memory2/subsystem/devices/memory3/subsystem/devices/memory1/subsystem/drivers HTTP/1.1" 200 3177 "-" "Mozilla/5.0 AppleWebKit/537.36 (KHTML, like Gecko; compatible; GPTBot/1.2; +https://openai.com/gptbot)"
217.113.194.199 - - [04/Nov/2025:00:06:01 +0000] "GET /career/?fileloc=//sbin/grub-probe&path=//sbin HTTP/1.1" 200 466992 "-" "Mozilla/5.0 (compatible; Barkrowler/0.9; +https://babbar.tech/crawler)"
74.7.227.39 - - [04/Nov/2025:00:06:02 +0000] "GET /?path=//sys/class/net/enp1s0/device/net/enp1s0/device/subsystem/devices/virtio1/block/vda/subsystem/loop0/subsystem/vda/device/block/vda/device/block/vda/subsystem/vda/vda2 HTTP/1.1" 200 4344 "-" "Mozilla/5.0 AppleWebKit/537.36 (KHTML, like Gecko; compatible; GPTBot/1.2; +https://openai.com/gptbot)"
54.225.98.148 - - [04/Nov/2025:00:06:02 +0000] "GET /about-us/?path=//sys/class/leds/input1::capslock/subsystem/input1::numlock/device/subsystem/event4/subsystem/input0/subsystem/event0/device/device/input/input0/device HTTP/1.1" 200 3966 "-" "Mozilla/5.0 AppleWebKit/537.36 (KHTML, like Gecko; compatible; Amazonbot/0.1; +https://developer.amazon.com/support/amazonbot) Chrome/119.0.6045.214 Safari/537.36"
74.7.227.19 - - [04/Nov/2025:00:06:03 +0000] "GET /?path=//sys/bus/node/devices/node0/memory6/subsystem/devices/memory1/subsystem/devices/memory0/subsystem/drivers HTTP/1.1" 200 3181 "-" "Mozilla/5.0 AppleWebKit/537.36 (KHTML, like Gecko; compatible; GPTBot/1.2; +https://openai.com/gptbot)"
74.7.227.39 - - [04/Nov/2025:00:06:04 +0000] "GET /?path=//sys/class/net/enp1s0/device/net/enp1s0/device/subsystem/devices/virtio1/block/vda/subsystem/vda/vda2/subsystem/vda/device/block/vda/subsystem/vda/subsystem/loop7 HTTP/1.1" 200 4780 "-" "Mozilla/5.0 AppleWebKit/537.36 (KHTML, like Gecko; compatible; GPTBot/1.2; +https://openai.com/gptbot)"
23.23.180.225 - - [04/Nov/2025:00:06:06 +0000] "GET /register/?path=//sys/dev/char/13:32/subsystem/event0/subsystem/input1/device/firmware_node/physical_node1/input/input1/event1/device/subsystem HTTP/1.1" 200 4057 "-" "Mozilla/5.0 AppleWebKit/537.36 (KHTML, like Gecko; compatible; Amazonbot/0.1; +https://developer.amazon.com/support/amazonbot) Chrome/119.0.6045.214 Safari/537.36"
74.7.227.19 - - [04/Nov/2025:00:06:06 +0000] "GET /?path=//sys/bus/node/devices/node0/memory2/subsystem/devices/memory3/subsystem/devices/memory0/subsystem/devices/memory4/node0/x86 HTTP/1.1" 200 3211 "-" "Mozilla/5.0 AppleWebKit/537.36 (KHTML, like Gecko; compatible; GPTBot/1.2; +https://openai.com/gptbot)"
74.7.227.39 - - [04/Nov/2025:00:06:06 +0000] "GET /?path=//sys/class/net/enp1s0/device/net/enp1s0/device/subsystem/drivers/virtio_blk/virtio1/block/vda/subsystem/sr0/subsystem/vda/subsystem/vda/subsystem/sr0/bdi/subsystem HTTP/1.1" 200 3948 "-" "Mozilla/5.0 AppleWebKit/537.36 (KHTML, like Gecko; compatible; GPTBot/1.2; +https://openai.com/gptbot)"
74.7.227.39 - - [04/Nov/2025:00:06:09 +0000] "GET /?path=//sys/class/net/enp1s0/device/net/enp1s0/device/subsystem/drivers/virtio_blk/virtio1/driver/virtio1/block HTTP/1.1" 200 3475 "-" "Mozilla/5.0 AppleWebKit/537.36 (KHTML, like Gecko; compatible; GPTBot/1.2; +https://openai.com/gptbot)"
74.7.227.19 - - [04/Nov/2025:00:06:10 +0000] "GET /?path=//sys/bus/node/devices/node0/memory6/subsystem/devices/memory1/subsystem/devices/memory2/subsystem/devices/memory4/node0/memory_failure HTTP/1.1" 200 3733 "-" "Mozilla/5.0 AppleWebKit/537.36 (KHTML, like Gecko; compatible; GPTBot/1.2; +https://openai.com/gptbot)"
98.84.70.201 - - [04/Nov/2025:00:06:10 +0000] "GET /about-us/?path=//sys/class/input/mice/subsystem/event0/subsystem/event4/device/subsystem/event1/subsystem/event2/device/event2/device HTTP/1.1" 200 4208 "-" "Mozilla/5.0 AppleWebKit/537.36 (KHTML, like Gecko; compatible; Amazonbot/0.1; +https://developer.amazon.com/support/amazonbot) Chrome/119.0.6045.214 Safari/537.36"
74.7.227.39 - - [04/Nov/2025:00:06:10 +0000] "GET /?fileloc=//sys/class/net/enp1s0/device/net/enp1s0/device/subsystem/devices/virtio1/block/vda/subsystem/vda/subsystem/vda/device/block/vda/subsystem/vda/vda2/subsystem/loop1/uevent&path=//sys/class/net/enp1s0/device/net/enp1s0/device/subsystem/devices/virtio1/block/vda/subsystem/vda/subsystem/vda/device/block/vda/subsystem/vda/vda2/subsystem/loop1 HTTP/1.1" 200 3264 "-" "Mozilla/5.0 AppleWebKit/537.36 (KHTML, like Gecko; compatible; GPTBot/1.2; +https://openai.com/gptbot)"
74.7.227.19 - - [04/Nov/2025:00:06:12 +0000] "GET /?path=//sys/bus/node/devices/node0/memory6/subsystem/devices/memory1/subsystem/devices/memory0/subsystem/devices/memory0/node0/memory_failure HTTP/1.1" 200 3729 "-" "Mozilla/5.0 AppleWebKit/537.36 (KHTML, like Gecko; compatible; GPTBot/1.2; +https://openai.com/gptbot)"
74.7.227.39 - - [04/Nov/2025:00:06:13 +0000] "GET /?fileloc=//sys/class/net/enp1s0/device/net/enp1s0/device/subsystem/devices/virtio1/block/vda/subsystem/vda/device/block/vda/device/block/vda/vda2/subsystem/vda/subsystem/loop6/events&path=//sys/class/net/enp1s0/device/net/enp1s0/device/subsystem/devices/virtio1/block/vda/subsystem/vda/device/block/vda/device/block/vda/vda2/subsystem/vda/subsystem/loop6 HTTP/1.1" 200 3245 "-" "Mozilla/5.0 AppleWebKit/537.36 (KHTML, like Gecko; compatible; GPTBot/1.2; +https://openai.com/gptbot)"
34.194.165.45 - - [04/Nov/2025:00:06:14 +0000] "GET /about-us/?path=//sys/class/input/mice/subsystem/input3/event3/subsystem/event0/device/subsystem/input1/device/firmware_node/subsystem/devices/device:09 HTTP/1.1" 200 3925 "-" "Mozilla/5.0 AppleWebKit/537.36 (KHTML, like Gecko; compatible; Amazonbot/0.1; +https://developer.amazon.com/support/amazonbot) Chrome/119.0.6045.214 Safari/537.36"
74.7.227.19 - - [04/Nov/2025:00:06:15 +0000] "GET /?path=//sys/bus/node/devices/node0/memory2/subsystem/devices/memory3/subsystem/devices/memory0/subsystem/devices/memory4/node0/memory_failure HTTP/1.1" 200 3734 "-" "Mozilla/5.0 AppleWebKit/537.36 (KHTML, like Gecko; compatible; GPTBot/1.2; +https://openai.com/gptbot)"
74.7.227.39 - - [04/Nov/2025:00:06:15 +0000] "GET /?path=//sys/class/net/enp1s0/device/net/enp1s0/device/subsystem/devices/virtio1/block/vda/device/block/vda/subsystem/vda/device/block/vda/vda2/subsystem/vda/subsystem/vda1/power HTTP/1.1" 200 4073 "-" "Mozilla/5.0 AppleWebKit/537.36 (KHTML, like Gecko; compatible; GPTBot/1.2; +https://openai.com/gptbot)"
74.7.227.19 - - [04/Nov/2025:00:06:17 +0000] "GET /?path=//sys/bus/node/devices/node0/memory6/subsystem/devices/memory1/subsystem/devices/memory2/subsystem/devices/memory0/node0/memory_failure HTTP/1.1" 200 3732 "-" "Mozilla/5.0 AppleWebKit/537.36 (KHTML, like Gecko; compatible; GPTBot/1.2; +https://openai.com/gptbot)"
57.141.0.71 - - [04/Nov/2025:00:06:17 +0000] "GET /?fileloc=//sys/module/raid0/sections/.note.Linux&path=//sys/module/raid0/sections HTTP/1.1" 200 12411 "-" "meta-externalagent/1.1 (+https://developers.facebook.com/docs/sharing/webmasters/crawler)"
217.113.194.240 - - [04/Nov/2025:00:06:18 +0000] "GET /career/?fileloc=//sbin/iscsistart&path=//sbin HTTP/1.1" 200 119516 "-" "Mozilla/5.0 (compatible; Barkrowler/0.9; +https://babbar.tech/crawler)"
74.7.227.39 - - [04/Nov/2025:00:06:18 +0000] "GET /?path=//sys/class/net/enp1s0/device/net/enp1s0/device/subsystem/devices/virtio1/block/vda/subsystem/vda/device/block/vda/subsystem/loop4 HTTP/1.1" 200 4825 "-" "Mozilla/5.0 AppleWebKit/537.36 (KHTML, like Gecko; compatible; GPTBot/1.2; +https://openai.com/gptbot)"
52.204.253.129 - - [04/Nov/2025:00:06:18 +0000] "GET /about-us/?path=//sys/class/input/input1/subsystem/mouse0/subsystem/event1/device/subsystem/input1/subsystem/event2/device/device/input/input3/device HTTP/1.1" 200 4352 "-" "Mozilla/5.0 AppleWebKit/537.36 (KHTML, like Gecko; compatible; Amazonbot/0.1; +https://developer.amazon.com/support/amazonbot) Chrome/119.0.6045.214 Safari/537.36"
74.7.227.19 - - [04/Nov/2025:00:06:20 +0000] "GET /?path=//sys/bus/node/devices/node0/memory6/subsystem/devices/memory1/subsystem/devices/memory0/subsystem/devices/memory5/node0/memory_failure HTTP/1.1" 200 3736 "-" "Mozilla/5.0 AppleWebKit/537.36 (KHTML, like Gecko; compatible; GPTBot/1.2; +https://openai.com/gptbot)"
74.7.227.39 - - [04/Nov/2025:00:06:21 +0000] "GET /?path=//sys/class/net/enp1s0/device/net/enp1s0/device/subsystem/devices/virtio1/block/vda/subsystem/loop0/subsystem/vda/device/block/vda/device/block/vda/subsystem/vda/vda2/subsystem HTTP/1.1" 200 4034 "-" "Mozilla/5.0 AppleWebKit/537.36 (KHTML, like Gecko; compatible; GPTBot/1.2; +https://openai.com/gptbot)"
3.227.180.70 - - [04/Nov/2025:00:06:22 +0000] "GET /about-us/?path=//sys/class/input/input1/subsystem/mouse0/subsystem/event1/device/input1::numlock/subsystem/input1::numlock/device/input1::scrolllock/subsystem/input1::capslock/power HTTP/1.1" 200 3985 "-" "Mozilla/5.0 AppleWebKit/537.36 (KHTML, like Gecko; compatible; Amazonbot/0.1; +https://developer.amazon.com/support/amazonbot) Chrome/119.0.6045.214 Safari/537.36"
74.7.227.39 - - [04/Nov/2025:00:06:23 +0000] "GET /?path=//sys/class/net/enp1s0/device/net/enp1s0/device/subsystem/devices/virtio1/block/vda/subsystem/vda/device/block/vda/device/block/vda/vda1/subsystem/loop5/bdi/subsystem HTTP/1.1" 200 3966 "-" "Mozilla/5.0 AppleWebKit/537.36 (KHTML, like Gecko; compatible; GPTBot/1.2; +https://openai.com/gptbot)"
74.7.227.19 - - [04/Nov/2025:00:06:24 +0000] "GET /?path=//sys/bus/node/devices/node0/memory6/subsystem/devices/memory1/subsystem/devices/memory0/subsystem/devices/memory0/node0/power HTTP/1.1" 200 3954 "-" "Mozilla/5.0 AppleWebKit/537.36 (KHTML, like Gecko; compatible; GPTBot/1.2; +https://openai.com/gptbot)"
3.221.244.28 - - [04/Nov/2025:00:06:26 +0000] "GET /about-us/?path=//sys/class/input/event3/device/mouse1/device/subsystem/input0/subsystem/input0/subsystem/mice/subsystem/input1/device/input/input1 HTTP/1.1" 200 4380 "-" "Mozilla/5.0 AppleWebKit/537.36 (KHTML, like Gecko; compatible; Amazonbot/0.1; +https://developer.amazon.com/support/amazonbot) Chrome/119.0.6045.214 Safari/537.36"
74.7.227.19 - - [04/Nov/2025:00:06:26 +0000] "GET /?path=//sys/bus/node/devices/node0/memory2/subsystem/devices/memory3/subsystem/devices/memory0/subsystem/devices/memory4/node0/power HTTP/1.1" 200 3959 "-" "Mozilla/5.0 AppleWebKit/537.36 (KHTML, like Gecko; compatible; GPTBot/1.2; +https://openai.com/gptbot)"
74.7.227.39 - - [04/Nov/2025:00:06:26 +0000] "GET /?path=//sys/class/net/enp1s0/device/net/enp1s0/device/subsystem/devices/virtio1/block/vda/subsystem/vda/vda2/subsystem/vda/device/block/vda/subsystem/vda/subsystem/loop7/mq HTTP/1.1" 200 3611 "-" "Mozilla/5.0 AppleWebKit/537.36 (KHTML, like Gecko; compatible; GPTBot/1.2; +https://openai.com/gptbot)"
74.7.227.19 - - [04/Nov/2025:00:06:30 +0000] "GET /?path=//sys/bus/node/devices/node0/memory6/subsystem/devices/memory1/subsystem/devices/memory2/subsystem/devices/memory0/node0/power HTTP/1.1" 200 3957 "-" "Mozilla/5.0 AppleWebKit/537.36 (KHTML, like Gecko; compatible; GPTBot/1.2; +https://openai.com/gptbot)"
23.21.119.232 - - [04/Nov/2025:00:06:30 +0000] "GET /?path=//sys/class/misc/rfkill/subsystem/loop-control/subsystem/snapshot/subsystem/ecryptfs/subsystem HTTP/1.1" 200 4165 "-" "Mozilla/5.0 AppleWebKit/537.36 (KHTML, like Gecko; compatible; Amazonbot/0.1; +https://developer.amazon.com/support/amazonbot) Chrome/119.0.6045.214 Safari/537.36"
74.7.227.39 - - [04/Nov/2025:00:06:31 +0000] "GET /?path=//sys/class/net/enp1s0/device/net/enp1s0/device/subsystem/devices/virtio1/block/vda/subsystem/loop6/subsystem/vda/device/block/vda/device/block/vda/subsystem/loop5 HTTP/1.1" 200 4781 "-" "Mozilla/5.0 AppleWebKit/537.36 (KHTML, like Gecko; compatible; GPTBot/1.2; +https://openai.com/gptbot)"
74.7.227.19 - - [04/Nov/2025:00:06:32 +0000] "GET /?path=//sys/bus/node/devices/node0/memory2/subsystem/devices/memory3/subsystem/devices/memory0/subsystem/devices/memory2/power HTTP/1.1" 200 3928 "-" "Mozilla/5.0 AppleWebKit/537.36 (KHTML, like Gecko; compatible; GPTBot/1.2; +https://openai.com/gptbot)"
74.7.227.39 - - [04/Nov/2025:00:06:34 +0000] "GET /?path=//sys/class/net/enp1s0/device/net/enp1s0/device/subsystem/devices/virtio1/block/vda/subsystem/vda/device/block/vda/subsystem/loop4/subsystem HTTP/1.1" 200 3995 "-" "Mozilla/5.0 AppleWebKit/537.36 (KHTML, like Gecko; compatible; GPTBot/1.2; +https://openai.com/gptbot)"
3.217.171.106 - - [04/Nov/2025:00:06:34 +0000] "GET /about-us/?path=//sys/class/leds/input1::capslock/subsystem/input1::numlock/device/device/firmware_node/physical_node/firmware_node/subsystem/devices/device:1c/subsystem/devices/device:06/power HTTP/1.1" 200 4040 "-" "Mozilla/5.0 AppleWebKit/537.36 (KHTML, like Gecko; compatible; Amazonbot/0.1; +https://developer.amazon.com/support/amazonbot) Chrome/119.0.6045.214 Safari/537.36"
217.113.194.200 - - [04/Nov/2025:00:06:35 +0000] "GET /career/?fileloc=//sbin/iscsiadm&path=//sbin HTTP/1.1" 200 162651 "-" "Mozilla/5.0 (compatible; Barkrowler/0.9; +https://babbar.tech/crawler)"
74.7.227.19 - - [04/Nov/2025:00:06:36 +0000] "GET /?path=//sys/bus/node/devices/node0/memory2/subsystem/devices/memory3/subsystem/devices/memory0/subsystem/devices/memory2/node0 HTTP/1.1" 200 4498 "-" "Mozilla/5.0 AppleWebKit/537.36 (KHTML, like Gecko; compatible; GPTBot/1.2; +https://openai.com/gptbot)"
74.7.227.39 - - [04/Nov/2025:00:06:37 +0000] "GET /?path=//sys/class/net/enp1s0/device/net/enp1s0/device/subsystem/devices/virtio1/block/vda/vda2/subsystem/vda/subsystem/sr0/subsystem/vda/subsystem/vda/device/subsystem HTTP/1.1" 200 3889 "-" "Mozilla/5.0 AppleWebKit/537.36 (KHTML, like Gecko; compatible; GPTBot/1.2; +https://openai.com/gptbot)"
74.7.227.19 - - [04/Nov/2025:00:06:38 +0000] "GET /?path=//sys/bus/node/devices/node0/memory6/subsystem/devices/memory1/subsystem/devices/memory0/subsystem/devices/memory5/node0/power HTTP/1.1" 200 3962 "-" "Mozilla/5.0 AppleWebKit/537.36 (KHTML, like Gecko; compatible; GPTBot/1.2; +https://openai.com/gptbot)"
98.84.200.43 - - [04/Nov/2025:00:06:38 +0000] "GET /about-us/?path=//sys/class/leds/input1::scrolllock/device/event1/subsystem/input3/event3/subsystem/input1/device/firmware_node/subsystem/devices HTTP/1.1" 200 7180 "-" "Mozilla/5.0 AppleWebKit/537.36 (KHTML, like Gecko; compatible; Amazonbot/0.1; +https://developer.amazon.com/support/amazonbot) Chrome/119.0.6045.214 Safari/537.36"
74.7.227.39 - - [04/Nov/2025:00:06:40 +0000] "GET /?path=//sys/class/net/enp1s0/device/net/enp1s0/device/subsystem/devices/virtio1/block/vda/subsystem/vda/device/block/vda/subsystem/loop4/holders HTTP/1.1" 200 3241 "-" "Mozilla/5.0 AppleWebKit/537.36 (KHTML, like Gecko; compatible; GPTBot/1.2; +https://openai.com/gptbot)"
74.7.227.19 - - [04/Nov/2025:00:06:41 +0000] "GET /?path=//sys/bus/node/devices/node0/memory2/subsystem/devices/memory3/subsystem/devices/memory1/subsystem/devices/memory0/node0 HTTP/1.1" 200 4506 "-" "Mozilla/5.0 AppleWebKit/537.36 (KHTML, like Gecko; compatible; GPTBot/1.2; +https://openai.com/gptbot)"
74.7.227.39 - - [04/Nov/2025:00:06:42 +0000] "GET /?path=//sys/class/net/enp1s0/device/net/enp1s0/device/subsystem/devices/virtio1/block/vda/subsystem/vda/device/block/vda/subsystem/loop4/bdi HTTP/1.1" 200 4191 "-" "Mozilla/5.0 AppleWebKit/537.36 (KHTML, like Gecko; compatible; GPTBot/1.2; +https://openai.com/gptbot)"
54.88.84.219 - - [04/Nov/2025:00:06:42 +0000] "GET /register/?path=//sys/dev/char/13:32/subsystem/event0/subsystem/input1/device/input/input1/subsystem/input1/subsystem/input5/device HTTP/1.1" 200 3941 "-" "Mozilla/5.0 AppleWebKit/537.36 (KHTML, like Gecko; compatible; Amazonbot/0.1; +https://developer.amazon.com/support/amazonbot) Chrome/119.0.6045.214 Safari/537.36"
66.249.74.15 - - [04/Nov/2025:00:06:42 +0000] "GET /?path=//sys/class/tty/tty8/subsystem/ttyS16/subsystem/ttyS7/subsystem/ttyS29/subsystem/tty32/subsystem/tty17/subsystem/tty33/subsystem/ttyS31/subsystem/ttyS4/subsystem/ttyS30 HTTP/1.1" 200 4512 "-" "Mozilla/5.0 (Linux; Android 6.0.1; Nexus 5X Build/MMB29P) AppleWebKit/537.36 (KHTML, like Gecko) Chrome/141.0.7390.122 Mobile Safari/537.36 (compatible; Googlebot/2.1; +http://www.google.com/bot.html)"
66.249.74.15 - - [04/Nov/2025:00:06:43 +0000] "GET /?fileloc=//sys/class/tty/tty8/subsystem/ttyS16/subsystem/ttyS7/subsystem/ttyS29/subsystem/tty32/subsystem/tty17/subsystem/tty30/subsystem/tty62/subsystem/tty31/subsystem/tty31/subsystem/tty11/subsystem/ttyS25/subsystem/tty3/subsystem/tty54/subsystem/tty14/subsystem/ttyS31/power/runtime_usage&path=//sys/class/tty/tty8/subsystem/ttyS16/subsystem/ttyS7/subsystem/ttyS29/subsystem/tty32/subsystem/tty17/subsystem/tty30/subsystem/tty62/subsystem/tty31/subsystem/tty31/subsystem/tty11/subsystem/ttyS25/subsystem/tty3/subsystem/tty54/subsystem/tty14/subsystem/ttyS31/power HTTP/1.1" 200 3398 "-" "Mozilla/5.0 (Linux; Android 6.0.1; Nexus 5X Build/MMB29P) AppleWebKit/537.36 (KHTML, like Gecko) Chrome/141.0.7390.122 Mobile Safari/537.36 (compatible; Googlebot/2.1; +http://www.google.com/bot.html)"
74.7.227.19 - - [04/Nov/2025:00:06:43 +0000] "GET /?path=//sys/bus/node/devices/node0/memory6/subsystem/devices/memory1/subsystem/devices/memory0/subsystem/devices/memory7/node0 HTTP/1.1" 200 4501 "-" "Mozilla/5.0 AppleWebKit/537.36 (KHTML, like Gecko; compatible; GPTBot/1.2; +https://openai.com/gptbot)"
74.7.227.39 - - [04/Nov/2025:00:06:46 +0000] "GET /?path=//sys/class/net/enp1s0/device/net/enp1s0/device/subsystem/devices/virtio1/block/vda/subsystem/vda/device/block/vda/vda1/subsystem/vda/subsystem/vda/subsystem/loop5/mq HTTP/1.1" 200 3601 "-" "Mozilla/5.0 AppleWebKit/537.36 (KHTML, like Gecko; compatible; GPTBot/1.2; +https://openai.com/gptbot)"
34.236.185.101 - - [04/Nov/2025:00:06:46 +0000] "GET /data-centers/?path=//sys/class/misc/fuse/subsystem/hpet/subsystem/vga_arbiter/subsystem/snapshot/subsystem/mcelog HTTP/1.1" 200 3698 "-" "Mozilla/5.0 AppleWebKit/537.36 (KHTML, like Gecko; compatible; Amazonbot/0.1; +https://developer.amazon.com/support/amazonbot) Chrome/119.0.6045.214 Safari/537.36"
74.7.227.19 - - [04/Nov/2025:00:06:46 +0000] "GET /?path=//sys/bus/node/devices/node0/memory2/subsystem/devices/memory3/subsystem/devices/memory1/subsystem/devices/memory2/node0/power HTTP/1.1" 200 3960 "-" "Mozilla/5.0 AppleWebKit/537.36 (KHTML, like Gecko; compatible; GPTBot/1.2; +https://openai.com/gptbot)"
74.7.227.19 - - [04/Nov/2025:00:06:48 +0000] "GET /?path=//sys/bus/node/devices/node0/memory2/subsystem/devices/memory3/subsystem/devices/memory0/subsystem/devices/memory7/node0/power HTTP/1.1" 200 3962 "-" "Mozilla/5.0 AppleWebKit/537.36 (KHTML, like Gecko; compatible; GPTBot/1.2; +https://openai.com/gptbot)"
74.7.227.39 - - [04/Nov/2025:00:06:49 +0000] "GET /?path=//sys/class/net/enp1s0/device/net/enp1s0/device/subsystem/devices/virtio1/block/vda/subsystem/vda/vda2/subsystem/vda/device/block/vda/subsystem/vda/subsystem/loop2 HTTP/1.1" 200 4779 "-" "Mozilla/5.0 AppleWebKit/537.36 (KHTML, like Gecko; compatible; GPTBot/1.2; +https://openai.com/gptbot)"
3.211.105.134 - - [04/Nov/2025:00:06:50 +0000] "GET /about-us/?path=//sys/class/leds/input1::capslock/subsystem/input1::numlock/device/device/firmware_node/physical_node/firmware_node/subsystem/devices/device:3e/subsystem/devices/device:05/device:19 HTTP/1.1" 200 4012 "-" "Mozilla/5.0 AppleWebKit/537.36 (KHTML, like Gecko; compatible; Amazonbot/0.1; +https://developer.amazon.com/support/amazonbot) Chrome/119.0.6045.214 Safari/537.36"
74.7.227.39 - - [04/Nov/2025:00:06:51 +0000] "GET /?path=//sys/class/net/enp1s0/device/net/enp1s0/device/subsystem/devices/virtio1/block/vda/subsystem/vda/device/block/vda/subsystem/loop4/mq HTTP/1.1" 200 3541 "-" "Mozilla/5.0 AppleWebKit/537.36 (KHTML, like Gecko; compatible; GPTBot/1.2; +https://openai.com/gptbot)"
74.7.227.19 - - [04/Nov/2025:00:06:51 +0000] "GET /?path=//sys/bus/node/devices/node0/memory2/subsystem/devices/memory3/subsystem/devices/memory6/subsystem/devices HTTP/1.1" 200 3732 "-" "Mozilla/5.0 AppleWebKit/537.36 (KHTML, like Gecko; compatible; GPTBot/1.2; +https://openai.com/gptbot)"
217.113.194.240 - - [04/Nov/2025:00:06:52 +0000] "GET /career/?fileloc=//sbin/filefrag&path=//sbin HTTP/1.1" 200 9882 "-" "Mozilla/5.0 (compatible; Barkrowler/0.9; +https://babbar.tech/crawler)"
54.144.185.255 - - [04/Nov/2025:00:06:54 +0000] "GET /about-us/?path=//sys/class/leds/input1::capslock/subsystem/input1::numlock/device/device/firmware_node/physical_node/firmware_node/subsystem/devices/device:04/subsystem/devices/device:18 HTTP/1.1" 200 4000 "-" "Mozilla/5.0 AppleWebKit/537.36 (KHTML, like Gecko; compatible; Amazonbot/0.1; +https://developer.amazon.com/support/amazonbot) Chrome/119.0.6045.214 Safari/537.36"
74.7.227.19 - - [04/Nov/2025:00:06:55 +0000] "GET /?path=//sys/bus/node/devices/node0/memory2/subsystem/devices/memory3/subsystem/devices/memory0/subsystem/devices/memory2/node0/memory_failure HTTP/1.1" 200 3735 "-" "Mozilla/5.0 AppleWebKit/537.36 (KHTML, like Gecko; compatible; GPTBot/1.2; +https://openai.com/gptbot)"
74.7.227.39 - - [04/Nov/2025:00:06:55 +0000] "GET /?path=//sys/class/net/enp1s0/device/net/enp1s0/device/subsystem/devices/virtio1/block/vda/subsystem/vda/device/block/vda/device/block/vda/subsystem/vda1/subsystem/vda1 HTTP/1.1" 200 4300 "-" "Mozilla/5.0 AppleWebKit/537.36 (KHTML, like Gecko; compatible; GPTBot/1.2; +https://openai.com/gptbot)"
35.174.253.85 - - [04/Nov/2025:00:06:58 +0000] "GET /about-us/?path=//sys/class/leds/input1::capslock/subsystem/input1::numlock/device/device/firmware_node/physical_node/firmware_node/subsystem/devices/PNP0C0F:0a/subsystem/devices/device:15/subsystem HTTP/1.1" 200 3917 "-" "Mozilla/5.0 AppleWebKit/537.36 (KHTML, like Gecko; compatible; Amazonbot/0.1; +https://developer.amazon.com/support/amazonbot) Chrome/119.0.6045.214 Safari/537.36"
74.7.227.19 - - [04/Nov/2025:00:06:58 +0000] "GET /?path=//sys/bus/node/devices/node0/memory2/subsystem/devices/memory3/subsystem/devices/memory0/subsystem/devices/memory2/node0/power HTTP/1.1" 200 3961 "-" "Mozilla/5.0 AppleWebKit/537.36 (KHTML, like Gecko; compatible; GPTBot/1.2; +https://openai.com/gptbot)"
74.7.227.39 - - [04/Nov/2025:00:06:59 +0000] "GET /?path=//sys/class/net/enp1s0/device/net/enp1s0/device/subsystem/devices/virtio1/block/vda/subsystem/vda1/subsystem/vda/device/block/vda/device/block/vda/subsystem/loop0 HTTP/1.1" 200 4770 "-" "Mozilla/5.0 AppleWebKit/537.36 (KHTML, like Gecko; compatible; GPTBot/1.2; +https://openai.com/gptbot)"
74.7.227.19 - - [04/Nov/2025:00:07:01 +0000] "GET /?path=//sys/bus/node/devices/node0/memory2/subsystem/devices/memory3/subsystem/devices/memory1/subsystem/devices/memory0/node0/memory4 HTTP/1.1" 200 4057 "-" "Mozilla/5.0 AppleWebKit/537.36 (KHTML, like Gecko; compatible; GPTBot/1.2; +https://openai.com/gptbot)"
74.7.227.39 - - [04/Nov/2025:00:07:02 +0000] "GET /?path=//sys/class/net/enp1s0/device/net/enp1s0/device/subsystem/devices/virtio1/block/vda/device/block/vda/vda1/subsystem/vda/device/block/vda/subsystem/vda/subsystem/vda2 HTTP/1.1" 200 4300 "-" "Mozilla/5.0 AppleWebKit/537.36 (KHTML, like Gecko; compatible; GPTBot/1.2; +https://openai.com/gptbot)"
44.197.76.210 - - [04/Nov/2025:00:07:02 +0000] "GET /about-us/?path=//sys/class/leds/input1::capslock/subsystem/input1::numlock/device/device/firmware_node/physical_node/firmware_node/subsystem/devices/device:11/subsystem/devices/device:02/physical_node HTTP/1.1" 200 6489 "-" "Mozilla/5.0 AppleWebKit/537.36 (KHTML, like Gecko; compatible; Amazonbot/0.1; +https://developer.amazon.com/support/amazonbot) Chrome/119.0.6045.214 Safari/537.36"
74.7.227.19 - - [04/Nov/2025:00:07:04 +0000] "GET /?path=//sys/bus/node/devices/node0/memory2/subsystem/devices/memory3/subsystem/devices/memory1/subsystem/devices/memory0/node0/memory_failure HTTP/1.1" 200 3731 "-" "Mozilla/5.0 AppleWebKit/537.36 (KHTML, like Gecko; compatible; GPTBot/1.2; +https://openai.com/gptbot)"
74.7.227.39 - - [04/Nov/2025:00:07:05 +0000] "GET /?fileloc=//sys/class/net/enp1s0/device/net/enp1s0/device/subsystem/devices/virtio1/block/vda/subsystem/vda/device/block/vda/subsystem/loop4/bdi/min_bytes&path=//sys/class/net/enp1s0/device/net/enp1s0/device/subsystem/devices/virtio1/block/vda/subsystem/vda/device/block/vda/subsystem/loop4/bdi HTTP/1.1" 200 3188 "-" "Mozilla/5.0 AppleWebKit/537.36 (KHTML, like Gecko; compatible; GPTBot/1.2; +https://openai.com/gptbot)"
54.84.250.51 - - [04/Nov/2025:00:07:06 +0000] "GET /about-us/?path=//sys/class/leds/input1::capslock/subsystem/input1::numlock/device/device/firmware_node/physical_node/firmware_node/subsystem/devices/device:0a/subsystem/devices/device:3c/wakeup HTTP/1.1" 200 3592 "-" "Mozilla/5.0 AppleWebKit/537.36 (KHTML, like Gecko; compatible; Amazonbot/0.1; +https://developer.amazon.com/support/amazonbot) Chrome/119.0.6045.214 Safari/537.36"
74.7.227.19 - - [04/Nov/2025:00:07:06 +0000] "GET /?path=//sys/bus/node/devices/node0/memory6/subsystem/devices/memory1/subsystem/devices/memory0/subsystem/devices/memory7/node0/memory_failure HTTP/1.1" 200 3737 "-" "Mozilla/5.0 AppleWebKit/537.36 (KHTML, like Gecko; compatible; GPTBot/1.2; +https://openai.com/gptbot)"
74.7.227.39 - - [04/Nov/2025:00:07:08 +0000] "GET /?path=//sys/class/net/enp1s0/device/net/enp1s0/device/subsystem/devices/virtio1/block/vda/subsystem/vda/vda2/subsystem/vda/subsystem/vda/device/block/vda/subsystem/loop5 HTTP/1.1" 200 4762 "-" "Mozilla/5.0 AppleWebKit/537.36 (KHTML, like Gecko; compatible; GPTBot/1.2; +https://openai.com/gptbot)"
154.54.249.214 - - [04/Nov/2025:00:07:08 +0000] "GET /career/?fileloc=//sbin/blkzone&path=//sbin HTTP/1.1" 200 15527 "-" "Mozilla/5.0 (compatible; Barkrowler/0.9; +https://babbar.tech/crawler)"
74.7.227.19 - - [04/Nov/2025:00:07:09 +0000] "GET /?path=//sys/bus/node/devices/node0/memory6/subsystem/devices/memory1/subsystem/devices/memory0/subsystem/devices/memory7/node0/power HTTP/1.1" 200 3963 "-" "Mozilla/5.0 AppleWebKit/537.36 (KHTML, like Gecko; compatible; GPTBot/1.2; +https://openai.com/gptbot)"
3.213.106.226 - - [04/Nov/2025:00:07:10 +0000] "GET /about-us/?path=//sys/class/leds/input1::capslock/subsystem/input1::numlock/device/device/firmware_node/physical_node/firmware_node/subsystem/devices/device:3a/subsystem/devices/device:07/power HTTP/1.1" 200 4064 "-" "Mozilla/5.0 AppleWebKit/537.36 (KHTML, like Gecko; compatible; Amazonbot/0.1; +https://developer.amazon.com/support/amazonbot) Chrome/119.0.6045.214 Safari/537.36"
74.7.227.39 - - [04/Nov/2025:00:07:11 +0000] "GET /?path=//sys/class/net/enp1s0/device/net/enp1s0/device/subsystem/devices/virtio1/block/vda/subsystem/loop2/subsystem/vda/device/block/vda/device/block/vda/subsystem/loop5 HTTP/1.1" 200 4778 "-" "Mozilla/5.0 AppleWebKit/537.36 (KHTML, like Gecko; compatible; GPTBot/1.2; +https://openai.com/gptbot)"
74.7.227.19 - - [04/Nov/2025:00:07:12 +0000] "GET /?path=//sys/bus/node/devices/node0/memory2/subsystem/devices/memory3/subsystem/devices/memory1/subsystem/devices/memory0/node0/power HTTP/1.1" 200 3956 "-" "Mozilla/5.0 AppleWebKit/537.36 (KHTML, like Gecko; compatible; GPTBot/1.2; +https://openai.com/gptbot)"
54.80.185.200 - - [04/Nov/2025:00:07:14 +0000] "GET /about-us/?path=//sys/class/leds/input1::capslock/subsystem/input1::numlock/device/device/firmware_node/physical_node/firmware_node/subsystem/devices/device:3a/subsystem/devices/device:05/device:16 HTTP/1.1" 200 4013 "-" "Mozilla/5.0 AppleWebKit/537.36 (KHTML, like Gecko; compatible; Amazonbot/0.1; +https://developer.amazon.com/support/amazonbot) Chrome/119.0.6045.214 Safari/537.36"
185.50.25.52 - - [04/Nov/2025:00:07:14 +0000] "POST /xmlrpc.php HTTP/1.1" 200 4342 "-" "Mozilla/5.0 (Windows NT 6.1; Win64; x64) AppleWebKit/537.36 (KHTML, like Gecko) Chrome/65.0.3325.181 Safari/537.36 OPR/52.0.2871.99"
74.7.227.39 - - [04/Nov/2025:00:07:15 +0000] "GET /?path=//sys/class/net/enp1s0/device/net/enp1s0/device/subsystem/devices/virtio1/driver/virtio1/block/vda/subsystem/vda/device/block/vda/device/block/vda/vda2/subsystem HTTP/1.1" 200 4013 "-" "Mozilla/5.0 AppleWebKit/537.36 (KHTML, like Gecko; compatible; GPTBot/1.2; +https://openai.com/gptbot)"
74.7.227.19 - - [04/Nov/2025:00:07:15 +0000] "GET /?path=//sys/bus/node/devices/node0/memory2/subsystem/devices/memory3/subsystem/devices/memory6/subsystem/devices/memory4 HTTP/1.1" 200 4011 "-" "Mozilla/5.0 AppleWebKit/537.36 (KHTML, like Gecko; compatible; GPTBot/1.2; +https://openai.com/gptbot)"
54.84.147.79 - - [04/Nov/2025:00:07:18 +0000] "GET /about-us/?path=//sys/class/leds/input1::capslock/subsystem/input1::numlock/device/device/firmware_node/physical_node/firmware_node/subsystem/devices/PNP0C0F:0b/subsystem/devices/device:2a/subsystem HTTP/1.1" 200 3917 "-" "Mozilla/5.0 AppleWebKit/537.36 (KHTML, like Gecko; compatible; Amazonbot/0.1; +https://developer.amazon.com/support/amazonbot) Chrome/119.0.6045.214 Safari/537.36"
74.7.227.19 - - [04/Nov/2025:00:07:18 +0000] "GET /?path=//sys/bus/node/devices/node0/memory2/subsystem/devices/memory3/subsystem/devices/memory6/subsystem/devices/memory7 HTTP/1.1" 200 4010 "-" "Mozilla/5.0 AppleWebKit/537.36 (KHTML, like Gecko; compatible; GPTBot/1.2; +https://openai.com/gptbot)"
74.7.227.39 - - [04/Nov/2025:00:07:20 +0000] "GET /?fileloc=//sys/class/net/enp1s0/device/net/enp1s0/device/subsystem/devices/virtio1/block/vda/subsystem/vda1/subsystem/vda/device/block/vda/device/block/vda/subsystem/loop0/stat&path=//sys/class/net/enp1s0/device/net/enp1s0/device/subsystem/devices/virtio1/block/vda/subsystem/vda1/subsystem/vda/device/block/vda/device/block/vda/subsystem/loop0 HTTP/1.1" 200 3246 "-" "Mozilla/5.0 AppleWebKit/537.36 (KHTML, like Gecko; compatible; GPTBot/1.2; +https://openai.com/gptbot)"
74.7.227.19 - - [04/Nov/2025:00:07:21 +0000] "GET /?path=//sys/bus/node/devices/node0/memory2/subsystem/devices/memory3/subsystem/devices/memory6/subsystem/devices/memory2 HTTP/1.1" 200 4006 "-" "Mozilla/5.0 AppleWebKit/537.36 (KHTML, like Gecko; compatible; GPTBot/1.2; +https://openai.com/gptbot)"
34.205.163.103 - - [04/Nov/2025:00:07:22 +0000] "GET /about-us/?path=//sys/class/input/mice/subsystem/mouse2/device/subsystem/input5/subsystem/event1/subsystem/input0/device/input/input0 HTTP/1.1" 200 4198 "-" "Mozilla/5.0 AppleWebKit/537.36 (KHTML, like Gecko; compatible; Amazonbot/0.1; +https://developer.amazon.com/support/amazonbot) Chrome/119.0.6045.214 Safari/537.36"
74.7.227.19 - - [04/Nov/2025:00:07:24 +0000] "GET /?path=//sys/bus/node/devices/node0/memory2/subsystem/devices/memory3/subsystem/devices/memory6/subsystem/devices/memory0 HTTP/1.1" 200 4011 "-" "Mozilla/5.0 AppleWebKit/537.36 (KHTML, like Gecko; compatible; GPTBot/1.2; +https://openai.com/gptbot)"
74.7.227.39 - - [04/Nov/2025:00:07:24 +0000] "GET /?path=//sys/class/net/enp1s0/device/net/enp1s0/device/subsystem/devices/virtio1/block/vda/subsystem/vda/device/block/vda/subsystem/loop4/bdi/subsystem HTTP/1.1" 200 4004 "-" "Mozilla/5.0 AppleWebKit/537.36 (KHTML, like Gecko; compatible; GPTBot/1.2; +https://openai.com/gptbot)"
23.21.148.226 - - [04/Nov/2025:00:07:26 +0000] "GET /about-us/?path=//sys/class/leds/input1::capslock/subsystem/input1::numlock/device/device/firmware_node/physical_node/firmware_node/physical_node1/firmware_node/subsystem/devices/device:05/device:13 HTTP/1.1" 200 4030 "-" "Mozilla/5.0 AppleWebKit/537.36 (KHTML, like Gecko; compatible; Amazonbot/0.1; +https://developer.amazon.com/support/amazonbot) Chrome/119.0.6045.214 Safari/537.36"
217.113.194.201 - - [04/Nov/2025:00:07:26 +0000] "GET /career/?fileloc=//sbin/grpconv&path=//sbin HTTP/1.1" 200 21860 "-" "Mozilla/5.0 (compatible; Barkrowler/0.9; +https://babbar.tech/crawler)"
74.7.227.19 - - [04/Nov/2025:00:07:27 +0000] "GET /?path=//sys/bus/node/devices/node0/memory2/subsystem/devices/memory3/subsystem/devices/memory6/subsystem/devices/memory5 HTTP/1.1" 200 4010 "-" "Mozilla/5.0 AppleWebKit/537.36 (KHTML, like Gecko; compatible; GPTBot/1.2; +https://openai.com/gptbot)"
