4.197.236.122 - - [10/Jan/2026:15:47:04 +0000] "GET /wp-includes/Requests/about.php HTTP/1.1" 301 178 "https://duckduckgo.com/" "Mozilla/5.0 (Linux; Android 10; LM-Q720) AppleWebKit/537.36 (KHTML, like Gecko) Chrome/116.0.0.0 Mobile Safari/537.36"
4.197.236.122 - - [10/Jan/2026:15:47:04 +0000] "GET /wp-includes/Requests/about.php HTTP/1.1" 404 564 "https://duckduckgo.com/" "Mozilla/5.0 (Linux; Android 10; LM-Q720) AppleWebKit/537.36 (KHTML, like Gecko) Chrome/116.0.0.0 Mobile Safari/537.36"
4.197.236.122 - - [10/Jan/2026:15:47:05 +0000] "GET /inputs.php HTTP/1.1" 301 178 "https://www.yahoo.com/" "Mozilla/5.0 (Linux; Android 12; SM-A525F) AppleWebKit/537.36 (KHTML, like Gecko) Chrome/117.0.0.0 Mobile Safari/537.36"
4.197.236.122 - - [10/Jan/2026:15:47:05 +0000] "GET /inputs.php HTTP/1.1" 404 564 "https://www.yahoo.com/" "Mozilla/5.0 (Linux; Android 12; SM-A525F) AppleWebKit/537.36 (KHTML, like Gecko) Chrome/117.0.0.0 Mobile Safari/537.36"
4.197.236.122 - - [10/Jan/2026:15:47:05 +0000] "GET /classwithtostring.php HTTP/1.1" 301 178 "https://www.yahoo.com/" "Mozilla/5.0 (iPad; CPU OS 17_0_3 like Mac OS X) AppleWebKit/605.1.15 (KHTML, like Gecko) Version/17.0.1 Mobile/15E148 Safari/604.1"
4.197.236.122 - - [10/Jan/2026:15:47:05 +0000] "GET /classwithtostring.php HTTP/1.1" 404 162 "https://www.yahoo.com/" "Mozilla/5.0 (iPad; CPU OS 17_0_3 like Mac OS X) AppleWebKit/605.1.15 (KHTML, like Gecko) Version/17.0.1 Mobile/15E148 Safari/604.1"
4.197.236.122 - - [10/Jan/2026:15:47:05 +0000] "GET /asasx.php HTTP/1.1" 301 178 "https://www.google.com/" "Mozilla/5.0 (iPhone; CPU iPhone OS 17_1_1 like Mac OS X) AppleWebKit/605.1.15 (KHTML, like Gecko) Version/17.1 Mobile/15E148 Safari/604.1"
4.197.236.122 - - [10/Jan/2026:15:47:06 +0000] "GET /asasx.php HTTP/1.1" 404 162 "https://www.google.com/" "Mozilla/5.0 (iPhone; CPU iPhone OS 17_1_1 like Mac OS X) AppleWebKit/605.1.15 (KHTML, like Gecko) Version/17.1 Mobile/15E148 Safari/604.1"
4.197.236.122 - - [10/Jan/2026:15:47:06 +0000] "GET /wp-good.php HTTP/1.1" 301 178 "https://www.google.fr/" "Mozilla/5.0 (Linux; Android 11; CPH2251) AppleWebKit/537.36 (KHTML, like Gecko) Chrome/116.0.0.0 Mobile Safari/537.36"
4.197.236.122 - - [10/Jan/2026:15:47:06 +0000] "GET /wp-good.php HTTP/1.1" 404 564 "https://www.google.fr/" "Mozilla/5.0 (Linux; Android 11; CPH2251) AppleWebKit/537.36 (KHTML, like Gecko) Chrome/116.0.0.0 Mobile Safari/537.36"
4.197.236.122 - - [10/Jan/2026:15:47:06 +0000] "GET /simple.php HTTP/1.1" 301 178 "https://duckduckgo.com/" "Mozilla/5.0 (Linux; Android 13; M2101K6G) AppleWebKit/537.36 (KHTML, like Gecko) Chrome/116.0.0.0 Mobile Safari/537.36"
4.197.236.122 - - [10/Jan/2026:15:47:07 +0000] "GET /simple.php HTTP/1.1" 404 564 "https://duckduckgo.com/" "Mozilla/5.0 (Linux; Android 13; M2101K6G) AppleWebKit/537.36 (KHTML, like Gecko) Chrome/116.0.0.0 Mobile Safari/537.36"
4.197.236.122 - - [10/Jan/2026:15:47:07 +0000] "GET /fm.php HTTP/1.1" 301 178 "https://www.google.co.uk/" "Mozilla/5.0 (Linux; Android 12; V2134) AppleWebKit/537.36 (KHTML, like Gecko) Chrome/116.0.0.0 Mobile Safari/537.36"
4.197.236.122 - - [10/Jan/2026:15:47:07 +0000] "GET /fm.php HTTP/1.1" 404 564 "https://www.google.co.uk/" "Mozilla/5.0 (Linux; Android 12; V2134) AppleWebKit/537.36 (KHTML, like Gecko) Chrome/116.0.0.0 Mobile Safari/537.36"
4.197.236.122 - - [10/Jan/2026:15:47:07 +0000] "GET /k.php HTTP/1.1" 301 178 "https://www.bing.com/" "Mozilla/5.0 (Linux; Android 11; CPH2251) AppleWebKit/537.36 (KHTML, like Gecko) Chrome/116.0.0.0 Mobile Safari/537.36"
4.197.236.122 - - [10/Jan/2026:15:47:07 +0000] "GET /k.php HTTP/1.1" 404 564 "https://www.bing.com/" "Mozilla/5.0 (Linux; Android 11; CPH2251) AppleWebKit/537.36 (KHTML, like Gecko) Chrome/116.0.0.0 Mobile Safari/537.36"
4.197.236.122 - - [10/Jan/2026:15:47:08 +0000] "GET /mah.php HTTP/1.1" 301 178 "https://duckduckgo.com/" "Mozilla/5.0 (Linux; Android 10; K) AppleWebKit/537.36 (KHTML, like Gecko) Chrome/117.0.0.0 Mobile Safari/537.36"
4.197.236.122 - - [10/Jan/2026:15:47:08 +0000] "GET /mah.php HTTP/1.1" 404 564 "https://duckduckgo.com/" "Mozilla/5.0 (Linux; Android 10; K) AppleWebKit/537.36 (KHTML, like Gecko) Chrome/117.0.0.0 Mobile Safari/537.36"
4.197.236.122 - - [10/Jan/2026:15:47:08 +0000] "GET /info.php HTTP/1.1" 301 178 "https://www.yahoo.com/" "Mozilla/5.0 (Linux; Android 13; SM-S908E) AppleWebKit/537.36 (KHTML, like Gecko) Chrome/116.0.0.0 Mobile Safari/537.36"
4.197.236.122 - - [10/Jan/2026:15:47:08 +0000] "GET /info.php HTTP/1.1" 404 564 "https://www.yahoo.com/" "Mozilla/5.0 (Linux; Android 13; SM-S908E) AppleWebKit/537.36 (KHTML, like Gecko) Chrome/116.0.0.0 Mobile Safari/537.36"
4.197.236.122 - - [10/Jan/2026:15:47:08 +0000] "GET /abcd.php HTTP/1.1" 301 178 "https://duckduckgo.com/" "Mozilla/5.0 (iPhone; CPU iPhone OS 15_7_9 like Mac OS X) AppleWebKit/605.1.15 (KHTML, like Gecko) Version/15.6.5 Mobile/15E148 Safari/604.1"
4.197.236.122 - - [10/Jan/2026:15:47:09 +0000] "GET /abcd.php HTTP/1.1" 404 162 "https://duckduckgo.com/" "Mozilla/5.0 (iPhone; CPU iPhone OS 15_7_9 like Mac OS X) AppleWebKit/605.1.15 (KHTML, like Gecko) Version/15.6.5 Mobile/15E148 Safari/604.1"
4.197.236.122 - - [10/Jan/2026:15:47:09 +0000] "GET /css/index.php HTTP/1.1" 301 178 "https://duckduckgo.com/" "Mozilla/5.0 (iPad; CPU OS 16_7_2 like Mac OS X) AppleWebKit/605.1.15 (KHTML, like Gecko) Version/16.6 Mobile/15E148 Safari/604.1"
4.197.236.122 - - [10/Jan/2026:15:47:09 +0000] "GET /css/index.php HTTP/1.1" 404 162 "https://duckduckgo.com/" "Mozilla/5.0 (iPad; CPU OS 16_7_2 like Mac OS X) AppleWebKit/605.1.15 (KHTML, like Gecko) Version/16.6 Mobile/15E148 Safari/604.1"
4.197.236.122 - - [10/Jan/2026:15:47:09 +0000] "GET /1.php HTTP/1.1" 301 178 "https://www.bing.com/" "Mozilla/5.0 (Linux; Android 10; K) AppleWebKit/537.36 (KHTML, like Gecko) Chrome/117.0.0.0 Mobile Safari/537.36"
4.197.236.122 - - [10/Jan/2026:15:47:09 +0000] "GET /1.php HTTP/1.1" 404 564 "https://www.bing.com/" "Mozilla/5.0 (Linux; Android 10; K) AppleWebKit/537.36 (KHTML, like Gecko) Chrome/117.0.0.0 Mobile Safari/537.36"
4.197.236.122 - - [10/Jan/2026:15:47:10 +0000] "GET /wp.php HTTP/1.1" 301 178 "https://www.google.fr/" "Mozilla/5.0 (Linux; Android 14; Pixel 8 Pro) AppleWebKit/537.36 (KHTML, like Gecko) Chrome/119.0.0.0 Mobile Safari/537.36"
4.197.236.122 - - [10/Jan/2026:15:47:10 +0000] "GET /wp.php HTTP/1.1" 404 564 "https://www.google.fr/" "Mozilla/5.0 (Linux; Android 14; Pixel 8 Pro) AppleWebKit/537.36 (KHTML, like Gecko) Chrome/119.0.0.0 Mobile Safari/537.36"
4.197.236.122 - - [10/Jan/2026:15:47:10 +0000] "GET /adminfuns.php/.well-known/acme-challenge/file.php HTTP/1.1" 301 178 "https://www.google.de/" "Mozilla/5.g (Linux; Android 13; Pixel 7) AppleWebKit/537.36 (KHTML, like Gecko) Chrome/116.0.0.0 Mobile Safari/537.36"
4.197.236.122 - - [10/Jan/2026:15:47:10 +0000] "GET /adminfuns.php/.well-known/acme-challenge/file.php HTTP/1.1" 404 564 "https://www.google.de/" "Mozilla/5.g (Linux; Android 13; Pixel 7) AppleWebKit/537.36 (KHTML, like Gecko) Chrome/116.0.0.0 Mobile Safari/537.36"
4.197.236.122 - - [10/Jan/2026:15:47:10 +0000] "GET /xmlrpc.php HTTP/1.1" 301 178 "https://duckduckgo.com/" "Mozilla/5.0 (Linux; Android 10; LM-Q720) AppleWebKit/537.36 (KHTML, like Gecko) Chrome/116.0.0.0 Mobile Safari/537.36"
4.197.236.122 - - [10/Jan/2026:15:47:11 +0000] "GET /xmlrpc.php HTTP/1.1" 404 564 "https://duckduckgo.com/" "Mozilla/5.0 (Linux; Android 10; LM-Q720) AppleWebKit/537.36 (KHTML, like Gecko) Chrome/116.0.0.0 Mobile Safari/537.36"
4.197.236.122 - - [10/Jan/2026:15:47:11 +0000] "GET /edit.php HTTP/1.1" 301 178 "https://www.bing.com/" "Mozilla/5.0 (Linux; Android 12; V2134) AppleWebKit/537.36 (KHTML, like Gecko) Chrome/116.0.0.0 Mobile Safari/537.36"
4.197.236.122 - - [10/Jan/2026:15:47:11 +0000] "GET /edit.php HTTP/1.1" 404 564 "https://www.bing.com/" "Mozilla/5.0 (Linux; Android 12; V2134) AppleWebKit/537.36 (KHTML, like Gecko) Chrome/116.0.0.0 Mobile Safari/537.36"
4.197.236.122 - - [10/Jan/2026:15:47:11 +0000] "GET /test.php HTTP/1.1" 301 178 "https://www.google.fr/" "Mozilla/5.0 (Linux; Android 13; M2101K6G) AppleWebKit/537.36 (KHTML, like Gecko) Chrome/116.0.0.0 Mobile Safari/537.36"
4.197.236.122 - - [10/Jan/2026:15:47:12 +0000] "GET /test.php HTTP/1.1" 404 564 "https://www.google.fr/" "Mozilla/5.0 (Linux; Android 13; M2101K6G) AppleWebKit/537.36 (KHTML, like Gecko) Chrome/116.0.0.0 Mobile Safari/537.36"
4.197.236.122 - - [10/Jan/2026:15:47:12 +0000] "GET /index.php/feed/atom HTTP/1.1" 301 178 "https://www.google.com/" "Mozilla/5.0 (Linux; Android 13; SM-S908E) AppleWebKit/537.36 (KHTML, like Gecko) Chrome/116.0.0.0 Mobile Safari/537.36"
4.197.236.122 - - [10/Jan/2026:15:47:12 +0000] "GET /index.php/feed/atom HTTP/1.1" 404 564 "https://www.google.com/" "Mozilla/5.0 (Linux; Android 13; SM-S908E) AppleWebKit/537.36 (KHTML, like Gecko) Chrome/116.0.0.0 Mobile Safari/537.36"
4.197.236.122 - - [10/Jan/2026:15:47:12 +0000] "GET /wp-includes/SimplePie/about.php HTTP/1.1" 301 178 "https://www.bing.com/" "Mozilla/5.0 (iPhone; CPU iPhone OS 15_7_9 like Mac OS X) AppleWebKit/605.1.15 (KHTML, like Gecko) Version/15.6.5 Mobile/15E148 Safari/604.1"
4.197.236.122 - - [10/Jan/2026:15:47:12 +0000] "GET /wp-includes/SimplePie/about.php HTTP/1.1" 404 162 "https://www.bing.com/" "Mozilla/5.0 (iPhone; CPU iPhone OS 15_7_9 like Mac OS X) AppleWebKit/605.1.15 (KHTML, like Gecko) Version/15.6.5 Mobile/15E148 Safari/604.1"
4.197.236.122 - - [10/Jan/2026:15:47:13 +0000] "GET /alfa.php HTTP/1.1" 301 178 "https://duckduckgo.com/" "Mozilla/5.0 (Linux; Android 13; SM-S908E) AppleWebKit/537.36 (KHTML, like Gecko) Chrome/116.0.0.0 Mobile Safari/537.36"
4.197.236.122 - - [10/Jan/2026:15:47:13 +0000] "GET /alfa.php HTTP/1.1" 404 564 "https://duckduckgo.com/" "Mozilla/5.0 (Linux; Android 13; SM-S908E) AppleWebKit/537.36 (KHTML, like Gecko) Chrome/116.0.0.0 Mobile Safari/537.36"
4.197.236.122 - - [10/Jan/2026:15:47:13 +0000] "GET /wp-content/uploads/wpr-addons/forms/b1ack.php HTTP/1.1" 301 178 "https://www.google.com/" "Mozilla/5.0 (iPhone; CPU iPhone OS 15_7_9 like Mac OS X) AppleWebKit/605.1.15 (KHTML, like Gecko) Version/15.6.5 Mobile/15E148 Safari/604.1"
4.197.236.122 - - [10/Jan/2026:15:47:13 +0000] "GET /wp-content/uploads/wpr-addons/forms/b1ack.php HTTP/1.1" 404 162 "https://www.google.com/" "Mozilla/5.0 (iPhone; CPU iPhone OS 15_7_9 like Mac OS X) AppleWebKit/605.1.15 (KHTML, like Gecko) Version/15.6.5 Mobile/15E148 Safari/604.1"
4.197.236.122 - - [10/Jan/2026:15:47:13 +0000] "GET /index/function.php HTTP/1.1" 301 178 "https://www.google.de/" "Mozilla/5.0 (Linux; Android 13; SM-S908E) AppleWebKit/537.36 (KHTML, like Gecko) Chrome/116.0.0.0 Mobile Safari/537.36"
4.197.236.122 - - [10/Jan/2026:15:47:14 +0000] "GET /index/function.php HTTP/1.1" 404 564 "https://www.google.de/" "Mozilla/5.0 (Linux; Android 13; SM-S908E) AppleWebKit/537.36 (KHTML, like Gecko) Chrome/116.0.0.0 Mobile Safari/537.36"
4.197.236.122 - - [10/Jan/2026:15:47:14 +0000] "GET /wp-content/index.php HTTP/1.1" 301 178 "https://www.google.com/" "Mozilla/5.0 (Linux; Android 11; 21081111RG) AppleWebKit/537.36 (KHTML, like Gecko) Chrome/116.0.0.0 Mobile Safari/537.36"
4.197.236.122 - - [10/Jan/2026:15:47:14 +0000] "GET /wp-content/index.php HTTP/1.1" 404 564 "https://www.google.com/" "Mozilla/5.0 (Linux; Android 11; 21081111RG) AppleWebKit/537.36 (KHTML, like Gecko) Chrome/116.0.0.0 Mobile Safari/537.36"
4.197.236.122 - - [10/Jan/2026:15:47:14 +0000] "GET /atomlib.php HTTP/1.1" 301 178 "https://www.google.com/" "Mozilla/5.0 (Linux; Android 12; V2134) AppleWebKit/537.36 (KHTML, like Gecko) Chrome/116.0.0.0 Mobile Safari/537.36"
4.197.236.122 - - [10/Jan/2026:15:47:14 +0000] "GET /atomlib.php HTTP/1.1" 404 564 "https://www.google.com/" "Mozilla/5.0 (Linux; Android 12; V2134) AppleWebKit/537.36 (KHTML, like Gecko) Chrome/116.0.0.0 Mobile Safari/537.36"
4.197.236.122 - - [10/Jan/2026:15:47:15 +0000] "GET /.tresh/index.php HTTP/1.1" 301 178 "https://www.google.com/" "Mozilla/5.g (Linux; Android 13; Pixel 7) AppleWebKit/537.36 (KHTML, like Gecko) Chrome/116.0.0.0 Mobile Safari/537.36"
4.197.236.122 - - [10/Jan/2026:15:47:15 +0000] "GET /.tresh/index.php HTTP/1.1" 404 564 "https://www.google.com/" "Mozilla/5.g (Linux; Android 13; Pixel 7) AppleWebKit/537.36 (KHTML, like Gecko) Chrome/116.0.0.0 Mobile Safari/537.36"
4.197.236.122 - - [10/Jan/2026:15:47:15 +0000] "GET /0.php HTTP/1.1" 301 178 "https://www.google.co.uk/" "Mozilla/5.0 (Linux; Android 13; M2101K6G) AppleWebKit/537.36 (KHTML, like Gecko) Chrome/116.0.0.0 Mobile Safari/537.36"
204.76.203.25 - - [10/Jan/2026:15:47:15 +0000] "GET /.env HTTP/1.1" 404 564 "-" "Mozilla/5.0 (Windows NT 10.0; Win64; x64) AppleWebKit/537.36 (KHTML, like Gecko) Chrome/134.0.0.0 Safari/537.3"
4.197.236.122 - - [10/Jan/2026:15:47:15 +0000] "GET /0.php HTTP/1.1" 404 564 "https://www.google.co.uk/" "Mozilla/5.0 (Linux; Android 13; M2101K6G) AppleWebKit/537.36 (KHTML, like Gecko) Chrome/116.0.0.0 Mobile Safari/537.36"
204.76.203.25 - - [10/Jan/2026:15:47:15 +0000] "GET /.env HTTP/1.1" 404 564 "-" "Mozilla/5.0 (Windows NT 10.0; Win64; x64) AppleWebKit/537.36 (KHTML, like Gecko) Chrome/134.0.0.0 Safari/537.3"
4.197.236.122 - - [10/Jan/2026:15:47:16 +0000] "GET /aa.php HTTP/1.1" 301 178 "https://www.google.fr/" "Mozilla/5.0 (iPhone; CPU iPhone OS 16_6_1 like Mac OS X) AppleWebKit/605.1.15 (KHTML, like Gecko) Version/16.6 Mobile/15E148 Safari/604.1"
204.76.203.25 - - [10/Jan/2026:15:47:16 +0000] "GET /.env HTTP/1.1" 404 564 "-" "Mozilla/5.0 (Windows NT 10.0; Win64; x64) AppleWebKit/537.36 (KHTML, like Gecko) Chrome/134.0.0.0 Safari/537.3"
4.197.236.122 - - [10/Jan/2026:15:47:16 +0000] "GET /aa.php HTTP/1.1" 404 162 "https://www.google.fr/" "Mozilla/5.0 (iPhone; CPU iPhone OS 16_6_1 like Mac OS X) AppleWebKit/605.1.15 (KHTML, like Gecko) Version/16.6 Mobile/15E148 Safari/604.1"
4.197.236.122 - - [10/Jan/2026:15:47:16 +0000] "GET /wp-content/themes/about.php HTTP/1.1" 301 178 "https://www.google.co.uk/" "Mozilla/5.0 (Linux; Android 12; SM-A525F) AppleWebKit/537.36 (KHTML, like Gecko) Chrome/117.0.0.0 Mobile Safari/537.36"
4.197.236.122 - - [10/Jan/2026:15:47:16 +0000] "GET /wp-content/themes/about.php HTTP/1.1" 404 564 "https://www.google.co.uk/" "Mozilla/5.0 (Linux; Android 12; SM-A525F) AppleWebKit/537.36 (KHTML, like Gecko) Chrome/117.0.0.0 Mobile Safari/537.36"
4.197.236.122 - - [10/Jan/2026:15:47:16 +0000] "GET /lock360.php HTTP/1.1" 301 178 "https://www.yahoo.com/" "Mozilla/5.0 (iPad; CPU OS 17_0_3 like Mac OS X) AppleWebKit/605.1.15 (KHTML, like Gecko) Version/17.0.1 Mobile/15E148 Safari/604.1"
4.197.236.122 - - [10/Jan/2026:15:47:17 +0000] "GET /lock360.php HTTP/1.1" 404 162 "https://www.yahoo.com/" "Mozilla/5.0 (iPad; CPU OS 17_0_3 like Mac OS X) AppleWebKit/605.1.15 (KHTML, like Gecko) Version/17.0.1 Mobile/15E148 Safari/604.1"
4.197.236.122 - - [10/Jan/2026:15:47:17 +0000] "GET /bgymj.php HTTP/1.1" 301 178 "https://www.google.fr/" "Mozilla/5.0 (Linux; Android 14; Pixel 8 Pro) AppleWebKit/537.36 (KHTML, like Gecko) Chrome/119.0.0.0 Mobile Safari/537.36"
4.197.236.122 - - [10/Jan/2026:15:47:17 +0000] "GET /bgymj.php HTTP/1.1" 404 564 "https://www.google.fr/" "Mozilla/5.0 (Linux; Android 14; Pixel 8 Pro) AppleWebKit/537.36 (KHTML, like Gecko) Chrome/119.0.0.0 Mobile Safari/537.36"
4.197.236.122 - - [10/Jan/2026:15:47:17 +0000] "GET /flower.php HTTP/1.1" 301 178 "https://www.bing.com/" "Mozilla/5.0 (Linux; Android 12; 2201116SG) AppleWebKit/537.36 (KHTML, like Gecko) Chrome/116.0.0.0 Mobile Safari/537.36"
4.197.236.122 - - [10/Jan/2026:15:47:17 +0000] "GET /flower.php HTTP/1.1" 404 564 "https://www.bing.com/" "Mozilla/5.0 (Linux; Android 12; 2201116SG) AppleWebKit/537.36 (KHTML, like Gecko) Chrome/116.0.0.0 Mobile Safari/537.36"
4.197.236.122 - - [10/Jan/2026:15:47:18 +0000] "GET /radio.php HTTP/1.1" 301 178 "https://www.yahoo.com/" "Mozilla/5.0 (Linux; Android 13; SM-S908E) AppleWebKit/537.36 (KHTML, like Gecko) Chrome/116.0.0.0 Mobile Safari/537.36"
4.197.236.122 - - [10/Jan/2026:15:47:18 +0000] "GET /radio.php HTTP/1.1" 404 564 "https://www.yahoo.com/" "Mozilla/5.0 (Linux; Android 13; SM-S908E) AppleWebKit/537.36 (KHTML, like Gecko) Chrome/116.0.0.0 Mobile Safari/537.36"
4.197.236.122 - - [10/Jan/2026:15:47:18 +0000] "GET /wp-admin/maint/about.php HTTP/1.1" 301 178 "https://www.google.fr/" "Mozilla/5.0 (Linux; Android 14; Pixel 8 Pro) AppleWebKit/537.36 (KHTML, like Gecko) Chrome/119.0.0.0 Mobile Safari/537.36"
4.197.236.122 - - [10/Jan/2026:15:47:18 +0000] "GET /wp-admin/maint/about.php HTTP/1.1" 404 564 "https://www.google.fr/" "Mozilla/5.0 (Linux; Android 14; Pixel 8 Pro) AppleWebKit/537.36 (KHTML, like Gecko) Chrome/119.0.0.0 Mobile Safari/537.36"
4.197.236.122 - - [10/Jan/2026:15:47:18 +0000] "GET /wp-content/plugins/index.php HTTP/1.1" 301 178 "https://www.bing.com/" "Mozilla/5.0 (iPhone; CPU iPhone OS 17_1 like Mac OS X) AppleWebKit/605.1.15 (KHTML, like Gecko) CriOS/119.0.6045.109 Mobile/15E148 Safari/604.1"
4.197.236.122 - - [10/Jan/2026:15:47:19 +0000] "GET /wp-content/plugins/index.php HTTP/1.1" 404 162 "https://www.bing.com/" "Mozilla/5.0 (iPhone; CPU iPhone OS 17_1 like Mac OS X) AppleWebKit/605.1.15 (KHTML, like Gecko) CriOS/119.0.6045.109 Mobile/15E148 Safari/604.1"
4.197.236.122 - - [10/Jan/2026:15:47:19 +0000] "GET /filemanager.php HTTP/1.1" 301 178 "https://www.google.co.uk/" "Mozilla/5.0 (Linux; Android 11; 21081111RG) AppleWebKit/537.36 (KHTML, like Gecko) Chrome/116.0.0.0 Mobile Safari/537.36"
4.197.236.122 - - [10/Jan/2026:15:47:19 +0000] "GET /filemanager.php HTTP/1.1" 404 564 "https://www.google.co.uk/" "Mozilla/5.0 (Linux; Android 11; 21081111RG) AppleWebKit/537.36 (KHTML, like Gecko) Chrome/116.0.0.0 Mobile Safari/537.36"
4.197.236.122 - - [10/Jan/2026:15:47:19 +0000] "GET /wp-includes/images/wp-login.php HTTP/1.1" 301 178 "https://www.bing.com/" "Mozilla/5.0 (Linux; Android 13; SM-G991U) AppleWebKit/537.36 (KHTML, like Gecko) Chrome/117.0.0.0 Mobile Safari/537.36"
4.197.236.122 - - [10/Jan/2026:15:47:19 +0000] "GET /wp-includes/images/wp-login.php HTTP/1.1" 404 564 "https://www.bing.com/" "Mozilla/5.0 (Linux; Android 13; SM-G991U) AppleWebKit/537.36 (KHTML, like Gecko) Chrome/117.0.0.0 Mobile Safari/537.36"
4.197.236.122 - - [10/Jan/2026:15:47:20 +0000] "GET /403.php HTTP/1.1" 301 178 "https://www.yahoo.com/" "Mozilla/5.0 (iPhone; CPU iPhone OS 17_1 like Mac OS X) AppleWebKit/605.1.15 (KHTML, like Gecko) CriOS/119.0.6045.109 Mobile/15E148 Safari/604.1"
4.197.236.122 - - [10/Jan/2026:15:47:20 +0000] "GET /403.php HTTP/1.1" 404 162 "https://www.yahoo.com/" "Mozilla/5.0 (iPhone; CPU iPhone OS 17_1 like Mac OS X) AppleWebKit/605.1.15 (KHTML, like Gecko) CriOS/119.0.6045.109 Mobile/15E148 Safari/604.1"
4.197.236.122 - - [10/Jan/2026:15:47:20 +0000] "GET /makeasmtp.php HTTP/1.1" 301 178 "https://www.google.co.uk/" "Mozilla/5.0 (iPad; CPU OS 16_7_2 like Mac OS X) AppleWebKit/605.1.15 (KHTML, like Gecko) Version/16.6 Mobile/15E148 Safari/604.1"
4.197.236.122 - - [10/Jan/2026:15:47:20 +0000] "GET /makeasmtp.php HTTP/1.1" 404 162 "https://www.google.co.uk/" "Mozilla/5.0 (iPad; CPU OS 16_7_2 like Mac OS X) AppleWebKit/605.1.15 (KHTML, like Gecko) Version/16.6 Mobile/15E148 Safari/604.1"
4.197.236.122 - - [10/Jan/2026:15:47:21 +0000] "GET /file5.php HTTP/1.1" 301 178 "https://www.bing.com/" "Mozilla/5.0 (Linux; Android 14; Pixel 8 Pro) AppleWebKit/537.36 (KHTML, like Gecko) Chrome/119.0.0.0 Mobile Safari/537.36"
4.197.236.122 - - [10/Jan/2026:15:47:21 +0000] "GET /file5.php HTTP/1.1" 404 564 "https://www.bing.com/" "Mozilla/5.0 (Linux; Android 14; Pixel 8 Pro) AppleWebKit/537.36 (KHTML, like Gecko) Chrome/119.0.0.0 Mobile Safari/537.36"
4.197.236.122 - - [10/Jan/2026:15:47:21 +0000] "GET /upload.php HTTP/1.1" 301 178 "https://www.google.fr/" "Mozilla/5.0 (Linux; Android 10; LM-Q720) AppleWebKit/537.36 (KHTML, like Gecko) Chrome/116.0.0.0 Mobile Safari/537.36"
4.197.236.122 - - [10/Jan/2026:15:47:21 +0000] "GET /upload.php HTTP/1.1" 404 564 "https://www.google.fr/" "Mozilla/5.0 (Linux; Android 10; LM-Q720) AppleWebKit/537.36 (KHTML, like Gecko) Chrome/116.0.0.0 Mobile Safari/537.36"
4.197.236.122 - - [10/Jan/2026:15:47:21 +0000] "GET /vx.php HTTP/1.1" 301 178 "https://www.google.de/" "Mozilla/5.0 (Linux; Android 13; SM-G991U) AppleWebKit/537.36 (KHTML, like Gecko) Chrome/117.0.0.0 Mobile Safari/537.36"
4.197.236.122 - - [10/Jan/2026:15:47:22 +0000] "GET /vx.php HTTP/1.1" 404 564 "https://www.google.de/" "Mozilla/5.0 (Linux; Android 13; SM-G991U) AppleWebKit/537.36 (KHTML, like Gecko) Chrome/117.0.0.0 Mobile Safari/537.36"
4.197.236.122 - - [10/Jan/2026:15:47:22 +0000] "GET /dropdown.php HTTP/1.1" 301 178 "https://www.google.co.uk/" "Mozilla/5.0 (Linux; Android 12; 2201116SG) AppleWebKit/537.36 (KHTML, like Gecko) Chrome/116.0.0.0 Mobile Safari/537.36"
4.197.236.122 - - [10/Jan/2026:15:47:22 +0000] "GET /dropdown.php HTTP/1.1" 404 564 "https://www.google.co.uk/" "Mozilla/5.0 (Linux; Android 12; 2201116SG) AppleWebKit/537.36 (KHTML, like Gecko) Chrome/116.0.0.0 Mobile Safari/537.36"
4.197.236.122 - - [10/Jan/2026:15:47:22 +0000] "GET /system.php HTTP/1.1" 301 178 "https://www.google.de/" "Mozilla/5.0 (Linux; Android 14; Pixel 8 Pro) AppleWebKit/537.36 (KHTML, like Gecko) Chrome/119.0.0.0 Mobile Safari/537.36"
4.197.236.122 - - [10/Jan/2026:15:47:22 +0000] "GET /system.php HTTP/1.1" 404 564 "https://www.google.de/" "Mozilla/5.0 (Linux; Android 14; Pixel 8 Pro) AppleWebKit/537.36 (KHTML, like Gecko) Chrome/119.0.0.0 Mobile Safari/537.36"
114.241.84.8 - - [10/Jan/2026:15:48:51 +0000] "GET / HTTP/1.1" 200 3458 "-" "Mozilla/5.0 (Linux; Android 16; V2303A) AppleWebKit/537.36 (KHTML, like Gecko) Chrome/131.0.6778.200 Mobile Safari/537.36 VivoBrowser/27.6.21.0"
114.241.84.8 - - [10/Jan/2026:15:48:56 +0000] "GET /plugins/bootstrap/css/bootstrap.min.css HTTP/1.1" 200 140942 "https://imgs2024.org/" "Mozilla/5.0 (Linux; Android 16; V2303A) AppleWebKit/537.36 (KHTML, like Gecko) Chrome/131.0.6778.200 Mobile Safari/537.36 VivoBrowser/27.6.21.0"
114.241.84.8 - - [10/Jan/2026:15:48:56 +0000] "GET /plugins/Ionicons/css/ionicons.min.css HTTP/1.1" 200 51295 "https://imgs2024.org/" "Mozilla/5.0 (Linux; Android 16; V2303A) AppleWebKit/537.36 (KHTML, like Gecko) Chrome/131.0.6778.200 Mobile Safari/537.36 VivoBrowser/27.6.21.0"
114.241.84.8 - - [10/Jan/2026:15:48:57 +0000] "GET /plugins/font-awesome/all.css HTTP/1.1" 200 71404 "https://imgs2024.org/" "Mozilla/5.0 (Linux; Android 16; V2303A) AppleWebKit/537.36 (KHTML, like Gecko) Chrome/131.0.6778.200 Mobile Safari/537.36 VivoBrowser/27.6.21.0"
114.241.84.8 - - [10/Jan/2026:15:48:57 +0000] "GET /plugins/animate-css/animate.css HTTP/1.1" 200 25427 "https://imgs2024.org/" "Mozilla/5.0 (Linux; Android 16; V2303A) AppleWebKit/537.36 (KHTML, like Gecko) Chrome/131.0.6778.200 Mobile Safari/537.36 VivoBrowser/27.6.21.0"
114.241.84.8 - - [10/Jan/2026:15:48:57 +0000] "GET /plugins/magnific-popup/dist/magnific-popup.css HTTP/1.1" 200 7302 "https://imgs2024.org/" "Mozilla/5.0 (Linux; Android 16; V2303A) AppleWebKit/537.36 (KHTML, like Gecko) Chrome/131.0.6778.200 Mobile Safari/537.36 VivoBrowser/27.6.21.0"
114.241.84.8 - - [10/Jan/2026:15:48:57 +0000] "GET /plugins/slick-carousel/slick/slick.css HTTP/1.1" 200 1895 "https://imgs2024.org/" "Mozilla/5.0 (Linux; Android 16; V2303A) AppleWebKit/537.36 (KHTML, like Gecko) Chrome/131.0.6778.200 Mobile Safari/537.36 VivoBrowser/27.6.21.0"
114.241.84.8 - - [10/Jan/2026:15:48:57 +0000] "GET /plugins/slick-carousel/slick/slick-theme.css HTTP/1.1" 200 3349 "https://imgs2024.org/" "Mozilla/5.0 (Linux; Android 16; V2303A) AppleWebKit/537.36 (KHTML, like Gecko) Chrome/131.0.6778.200 Mobile Safari/537.36 VivoBrowser/27.6.21.0"
114.241.84.8 - - [10/Jan/2026:15:48:57 +0000] "GET /css/style.css HTTP/1.1" 200 41102 "https://imgs2024.org/" "Mozilla/5.0 (Linux; Android 16; V2303A) AppleWebKit/537.36 (KHTML, like Gecko) Chrome/131.0.6778.200 Mobile Safari/537.36 VivoBrowser/27.6.21.0"
110.249.202.115 - - [10/Jan/2026:15:49:04 +0000] "GET / HTTP/1.1" 200 3458 "-" "Mozilla/5.0 (Linux; Android 5.0) AppleWebKit/537.36 (KHTML, like Gecko) Mobile Safari/537.36 (compatible; Bytespider; https://zhanzhang.toutiao.com/)"
110.249.201.106 - - [10/Jan/2026:15:49:05 +0000] "GET /robots.txt HTTP/1.1" 404 134 "-" "Mozilla/5.0 (Linux; Android 5.0) AppleWebKit/537.36 (KHTML, like Gecko) Mobile Safari/537.36 (compatible; Bytespider; https://zhanzhang.toutiao.com/)"
110.249.202.115 - - [10/Jan/2026:15:49:10 +0000] "GET /plugins/Ionicons/css/ionicons.min.css HTTP/1.1" 200 51295 "https://imgs2024.org/" "Mozilla/5.0 (Linux; Android 5.0) AppleWebKit/537.36 (KHTML, like Gecko) Mobile Safari/537.36 (compatible; Bytespider; https://zhanzhang.toutiao.com/)"
110.249.202.154 - - [10/Jan/2026:15:49:12 +0000] "GET /plugins/animate-css/animate.css HTTP/1.1" 200 25427 "https://imgs2024.org/" "Mozilla/5.0 (Linux; Android 5.0) AppleWebKit/537.36 (KHTML, like Gecko) Mobile Safari/537.36 (compatible; Bytespider; https://zhanzhang.toutiao.com/)"
110.249.202.65 - - [10/Jan/2026:15:49:12 +0000] "GET /plugins/bootstrap/css/bootstrap.min.css HTTP/1.1" 200 140942 "https://imgs2024.org/" "Mozilla/5.0 (Linux; Android 5.0) AppleWebKit/537.36 (KHTML, like Gecko) Mobile Safari/537.36 (compatible; Bytespider; https://zhanzhang.toutiao.com/)"
110.249.202.115 - - [10/Jan/2026:15:49:14 +0000] "GET /plugins/magnific-popup/dist/magnific-popup.css HTTP/1.1" 200 7302 "https://imgs2024.org/" "Mozilla/5.0 (Linux; Android 5.0) AppleWebKit/537.36 (KHTML, like Gecko) Mobile Safari/537.36 (compatible; Bytespider; https://zhanzhang.toutiao.com/)"
110.249.202.154 - - [10/Jan/2026:15:49:15 +0000] "GET /plugins/font-awesome/all.css HTTP/1.1" 200 71404 "https://imgs2024.org/" "Mozilla/5.0 (Linux; Android 5.0) AppleWebKit/537.36 (KHTML, like Gecko) Mobile Safari/537.36 (compatible; Bytespider; https://zhanzhang.toutiao.com/)"
110.249.202.65 - - [10/Jan/2026:15:49:16 +0000] "GET /plugins/slick-carousel/slick/slick-theme.css HTTP/1.1" 200 3349 "https://imgs2024.org/" "Mozilla/5.0 (Linux; Android 5.0) AppleWebKit/537.36 (KHTML, like Gecko) Mobile Safari/537.36 (compatible; Bytespider; https://zhanzhang.toutiao.com/)"
110.249.202.115 - - [10/Jan/2026:15:49:16 +0000] "GET /plugins/slick-carousel/slick/slick.css HTTP/1.1" 200 1895 "https://imgs2024.org/" "Mozilla/5.0 (Linux; Android 5.0) AppleWebKit/537.36 (KHTML, like Gecko) Mobile Safari/537.36 (compatible; Bytespider; https://zhanzhang.toutiao.com/)"
110.249.202.115 - - [10/Jan/2026:15:49:17 +0000] "GET /css/style.css HTTP/1.1" 200 41102 "https://imgs2024.org/" "Mozilla/5.0 (Linux; Android 5.0) AppleWebKit/537.36 (KHTML, like Gecko) Mobile Safari/537.36 (compatible; Bytespider; https://zhanzhang.toutiao.com/)"
110.249.202.65 - - [10/Jan/2026:15:49:17 +0000] "GET /plugins/jquery/jquery.js HTTP/1.1" 200 85582 "https://imgs2024.org/" "Mozilla/5.0 (Linux; Android 5.0) AppleWebKit/537.36 (KHTML, like Gecko) Mobile Safari/537.36 (compatible; Bytespider; https://zhanzhang.toutiao.com/)"
110.249.202.154 - - [10/Jan/2026:15:49:18 +0000] "GET /plugins/bootstrap/js/bootstrap.min.js HTTP/1.1" 200 51045 "https://imgs2024.org/" "Mozilla/5.0 (Linux; Android 5.0) AppleWebKit/537.36 (KHTML, like Gecko) Mobile Safari/537.36 (compatible; Bytespider; https://zhanzhang.toutiao.com/)"
110.249.202.115 - - [10/Jan/2026:15:49:20 +0000] "GET /images/about/event.jpg HTTP/1.1" 206 500 "https://imgs2024.org/" "Mozilla/5.0 (Linux; Android 5.0) AppleWebKit/537.36 (KHTML, like Gecko) Mobile Safari/537.36 (compatible; Bytespider; https://zhanzhang.toutiao.com/)"
110.249.202.115 - - [10/Jan/2026:15:49:20 +0000] "GET /images/banner/banner-2.jpg HTTP/1.1" 206 500 "https://imgs2024.org/css/style.css" "Mozilla/5.0 (Linux; Android 5.0) AppleWebKit/537.36 (KHTML, like Gecko) Mobile Safari/537.36 (compatible; Bytespider; https://zhanzhang.toutiao.com/)"
110.249.202.154 - - [10/Jan/2026:15:49:20 +0000] "GET /plugins/easing/easing.js HTTP/1.1" 200 9591 "https://imgs2024.org/" "Mozilla/5.0 (Linux; Android 5.0) AppleWebKit/537.36 (KHTML, like Gecko) Mobile Safari/537.36 (compatible; Bytespider; https://zhanzhang.toutiao.com/)"
110.249.202.115 - - [10/Jan/2026:15:49:21 +0000] "GET /plugins/easing/waypoint.js HTTP/1.1" 200 8051 "https://imgs2024.org/" "Mozilla/5.0 (Linux; Android 5.0) AppleWebKit/537.36 (KHTML, like Gecko) Mobile Safari/537.36 (compatible; Bytespider; https://zhanzhang.toutiao.com/)"
110.249.202.115 - - [10/Jan/2026:15:49:21 +0000] "GET /plugins/google-map/gmap3.min.js HTTP/1.1" 200 9828 "https://imgs2024.org/" "Mozilla/5.0 (Linux; Android 5.0) AppleWebKit/537.36 (KHTML, like Gecko) Mobile Safari/537.36 (compatible; Bytespider; https://zhanzhang.toutiao.com/)"
110.249.202.154 - - [10/Jan/2026:15:49:23 +0000] "GET /plugins/magnific-popup/dist/jquery.magnific-popup.js HTTP/1.1" 200 43589 "https://imgs2024.org/" "Mozilla/5.0 (Linux; Android 5.0) AppleWebKit/537.36 (KHTML, like Gecko) Mobile Safari/537.36 (compatible; Bytespider; https://zhanzhang.toutiao.com/)"
110.249.202.154 - - [10/Jan/2026:15:49:26 +0000] "GET /js/script.js HTTP/1.1" 200 3318 "https://imgs2024.org/" "Mozilla/5.0 (Linux; Android 5.0) AppleWebKit/537.36 (KHTML, like Gecko) Mobile Safari/537.36 (compatible; Bytespider; https://zhanzhang.toutiao.com/)"
110.249.202.154 - - [10/Jan/2026:15:49:27 +0000] "GET /images/about/pattern.png HTTP/1.1" 206 500 "https://imgs2024.org/css/style.css" "Mozilla/5.0 (Linux; Android 5.0) AppleWebKit/537.36 (KHTML, like Gecko) Mobile Safari/537.36 (compatible; Bytespider; https://zhanzhang.toutiao.com/)"
110.249.202.154 - - [10/Jan/2026:15:49:28 +0000] "GET /images/bg/footer-bg.jpg HTTP/1.1" 206 500 "https://imgs2024.org/css/style.css" "Mozilla/5.0 (Linux; Android 5.0) AppleWebKit/537.36 (KHTML, like Gecko) Mobile Safari/537.36 (compatible; Bytespider; https://zhanzhang.toutiao.com/)"
4.218.10.48 - - [10/Jan/2026:15:49:35 +0000] "GET /files.php HTTP/1.1" 301 178 "https://www.google.com/" "Mozilla/5.0 (Linux; Android 12; SM-A525F) AppleWebKit/537.36 (KHTML, like Gecko) Chrome/117.0.0.0 Mobile Safari/537.36"
4.218.10.48 - - [10/Jan/2026:15:49:35 +0000] "GET /files.php HTTP/1.1" 404 564 "https://www.google.com/" "Mozilla/5.0 (Linux; Android 12; SM-A525F) AppleWebKit/537.36 (KHTML, like Gecko) Chrome/117.0.0.0 Mobile Safari/537.36"
4.218.10.48 - - [10/Jan/2026:15:49:36 +0000] "GET /ws.php HTTP/1.1" 301 178 "https://www.google.co.uk/" "Mozilla/5.0 (iPad; CPU OS 17_0_3 like Mac OS X) AppleWebKit/605.1.15 (KHTML, like Gecko) Version/17.0.1 Mobile/15E148 Safari/604.1"
4.218.10.48 - - [10/Jan/2026:15:49:36 +0000] "GET /ws.php HTTP/1.1" 404 162 "https://www.google.co.uk/" "Mozilla/5.0 (iPad; CPU OS 17_0_3 like Mac OS X) AppleWebKit/605.1.15 (KHTML, like Gecko) Version/17.0.1 Mobile/15E148 Safari/604.1"
4.218.10.48 - - [10/Jan/2026:15:49:36 +0000] "GET /NewFile.php HTTP/1.1" 301 178 "https://www.google.fr/" "Mozilla/5.0 (iPhone; CPU iPhone OS 16_6_1 like Mac OS X) AppleWebKit/605.1.15 (KHTML, like Gecko) Version/16.6 Mobile/15E148 Safari/604.1"
4.218.10.48 - - [10/Jan/2026:15:49:36 +0000] "GET /NewFile.php HTTP/1.1" 404 162 "https://www.google.fr/" "Mozilla/5.0 (iPhone; CPU iPhone OS 16_6_1 like Mac OS X) AppleWebKit/605.1.15 (KHTML, like Gecko) Version/16.6 Mobile/15E148 Safari/604.1"
4.218.10.48 - - [10/Jan/2026:15:49:36 +0000] "GET /mail.php HTTP/1.1" 301 178 "https://duckduckgo.com/" "Mozilla/5.0 (Linux; Android 13; M2101K6G) AppleWebKit/537.36 (KHTML, like Gecko) Chrome/116.0.0.0 Mobile Safari/537.36"
4.218.10.48 - - [10/Jan/2026:15:49:36 +0000] "GET /mail.php HTTP/1.1" 404 564 "https://duckduckgo.com/" "Mozilla/5.0 (Linux; Android 13; M2101K6G) AppleWebKit/537.36 (KHTML, like Gecko) Chrome/116.0.0.0 Mobile Safari/537.36"
4.218.10.48 - - [10/Jan/2026:15:49:37 +0000] "GET /tiny.php HTTP/1.1" 301 178 "https://www.google.de/" "Mozilla/5.g (Linux; Android 13; Pixel 7) AppleWebKit/537.36 (KHTML, like Gecko) Chrome/116.0.0.0 Mobile Safari/537.36"
111.225.148.4 - - [10/Jan/2026:15:49:37 +0000] "GET /robots.txt HTTP/1.1" 301 178 "-" "Mozilla/5.0 (Linux; Android 5.0) AppleWebKit/537.36 (KHTML, like Gecko) Mobile Safari/537.36 (compatible; Bytespider; https://zhanzhang.toutiao.com/)"
4.218.10.48 - - [10/Jan/2026:15:49:37 +0000] "GET /tiny.php HTTP/1.1" 404 564 "https://www.google.de/" "Mozilla/5.g (Linux; Android 13; Pixel 7) AppleWebKit/537.36 (KHTML, like Gecko) Chrome/116.0.0.0 Mobile Safari/537.36"
4.218.10.48 - - [10/Jan/2026:15:49:37 +0000] "GET /wp-content/about.php HTTP/1.1" 301 178 "https://www.google.com/" "Mozilla/5.0 (iPad; CPU OS 17_0_3 like Mac OS X) AppleWebKit/605.1.15 (KHTML, like Gecko) Version/17.0.1 Mobile/15E148 Safari/604.1"
4.218.10.48 - - [10/Jan/2026:15:49:37 +0000] "GET /wp-content/about.php HTTP/1.1" 404 162 "https://www.google.com/" "Mozilla/5.0 (iPad; CPU OS 17_0_3 like Mac OS X) AppleWebKit/605.1.15 (KHTML, like Gecko) Version/17.0.1 Mobile/15E148 Safari/604.1"
4.218.10.48 - - [10/Jan/2026:15:49:37 +0000] "GET /wp-content/themes/seotheme/mar.php HTTP/1.1" 301 178 "https://www.google.com/" "Mozilla/5.0 (Linux; Android 12; SM-A525F) AppleWebKit/537.36 (KHTML, like Gecko) Chrome/117.0.0.0 Mobile Safari/537.36"
4.218.10.48 - - [10/Jan/2026:15:49:38 +0000] "GET /wp-content/themes/seotheme/mar.php HTTP/1.1" 404 564 "https://www.google.com/" "Mozilla/5.0 (Linux; Android 12; SM-A525F) AppleWebKit/537.36 (KHTML, like Gecko) Chrome/117.0.0.0 Mobile Safari/537.36"
4.218.10.48 - - [10/Jan/2026:15:49:38 +0000] "GET /system_log.php HTTP/1.1" 301 178 "https://www.bing.com/" "Mozilla/5.0 (iPad; CPU OS 17_0_3 like Mac OS X) AppleWebKit/605.1.15 (KHTML, like Gecko) Version/17.0.1 Mobile/15E148 Safari/604.1"
4.218.10.48 - - [10/Jan/2026:15:49:38 +0000] "GET /system_log.php HTTP/1.1" 404 162 "https://www.bing.com/" "Mozilla/5.0 (iPad; CPU OS 17_0_3 like Mac OS X) AppleWebKit/605.1.15 (KHTML, like Gecko) Version/17.0.1 Mobile/15E148 Safari/604.1"
4.218.10.48 - - [10/Jan/2026:15:49:38 +0000] "GET /wp-content/uploads/index.php HTTP/1.1" 301 178 "https://duckduckgo.com/" "Mozilla/5.0 (Linux; Android 14; Pixel 8 Pro) AppleWebKit/537.36 (KHTML, like Gecko) Chrome/119.0.0.0 Mobile Safari/537.36"
4.218.10.48 - - [10/Jan/2026:15:49:38 +0000] "GET /wp-content/uploads/index.php HTTP/1.1" 404 564 "https://duckduckgo.com/" "Mozilla/5.0 (Linux; Android 14; Pixel 8 Pro) AppleWebKit/537.36 (KHTML, like Gecko) Chrome/119.0.0.0 Mobile Safari/537.36"
4.218.10.48 - - [10/Jan/2026:15:49:38 +0000] "GET /.well-known/wso112233.php HTTP/1.1" 301 178 "https://www.google.fr/" "Mozilla/5.0 (iPhone; CPU iPhone OS 17_1_1 like Mac OS X) AppleWebKit/605.1.15 (KHTML, like Gecko) Version/17.1 Mobile/15E148 Safari/604.1"
4.218.10.48 - - [10/Jan/2026:15:49:39 +0000] "GET /.well-known/wso112233.php HTTP/1.1" 404 162 "https://www.google.fr/" "Mozilla/5.0 (iPhone; CPU iPhone OS 17_1_1 like Mac OS X) AppleWebKit/605.1.15 (KHTML, like Gecko) Version/17.1 Mobile/15E148 Safari/604.1"
4.218.10.48 - - [10/Jan/2026:15:49:39 +0000] "GET /log.php HTTP/1.1" 301 178 "https://www.yahoo.com/" "Mozilla/5.0 (iPhone; CPU iPhone OS 16_6_1 like Mac OS X) AppleWebKit/605.1.15 (KHTML, like Gecko) Version/16.6 Mobile/15E148 Safari/604.1"
4.218.10.48 - - [10/Jan/2026:15:49:39 +0000] "GET /log.php HTTP/1.1" 404 162 "https://www.yahoo.com/" "Mozilla/5.0 (iPhone; CPU iPhone OS 16_6_1 like Mac OS X) AppleWebKit/605.1.15 (KHTML, like Gecko) Version/16.6 Mobile/15E148 Safari/604.1"
4.218.10.48 - - [10/Jan/2026:15:49:39 +0000] "GET /wp-content/plugins HTTP/1.1" 301 178 "https://www.google.co.uk/" "Mozilla/5.0 (iPhone; CPU iPhone OS 16_0 like Mac OS X) AppleWebKit/605.1.15 (KHTML, like Gecko) FxiOS/118.0 Mobile/15E148 Safari/605.1.15"
4.218.10.48 - - [10/Jan/2026:15:49:39 +0000] "GET /wp-content/plugins HTTP/1.1" 404 162 "https://www.google.co.uk/" "Mozilla/5.0 (iPhone; CPU iPhone OS 16_0 like Mac OS X) AppleWebKit/605.1.15 (KHTML, like Gecko) FxiOS/118.0 Mobile/15E148 Safari/605.1.15"
4.218.10.48 - - [10/Jan/2026:15:49:40 +0000] "GET /wp-content/plugins/autoload_classmap.php HTTP/1.1" 301 178 "https://duckduckgo.com/" "Mozilla/5.0 (Linux; Android 11; 21081111RG) AppleWebKit/537.36 (KHTML, like Gecko) Chrome/116.0.0.0 Mobile Safari/537.36"
111.225.148.12 - - [10/Jan/2026:15:49:40 +0000] "GET /robots.txt HTTP/1.1" 404 134 "-" "Mozilla/5.0 (Linux; Android 5.0) AppleWebKit/537.36 (KHTML, like Gecko) Mobile Safari/537.36 (compatible; Bytespider; https://zhanzhang.toutiao.com/)"
4.218.10.48 - - [10/Jan/2026:15:49:40 +0000] "GET /wp-content/plugins/autoload_classmap.php HTTP/1.1" 404 564 "https://duckduckgo.com/" "Mozilla/5.0 (Linux; Android 11; 21081111RG) AppleWebKit/537.36 (KHTML, like Gecko) Chrome/116.0.0.0 Mobile Safari/537.36"
4.218.10.48 - - [10/Jan/2026:15:49:40 +0000] "GET /wp-includes HTTP/1.1" 301 178 "https://www.google.com/" "Mozilla/5.0 (iPad; CPU OS 17_0_3 like Mac OS X) AppleWebKit/605.1.15 (KHTML, like Gecko) Version/17.0.1 Mobile/15E148 Safari/604.1"
140.179.148.12 - - [10/Jan/2026:15:49:40 +0000] "GET / HTTP/1.1" 200 3458 "-" "Mozilla/5.0 (Linux; Android 10; HD1900 Build/QKQ1.190716.003; wv) AppleWebKit/537.36 (KHTML, like Gecko) Version/4.0 Chrome/75.0.3770.156 Mobile Safari/537.36  aweme_230400 JsSdk/1.0 NetType/WIFI  AppName/aweme app_version/23.4.0 ByteLocale/zh-CN Region/CN AppSkin/white AppTheme/light BytedanceWebview/d8a21c6 WebView/075113004008"
4.218.10.48 - - [10/Jan/2026:15:49:40 +0000] "GET /wp-includes HTTP/1.1" 404 162 "https://www.google.com/" "Mozilla/5.0 (iPad; CPU OS 17_0_3 like Mac OS X) AppleWebKit/605.1.15 (KHTML, like Gecko) Version/17.0.1 Mobile/15E148 Safari/604.1"
4.218.10.48 - - [10/Jan/2026:15:49:40 +0000] "GET /themes.php HTTP/1.1" 301 178 "https://www.google.co.uk/" "Mozilla/5.0 (Linux; Android 12; V2134) AppleWebKit/537.36 (KHTML, like Gecko) Chrome/116.0.0.0 Mobile Safari/537.36"
4.218.10.48 - - [10/Jan/2026:15:49:40 +0000] "GET /themes.php HTTP/1.1" 404 564 "https://www.google.co.uk/" "Mozilla/5.0 (Linux; Android 12; V2134) AppleWebKit/537.36 (KHTML, like Gecko) Chrome/116.0.0.0 Mobile Safari/537.36"
4.218.10.48 - - [10/Jan/2026:15:49:41 +0000] "GET /wp-admin/includes/index.php HTTP/1.1" 301 178 "https://www.google.de/" "Mozilla/5.0 (Linux; Android 13; M2101K6G) AppleWebKit/537.36 (KHTML, like Gecko) Chrome/116.0.0.0 Mobile Safari/537.36"
4.218.10.48 - - [10/Jan/2026:15:49:41 +0000] "GET /wp-admin/includes/index.php HTTP/1.1" 404 564 "https://www.google.de/" "Mozilla/5.0 (Linux; Android 13; M2101K6G) AppleWebKit/537.36 (KHTML, like Gecko) Chrome/116.0.0.0 Mobile Safari/537.36"
4.218.10.48 - - [10/Jan/2026:15:49:41 +0000] "GET /wp-admin/images/index.php HTTP/1.1" 301 178 "https://duckduckgo.com/" "Mozilla/5.0 (iPad; CPU OS 16_7_2 like Mac OS X) AppleWebKit/605.1.15 (KHTML, like Gecko) Version/16.6 Mobile/15E148 Safari/604.1"
140.179.148.12 - - [10/Jan/2026:15:49:41 +0000] "GET /plugins/bootstrap/css/bootstrap.min.css HTTP/1.1" 200 140942 "https://imgs2024.org/" "Mozilla/5.0 (Linux; Android 10; HD1900 Build/QKQ1.190716.003; wv) AppleWebKit/537.36 (KHTML, like Gecko) Version/4.0 Chrome/75.0.3770.156 Mobile Safari/537.36  aweme_230400 JsSdk/1.0 NetType/WIFI  AppName/aweme app_version/23.4.0 ByteLocale/zh-CN Region/CN AppSkin/white AppTheme/light BytedanceWebview/d8a21c6 WebView/075113004008"
4.218.10.48 - - [10/Jan/2026:15:49:41 +0000] "GET /wp-admin/images/index.php HTTP/1.1" 404 162 "https://duckduckgo.com/" "Mozilla/5.0 (iPad; CPU OS 16_7_2 like Mac OS X) AppleWebKit/605.1.15 (KHTML, like Gecko) Version/16.6 Mobile/15E148 Safari/604.1"
4.218.10.48 - - [10/Jan/2026:15:49:41 +0000] "GET /.well-known/acme-challenge/index.php HTTP/1.1" 301 178 "https://www.yahoo.com/" "Mozilla/5.0 (Linux; Android 11; 21081111RG) AppleWebKit/537.36 (KHTML, like Gecko) Chrome/116.0.0.0 Mobile Safari/537.36"
4.218.10.48 - - [10/Jan/2026:15:49:42 +0000] "GET /.well-known/acme-challenge/index.php HTTP/1.1" 404 564 "https://www.yahoo.com/" "Mozilla/5.0 (Linux; Android 11; 21081111RG) AppleWebKit/537.36 (KHTML, like Gecko) Chrome/116.0.0.0 Mobile Safari/537.36"
140.179.148.12 - - [10/Jan/2026:15:49:42 +0000] "GET /plugins/Ionicons/css/ionicons.min.css HTTP/1.1" 200 51295 "https://imgs2024.org/" "Mozilla/5.0 (Linux; Android 10; HD1900 Build/QKQ1.190716.003; wv) AppleWebKit/537.36 (KHTML, like Gecko) Version/4.0 Chrome/75.0.3770.156 Mobile Safari/537.36  aweme_230400 JsSdk/1.0 NetType/WIFI  AppName/aweme app_version/23.4.0 ByteLocale/zh-CN Region/CN AppSkin/white AppTheme/light BytedanceWebview/d8a21c6 WebView/075113004008"
4.218.10.48 - - [10/Jan/2026:15:49:42 +0000] "GET /post.php HTTP/1.1" 301 178 "https://www.google.fr/" "Mozilla/5.0 (Linux; Android 13; M2101K6G) AppleWebKit/537.36 (KHTML, like Gecko) Chrome/116.0.0.0 Mobile Safari/537.36"
4.218.10.48 - - [10/Jan/2026:15:49:42 +0000] "GET /post.php HTTP/1.1" 404 564 "https://www.google.fr/" "Mozilla/5.0 (Linux; Android 13; M2101K6G) AppleWebKit/537.36 (KHTML, like Gecko) Chrome/116.0.0.0 Mobile Safari/537.36"
4.218.10.48 - - [10/Jan/2026:15:49:42 +0000] "GET /wp-includes/Text/about.php HTTP/1.1" 301 178 "https://www.google.fr/" "Mozilla/5.0 (Linux; Android 13; SM-G991U) AppleWebKit/537.36 (KHTML, like Gecko) Chrome/117.0.0.0 Mobile Safari/537.36"
4.218.10.48 - - [10/Jan/2026:15:49:42 +0000] "GET /wp-includes/Text/about.php HTTP/1.1" 404 564 "https://www.google.fr/" "Mozilla/5.0 (Linux; Android 13; SM-G991U) AppleWebKit/537.36 (KHTML, like Gecko) Chrome/117.0.0.0 Mobile Safari/537.36"
140.179.148.12 - - [10/Jan/2026:15:49:42 +0000] "GET /plugins/font-awesome/all.css HTTP/1.1" 200 71404 "https://imgs2024.org/" "Mozilla/5.0 (Linux; Android 10; HD1900 Build/QKQ1.190716.003; wv) AppleWebKit/537.36 (KHTML, like Gecko) Version/4.0 Chrome/75.0.3770.156 Mobile Safari/537.36  aweme_230400 JsSdk/1.0 NetType/WIFI  AppName/aweme app_version/23.4.0 ByteLocale/zh-CN Region/CN AppSkin/white AppTheme/light BytedanceWebview/d8a21c6 WebView/075113004008"
140.179.148.12 - - [10/Jan/2026:15:49:42 +0000] "GET /plugins/animate-css/animate.css HTTP/1.1" 200 25427 "https://imgs2024.org/" "Mozilla/5.0 (Linux; Android 10; HD1900 Build/QKQ1.190716.003; wv) AppleWebKit/537.36 (KHTML, like Gecko) Version/4.0 Chrome/75.0.3770.156 Mobile Safari/537.36  aweme_230400 JsSdk/1.0 NetType/WIFI  AppName/aweme app_version/23.4.0 ByteLocale/zh-CN Region/CN AppSkin/white AppTheme/light BytedanceWebview/d8a21c6 WebView/075113004008"
4.218.10.48 - - [10/Jan/2026:15:49:42 +0000] "GET /alfa-rex.php7 HTTP/1.1" 301 178 "https://www.google.de/" "Mozilla/5.0 (iPhone; CPU iPhone OS 17_1_1 like Mac OS X) AppleWebKit/605.1.15 (KHTML, like Gecko) Version/17.1 Mobile/15E148 Safari/604.1"
4.218.10.48 - - [10/Jan/2026:15:49:43 +0000] "GET /alfa-rex.php7 HTTP/1.1" 404 162 "https://www.google.de/" "Mozilla/5.0 (iPhone; CPU iPhone OS 17_1_1 like Mac OS X) AppleWebKit/605.1.15 (KHTML, like Gecko) Version/17.1 Mobile/15E148 Safari/604.1"
140.179.148.12 - - [10/Jan/2026:15:49:43 +0000] "GET /plugins/magnific-popup/dist/magnific-popup.css HTTP/1.1" 200 7302 "https://imgs2024.org/" "Mozilla/5.0 (Linux; Android 10; HD1900 Build/QKQ1.190716.003; wv) AppleWebKit/537.36 (KHTML, like Gecko) Version/4.0 Chrome/75.0.3770.156 Mobile Safari/537.36  aweme_230400 JsSdk/1.0 NetType/WIFI  AppName/aweme app_version/23.4.0 ByteLocale/zh-CN Region/CN AppSkin/white AppTheme/light BytedanceWebview/d8a21c6 WebView/075113004008"
4.218.10.48 - - [10/Jan/2026:15:49:43 +0000] "GET /options.php HTTP/1.1" 301 178 "https://www.google.com/" "Mozilla/5.0 (iPhone; CPU iPhone OS 17_1 like Mac OS X) AppleWebKit/605.1.15 (KHTML, like Gecko) CriOS/119.0.6045.109 Mobile/15E148 Safari/604.1"
140.179.148.12 - - [10/Jan/2026:15:49:43 +0000] "GET /plugins/slick-carousel/slick/slick.css HTTP/1.1" 200 1895 "https://imgs2024.org/" "Mozilla/5.0 (Linux; Android 10; HD1900 Build/QKQ1.190716.003; wv) AppleWebKit/537.36 (KHTML, like Gecko) Version/4.0 Chrome/75.0.3770.156 Mobile Safari/537.36  aweme_230400 JsSdk/1.0 NetType/WIFI  AppName/aweme app_version/23.4.0 ByteLocale/zh-CN Region/CN AppSkin/white AppTheme/light BytedanceWebview/d8a21c6 WebView/075113004008"
4.218.10.48 - - [10/Jan/2026:15:49:43 +0000] "GET /options.php HTTP/1.1" 404 162 "https://www.google.com/" "Mozilla/5.0 (iPhone; CPU iPhone OS 17_1 like Mac OS X) AppleWebKit/605.1.15 (KHTML, like Gecko) CriOS/119.0.6045.109 Mobile/15E148 Safari/604.1"
140.179.148.12 - - [10/Jan/2026:15:49:43 +0000] "GET /plugins/slick-carousel/slick/slick-theme.css HTTP/1.1" 200 3349 "https://imgs2024.org/" "Mozilla/5.0 (Linux; Android 10; HD1900 Build/QKQ1.190716.003; wv) AppleWebKit/537.36 (KHTML, like Gecko) Version/4.0 Chrome/75.0.3770.156 Mobile Safari/537.36  aweme_230400 JsSdk/1.0 NetType/WIFI  AppName/aweme app_version/23.4.0 ByteLocale/zh-CN Region/CN AppSkin/white AppTheme/light BytedanceWebview/d8a21c6 WebView/075113004008"
140.179.148.12 - - [10/Jan/2026:15:49:43 +0000] "GET /css/style.css HTTP/1.1" 200 41102 "https://imgs2024.org/" "Mozilla/5.0 (Linux; Android 10; HD1900 Build/QKQ1.190716.003; wv) AppleWebKit/537.36 (KHTML, like Gecko) Version/4.0 Chrome/75.0.3770.156 Mobile Safari/537.36  aweme_230400 JsSdk/1.0 NetType/WIFI  AppName/aweme app_version/23.4.0 ByteLocale/zh-CN Region/CN AppSkin/white AppTheme/light BytedanceWebview/d8a21c6 WebView/075113004008"
4.218.10.48 - - [10/Jan/2026:15:49:43 +0000] "GET /wp-admin/about.php HTTP/1.1" 301 178 "https://www.google.com/" "Mozilla/5.0 (Linux; Android 13; SM-G991U) AppleWebKit/537.36 (KHTML, like Gecko) Chrome/117.0.0.0 Mobile Safari/537.36"
140.179.148.12 - - [10/Jan/2026:15:49:43 +0000] "GET /plugins/jquery/jquery.js HTTP/1.1" 200 85582 "https://imgs2024.org/" "Mozilla/5.0 (Linux; Android 10; HD1900 Build/QKQ1.190716.003; wv) AppleWebKit/537.36 (KHTML, like Gecko) Version/4.0 Chrome/75.0.3770.156 Mobile Safari/537.36  aweme_230400 JsSdk/1.0 NetType/WIFI  AppName/aweme app_version/23.4.0 ByteLocale/zh-CN Region/CN AppSkin/white AppTheme/light BytedanceWebview/d8a21c6 WebView/075113004008"
140.179.148.12 - - [10/Jan/2026:15:49:43 +0000] "GET /images/about/event.jpg HTTP/1.1" 200 94096 "https://imgs2024.org/" "Mozilla/5.0 (Linux; Android 10; HD1900 Build/QKQ1.190716.003; wv) AppleWebKit/537.36 (KHTML, like Gecko) Version/4.0 Chrome/75.0.3770.156 Mobile Safari/537.36  aweme_230400 JsSdk/1.0 NetType/WIFI  AppName/aweme app_version/23.4.0 ByteLocale/zh-CN Region/CN AppSkin/white AppTheme/light BytedanceWebview/d8a21c6 WebView/075113004008"
4.218.10.48 - - [10/Jan/2026:15:49:43 +0000] "GET /wp-admin/about.php HTTP/1.1" 404 564 "https://www.google.com/" "Mozilla/5.0 (Linux; Android 13; SM-G991U) AppleWebKit/537.36 (KHTML, like Gecko) Chrome/117.0.0.0 Mobile Safari/537.36"
4.218.10.48 - - [10/Jan/2026:15:49:44 +0000] "GET /wordpress/wp-admin/maint HTTP/1.1" 301 178 "https://www.bing.com/" "Mozilla/5.0 (Linux; Android 11; 21081111RG) AppleWebKit/537.36 (KHTML, like Gecko) Chrome/116.0.0.0 Mobile Safari/537.36"
140.179.148.12 - - [10/Jan/2026:15:49:44 +0000] "GET /plugins/bootstrap/js/bootstrap.min.js HTTP/1.1" 200 51045 "https://imgs2024.org/" "Mozilla/5.0 (Linux; Android 10; HD1900 Build/QKQ1.190716.003; wv) AppleWebKit/537.36 (KHTML, like Gecko) Version/4.0 Chrome/75.0.3770.156 Mobile Safari/537.36  aweme_230400 JsSdk/1.0 NetType/WIFI  AppName/aweme app_version/23.4.0 ByteLocale/zh-CN Region/CN AppSkin/white AppTheme/light BytedanceWebview/d8a21c6 WebView/075113004008"
4.218.10.48 - - [10/Jan/2026:15:49:44 +0000] "GET /wordpress/wp-admin/maint HTTP/1.1" 404 564 "https://www.bing.com/" "Mozilla/5.0 (Linux; Android 11; 21081111RG) AppleWebKit/537.36 (KHTML, like Gecko) Chrome/116.0.0.0 Mobile Safari/537.36"
140.179.148.12 - - [10/Jan/2026:15:49:44 +0000] "GET /plugins/easing/easing.js HTTP/1.1" 200 9591 "https://imgs2024.org/" "Mozilla/5.0 (Linux; Android 10; HD1900 Build/QKQ1.190716.003; wv) AppleWebKit/537.36 (KHTML, like Gecko) Version/4.0 Chrome/75.0.3770.156 Mobile Safari/537.36  aweme_230400 JsSdk/1.0 NetType/WIFI  AppName/aweme app_version/23.4.0 ByteLocale/zh-CN Region/CN AppSkin/white AppTheme/light BytedanceWebview/d8a21c6 WebView/075113004008"
4.218.10.48 - - [10/Jan/2026:15:49:44 +0000] "GET /wp-admin/classwithtostring.php HTTP/1.1" 301 178 "https://www.google.co.uk/" "Mozilla/5.0 (iPhone; CPU iPhone OS 17_1 like Mac OS X) AppleWebKit/605.1.15 (KHTML, like Gecko) CriOS/119.0.6045.109 Mobile/15E148 Safari/604.1"
4.218.10.48 - - [10/Jan/2026:15:49:44 +0000] "GET /wp-admin/classwithtostring.php HTTP/1.1" 404 162 "https://www.google.co.uk/" "Mozilla/5.0 (iPhone; CPU iPhone OS 17_1 like Mac OS X) AppleWebKit/605.1.15 (KHTML, like Gecko) CriOS/119.0.6045.109 Mobile/15E148 Safari/604.1"
140.179.148.12 - - [10/Jan/2026:15:49:44 +0000] "GET /images/banner/banner-2.jpg HTTP/1.1" 200 128124 "https://imgs2024.org/css/style.css" "Mozilla/5.0 (Linux; Android 10; HD1900 Build/QKQ1.190716.003; wv) AppleWebKit/537.36 (KHTML, like Gecko) Version/4.0 Chrome/75.0.3770.156 Mobile Safari/537.36  aweme_230400 JsSdk/1.0 NetType/WIFI  AppName/aweme app_version/23.4.0 ByteLocale/zh-CN Region/CN AppSkin/white AppTheme/light BytedanceWebview/d8a21c6 WebView/075113004008"
4.218.10.48 - - [10/Jan/2026:15:49:44 +0000] "GET /hplfuns.php HTTP/1.1" 301 178 "https://www.bing.com/" "Mozilla/5.0 (Linux; Android 14; Pixel 8 Pro) AppleWebKit/537.36 (KHTML, like Gecko) Chrome/119.0.0.0 Mobile Safari/537.36"
140.179.148.12 - - [10/Jan/2026:15:49:44 +0000] "GET /plugins/magnific-popup/dist/jquery.magnific-popup.js HTTP/1.1" 200 43589 "https://imgs2024.org/" "Mozilla/5.0 (Linux; Android 10; HD1900 Build/QKQ1.190716.003; wv) AppleWebKit/537.36 (KHTML, like Gecko) Version/4.0 Chrome/75.0.3770.156 Mobile Safari/537.36  aweme_230400 JsSdk/1.0 NetType/WIFI  AppName/aweme app_version/23.4.0 ByteLocale/zh-CN Region/CN AppSkin/white AppTheme/light BytedanceWebview/d8a21c6 WebView/075113004008"
4.218.10.48 - - [10/Jan/2026:15:49:45 +0000] "GET /hplfuns.php HTTP/1.1" 404 564 "https://www.bing.com/" "Mozilla/5.0 (Linux; Android 14; Pixel 8 Pro) AppleWebKit/537.36 (KHTML, like Gecko) Chrome/119.0.0.0 Mobile Safari/537.36"
