File: //proc/self/root/var/log/nginx/gsudice.dataconn.net.access.log.1
74.7.230.0 - - [06/Nov/2025:00:17:56 +0000] "GET /robots.txt HTTP/1.1" 499 0 "-" "Mozilla/5.0 (Macintosh; Intel Mac OS X 10_15_7) AppleWebKit/537.36 (KHTML, like Gecko) Chrome/131.0.0.0 Safari/537.36; compatible; OAI-SearchBot/1.0; robots.txt; +https://openai.com/searchbot"
66.135.21.75 - - [06/Nov/2025:00:18:00 +0000] "POST /wp-cron.php?doing_wp_cron=1762388279.5980861186981201171875 HTTP/1.1" 499 0 "-" "WordPress/6.3.1; https://gsudice.dataconn.net"
66.135.21.75 - - [06/Nov/2025:01:05:50 +0000] "POST /wp-cron.php?doing_wp_cron=1762391149.6119430065155029296875 HTTP/1.1" 499 0 "-" "WordPress/6.3.1; https://gsudice.dataconn.net"
154.47.20.223 - - [06/Nov/2025:01:05:51 +0000] "GET / HTTP/1.1" 200 97843 "-" "Mozilla/5.0 (Windows; U; Windows NT 6.1; en-US; rv:1.9.1.5) Gecko/20091102 Firefox/3.5.5 (.NET CLR 3.5.30729)"
123.160.223.74 - - [06/Nov/2025:01:30:36 +0000] "GET / HTTP/1.1" 499 0 "-" "Mozilla/5.0 (Macintosh; Intel Mac OS X 10_15_7) AppleWebKit/537.36 (KHTML, like Gecko) Chrome/114.0.0.0 Safari/537.36"
66.135.21.75 - - [06/Nov/2025:01:30:44 +0000] "POST /wp-cron.php?doing_wp_cron=1762392643.6422219276428222656250 HTTP/1.1" 499 0 "-" "WordPress/6.3.1; https://gsudice.dataconn.net"
45.92.19.139 - - [06/Nov/2025:01:30:47 +0000] "GET / HTTP/1.1" 499 0 "-" "Mozilla/5.0 (Macintosh; Intel Mac OS X 10_15_7) AppleWebKit/537.36 (KHTML, like Gecko) Chrome/114.0.0.0 Safari/537.36"
45.92.19.139 - - [06/Nov/2025:01:31:02 +0000] "GET / HTTP/1.1" 499 0 "-" "Mozilla/5.0 (Macintosh; Intel Mac OS X 10_15_7) AppleWebKit/537.36 (KHTML, like Gecko) Chrome/114.0.0.0 Safari/537.36"
45.92.19.139 - - [06/Nov/2025:01:31:16 +0000] "GET / HTTP/1.1" 499 0 "-" "Mozilla/5.0 (Macintosh; Intel Mac OS X 10_15_7) AppleWebKit/537.36 (KHTML, like Gecko) Chrome/114.0.0.0 Safari/537.36"
66.135.21.75 - - [06/Nov/2025:01:31:21 +0000] "POST /wp-cron.php?doing_wp_cron=1762392680.9638168811798095703125 HTTP/1.1" 499 0 "-" "WordPress/6.3.1; https://gsudice.dataconn.net"
66.135.21.75 - - [06/Nov/2025:02:00:31 +0000] "POST /wp-cron.php?doing_wp_cron=1762394430.5853309631347656250000 HTTP/1.1" 499 0 "-" "WordPress/6.3.1; https://gsudice.dataconn.net"
216.73.216.32 - - [06/Nov/2025:02:00:31 +0000] "GET /robots.txt HTTP/1.1" 301 5 "-" "Mozilla/5.0 AppleWebKit/537.36 (KHTML, like Gecko; compatible; ClaudeBot/1.0; +claudebot@anthropic.com)"
216.73.216.32 - - [06/Nov/2025:02:00:39 +0000] "GET /robots.txt/ HTTP/1.1" 200 115835 "https://gsudice.dataconn.net/robots.txt" "Mozilla/5.0 AppleWebKit/537.36 (KHTML, like Gecko; compatible; ClaudeBot/1.0; +claudebot@anthropic.com)"
216.73.216.32 - - [06/Nov/2025:02:00:48 +0000] "GET /sitemap.xml HTTP/1.1" 301 5 "-" "Mozilla/5.0 AppleWebKit/537.36 (KHTML, like Gecko; compatible; ClaudeBot/1.0; +claudebot@anthropic.com)"
216.73.216.32 - - [06/Nov/2025:02:00:49 +0000] "GET /sitemap.xml/ HTTP/1.1" 499 0 "https://gsudice.dataconn.net/sitemap.xml" "Mozilla/5.0 AppleWebKit/537.36 (KHTML, like Gecko; compatible; ClaudeBot/1.0; +claudebot@anthropic.com)"
216.73.216.32 - - [06/Nov/2025:02:15:48 +0000] "GET /sitemap.xml HTTP/1.1" 499 0 "-" "Mozilla/5.0 AppleWebKit/537.36 (KHTML, like Gecko; compatible; ClaudeBot/1.0; +claudebot@anthropic.com)"
66.135.21.75 - - [06/Nov/2025:02:15:52 +0000] "POST /wp-cron.php?doing_wp_cron=1762395351.5692570209503173828125 HTTP/1.1" 499 0 "-" "WordPress/6.3.1; https://gsudice.dataconn.net"
114.119.143.114 - - [06/Nov/2025:02:16:09 +0000] "GET /?page_id=122 HTTP/1.1" 200 19523 "https://gsudice.dataconn.net/?page_id=1573" "Mozilla/5.0 (Linux; Android 7.0;) AppleWebKit/537.36 (KHTML, like Gecko) Mobile Safari/537.36 (compatible; PetalBot;+https://webmaster.petalsearch.com/site/petalbot)"
66.135.21.75 - - [06/Nov/2025:02:29:08 +0000] "POST /wp-cron.php?doing_wp_cron=1762396147.3811979293823242187500 HTTP/1.1" 499 0 "-" "WordPress/6.3.1; https://gsudice.dataconn.net"
216.73.216.32 - - [06/Nov/2025:02:29:08 +0000] "GET /sitemap.xml HTTP/1.1" 301 5 "-" "Mozilla/5.0 AppleWebKit/537.36 (KHTML, like Gecko; compatible; ClaudeBot/1.0; +claudebot@anthropic.com)"
216.73.216.32 - - [06/Nov/2025:02:29:10 +0000] "GET /sitemap.xml/ HTTP/1.1" 200 115835 "https://gsudice.dataconn.net/sitemap.xml" "Mozilla/5.0 AppleWebKit/537.36 (KHTML, like Gecko; compatible; ClaudeBot/1.0; +claudebot@anthropic.com)"
66.135.21.75 - - [06/Nov/2025:02:59:35 +0000] "POST /wp-cron.php?doing_wp_cron=1762397974.6232380867004394531250 HTTP/1.1" 499 0 "-" "WordPress/6.3.1; https://gsudice.dataconn.net"
87.250.224.19 - - [06/Nov/2025:02:59:35 +0000] "GET /robots.txt HTTP/1.1" 301 5 "-" "Mozilla/5.0 (compatible; YandexBot/3.0; +http://yandex.com/bots)"
87.250.224.19 - - [06/Nov/2025:02:59:46 +0000] "GET /robots.txt/ HTTP/1.1" 200 356456 "-" "Mozilla/5.0 (compatible; YandexBot/3.0; +http://yandex.com/bots)"
66.135.21.75 - - [06/Nov/2025:04:18:22 +0000] "POST /wp-cron.php?doing_wp_cron=1762402701.0403709411621093750000 HTTP/1.1" 499 0 "-" "WordPress/6.3.1; https://gsudice.dataconn.net"
45.78.207.187 - - [06/Nov/2025:04:18:22 +0000] "GET / HTTP/1.1" 200 115835 "-" "Mozilla/5.0 (iPhone; CPU iPhone OS 26_0 like Mac OS X) AppleWebKit/605.1.15 (KHTML, like Gecko) Version/26.0 Mobile/15E148 Safari/604.1"
173.244.42.157 - - [06/Nov/2025:04:20:24 +0000] "GET /wp-login.php HTTP/1.1" 499 0 "-" "Mozilla/5.0 (Windows NT 10.0; Win64; x64) AppleWebKit/537.36 (KHTML, like Gecko) Chrome/91.0.4472.124 Safari/537.36"
66.135.21.75 - - [06/Nov/2025:04:20:26 +0000] "POST /wp-cron.php?doing_wp_cron=1762402825.7104458808898925781250 HTTP/1.1" 499 0 "-" "WordPress/6.3.1; https://gsudice.dataconn.net"
66.135.21.75 - - [06/Nov/2025:04:32:44 +0000] "POST /wp-cron.php?doing_wp_cron=1762403563.8853669166564941406250 HTTP/1.1" 499 0 "-" "WordPress/6.3.1; https://gsudice.dataconn.net"
119.13.106.79 - - [06/Nov/2025:04:32:44 +0000] "GET /?page_id=1573 HTTP/1.1" 200 17951 "https://gsudice.dataconn.net/?page_id=1573" "Mozilla/5.0 (Windows NT 10.0; Win64; x64) AppleWebKit/537.36 (KHTML, like Gecko) Chrome/116.0.0.0 Safari/537.36"
91.230.168.196 - - [06/Nov/2025:05:25:18 +0000] "GET / HTTP/1.1" 499 0 "-" "Mozilla/5.0 (X11; Ubuntu; Linux x86_64; rv:134.0) Gecko/20100101 Firefox/134.0"
66.135.21.75 - - [06/Nov/2025:05:25:29 +0000] "POST /wp-cron.php?doing_wp_cron=1762406728.5155849456787109375000 HTTP/1.1" 499 0 "-" "WordPress/6.3.1; https://gsudice.dataconn.net"
91.231.89.37 - - [06/Nov/2025:05:38:38 +0000] "GET / HTTP/1.1" 499 0 "-" "Mozilla/5.0 (X11; Ubuntu; Linux x86_64; rv:134.0) Gecko/20100101 Firefox/134.0"
66.135.21.75 - - [06/Nov/2025:05:38:53 +0000] "POST /wp-cron.php?doing_wp_cron=1762407532.3941779136657714843750 HTTP/1.1" 499 0 "-" "WordPress/6.3.1; https://gsudice.dataconn.net"
66.135.21.75 - - [06/Nov/2025:05:45:07 +0000] "POST /wp-cron.php?doing_wp_cron=1762407906.8146998882293701171875 HTTP/1.1" 499 0 "-" "WordPress/6.3.1; https://gsudice.dataconn.net"
104.210.140.129 - - [06/Nov/2025:05:45:07 +0000] "GET /robots.txt HTTP/1.1" 301 5 "-" "Mozilla/5.0 (Macintosh; Intel Mac OS X 10_15_7) AppleWebKit/537.36 (KHTML, like Gecko) Chrome/131.0.0.0 Safari/537.36; compatible; OAI-SearchBot/1.0; +https://openai.com/searchbot"
104.210.140.129 - - [06/Nov/2025:05:45:10 +0000] "GET /robots.txt/ HTTP/1.1" 200 115835 "-" "Mozilla/5.0 (Macintosh; Intel Mac OS X 10_15_7) AppleWebKit/537.36 (KHTML, like Gecko) Chrome/131.0.0.0 Safari/537.36; compatible; OAI-SearchBot/1.0; +https://openai.com/searchbot"
66.135.21.75 - - [06/Nov/2025:06:53:11 +0000] "POST /wp-cron.php?doing_wp_cron=1762411990.1170690059661865234375 HTTP/1.1" 499 0 "-" "WordPress/6.3.1; https://gsudice.dataconn.net"
43.157.95.239 - - [06/Nov/2025:06:53:11 +0000] "GET / HTTP/1.1" 200 115835 "http://gsudice.dataconn.net" "Mozilla/5.0 (iPhone; CPU iPhone OS 13_2_3 like Mac OS X) AppleWebKit/605.1.15 (KHTML, like Gecko) Version/13.0.3 Mobile/15E148 Safari/604.1"
91.196.152.77 - - [06/Nov/2025:07:56:24 +0000] "GET / HTTP/1.1" 499 0 "-" "Mozilla/5.0 (X11; Ubuntu; Linux x86_64; rv:134.0) Gecko/20100101 Firefox/134.0"
66.135.21.75 - - [06/Nov/2025:07:56:26 +0000] "POST /wp-cron.php?doing_wp_cron=1762415785.2017979621887207031250 HTTP/1.1" 499 0 "-" "WordPress/6.3.1; https://gsudice.dataconn.net"
66.135.21.75 - - [06/Nov/2025:09:01:02 +0000] "POST /wp-cron.php?doing_wp_cron=1762419661.3124499320983886718750 HTTP/1.1" 499 0 "-" "WordPress/6.3.1; https://gsudice.dataconn.net"
114.119.143.103 - - [06/Nov/2025:09:01:02 +0000] "GET / HTTP/1.1" 200 115835 "https://gsudice.dataconn.net/wp-login.php" "Mozilla/5.0 (Linux; Android 7.0;) AppleWebKit/537.36 (KHTML, like Gecko) Mobile Safari/537.36 (compatible; PetalBot;+https://webmaster.petalsearch.com/site/petalbot)"
74.7.230.0 - - [06/Nov/2025:11:04:07 +0000] "GET /robots.txt HTTP/1.1" 499 0 "-" "Mozilla/5.0 (Macintosh; Intel Mac OS X 10_15_7) AppleWebKit/537.36 (KHTML, like Gecko) Chrome/131.0.0.0 Safari/537.36; compatible; OAI-SearchBot/1.0; robots.txt; +https://openai.com/searchbot"
66.135.21.75 - - [06/Nov/2025:11:04:13 +0000] "POST /wp-cron.php?doing_wp_cron=1762427052.8583950996398925781250 HTTP/1.1" 499 0 "-" "WordPress/6.3.1; https://gsudice.dataconn.net"
66.135.21.75 - - [06/Nov/2025:11:04:26 +0000] "GET / HTTP/1.1" 499 0 "-" "WordPress/6.3.1; https://gsudice.dataconn.net"
66.135.21.75 - - [06/Nov/2025:11:04:31 +0000] "GET / HTTP/1.1" 499 0 "-" "WordPress/6.3.1; https://gsudice.dataconn.net"
66.135.21.75 - - [06/Nov/2025:11:51:17 +0000] "POST /wp-cron.php?doing_wp_cron=1762429876.2930200099945068359375 HTTP/1.1" 499 0 "-" "WordPress/6.3.1; https://gsudice.dataconn.net"
52.167.144.150 - - [06/Nov/2025:11:51:17 +0000] "GET /?page_id=182 HTTP/1.1" 200 45375 "-" "Mozilla/5.0 AppleWebKit/537.36 (KHTML, like Gecko; compatible; bingbot/2.0; +http://www.bing.com/bingbot.htm) Chrome/116.0.1938.76 Safari/537.36"
74.7.230.0 - - [06/Nov/2025:12:02:03 +0000] "GET /robots.txt HTTP/1.1" 499 0 "-" "Mozilla/5.0 (Macintosh; Intel Mac OS X 10_15_7) AppleWebKit/537.36 (KHTML, like Gecko) Chrome/131.0.0.0 Safari/537.36; compatible; OAI-SearchBot/1.0; robots.txt; +https://openai.com/searchbot"
66.135.21.75 - - [06/Nov/2025:12:02:07 +0000] "POST /wp-cron.php?doing_wp_cron=1762430526.1603360176086425781250 HTTP/1.1" 499 0 "-" "WordPress/6.3.1; https://gsudice.dataconn.net"
66.135.21.75 - - [06/Nov/2025:12:11:12 +0000] "POST /wp-cron.php?doing_wp_cron=1762431071.7855908870697021484375 HTTP/1.1" 499 0 "-" "WordPress/6.3.1; https://gsudice.dataconn.net"
196.251.83.100 - - [06/Nov/2025:12:11:12 +0000] "GET /wp-login.php HTTP/1.1" 200 6715 "-" "Mozilla/5.0 (iPhone; CPU iPhone OS 17_2 like Mac OS X) AppleWebKit/605.1.15 (KHTML, like Gecko) Version/17.2 Mobile/15E148 Safari/604.1"
196.251.83.100 - - [06/Nov/2025:12:11:14 +0000] "GET /?rest_route=/wp/v2/users HTTP/1.1" 200 660 "-" "Mozilla/5.0 (Macintosh; Intel Mac OS X 14_2) AppleWebKit/537.36 (KHTML, like Gecko) Chrome/120.0.0.0 Safari/537.36"
196.251.83.100 - - [06/Nov/2025:12:11:17 +0000] "GET /xmlrpc.php HTTP/1.1" 405 53 "-" "Mozilla/5.0 (Windows NT 11.0; Win64; x64) AppleWebKit/537.36 (KHTML, like Gecko) Chrome/121.0.0.0 Safari/537.36"
196.251.83.100 - - [06/Nov/2025:12:11:23 +0000] "GET /xmlrpc.php HTTP/1.1" 499 0 "-" "Mozilla/5.0 (Windows NT 10.0; Win64; x64) AppleWebKit/537.36 (KHTML, like Gecko) Edge/119.0.2151.97"
196.251.83.100 - - [06/Nov/2025:12:11:25 +0000] "GET /xmlrpc.php HTTP/1.1" 405 53 "-" "Mozilla/5.0 (Windows NT 10.0; Win64; x64) AppleWebKit/537.36 (KHTML, like Gecko) Edge/119.0.2151.97"
196.251.83.100 - - [06/Nov/2025:12:11:26 +0000] "GET /xmlrpc.php HTTP/1.1" 405 53 "-" "Mozilla/5.0 (Windows NT 10.0; Win64; x64) AppleWebKit/537.36 (KHTML, like Gecko) Chrome/120.0.0.0 Safari/537.36"
196.251.83.100 - - [06/Nov/2025:12:11:28 +0000] "GET /xmlrpc.php HTTP/1.1" 405 53 "-" "Mozilla/5.0 (Windows NT 11.0; Win64; x64) AppleWebKit/537.36 (KHTML, like Gecko) Chrome/121.0.0.0 Safari/537.36"
196.251.83.100 - - [06/Nov/2025:12:11:29 +0000] "GET /xmlrpc.php HTTP/1.1" 405 53 "-" "Mozilla/5.0 (Windows NT 11.0; Win64; x64) AppleWebKit/537.36 (KHTML, like Gecko) Chrome/121.0.0.0 Safari/537.36"
196.251.83.100 - - [06/Nov/2025:12:11:30 +0000] "GET /xmlrpc.php HTTP/1.1" 405 53 "-" "Mozilla/5.0 (Linux; Android 14; SM-S918B) AppleWebKit/537.36 (KHTML, like Gecko) Chrome/120.0.0.0 Mobile Safari/537.36"
196.251.83.100 - - [06/Nov/2025:12:11:32 +0000] "GET /xmlrpc.php HTTP/1.1" 405 53 "-" "Mozilla/5.0 (Windows NT 10.0; Win64; x64) AppleWebKit/537.36 (KHTML, like Gecko) Chrome/120.0.0.0 Safari/537.36"
196.251.83.100 - - [06/Nov/2025:12:11:33 +0000] "GET /xmlrpc.php HTTP/1.1" 405 53 "-" "Mozilla/5.0 (Windows NT 10.0; Win64; x64; rv:120.0) Gecko/20100101 Firefox/120.0"
196.251.83.100 - - [06/Nov/2025:12:11:33 +0000] "GET /xmlrpc.php HTTP/1.1" 405 53 "-" "Mozilla/5.0 (iPhone; CPU iPhone OS 17_1 like Mac OS X) AppleWebKit/605.1.15 (KHTML, like Gecko) Version/17.1 Mobile/15E148 Safari/604.1"
196.251.83.100 - - [06/Nov/2025:12:11:34 +0000] "GET /xmlrpc.php HTTP/1.1" 405 53 "-" "Mozilla/5.0 (Windows NT 10.0; Win64; x64) AppleWebKit/537.36 (KHTML, like Gecko) Chrome/119.0.0.0 Safari/537.36"
196.251.83.100 - - [06/Nov/2025:12:11:36 +0000] "GET /xmlrpc.php HTTP/1.1" 405 53 "-" "Mozilla/5.0 (Windows NT 11.0; Win64; x64) AppleWebKit/537.36 (KHTML, like Gecko) Chrome/121.0.0.0 Safari/537.36"
196.251.83.100 - - [06/Nov/2025:12:11:38 +0000] "GET /xmlrpc.php HTTP/1.1" 405 53 "-" "Mozilla/5.0 (Windows NT 10.0; Win64; x64) AppleWebKit/537.36 (KHTML, like Gecko) Chrome/119.0.0.0 Safari/537.36"
196.251.83.100 - - [06/Nov/2025:12:11:39 +0000] "GET /xmlrpc.php HTTP/1.1" 405 53 "-" "Mozilla/5.0 (Macintosh; Intel Mac OS X 14_3) AppleWebKit/537.36 (KHTML, like Gecko) Chrome/121.0.0.0 Safari/537.36"
196.251.83.100 - - [06/Nov/2025:12:11:40 +0000] "GET /xmlrpc.php HTTP/1.1" 405 53 "-" "Mozilla/5.0 (Macintosh; Intel Mac OS X 14_2) AppleWebKit/537.36 (KHTML, like Gecko) Chrome/120.0.0.0 Safari/537.36"
196.251.83.100 - - [06/Nov/2025:12:11:45 +0000] "GET /xmlrpc.php HTTP/1.1" 499 0 "-" "Mozilla/5.0 (Macintosh; Intel Mac OS X 14_1) AppleWebKit/605.1.15 (KHTML, like Gecko) Version/17.0 Safari/605.1.15"
196.251.83.100 - - [06/Nov/2025:12:11:50 +0000] "GET /xmlrpc.php HTTP/1.1" 499 0 "-" "Mozilla/5.0 (Macintosh; Intel Mac OS X 14_1) AppleWebKit/605.1.15 (KHTML, like Gecko) Version/17.0 Safari/605.1.15"
196.251.83.100 - - [06/Nov/2025:12:11:56 +0000] "GET /xmlrpc.php HTTP/1.1" 499 0 "-" "Mozilla/5.0 (Macintosh; Intel Mac OS X 14_1) AppleWebKit/605.1.15 (KHTML, like Gecko) Version/17.0 Safari/605.1.15"
196.251.83.100 - - [06/Nov/2025:12:12:01 +0000] "GET /xmlrpc.php HTTP/1.1" 499 0 "-" "Mozilla/5.0 (Macintosh; Intel Mac OS X 14_1) AppleWebKit/605.1.15 (KHTML, like Gecko) Version/17.0 Safari/605.1.15"
66.135.21.75 - - [06/Nov/2025:12:12:01 +0000] "POST /wp-cron.php?doing_wp_cron=1762431120.4699909687042236328125 HTTP/1.1" 499 0 "-" "WordPress/6.3.1; https://gsudice.dataconn.net"
196.251.83.100 - - [06/Nov/2025:12:12:06 +0000] "GET /xmlrpc.php HTTP/1.1" 499 0 "-" "Mozilla/5.0 (Macintosh; Intel Mac OS X 14_1) AppleWebKit/605.1.15 (KHTML, like Gecko) Version/17.0 Safari/605.1.15"
196.251.83.100 - - [06/Nov/2025:12:12:11 +0000] "GET /xmlrpc.php HTTP/1.1" 499 0 "-" "Mozilla/5.0 (Macintosh; Intel Mac OS X 14_2_1) AppleWebKit/537.36 (KHTML, like Gecko) Chrome/120.0.0.0 Safari/537.36"
196.251.83.100 - - [06/Nov/2025:12:12:16 +0000] "GET /xmlrpc.php HTTP/1.1" 499 0 "-" "Mozilla/5.0 (Macintosh; Intel Mac OS X 14_2_1) AppleWebKit/537.36 (KHTML, like Gecko) Chrome/120.0.0.0 Safari/537.36"
66.135.21.75 - - [06/Nov/2025:12:12:17 +0000] "POST /wp-cron.php?doing_wp_cron=1762431136.0968520641326904296875 HTTP/1.1" 499 0 "-" "WordPress/6.3.1; https://gsudice.dataconn.net"
196.251.83.100 - - [06/Nov/2025:12:12:22 +0000] "GET /xmlrpc.php HTTP/1.1" 499 0 "-" "Mozilla/5.0 (Macintosh; Intel Mac OS X 14_2_1) AppleWebKit/537.36 (KHTML, like Gecko) Chrome/120.0.0.0 Safari/537.36"
196.251.83.100 - - [06/Nov/2025:12:12:27 +0000] "GET /xmlrpc.php HTTP/1.1" 499 0 "-" "Mozilla/5.0 (Macintosh; Intel Mac OS X 14_2_1) AppleWebKit/537.36 (KHTML, like Gecko) Chrome/120.0.0.0 Safari/537.36"
196.251.83.100 - - [06/Nov/2025:12:12:32 +0000] "GET /xmlrpc.php HTTP/1.1" 499 0 "-" "Mozilla/5.0 (Macintosh; Intel Mac OS X 14_2_1) AppleWebKit/537.36 (KHTML, like Gecko) Chrome/120.0.0.0 Safari/537.36"
196.251.83.100 - - [06/Nov/2025:12:12:38 +0000] "GET /xmlrpc.php HTTP/1.1" 499 0 "-" "Mozilla/5.0 (iPhone; CPU iPhone OS 17_1 like Mac OS X) AppleWebKit/605.1.15 (KHTML, like Gecko) Version/17.1 Mobile/15E148 Safari/604.1"
196.251.83.100 - - [06/Nov/2025:12:12:43 +0000] "GET /xmlrpc.php HTTP/1.1" 499 0 "-" "Mozilla/5.0 (iPhone; CPU iPhone OS 17_1 like Mac OS X) AppleWebKit/605.1.15 (KHTML, like Gecko) Version/17.1 Mobile/15E148 Safari/604.1"
196.251.83.100 - - [06/Nov/2025:12:12:48 +0000] "GET /xmlrpc.php HTTP/1.1" 499 0 "-" "Mozilla/5.0 (iPhone; CPU iPhone OS 17_1 like Mac OS X) AppleWebKit/605.1.15 (KHTML, like Gecko) Version/17.1 Mobile/15E148 Safari/604.1"
66.135.21.75 - - [06/Nov/2025:12:12:50 +0000] "POST /wp-cron.php?doing_wp_cron=1762431169.8398740291595458984375 HTTP/1.1" 499 0 "-" "WordPress/6.3.1; https://gsudice.dataconn.net"
196.251.83.100 - - [06/Nov/2025:12:12:53 +0000] "GET /xmlrpc.php HTTP/1.1" 499 0 "-" "Mozilla/5.0 (iPhone; CPU iPhone OS 17_1 like Mac OS X) AppleWebKit/605.1.15 (KHTML, like Gecko) Version/17.1 Mobile/15E148 Safari/604.1"
196.251.83.100 - - [06/Nov/2025:12:12:58 +0000] "GET /xmlrpc.php HTTP/1.1" 499 0 "-" "Mozilla/5.0 (iPhone; CPU iPhone OS 17_1 like Mac OS X) AppleWebKit/605.1.15 (KHTML, like Gecko) Version/17.1 Mobile/15E148 Safari/604.1"
196.251.83.100 - - [06/Nov/2025:12:13:04 +0000] "GET /xmlrpc.php HTTP/1.1" 499 0 "-" "Mozilla/5.0 (Macintosh; Intel Mac OS X 14_2_1) AppleWebKit/605.1.15 (KHTML, like Gecko) Version/17.1 Safari/605.1.15"
196.251.83.100 - - [06/Nov/2025:12:13:09 +0000] "GET /xmlrpc.php HTTP/1.1" 499 0 "-" "Mozilla/5.0 (Macintosh; Intel Mac OS X 14_2_1) AppleWebKit/605.1.15 (KHTML, like Gecko) Version/17.1 Safari/605.1.15"
66.135.21.75 - - [06/Nov/2025:12:13:13 +0000] "POST /wp-cron.php?doing_wp_cron=1762431192.1478350162506103515625 HTTP/1.1" 499 0 "-" "WordPress/6.3.1; https://gsudice.dataconn.net"
196.251.83.100 - - [06/Nov/2025:12:13:14 +0000] "GET /xmlrpc.php HTTP/1.1" 499 0 "-" "Mozilla/5.0 (Macintosh; Intel Mac OS X 14_2_1) AppleWebKit/605.1.15 (KHTML, like Gecko) Version/17.1 Safari/605.1.15"
196.251.83.100 - - [06/Nov/2025:12:13:19 +0000] "GET /xmlrpc.php HTTP/1.1" 499 0 "-" "Mozilla/5.0 (Macintosh; Intel Mac OS X 14_2_1) AppleWebKit/605.1.15 (KHTML, like Gecko) Version/17.1 Safari/605.1.15"
196.251.83.100 - - [06/Nov/2025:12:13:23 +0000] "GET /xmlrpc.php HTTP/1.1" 405 53 "-" "Mozilla/5.0 (Macintosh; Intel Mac OS X 14_2_1) AppleWebKit/605.1.15 (KHTML, like Gecko) Version/17.1 Safari/605.1.15"
196.251.83.100 - - [06/Nov/2025:12:13:23 +0000] "GET /xmlrpc.php HTTP/1.1" 405 53 "-" "Mozilla/5.0 (Macintosh; Intel Mac OS X 14_2_1) AppleWebKit/605.1.15 (KHTML, like Gecko) Version/17.1 Safari/605.1.15"
196.251.83.100 - - [06/Nov/2025:12:13:24 +0000] "GET /xmlrpc.php HTTP/1.1" 405 53 "-" "Mozilla/5.0 (Linux; Android 14; SM-S918B) AppleWebKit/537.36 (KHTML, like Gecko) Chrome/120.0.0.0 Mobile Safari/537.36"
196.251.83.100 - - [06/Nov/2025:12:13:24 +0000] "GET /xmlrpc.php HTTP/1.1" 405 53 "-" "Mozilla/5.0 (Windows NT 11.0; Win64; x64) AppleWebKit/537.36 (KHTML, like Gecko) Chrome/121.0.0.0 Safari/537.36"
196.251.83.100 - - [06/Nov/2025:12:13:24 +0000] "GET /xmlrpc.php HTTP/1.1" 405 53 "-" "Mozilla/5.0 (Macintosh; Intel Mac OS X 14_2_1) AppleWebKit/537.36 (KHTML, like Gecko) Chrome/120.0.0.0 Safari/537.36"
196.251.83.100 - - [06/Nov/2025:12:13:25 +0000] "GET /xmlrpc.php HTTP/1.1" 405 53 "-" "Mozilla/5.0 (iPhone; CPU iPhone OS 17_1 like Mac OS X) AppleWebKit/605.1.15 (KHTML, like Gecko) Version/17.1 Mobile/15E148 Safari/604.1"
196.251.83.100 - - [06/Nov/2025:12:13:25 +0000] "GET /xmlrpc.php HTTP/1.1" 405 53 "-" "Mozilla/5.0 (Linux; Android 14; SM-G998B) AppleWebKit/537.36 (KHTML, like Gecko) Chrome/121.0.0.0 Mobile Safari/537.36"
196.251.83.100 - - [06/Nov/2025:12:13:26 +0000] "GET /xmlrpc.php HTTP/1.1" 405 53 "-" "Mozilla/5.0 (Windows NT 10.0; Win64; x64) AppleWebKit/537.36 (KHTML, like Gecko) Edge/120.0.2210.91"
196.251.83.100 - - [06/Nov/2025:12:13:28 +0000] "GET /xmlrpc.php HTTP/1.1" 405 53 "-" "Mozilla/5.0 (Linux; Android 14; SM-S918B) AppleWebKit/537.36 (KHTML, like Gecko) Chrome/120.0.0.0 Mobile Safari/537.36"
196.251.83.100 - - [06/Nov/2025:12:13:28 +0000] "GET /xmlrpc.php HTTP/1.1" 405 53 "-" "Mozilla/5.0 (Macintosh; Intel Mac OS X 14_2_1) AppleWebKit/605.1.15 (KHTML, like Gecko) Version/17.1 Safari/605.1.15"
196.251.83.100 - - [06/Nov/2025:12:13:28 +0000] "GET /xmlrpc.php HTTP/1.1" 405 53 "-" "Mozilla/5.0 (Linux; Android 13; Pixel 7) AppleWebKit/537.36 (KHTML, like Gecko) Chrome/119.0.0.0 Mobile Safari/537.36"
196.251.83.100 - - [06/Nov/2025:12:13:28 +0000] "GET /xmlrpc.php HTTP/1.1" 405 53 "-" "Mozilla/5.0 (Windows NT 10.0; Win64; x64) AppleWebKit/537.36 (KHTML, like Gecko) Edge/119.0.2151.97"
196.251.83.100 - - [06/Nov/2025:12:13:29 +0000] "GET /xmlrpc.php HTTP/1.1" 405 53 "-" "Mozilla/5.0 (Linux; Android 14; SM-S918B) AppleWebKit/537.36 (KHTML, like Gecko) Chrome/120.0.0.0 Mobile Safari/537.36"
196.251.83.100 - - [06/Nov/2025:12:13:29 +0000] "GET /xmlrpc.php HTTP/1.1" 405 53 "-" "Mozilla/5.0 (iPhone; CPU iPhone OS 17_1 like Mac OS X) AppleWebKit/605.1.15 (KHTML, like Gecko) Version/17.1 Mobile/15E148 Safari/604.1"
196.251.83.100 - - [06/Nov/2025:12:13:29 +0000] "GET /xmlrpc.php HTTP/1.1" 405 53 "-" "Mozilla/5.0 (Macintosh; Intel Mac OS X 14_2) AppleWebKit/537.36 (KHTML, like Gecko) Chrome/120.0.0.0 Safari/537.36"
196.251.83.100 - - [06/Nov/2025:12:13:30 +0000] "GET /xmlrpc.php HTTP/1.1" 405 53 "-" "Mozilla/5.0 (Windows NT 10.0; Win64; x64; rv:121.0) Gecko/20100101 Firefox/121.0"
196.251.83.100 - - [06/Nov/2025:12:13:30 +0000] "GET /xmlrpc.php HTTP/1.1" 405 53 "-" "Mozilla/5.0 (Linux; Android 14; SM-G998B) AppleWebKit/537.36 (KHTML, like Gecko) Chrome/121.0.0.0 Mobile Safari/537.36"
196.251.83.100 - - [06/Nov/2025:12:13:31 +0000] "GET /xmlrpc.php HTTP/1.1" 405 53 "-" "Mozilla/5.0 (Windows NT 10.0; Win64; x64) AppleWebKit/537.36 (KHTML, like Gecko) Chrome/120.0.0.0 Safari/537.36"
196.251.83.100 - - [06/Nov/2025:12:13:31 +0000] "GET /xmlrpc.php HTTP/1.1" 405 53 "-" "Mozilla/5.0 (Macintosh; Intel Mac OS X 14_2_1) AppleWebKit/605.1.15 (KHTML, like Gecko) Version/17.1 Safari/605.1.15"
196.251.83.100 - - [06/Nov/2025:12:13:31 +0000] "GET /xmlrpc.php HTTP/1.1" 405 53 "-" "Mozilla/5.0 (Macintosh; Intel Mac OS X 14_1) AppleWebKit/605.1.15 (KHTML, like Gecko) Version/17.0 Safari/605.1.15"
196.251.83.100 - - [06/Nov/2025:12:13:31 +0000] "GET /xmlrpc.php HTTP/1.1" 405 53 "-" "Mozilla/5.0 (Macintosh; Intel Mac OS X 14_2) AppleWebKit/537.36 (KHTML, like Gecko) Chrome/120.0.0.0 Safari/537.36"
196.251.83.100 - - [06/Nov/2025:12:13:32 +0000] "GET /xmlrpc.php HTTP/1.1" 405 53 "-" "Mozilla/5.0 (Windows NT 11.0; Win64; x64) AppleWebKit/537.36 (KHTML, like Gecko) Chrome/121.0.0.0 Safari/537.36"
196.251.83.100 - - [06/Nov/2025:12:13:32 +0000] "GET /xmlrpc.php HTTP/1.1" 405 53 "-" "Mozilla/5.0 (Linux; Android 13; Pixel 7) AppleWebKit/537.36 (KHTML, like Gecko) Chrome/119.0.0.0 Mobile Safari/537.36"
196.251.83.100 - - [06/Nov/2025:12:13:33 +0000] "GET /xmlrpc.php HTTP/1.1" 405 53 "-" "Mozilla/5.0 (iPhone; CPU iPhone OS 17_1 like Mac OS X) AppleWebKit/605.1.15 (KHTML, like Gecko) Version/17.1 Mobile/15E148 Safari/604.1"
196.251.83.100 - - [06/Nov/2025:12:13:33 +0000] "GET /xmlrpc.php HTTP/1.1" 405 53 "-" "Mozilla/5.0 (Linux; Android 13; Pixel 7) AppleWebKit/537.36 (KHTML, like Gecko) Chrome/119.0.0.0 Mobile Safari/537.36"
196.251.83.100 - - [06/Nov/2025:12:13:33 +0000] "GET /xmlrpc.php HTTP/1.1" 405 53 "-" "Mozilla/5.0 (Linux; Android 13; Pixel 7) AppleWebKit/537.36 (KHTML, like Gecko) Chrome/119.0.0.0 Mobile Safari/537.36"
196.251.83.100 - - [06/Nov/2025:12:13:34 +0000] "GET /xmlrpc.php HTTP/1.1" 405 53 "-" "Mozilla/5.0 (Windows NT 10.0; Win64; x64) AppleWebKit/537.36 (KHTML, like Gecko) Edge/120.0.2210.91"
196.251.83.100 - - [06/Nov/2025:12:13:34 +0000] "GET /xmlrpc.php HTTP/1.1" 405 53 "-" "Mozilla/5.0 (Windows NT 10.0; Win64; x64) AppleWebKit/537.36 (KHTML, like Gecko) Chrome/120.0.0.0 Safari/537.36"
196.251.83.100 - - [06/Nov/2025:12:13:35 +0000] "GET /xmlrpc.php HTTP/1.1" 405 53 "-" "Mozilla/5.0 (Windows NT 10.0; Win64; x64; rv:121.0) Gecko/20100101 Firefox/121.0"
196.251.83.100 - - [06/Nov/2025:12:13:35 +0000] "GET /xmlrpc.php HTTP/1.1" 405 53 "-" "Mozilla/5.0 (Macintosh; Intel Mac OS X 14_2_1) AppleWebKit/537.36 (KHTML, like Gecko) Chrome/120.0.0.0 Safari/537.36"
196.251.83.100 - - [06/Nov/2025:12:13:35 +0000] "GET /xmlrpc.php HTTP/1.1" 405 53 "-" "Mozilla/5.0 (X11; Ubuntu; Linux x86_64; rv:121.0) Gecko/20100101 Firefox/121.0"
196.251.83.100 - - [06/Nov/2025:12:13:36 +0000] "GET /xmlrpc.php HTTP/1.1" 405 53 "-" "Mozilla/5.0 (iPhone; CPU iPhone OS 17_2 like Mac OS X) AppleWebKit/605.1.15 (KHTML, like Gecko) Version/17.2 Mobile/15E148 Safari/604.1"
196.251.83.100 - - [06/Nov/2025:12:13:36 +0000] "GET /xmlrpc.php HTTP/1.1" 405 53 "-" "Mozilla/5.0 (Macintosh; Intel Mac OS X 14_2_1) AppleWebKit/605.1.15 (KHTML, like Gecko) Version/17.1 Safari/605.1.15"
196.251.83.100 - - [06/Nov/2025:12:13:36 +0000] "GET /xmlrpc.php HTTP/1.1" 405 53 "-" "Mozilla/5.0 (Macintosh; Intel Mac OS X 14_2_1) AppleWebKit/605.1.15 (KHTML, like Gecko) Version/17.1 Safari/605.1.15"
196.251.83.100 - - [06/Nov/2025:12:13:36 +0000] "GET /xmlrpc.php HTTP/1.1" 405 53 "-" "Mozilla/5.0 (Windows NT 11.0; Win64; x64) AppleWebKit/537.36 (KHTML, like Gecko) Chrome/121.0.0.0 Safari/537.36"
196.251.83.100 - - [06/Nov/2025:12:13:37 +0000] "GET /xmlrpc.php HTTP/1.1" 405 53 "-" "Mozilla/5.0 (Windows NT 10.0; Win64; x64; rv:120.0) Gecko/20100101 Firefox/120.0"
196.251.83.100 - - [06/Nov/2025:12:13:37 +0000] "GET /xmlrpc.php HTTP/1.1" 405 53 "-" "Mozilla/5.0 (Windows NT 11.0; Win64; x64) AppleWebKit/537.36 (KHTML, like Gecko) Chrome/121.0.0.0 Safari/537.36"
196.251.83.100 - - [06/Nov/2025:12:13:38 +0000] "GET /xmlrpc.php HTTP/1.1" 405 53 "-" "Mozilla/5.0 (Macintosh; Intel Mac OS X 14_2_1) AppleWebKit/605.1.15 (KHTML, like Gecko) Version/17.1 Safari/605.1.15"
196.251.83.100 - - [06/Nov/2025:12:13:38 +0000] "GET /xmlrpc.php HTTP/1.1" 405 53 "-" "Mozilla/5.0 (X11; Linux x86_64) AppleWebKit/537.36 (KHTML, like Gecko) Chrome/120.0.0.0 Safari/537.36"
196.251.83.100 - - [06/Nov/2025:12:13:38 +0000] "GET /xmlrpc.php HTTP/1.1" 405 53 "-" "Mozilla/5.0 (Linux; Android 14; SM-S918B) AppleWebKit/537.36 (KHTML, like Gecko) Chrome/120.0.0.0 Mobile Safari/537.36"
196.251.83.100 - - [06/Nov/2025:12:13:38 +0000] "GET /xmlrpc.php HTTP/1.1" 405 53 "-" "Mozilla/5.0 (Windows NT 10.0; Win64; x64; rv:121.0) Gecko/20100101 Firefox/121.0"
196.251.83.100 - - [06/Nov/2025:12:13:39 +0000] "GET /xmlrpc.php HTTP/1.1" 405 53 "-" "Mozilla/5.0 (X11; Ubuntu; Linux x86_64; rv:121.0) Gecko/20100101 Firefox/121.0"
196.251.83.100 - - [06/Nov/2025:12:13:39 +0000] "GET /xmlrpc.php HTTP/1.1" 405 53 "-" "Mozilla/5.0 (Macintosh; Intel Mac OS X 14_2_1) AppleWebKit/605.1.15 (KHTML, like Gecko) Version/17.1 Safari/605.1.15"
196.251.83.100 - - [06/Nov/2025:12:13:41 +0000] "GET /xmlrpc.php HTTP/1.1" 405 53 "-" "Mozilla/5.0 (Windows NT 10.0; Win64; x64; rv:120.0) Gecko/20100101 Firefox/120.0"
196.251.83.100 - - [06/Nov/2025:12:13:42 +0000] "GET /xmlrpc.php HTTP/1.1" 405 53 "-" "Mozilla/5.0 (Macintosh; Intel Mac OS X 14_3) AppleWebKit/537.36 (KHTML, like Gecko) Chrome/121.0.0.0 Safari/537.36"
196.251.83.100 - - [06/Nov/2025:12:13:47 +0000] "GET /xmlrpc.php HTTP/1.1" 405 53 "-" "Mozilla/5.0 (iPhone; CPU iPhone OS 17_1 like Mac OS X) AppleWebKit/605.1.15 (KHTML, like Gecko) Version/17.1 Mobile/15E148 Safari/604.1"
196.251.83.100 - - [06/Nov/2025:12:13:50 +0000] "GET /xmlrpc.php HTTP/1.1" 405 53 "-" "Mozilla/5.0 (Windows NT 10.0; Win64; x64; rv:121.0) Gecko/20100101 Firefox/121.0"
196.251.83.100 - - [06/Nov/2025:12:13:54 +0000] "GET /xmlrpc.php HTTP/1.1" 405 53 "-" "Mozilla/5.0 (Macintosh; Intel Mac OS X 14_3) AppleWebKit/537.36 (KHTML, like Gecko) Chrome/121.0.0.0 Safari/537.36"
196.251.83.100 - - [06/Nov/2025:12:13:55 +0000] "GET /xmlrpc.php HTTP/1.1" 405 53 "-" "Mozilla/5.0 (Windows NT 10.0; Win64; x64) AppleWebKit/537.36 (KHTML, like Gecko) Chrome/120.0.0.0 Safari/537.36"
196.251.83.100 - - [06/Nov/2025:12:13:56 +0000] "GET /xmlrpc.php HTTP/1.1" 405 53 "-" "Mozilla/5.0 (Macintosh; Intel Mac OS X 14_2_1) AppleWebKit/605.1.15 (KHTML, like Gecko) Version/17.1 Safari/605.1.15"
196.251.83.100 - - [06/Nov/2025:12:13:56 +0000] "GET /xmlrpc.php HTTP/1.1" 405 53 "-" "Mozilla/5.0 (Windows NT 10.0; Win64; x64) AppleWebKit/537.36 (KHTML, like Gecko) Chrome/120.0.0.0 Safari/537.36"
196.251.83.100 - - [06/Nov/2025:12:13:57 +0000] "GET /xmlrpc.php HTTP/1.1" 405 53 "-" "Mozilla/5.0 (X11; Ubuntu; Linux x86_64; rv:121.0) Gecko/20100101 Firefox/121.0"
196.251.83.100 - - [06/Nov/2025:12:13:57 +0000] "GET /xmlrpc.php HTTP/1.1" 405 53 "-" "Mozilla/5.0 (Windows NT 10.0; Win64; x64) AppleWebKit/537.36 (KHTML, like Gecko) Edge/119.0.2151.97"
196.251.83.100 - - [06/Nov/2025:12:14:03 +0000] "GET /xmlrpc.php HTTP/1.1" 499 0 "-" "Mozilla/5.0 (Macintosh; Intel Mac OS X 14_2_1) AppleWebKit/537.36 (KHTML, like Gecko) Chrome/120.0.0.0 Safari/537.36"
66.135.21.75 - - [06/Nov/2025:12:14:04 +0000] "POST /wp-cron.php?doing_wp_cron=1762431243.2412030696868896484375 HTTP/1.1" 499 0 "-" "WordPress/6.3.1; https://gsudice.dataconn.net"
196.251.83.100 - - [06/Nov/2025:12:14:08 +0000] "GET /xmlrpc.php HTTP/1.1" 499 0 "-" "Mozilla/5.0 (Macintosh; Intel Mac OS X 14_2_1) AppleWebKit/537.36 (KHTML, like Gecko) Chrome/120.0.0.0 Safari/537.36"
196.251.83.100 - - [06/Nov/2025:12:14:13 +0000] "GET /xmlrpc.php HTTP/1.1" 499 0 "-" "Mozilla/5.0 (Macintosh; Intel Mac OS X 14_2_1) AppleWebKit/537.36 (KHTML, like Gecko) Chrome/120.0.0.0 Safari/537.36"
196.251.83.100 - - [06/Nov/2025:12:14:18 +0000] "GET /xmlrpc.php HTTP/1.1" 499 0 "-" "Mozilla/5.0 (Macintosh; Intel Mac OS X 14_2_1) AppleWebKit/537.36 (KHTML, like Gecko) Chrome/120.0.0.0 Safari/537.36"
196.251.83.100 - - [06/Nov/2025:12:14:23 +0000] "GET /xmlrpc.php HTTP/1.1" 499 0 "-" "Mozilla/5.0 (Macintosh; Intel Mac OS X 14_2_1) AppleWebKit/537.36 (KHTML, like Gecko) Chrome/120.0.0.0 Safari/537.36"
196.251.83.100 - - [06/Nov/2025:12:14:26 +0000] "GET /xmlrpc.php HTTP/1.1" 405 53 "-" "Mozilla/5.0 (iPhone; CPU iPhone OS 17_1 like Mac OS X) AppleWebKit/605.1.15 (KHTML, like Gecko) Version/17.1 Mobile/15E148 Safari/604.1"
196.251.83.100 - - [06/Nov/2025:12:14:27 +0000] "GET /xmlrpc.php HTTP/1.1" 405 53 "-" "Mozilla/5.0 (iPhone; CPU iPhone OS 17_2 like Mac OS X) AppleWebKit/605.1.15 (KHTML, like Gecko) Version/17.2 Mobile/15E148 Safari/604.1"
196.251.83.100 - - [06/Nov/2025:12:14:32 +0000] "GET /xmlrpc.php HTTP/1.1" 499 0 "-" "Mozilla/5.0 (X11; Ubuntu; Linux x86_64; rv:121.0) Gecko/20100101 Firefox/121.0"
196.251.83.100 - - [06/Nov/2025:12:14:37 +0000] "GET /xmlrpc.php HTTP/1.1" 499 0 "-" "Mozilla/5.0 (X11; Ubuntu; Linux x86_64; rv:121.0) Gecko/20100101 Firefox/121.0"
196.251.83.100 - - [06/Nov/2025:12:14:42 +0000] "GET /xmlrpc.php HTTP/1.1" 499 0 "-" "Mozilla/5.0 (X11; Ubuntu; Linux x86_64; rv:121.0) Gecko/20100101 Firefox/121.0"
196.251.83.100 - - [06/Nov/2025:12:14:48 +0000] "GET /xmlrpc.php HTTP/1.1" 499 0 "-" "Mozilla/5.0 (X11; Ubuntu; Linux x86_64; rv:121.0) Gecko/20100101 Firefox/121.0"
196.251.83.100 - - [06/Nov/2025:12:14:53 +0000] "GET /xmlrpc.php HTTP/1.1" 499 0 "-" "Mozilla/5.0 (X11; Ubuntu; Linux x86_64; rv:121.0) Gecko/20100101 Firefox/121.0"
196.251.83.100 - - [06/Nov/2025:12:14:58 +0000] "GET /xmlrpc.php HTTP/1.1" 499 0 "-" "Mozilla/5.0 (Windows NT 10.0; Win64; x64) AppleWebKit/537.36 (KHTML, like Gecko) Edge/119.0.2151.97"
196.251.83.100 - - [06/Nov/2025:12:15:04 +0000] "GET /xmlrpc.php HTTP/1.1" 499 0 "-" "Mozilla/5.0 (Windows NT 10.0; Win64; x64) AppleWebKit/537.36 (KHTML, like Gecko) Edge/119.0.2151.97"
66.135.21.75 - - [06/Nov/2025:12:15:04 +0000] "POST /wp-cron.php?doing_wp_cron=1762431303.5935349464416503906250 HTTP/1.1" 499 0 "-" "WordPress/6.3.1; https://gsudice.dataconn.net"
196.251.83.100 - - [06/Nov/2025:12:15:09 +0000] "GET /xmlrpc.php HTTP/1.1" 499 0 "-" "Mozilla/5.0 (Windows NT 10.0; Win64; x64) AppleWebKit/537.36 (KHTML, like Gecko) Edge/119.0.2151.97"
196.251.83.100 - - [06/Nov/2025:12:15:14 +0000] "GET /xmlrpc.php HTTP/1.1" 499 0 "-" "Mozilla/5.0 (Windows NT 10.0; Win64; x64) AppleWebKit/537.36 (KHTML, like Gecko) Edge/119.0.2151.97"
66.135.21.75 - - [06/Nov/2025:12:15:14 +0000] "POST /wp-cron.php?doing_wp_cron=1762431313.7255599498748779296875 HTTP/1.1" 499 0 "-" "WordPress/6.3.1; https://gsudice.dataconn.net"
196.251.83.100 - - [06/Nov/2025:12:15:18 +0000] "GET /xmlrpc.php HTTP/1.1" 405 53 "-" "Mozilla/5.0 (Windows NT 10.0; Win64; x64) AppleWebKit/537.36 (KHTML, like Gecko) Edge/119.0.2151.97"
196.251.83.100 - - [06/Nov/2025:12:15:23 +0000] "GET /xmlrpc.php HTTP/1.1" 499 0 "-" "Mozilla/5.0 (Macintosh; Intel Mac OS X 14_1) AppleWebKit/605.1.15 (KHTML, like Gecko) Version/17.0 Safari/605.1.15"
196.251.83.100 - - [06/Nov/2025:12:15:28 +0000] "GET /xmlrpc.php HTTP/1.1" 499 0 "-" "Mozilla/5.0 (Macintosh; Intel Mac OS X 14_1) AppleWebKit/605.1.15 (KHTML, like Gecko) Version/17.0 Safari/605.1.15"
196.251.83.100 - - [06/Nov/2025:12:15:33 +0000] "GET /xmlrpc.php HTTP/1.1" 499 0 "-" "Mozilla/5.0 (Macintosh; Intel Mac OS X 14_1) AppleWebKit/605.1.15 (KHTML, like Gecko) Version/17.0 Safari/605.1.15"
196.251.83.100 - - [06/Nov/2025:12:15:38 +0000] "GET /xmlrpc.php HTTP/1.1" 405 53 "-" "Mozilla/5.0 (Macintosh; Intel Mac OS X 14_1) AppleWebKit/605.1.15 (KHTML, like Gecko) Version/17.0 Safari/605.1.15"
196.251.83.100 - - [06/Nov/2025:12:15:43 +0000] "GET /xmlrpc.php HTTP/1.1" 499 0 "-" "Mozilla/5.0 (Macintosh; Intel Mac OS X 14_3) AppleWebKit/537.36 (KHTML, like Gecko) Chrome/121.0.0.0 Safari/537.36"
196.251.83.100 - - [06/Nov/2025:12:15:48 +0000] "GET /xmlrpc.php HTTP/1.1" 499 0 "-" "Mozilla/5.0 (Macintosh; Intel Mac OS X 14_3) AppleWebKit/537.36 (KHTML, like Gecko) Chrome/121.0.0.0 Safari/537.36"
196.251.83.100 - - [06/Nov/2025:12:15:49 +0000] "GET /xmlrpc.php HTTP/1.1" 405 53 "-" "Mozilla/5.0 (Macintosh; Intel Mac OS X 14_3) AppleWebKit/537.36 (KHTML, like Gecko) Chrome/121.0.0.0 Safari/537.36"
196.251.83.100 - - [06/Nov/2025:12:15:52 +0000] "GET /xmlrpc.php HTTP/1.1" 405 53 "-" "Mozilla/5.0 (Linux; Android 13; Pixel 7) AppleWebKit/537.36 (KHTML, like Gecko) Chrome/119.0.0.0 Mobile Safari/537.36"
196.251.83.100 - - [06/Nov/2025:12:15:54 +0000] "GET /xmlrpc.php HTTP/1.1" 405 53 "-" "Mozilla/5.0 (Linux; Android 14; SM-G998B) AppleWebKit/537.36 (KHTML, like Gecko) Chrome/121.0.0.0 Mobile Safari/537.36"
196.251.83.100 - - [06/Nov/2025:12:15:56 +0000] "GET /xmlrpc.php HTTP/1.1" 405 53 "-" "Mozilla/5.0 (X11; Ubuntu; Linux x86_64; rv:121.0) Gecko/20100101 Firefox/121.0"
66.135.21.75 - - [06/Nov/2025:12:16:00 +0000] "POST /wp-cron.php?doing_wp_cron=1762431359.3534269332885742187500 HTTP/1.1" 499 0 "-" "WordPress/6.3.1; https://gsudice.dataconn.net"
196.251.83.100 - - [06/Nov/2025:12:16:00 +0000] "GET /xmlrpc.php HTTP/1.1" 405 53 "-" "Mozilla/5.0 (Macintosh; Intel Mac OS X 14_2_1) AppleWebKit/605.1.15 (KHTML, like Gecko) Version/17.1 Safari/605.1.15"
196.251.83.100 - - [06/Nov/2025:12:16:02 +0000] "GET /xmlrpc.php HTTP/1.1" 405 53 "-" "Mozilla/5.0 (Linux; Android 13; Pixel 7) AppleWebKit/537.36 (KHTML, like Gecko) Chrome/119.0.0.0 Mobile Safari/537.36"
196.251.83.100 - - [06/Nov/2025:12:16:07 +0000] "GET /xmlrpc.php HTTP/1.1" 499 0 "-" "Mozilla/5.0 (Macintosh; Intel Mac OS X 14_2_1) AppleWebKit/537.36 (KHTML, like Gecko) Chrome/120.0.0.0 Safari/537.36"
196.251.83.100 - - [06/Nov/2025:12:16:13 +0000] "GET /xmlrpc.php HTTP/1.1" 499 0 "-" "Mozilla/5.0 (Macintosh; Intel Mac OS X 14_2_1) AppleWebKit/537.36 (KHTML, like Gecko) Chrome/120.0.0.0 Safari/537.36"
66.135.21.75 - - [06/Nov/2025:12:16:17 +0000] "POST /wp-cron.php?doing_wp_cron=1762431376.1200399398803710937500 HTTP/1.1" 499 0 "-" "WordPress/6.3.1; https://gsudice.dataconn.net"
196.251.83.100 - - [06/Nov/2025:12:16:18 +0000] "GET /xmlrpc.php HTTP/1.1" 499 0 "-" "Mozilla/5.0 (Macintosh; Intel Mac OS X 14_2_1) AppleWebKit/537.36 (KHTML, like Gecko) Chrome/120.0.0.0 Safari/537.36"
196.251.83.100 - - [06/Nov/2025:12:16:23 +0000] "GET /xmlrpc.php HTTP/1.1" 499 0 "-" "Mozilla/5.0 (Macintosh; Intel Mac OS X 14_2_1) AppleWebKit/537.36 (KHTML, like Gecko) Chrome/120.0.0.0 Safari/537.36"
196.251.83.100 - - [06/Nov/2025:12:16:28 +0000] "GET /xmlrpc.php HTTP/1.1" 499 0 "-" "Mozilla/5.0 (Macintosh; Intel Mac OS X 14_2_1) AppleWebKit/537.36 (KHTML, like Gecko) Chrome/120.0.0.0 Safari/537.36"
196.251.83.100 - - [06/Nov/2025:12:16:33 +0000] "GET /xmlrpc.php HTTP/1.1" 499 0 "-" "Mozilla/5.0 (Macintosh; Intel Mac OS X 14_2_1) AppleWebKit/605.1.15 (KHTML, like Gecko) Version/17.1 Safari/605.1.15"
196.251.83.100 - - [06/Nov/2025:12:16:39 +0000] "GET /xmlrpc.php HTTP/1.1" 499 0 "-" "Mozilla/5.0 (Macintosh; Intel Mac OS X 14_2_1) AppleWebKit/605.1.15 (KHTML, like Gecko) Version/17.1 Safari/605.1.15"
196.251.83.100 - - [06/Nov/2025:12:16:44 +0000] "GET /xmlrpc.php HTTP/1.1" 499 0 "-" "Mozilla/5.0 (Macintosh; Intel Mac OS X 14_2_1) AppleWebKit/605.1.15 (KHTML, like Gecko) Version/17.1 Safari/605.1.15"
196.251.83.100 - - [06/Nov/2025:12:16:49 +0000] "GET /xmlrpc.php HTTP/1.1" 499 0 "-" "Mozilla/5.0 (Macintosh; Intel Mac OS X 14_2_1) AppleWebKit/605.1.15 (KHTML, like Gecko) Version/17.1 Safari/605.1.15"
196.251.83.100 - - [06/Nov/2025:12:16:54 +0000] "GET /xmlrpc.php HTTP/1.1" 499 0 "-" "Mozilla/5.0 (Macintosh; Intel Mac OS X 14_2_1) AppleWebKit/605.1.15 (KHTML, like Gecko) Version/17.1 Safari/605.1.15"
196.251.83.100 - - [06/Nov/2025:12:16:59 +0000] "GET /xmlrpc.php HTTP/1.1" 499 0 "-" "Mozilla/5.0 (Windows NT 10.0; Win64; x64) AppleWebKit/537.36 (KHTML, like Gecko) Chrome/119.0.0.0 Safari/537.36"
66.135.21.75 - - [06/Nov/2025:12:17:04 +0000] "POST /wp-cron.php?doing_wp_cron=1762431423.0412819385528564453125 HTTP/1.1" 499 0 "-" "WordPress/6.3.1; https://gsudice.dataconn.net"
196.251.83.100 - - [06/Nov/2025:12:17:05 +0000] "GET /xmlrpc.php HTTP/1.1" 499 0 "-" "Mozilla/5.0 (Windows NT 10.0; Win64; x64) AppleWebKit/537.36 (KHTML, like Gecko) Chrome/119.0.0.0 Safari/537.36"
196.251.83.100 - - [06/Nov/2025:12:17:10 +0000] "GET /xmlrpc.php HTTP/1.1" 499 0 "-" "Mozilla/5.0 (Windows NT 10.0; Win64; x64) AppleWebKit/537.36 (KHTML, like Gecko) Chrome/119.0.0.0 Safari/537.36"
196.251.83.100 - - [06/Nov/2025:12:17:15 +0000] "GET /xmlrpc.php HTTP/1.1" 499 0 "-" "Mozilla/5.0 (Windows NT 10.0; Win64; x64) AppleWebKit/537.36 (KHTML, like Gecko) Chrome/119.0.0.0 Safari/537.36"
66.135.21.75 - - [06/Nov/2025:12:17:15 +0000] "POST /wp-cron.php?doing_wp_cron=1762431434.7163999080657958984375 HTTP/1.1" 499 0 "-" "WordPress/6.3.1; https://gsudice.dataconn.net"
196.251.83.100 - - [06/Nov/2025:12:17:18 +0000] "GET /xmlrpc.php HTTP/1.1" 405 53 "-" "Mozilla/5.0 (Windows NT 10.0; Win64; x64) AppleWebKit/537.36 (KHTML, like Gecko) Chrome/119.0.0.0 Safari/537.36"
196.251.83.100 - - [06/Nov/2025:12:17:23 +0000] "GET /xmlrpc.php HTTP/1.1" 405 53 "-" "Mozilla/5.0 (Windows NT 11.0; Win64; x64) AppleWebKit/537.36 (KHTML, like Gecko) Chrome/120.0.0.0 Safari/537.36"
196.251.83.100 - - [06/Nov/2025:12:17:26 +0000] "GET /xmlrpc.php HTTP/1.1" 405 53 "-" "Mozilla/5.0 (Windows NT 10.0; Win64; x64) AppleWebKit/537.36 (KHTML, like Gecko) Edge/119.0.2151.97"
196.251.83.100 - - [06/Nov/2025:12:17:27 +0000] "GET /xmlrpc.php HTTP/1.1" 405 53 "-" "Mozilla/5.0 (Macintosh; Intel Mac OS X 14_2_1) AppleWebKit/537.36 (KHTML, like Gecko) Chrome/120.0.0.0 Safari/537.36"
196.251.83.100 - - [06/Nov/2025:12:17:28 +0000] "GET /xmlrpc.php HTTP/1.1" 405 53 "-" "Mozilla/5.0 (Linux; Android 14; SM-S918B) AppleWebKit/537.36 (KHTML, like Gecko) Chrome/120.0.0.0 Mobile Safari/537.36"
196.251.83.100 - - [06/Nov/2025:12:17:29 +0000] "GET /xmlrpc.php HTTP/1.1" 405 53 "-" "Mozilla/5.0 (Linux; Android 13; Pixel 7) AppleWebKit/537.36 (KHTML, like Gecko) Chrome/119.0.0.0 Mobile Safari/537.36"
196.251.83.100 - - [06/Nov/2025:12:17:30 +0000] "GET /xmlrpc.php HTTP/1.1" 405 53 "-" "Mozilla/5.0 (Macintosh; Intel Mac OS X 14_2) AppleWebKit/537.36 (KHTML, like Gecko) Chrome/120.0.0.0 Safari/537.36"
196.251.83.100 - - [06/Nov/2025:12:17:31 +0000] "GET /xmlrpc.php HTTP/1.1" 405 53 "-" "Mozilla/5.0 (X11; Ubuntu; Linux x86_64; rv:121.0) Gecko/20100101 Firefox/121.0"
196.251.83.100 - - [06/Nov/2025:12:17:32 +0000] "GET /xmlrpc.php HTTP/1.1" 405 53 "-" "Mozilla/5.0 (Linux; Android 13; Pixel 7) AppleWebKit/537.36 (KHTML, like Gecko) Chrome/119.0.0.0 Mobile Safari/537.36"
196.251.83.100 - - [06/Nov/2025:12:17:33 +0000] "GET /xmlrpc.php HTTP/1.1" 405 53 "-" "Mozilla/5.0 (X11; Linux x86_64) AppleWebKit/537.36 (KHTML, like Gecko) Chrome/120.0.0.0 Safari/537.36"
196.251.83.100 - - [06/Nov/2025:12:17:33 +0000] "GET /xmlrpc.php HTTP/1.1" 405 53 "-" "Mozilla/5.0 (Windows NT 11.0; Win64; x64) AppleWebKit/537.36 (KHTML, like Gecko) Chrome/121.0.0.0 Safari/537.36"
196.251.83.100 - - [06/Nov/2025:12:17:33 +0000] "GET /xmlrpc.php HTTP/1.1" 405 53 "-" "Mozilla/5.0 (Windows NT 10.0; Win64; x64) AppleWebKit/537.36 (KHTML, like Gecko) Chrome/120.0.0.0 Safari/537.36"
196.251.83.100 - - [06/Nov/2025:12:17:33 +0000] "GET /xmlrpc.php HTTP/1.1" 405 53 "-" "Mozilla/5.0 (X11; Ubuntu; Linux x86_64; rv:121.0) Gecko/20100101 Firefox/121.0"
196.251.83.100 - - [06/Nov/2025:12:17:34 +0000] "GET /xmlrpc.php HTTP/1.1" 405 53 "-" "Mozilla/5.0 (Linux; Android 14; SM-S918B) AppleWebKit/537.36 (KHTML, like Gecko) Chrome/120.0.0.0 Mobile Safari/537.36"
196.251.83.100 - - [06/Nov/2025:12:17:34 +0000] "GET /xmlrpc.php HTTP/1.1" 405 53 "-" "Mozilla/5.0 (Macintosh; Intel Mac OS X 14_2) AppleWebKit/537.36 (KHTML, like Gecko) Chrome/120.0.0.0 Safari/537.36"
196.251.83.100 - - [06/Nov/2025:12:17:35 +0000] "GET /xmlrpc.php HTTP/1.1" 405 53 "-" "Mozilla/5.0 (Macintosh; Intel Mac OS X 14_1) AppleWebKit/605.1.15 (KHTML, like Gecko) Version/17.0 Safari/605.1.15"
196.251.83.100 - - [06/Nov/2025:12:17:35 +0000] "GET /xmlrpc.php HTTP/1.1" 405 53 "-" "Mozilla/5.0 (Windows NT 10.0; Win64; x64) AppleWebKit/537.36 (KHTML, like Gecko) Edge/119.0.2151.97"
196.251.83.100 - - [06/Nov/2025:12:17:36 +0000] "GET /xmlrpc.php HTTP/1.1" 405 53 "-" "Mozilla/5.0 (X11; Linux x86_64) AppleWebKit/537.36 (KHTML, like Gecko) Chrome/120.0.0.0 Safari/537.36"
196.251.83.100 - - [06/Nov/2025:12:17:37 +0000] "GET /xmlrpc.php HTTP/1.1" 405 53 "-" "Mozilla/5.0 (X11; Ubuntu; Linux x86_64; rv:121.0) Gecko/20100101 Firefox/121.0"
196.251.83.100 - - [06/Nov/2025:12:17:38 +0000] "GET /xmlrpc.php HTTP/1.1" 405 53 "-" "Mozilla/5.0 (Macintosh; Intel Mac OS X 14_1) AppleWebKit/605.1.15 (KHTML, like Gecko) Version/17.0 Safari/605.1.15"
196.251.83.100 - - [06/Nov/2025:12:17:39 +0000] "GET /xmlrpc.php HTTP/1.1" 405 53 "-" "Mozilla/5.0 (Windows NT 11.0; Win64; x64) AppleWebKit/537.36 (KHTML, like Gecko) Chrome/121.0.0.0 Safari/537.36"
196.251.83.100 - - [06/Nov/2025:12:17:44 +0000] "GET /xmlrpc.php HTTP/1.1" 499 0 "-" "Mozilla/5.0 (Macintosh; Intel Mac OS X 14_3) AppleWebKit/537.36 (KHTML, like Gecko) Chrome/121.0.0.0 Safari/537.36"
196.251.83.100 - - [06/Nov/2025:12:17:49 +0000] "GET /xmlrpc.php HTTP/1.1" 499 0 "-" "Mozilla/5.0 (Macintosh; Intel Mac OS X 14_3) AppleWebKit/537.36 (KHTML, like Gecko) Chrome/121.0.0.0 Safari/537.36"
196.251.83.100 - - [06/Nov/2025:12:17:54 +0000] "GET /xmlrpc.php HTTP/1.1" 405 53 "-" "Mozilla/5.0 (Macintosh; Intel Mac OS X 14_3) AppleWebKit/537.36 (KHTML, like Gecko) Chrome/121.0.0.0 Safari/537.36"
196.251.83.100 - - [06/Nov/2025:12:17:55 +0000] "GET /xmlrpc.php HTTP/1.1" 405 53 "-" "Mozilla/5.0 (Linux; Android 14; SM-G998B) AppleWebKit/537.36 (KHTML, like Gecko) Chrome/121.0.0.0 Mobile Safari/537.36"
196.251.83.100 - - [06/Nov/2025:12:17:55 +0000] "GET /xmlrpc.php HTTP/1.1" 405 53 "-" "Mozilla/5.0 (Linux; Android 13; Pixel 7) AppleWebKit/537.36 (KHTML, like Gecko) Chrome/119.0.0.0 Mobile Safari/537.36"
196.251.83.100 - - [06/Nov/2025:12:17:56 +0000] "GET /xmlrpc.php HTTP/1.1" 405 53 "-" "Mozilla/5.0 (Macintosh; Intel Mac OS X 14_1) AppleWebKit/605.1.15 (KHTML, like Gecko) Version/17.0 Safari/605.1.15"
196.251.83.100 - - [06/Nov/2025:12:17:57 +0000] "GET /xmlrpc.php HTTP/1.1" 405 53 "-" "Mozilla/5.0 (Windows NT 10.0; Win64; x64) AppleWebKit/537.36 (KHTML, like Gecko) Chrome/119.0.0.0 Safari/537.36"
196.251.83.100 - - [06/Nov/2025:12:17:57 +0000] "GET /xmlrpc.php HTTP/1.1" 405 53 "-" "Mozilla/5.0 (X11; Ubuntu; Linux x86_64; rv:121.0) Gecko/20100101 Firefox/121.0"
196.251.83.100 - - [06/Nov/2025:12:17:57 +0000] "GET /xmlrpc.php HTTP/1.1" 405 53 "-" "Mozilla/5.0 (X11; Ubuntu; Linux x86_64; rv:121.0) Gecko/20100101 Firefox/121.0"
196.251.83.100 - - [06/Nov/2025:12:17:58 +0000] "GET /xmlrpc.php HTTP/1.1" 405 53 "-" "Mozilla/5.0 (Macintosh; Intel Mac OS X 14_2_1) AppleWebKit/537.36 (KHTML, like Gecko) Chrome/120.0.0.0 Safari/537.36"
196.251.83.100 - - [06/Nov/2025:12:17:58 +0000] "GET /xmlrpc.php HTTP/1.1" 405 53 "-" "Mozilla/5.0 (Windows NT 10.0; Win64; x64) AppleWebKit/537.36 (KHTML, like Gecko) Chrome/119.0.0.0 Safari/537.36"
196.251.83.100 - - [06/Nov/2025:12:17:58 +0000] "GET /xmlrpc.php HTTP/1.1" 405 53 "-" "Mozilla/5.0 (Windows NT 10.0; Win64; x64; rv:120.0) Gecko/20100101 Firefox/120.0"
196.251.83.100 - - [06/Nov/2025:12:17:58 +0000] "GET /xmlrpc.php HTTP/1.1" 405 53 "-" "Mozilla/5.0 (Windows NT 10.0; Win64; x64) AppleWebKit/537.36 (KHTML, like Gecko) Chrome/119.0.0.0 Safari/537.36"
196.251.83.100 - - [06/Nov/2025:12:18:04 +0000] "GET /xmlrpc.php HTTP/1.1" 499 0 "-" "Mozilla/5.0 (Windows NT 11.0; Win64; x64) AppleWebKit/537.36 (KHTML, like Gecko) Chrome/120.0.0.0 Safari/537.36"
196.251.83.100 - - [06/Nov/2025:12:18:09 +0000] "GET /xmlrpc.php HTTP/1.1" 499 0 "-" "Mozilla/5.0 (Windows NT 11.0; Win64; x64) AppleWebKit/537.36 (KHTML, like Gecko) Chrome/120.0.0.0 Safari/537.36"
196.251.83.100 - - [06/Nov/2025:12:18:14 +0000] "GET /xmlrpc.php HTTP/1.1" 499 0 "-" "Mozilla/5.0 (Windows NT 11.0; Win64; x64) AppleWebKit/537.36 (KHTML, like Gecko) Chrome/120.0.0.0 Safari/537.36"
66.135.21.75 - - [06/Nov/2025:12:18:18 +0000] "POST /wp-cron.php?doing_wp_cron=1762431497.2605800628662109375000 HTTP/1.1" 499 0 "-" "WordPress/6.3.1; https://gsudice.dataconn.net"
196.251.83.100 - - [06/Nov/2025:12:18:19 +0000] "GET /xmlrpc.php HTTP/1.1" 499 0 "-" "Mozilla/5.0 (Windows NT 11.0; Win64; x64) AppleWebKit/537.36 (KHTML, like Gecko) Chrome/120.0.0.0 Safari/537.36"
196.251.83.100 - - [06/Nov/2025:12:18:24 +0000] "GET /xmlrpc.php HTTP/1.1" 499 0 "-" "Mozilla/5.0 (Windows NT 11.0; Win64; x64) AppleWebKit/537.36 (KHTML, like Gecko) Chrome/120.0.0.0 Safari/537.36"
196.251.83.100 - - [06/Nov/2025:12:18:30 +0000] "GET /xmlrpc.php HTTP/1.1" 499 0 "-" "Mozilla/5.0 (Windows NT 10.0; Win64; x64; rv:121.0) Gecko/20100101 Firefox/121.0"
196.251.83.100 - - [06/Nov/2025:12:18:35 +0000] "GET /xmlrpc.php HTTP/1.1" 499 0 "-" "Mozilla/5.0 (Windows NT 10.0; Win64; x64; rv:121.0) Gecko/20100101 Firefox/121.0"
196.251.83.100 - - [06/Nov/2025:12:18:40 +0000] "GET /xmlrpc.php HTTP/1.1" 499 0 "-" "Mozilla/5.0 (Windows NT 10.0; Win64; x64; rv:121.0) Gecko/20100101 Firefox/121.0"
196.251.83.100 - - [06/Nov/2025:12:18:45 +0000] "GET /xmlrpc.php HTTP/1.1" 499 0 "-" "Mozilla/5.0 (Windows NT 10.0; Win64; x64; rv:121.0) Gecko/20100101 Firefox/121.0"
196.251.83.100 - - [06/Nov/2025:12:18:49 +0000] "GET /xmlrpc.php HTTP/1.1" 405 53 "-" "Mozilla/5.0 (Windows NT 10.0; Win64; x64; rv:121.0) Gecko/20100101 Firefox/121.0"
196.251.83.100 - - [06/Nov/2025:12:18:54 +0000] "GET /xmlrpc.php HTTP/1.1" 405 53 "-" "Mozilla/5.0 (Windows NT 11.0; Win64; x64) AppleWebKit/537.36 (KHTML, like Gecko) Chrome/120.0.0.0 Safari/537.36"
196.251.83.100 - - [06/Nov/2025:12:18:59 +0000] "GET /xmlrpc.php HTTP/1.1" 499 0 "-" "Mozilla/5.0 (Macintosh; Intel Mac OS X 14_2_1) AppleWebKit/537.36 (KHTML, like Gecko) Chrome/120.0.0.0 Safari/537.36"
66.135.21.75 - - [06/Nov/2025:12:19:00 +0000] "POST /wp-cron.php?doing_wp_cron=1762431539.8654251098632812500000 HTTP/1.1" 499 0 "-" "WordPress/6.3.1; https://gsudice.dataconn.net"
196.251.83.100 - - [06/Nov/2025:12:19:04 +0000] "GET /xmlrpc.php HTTP/1.1" 405 53 "-" "Mozilla/5.0 (Macintosh; Intel Mac OS X 14_2_1) AppleWebKit/537.36 (KHTML, like Gecko) Chrome/120.0.0.0 Safari/537.36"
196.251.83.100 - - [06/Nov/2025:12:19:04 +0000] "GET /xmlrpc.php HTTP/1.1" 405 53 "-" "Mozilla/5.0 (X11; Linux x86_64) AppleWebKit/537.36 (KHTML, like Gecko) Chrome/120.0.0.0 Safari/537.36"
196.251.83.100 - - [06/Nov/2025:12:19:05 +0000] "GET /xmlrpc.php HTTP/1.1" 405 53 "-" "Mozilla/5.0 (Linux; Android 13; Pixel 7) AppleWebKit/537.36 (KHTML, like Gecko) Chrome/119.0.0.0 Mobile Safari/537.36"
196.251.83.100 - - [06/Nov/2025:12:19:05 +0000] "GET /xmlrpc.php HTTP/1.1" 405 53 "-" "Mozilla/5.0 (Macintosh; Intel Mac OS X 14_2_1) AppleWebKit/537.36 (KHTML, like Gecko) Chrome/120.0.0.0 Safari/537.36"
196.251.83.100 - - [06/Nov/2025:12:19:06 +0000] "GET /xmlrpc.php HTTP/1.1" 405 53 "-" "Mozilla/5.0 (Macintosh; Intel Mac OS X 14_2_1) AppleWebKit/605.1.15 (KHTML, like Gecko) Version/17.1 Safari/605.1.15"
196.251.83.100 - - [06/Nov/2025:12:19:06 +0000] "GET /xmlrpc.php HTTP/1.1" 405 53 "-" "Mozilla/5.0 (Windows NT 11.0; Win64; x64) AppleWebKit/537.36 (KHTML, like Gecko) Chrome/121.0.0.0 Safari/537.36"
196.251.83.100 - - [06/Nov/2025:12:19:06 +0000] "GET /xmlrpc.php HTTP/1.1" 405 53 "-" "Mozilla/5.0 (Macintosh; Intel Mac OS X 14_3) AppleWebKit/537.36 (KHTML, like Gecko) Chrome/121.0.0.0 Safari/537.36"
196.251.83.100 - - [06/Nov/2025:12:19:07 +0000] "GET /xmlrpc.php HTTP/1.1" 405 53 "-" "Mozilla/5.0 (Linux; Android 14; SM-S918B) AppleWebKit/537.36 (KHTML, like Gecko) Chrome/120.0.0.0 Mobile Safari/537.36"
196.251.83.100 - - [06/Nov/2025:12:19:07 +0000] "GET /xmlrpc.php HTTP/1.1" 405 53 "-" "Mozilla/5.0 (X11; Linux x86_64) AppleWebKit/537.36 (KHTML, like Gecko) Chrome/120.0.0.0 Safari/537.36"
