216.73.216.147 - - [07/Nov/2025:00:28:16 +0000] "GET /entity/736370413.htm/ HTTP/1.1" 200 45435 "https://datainsightnow.com/entity/736370413.htm" "Mozilla/5.0 AppleWebKit/537.36 (KHTML, like Gecko; compatible; ClaudeBot/1.0; +claudebot@anthropic.com)"
74.7.227.154 - - [07/Nov/2025:00:28:17 +0000] "GET /entity/172025475.htm HTTP/1.1" 301 5 "-" "Mozilla/5.0 AppleWebKit/537.36 (KHTML, like Gecko; compatible; GPTBot/1.2; +https://openai.com/gptbot)"
216.73.216.147 - - [07/Nov/2025:00:28:18 +0000] "GET /entity/831526228.htm HTTP/1.1" 301 5 "-" "Mozilla/5.0 AppleWebKit/537.36 (KHTML, like Gecko; compatible; ClaudeBot/1.0; +claudebot@anthropic.com)"
74.7.227.154 - - [07/Nov/2025:00:28:18 +0000] "GET /entity/172025475.htm/ HTTP/1.1" 200 45435 "-" "Mozilla/5.0 AppleWebKit/537.36 (KHTML, like Gecko; compatible; GPTBot/1.2; +https://openai.com/gptbot)"
216.73.216.147 - - [07/Nov/2025:00:28:18 +0000] "GET /entity/831526228.htm/ HTTP/1.1" 200 45435 "https://datainsightnow.com/entity/831526228.htm" "Mozilla/5.0 AppleWebKit/537.36 (KHTML, like Gecko; compatible; ClaudeBot/1.0; +claudebot@anthropic.com)"
74.7.227.154 - - [07/Nov/2025:00:28:20 +0000] "GET /entity/172004494.htm HTTP/1.1" 301 5 "-" "Mozilla/5.0 AppleWebKit/537.36 (KHTML, like Gecko; compatible; GPTBot/1.2; +https://openai.com/gptbot)"
216.73.216.147 - - [07/Nov/2025:00:28:21 +0000] "GET /entity/558918378.htm HTTP/1.1" 301 5 "-" "Mozilla/5.0 AppleWebKit/537.36 (KHTML, like Gecko; compatible; ClaudeBot/1.0; +claudebot@anthropic.com)"
74.7.227.154 - - [07/Nov/2025:00:28:21 +0000] "GET /entity/172004494.htm/ HTTP/1.1" 200 45435 "-" "Mozilla/5.0 AppleWebKit/537.36 (KHTML, like Gecko; compatible; GPTBot/1.2; +https://openai.com/gptbot)"
216.73.216.147 - - [07/Nov/2025:00:28:21 +0000] "GET /entity/558918378.htm/ HTTP/1.1" 200 45435 "https://datainsightnow.com/entity/558918378.htm" "Mozilla/5.0 AppleWebKit/537.36 (KHTML, like Gecko; compatible; ClaudeBot/1.0; +claudebot@anthropic.com)"
216.73.216.147 - - [07/Nov/2025:00:28:23 +0000] "GET /entity/823112097.htm HTTP/1.1" 301 5 "-" "Mozilla/5.0 AppleWebKit/537.36 (KHTML, like Gecko; compatible; ClaudeBot/1.0; +claudebot@anthropic.com)"
216.73.216.147 - - [07/Nov/2025:00:28:24 +0000] "GET /entity/823112097.htm/ HTTP/1.1" 200 45435 "https://datainsightnow.com/entity/823112097.htm" "Mozilla/5.0 AppleWebKit/537.36 (KHTML, like Gecko; compatible; ClaudeBot/1.0; +claudebot@anthropic.com)"
85.208.96.195 - - [07/Nov/2025:00:28:24 +0000] "GET /?p=39432 HTTP/1.1" 200 42387 "-" "Mozilla/5.0 (compatible; SemrushBot/7~bl; +http://www.semrush.com/bot.html)"
57.141.0.35 - - [07/Nov/2025:00:28:26 +0000] "GET /karamba-spielsaal-erfahrungen-angeschlossen-testbericht-werfen-sie-einen-blick-auf-den-link-within-2025-pro-teutonia/?fileloc=//sys/class/pci_bus/0000:0a/subsystem/0000:0d/subsystem/0000:08/device/driver/0000:00:02.6/firmware_node/adr&path=//sys/class/pci_bus/0000:0a/subsystem/0000:0d/subsystem/0000:08/device/driver/0000:00:02.6/firmware_node HTTP/1.1" 200 262209 "-" "meta-externalagent/1.1 (+https://developers.facebook.com/docs/sharing/webmasters/crawler)"
216.73.216.147 - - [07/Nov/2025:00:28:27 +0000] "GET /entity/731561040.htm HTTP/1.1" 301 5 "-" "Mozilla/5.0 AppleWebKit/537.36 (KHTML, like Gecko; compatible; ClaudeBot/1.0; +claudebot@anthropic.com)"
57.141.0.73 - - [07/Nov/2025:00:28:27 +0000] "GET /2025/03/07/page/6/?fileloc=//sys/class/pci_bus/0000:05/subsystem/0000:11/subsystem/0000:09/device/driver/0000:00:02.6/driver/0000:00:02.6/power/runtime_suspended_time&path=//sys/class/pci_bus/0000:05/subsystem/0000:11/subsystem/0000:09/device/driver/0000:00:02.6/driver/0000:00:02.6/power HTTP/1.1" 200 262264 "-" "meta-externalagent/1.1 (+https://developers.facebook.com/docs/sharing/webmasters/crawler)"
74.7.227.154 - - [07/Nov/2025:00:28:28 +0000] "GET /entity/172014332.htm HTTP/1.1" 301 5 "-" "Mozilla/5.0 AppleWebKit/537.36 (KHTML, like Gecko; compatible; GPTBot/1.2; +https://openai.com/gptbot)"
57.141.0.43 - - [07/Nov/2025:00:28:28 +0000] "GET /karamba-spielsaal-erfahrungen-angeschlossen-testbericht-werfen-sie-einen-blick-auf-den-link-within-2025-pro-teutonia/?fileloc=//sys/class/pci_bus/0000:08/subsystem/0000:02/device/driver/0000:00:03.4/driver/0000:00:02.4/uevent&path=//sys/class/pci_bus/0000:08/subsystem/0000:02/device/driver/0000:00:03.4/driver/0000:00:02.4 HTTP/1.1" 200 262216 "-" "meta-externalagent/1.1 (+https://developers.facebook.com/docs/sharing/webmasters/crawler)"
216.73.216.147 - - [07/Nov/2025:00:28:28 +0000] "GET /entity/731561040.htm/ HTTP/1.1" 200 45435 "https://datainsightnow.com/entity/731561040.htm" "Mozilla/5.0 AppleWebKit/537.36 (KHTML, like Gecko; compatible; ClaudeBot/1.0; +claudebot@anthropic.com)"
74.7.227.154 - - [07/Nov/2025:00:28:28 +0000] "GET /entity/172014332.htm/ HTTP/1.1" 200 45435 "-" "Mozilla/5.0 AppleWebKit/537.36 (KHTML, like Gecko; compatible; GPTBot/1.2; +https://openai.com/gptbot)"
57.141.0.56 - - [07/Nov/2025:00:28:28 +0000] "GET /2025/03/07/page/6/?path=//sys/class/pci_bus/0000:01/subsystem/0000:10/subsystem/0000:0a/subsystem/0000:07/subsystem/0000:06 HTTP/1.1" 200 262264 "-" "meta-externalagent/1.1 (+https://developers.facebook.com/docs/sharing/webmasters/crawler)"
216.73.216.147 - - [07/Nov/2025:00:28:29 +0000] "GET /entity/238302529.htm HTTP/1.1" 301 5 "-" "Mozilla/5.0 AppleWebKit/537.36 (KHTML, like Gecko; compatible; ClaudeBot/1.0; +claudebot@anthropic.com)"
216.73.216.147 - - [07/Nov/2025:00:28:30 +0000] "GET /entity/238302529.htm/ HTTP/1.1" 200 45435 "https://datainsightnow.com/entity/238302529.htm" "Mozilla/5.0 AppleWebKit/537.36 (KHTML, like Gecko; compatible; ClaudeBot/1.0; +claudebot@anthropic.com)"
74.7.227.154 - - [07/Nov/2025:00:28:30 +0000] "GET /entity/171990765.htm HTTP/1.1" 301 5 "-" "Mozilla/5.0 AppleWebKit/537.36 (KHTML, like Gecko; compatible; GPTBot/1.2; +https://openai.com/gptbot)"
74.7.227.154 - - [07/Nov/2025:00:28:31 +0000] "GET /entity/171990765.htm/ HTTP/1.1" 200 45435 "-" "Mozilla/5.0 AppleWebKit/537.36 (KHTML, like Gecko; compatible; GPTBot/1.2; +https://openai.com/gptbot)"
57.141.0.52 - - [07/Nov/2025:00:28:32 +0000] "GET /karamba-spielsaal-erfahrungen-angeschlossen-testbericht-werfen-sie-einen-blick-auf-den-link-within-2025-pro-teutonia/?fileloc=//sys/class/pci_bus/0000:0a/subsystem/0000:11/subsystem/0000:06/subsystem/0000:0c/device/driver/0000:00:03.1/local_cpulist&path=//sys/class/pci_bus/0000:0a/subsystem/0000:11/subsystem/0000:06/subsystem/0000:0c/device/driver/0000:00:03.1 HTTP/1.1" 200 262215 "-" "meta-externalagent/1.1 (+https://developers.facebook.com/docs/sharing/webmasters/crawler)"
85.208.96.203 - - [07/Nov/2025:00:28:32 +0000] "GET /?p=47517 HTTP/1.1" 200 41744 "-" "Mozilla/5.0 (compatible; SemrushBot/7~bl; +http://www.semrush.com/bot.html)"
216.73.216.147 - - [07/Nov/2025:00:28:33 +0000] "GET /entity/270052048.htm HTTP/1.1" 301 5 "-" "Mozilla/5.0 AppleWebKit/537.36 (KHTML, like Gecko; compatible; ClaudeBot/1.0; +claudebot@anthropic.com)"
57.141.0.38 - - [07/Nov/2025:00:28:33 +0000] "GET /2025/03/07/page/6/?path=//sys/class/pci_bus/0000:08/device/driver/0000:00:02.5/firmware_node/subsystem/devices/device:3e/subsystem/drivers HTTP/1.1" 200 262209 "-" "meta-externalagent/1.1 (+https://developers.facebook.com/docs/sharing/webmasters/crawler)"
216.73.216.147 - - [07/Nov/2025:00:28:33 +0000] "GET /entity/270052048.htm/ HTTP/1.1" 200 45435 "https://datainsightnow.com/entity/270052048.htm" "Mozilla/5.0 AppleWebKit/537.36 (KHTML, like Gecko; compatible; ClaudeBot/1.0; +claudebot@anthropic.com)"
74.7.227.154 - - [07/Nov/2025:00:28:34 +0000] "GET /entity/172122588.htm HTTP/1.1" 301 5 "-" "Mozilla/5.0 AppleWebKit/537.36 (KHTML, like Gecko; compatible; GPTBot/1.2; +https://openai.com/gptbot)"
74.7.227.154 - - [07/Nov/2025:00:28:35 +0000] "GET /entity/172122588.htm/ HTTP/1.1" 200 45435 "-" "Mozilla/5.0 AppleWebKit/537.36 (KHTML, like Gecko; compatible; GPTBot/1.2; +https://openai.com/gptbot)"
217.113.194.60 - - [07/Nov/2025:00:28:35 +0000] "GET /contact/?fileloc=//usr/lib/x86_64-linux-gnu/libGLX_indirect.so.0&path=//usr/lib/x86_64-linux-gnu HTTP/1.1" 200 45435 "-" "Mozilla/5.0 (compatible; Barkrowler/0.9; +https://babbar.tech/crawler)"
216.73.216.147 - - [07/Nov/2025:00:28:35 +0000] "GET /entity/123738541.htm HTTP/1.1" 301 5 "-" "Mozilla/5.0 AppleWebKit/537.36 (KHTML, like Gecko; compatible; ClaudeBot/1.0; +claudebot@anthropic.com)"
40.77.167.159 - - [07/Nov/2025:00:28:36 +0000] "GET /718486457?entity=0715712638 HTTP/1.1" 200 29213 "-" "Mozilla/5.0 AppleWebKit/537.36 (KHTML, like Gecko; compatible; bingbot/2.0; +http://www.bing.com/bingbot.htm) Chrome/116.0.1938.76 Safari/537.36"
216.73.216.147 - - [07/Nov/2025:00:28:36 +0000] "GET /entity/123738541.htm/ HTTP/1.1" 200 45435 "https://datainsightnow.com/entity/123738541.htm" "Mozilla/5.0 AppleWebKit/537.36 (KHTML, like Gecko; compatible; ClaudeBot/1.0; +claudebot@anthropic.com)"
74.7.227.154 - - [07/Nov/2025:00:28:37 +0000] "GET /entity/172194857.htm HTTP/1.1" 301 5 "-" "Mozilla/5.0 AppleWebKit/537.36 (KHTML, like Gecko; compatible; GPTBot/1.2; +https://openai.com/gptbot)"
85.208.96.211 - - [07/Nov/2025:00:28:37 +0000] "GET /?p=43425 HTTP/1.1" 200 40729 "-" "Mozilla/5.0 (compatible; SemrushBot/7~bl; +http://www.semrush.com/bot.html)"
74.7.227.154 - - [07/Nov/2025:00:28:37 +0000] "GET /entity/172194857.htm/ HTTP/1.1" 200 45435 "-" "Mozilla/5.0 AppleWebKit/537.36 (KHTML, like Gecko; compatible; GPTBot/1.2; +https://openai.com/gptbot)"
216.73.216.147 - - [07/Nov/2025:00:28:39 +0000] "GET /entity/731689241.htm HTTP/1.1" 301 5 "-" "Mozilla/5.0 AppleWebKit/537.36 (KHTML, like Gecko; compatible; ClaudeBot/1.0; +claudebot@anthropic.com)"
57.141.0.46 - - [07/Nov/2025:00:28:39 +0000] "GET /2025/03/06/page/39/?fileloc=//sys/class/pci_bus/0000:06/subsystem/0000:0d/subsystem/0000:13/subsystem/0000:00/device/0000:00:02.3/local_cpulist&path=//sys/class/pci_bus/0000:06/subsystem/0000:0d/subsystem/0000:13/subsystem/0000:00/device/0000:00:02.3 HTTP/1.1" 200 262216 "-" "meta-externalagent/1.1 (+https://developers.facebook.com/docs/sharing/webmasters/crawler)"
216.73.216.147 - - [07/Nov/2025:00:28:39 +0000] "GET /entity/731689241.htm/ HTTP/1.1" 200 45435 "https://datainsightnow.com/entity/731689241.htm" "Mozilla/5.0 AppleWebKit/537.36 (KHTML, like Gecko; compatible; ClaudeBot/1.0; +claudebot@anthropic.com)"
74.7.227.154 - - [07/Nov/2025:00:28:39 +0000] "GET /entity/172083744.htm HTTP/1.1" 301 5 "-" "Mozilla/5.0 AppleWebKit/537.36 (KHTML, like Gecko; compatible; GPTBot/1.2; +https://openai.com/gptbot)"
74.7.227.154 - - [07/Nov/2025:00:28:40 +0000] "GET /entity/172083744.htm/ HTTP/1.1" 200 45435 "-" "Mozilla/5.0 AppleWebKit/537.36 (KHTML, like Gecko; compatible; GPTBot/1.2; +https://openai.com/gptbot)"
57.141.0.29 - - [07/Nov/2025:00:28:41 +0000] "GET /karamba-spielsaal-erfahrungen-angeschlossen-testbericht-werfen-sie-einen-blick-auf-den-link-within-2025-pro-teutonia/?path=//sys/class/pci_bus/0000:06/subsystem/0000:01/subsystem/0000:06/subsystem/0000:05/device/subsystem/devices/0000:00:04.0/driver/0000:00:02.2 HTTP/1.1" 200 262209 "-" "meta-externalagent/1.1 (+https://developers.facebook.com/docs/sharing/webmasters/crawler)"
216.73.216.147 - - [07/Nov/2025:00:28:42 +0000] "GET /entity/67337665.htm HTTP/1.1" 301 5 "-" "Mozilla/5.0 AppleWebKit/537.36 (KHTML, like Gecko; compatible; ClaudeBot/1.0; +claudebot@anthropic.com)"
57.141.0.70 - - [07/Nov/2025:00:28:42 +0000] "GET /karamba-spielsaal-erfahrungen-angeschlossen-testbericht-werfen-sie-einen-blick-auf-den-link-within-2025-pro-teutonia/?path=//sys/class/pci_bus/0000:05/subsystem/0000:0e/subsystem/0000:0e/subsystem/0000:00/device/0000:00:02.1 HTTP/1.1" 200 262209 "-" "meta-externalagent/1.1 (+https://developers.facebook.com/docs/sharing/webmasters/crawler)"
216.73.216.147 - - [07/Nov/2025:00:28:42 +0000] "GET /entity/67337665.htm/ HTTP/1.1" 200 45435 "https://datainsightnow.com/entity/67337665.htm" "Mozilla/5.0 AppleWebKit/537.36 (KHTML, like Gecko; compatible; ClaudeBot/1.0; +claudebot@anthropic.com)"
57.141.0.54 - - [07/Nov/2025:00:28:43 +0000] "GET /2025/03/07/page/6/?fileloc=//sys/class/pci_bus/0000:00/subsystem/0000:11/subsystem/0000:01/device/numa_node&path=//sys/class/pci_bus/0000:00/subsystem/0000:11/subsystem/0000:01/device HTTP/1.1" 200 262209 "-" "meta-externalagent/1.1 (+https://developers.facebook.com/docs/sharing/webmasters/crawler)"
74.7.227.154 - - [07/Nov/2025:00:28:44 +0000] "GET /entity/172179578.htm HTTP/1.1" 301 5 "-" "Mozilla/5.0 AppleWebKit/537.36 (KHTML, like Gecko; compatible; GPTBot/1.2; +https://openai.com/gptbot)"
57.141.0.17 - - [07/Nov/2025:00:28:44 +0000] "GET /karamba-spielsaal-erfahrungen-angeschlossen-testbericht-werfen-sie-einen-blick-auf-den-link-within-2025-pro-teutonia/?fileloc=//sys/class/pci_bus/0000:06/subsystem/0000:13/device/driver/0000:00:02.4/driver/0000:00:02.7/driver/0000:00:04.0/driver/0000:00:02.3/broken_parity_status&path=//sys/class/pci_bus/0000:06/subsystem/0000:13/device/driver/0000:00:02.4/driver/0000:00:02.7/driver/0000:00:04.0/driver/0000:00:02.3 HTTP/1.1" 200 262264 "-" "meta-externalagent/1.1 (+https://developers.facebook.com/docs/sharing/webmasters/crawler)"
57.141.0.70 - - [07/Nov/2025:00:28:44 +0000] "GET /karamba-spielsaal-erfahrungen-angeschlossen-testbericht-werfen-sie-einen-blick-auf-den-link-within-2025-pro-teutonia/?fileloc=//sys/class/pci_bus/0000:06/subsystem/0000:0b/subsystem/0000:06/subsystem/0000:07/device/0000:07:00.0/driver/uevent&path=//sys/class/pci_bus/0000:06/subsystem/0000:0b/subsystem/0000:06/subsystem/0000:07/device/0000:07:00.0/driver HTTP/1.1" 200 262209 "-" "meta-externalagent/1.1 (+https://developers.facebook.com/docs/sharing/webmasters/crawler)"
40.77.167.76 - - [07/Nov/2025:00:28:45 +0000] "GET /645175?entity=0000642942 HTTP/1.1" 200 29933 "-" "Mozilla/5.0 AppleWebKit/537.36 (KHTML, like Gecko; compatible; bingbot/2.0; +http://www.bing.com/bingbot.htm) Chrome/116.0.1938.76 Safari/537.36"
216.73.216.147 - - [07/Nov/2025:00:28:45 +0000] "GET /entity/760803437.htm HTTP/1.1" 301 5 "-" "Mozilla/5.0 AppleWebKit/537.36 (KHTML, like Gecko; compatible; ClaudeBot/1.0; +claudebot@anthropic.com)"
74.7.227.154 - - [07/Nov/2025:00:28:45 +0000] "GET /entity/172179578.htm/ HTTP/1.1" 200 45435 "-" "Mozilla/5.0 AppleWebKit/537.36 (KHTML, like Gecko; compatible; GPTBot/1.2; +https://openai.com/gptbot)"
57.141.0.11 - - [07/Nov/2025:00:28:45 +0000] "GET /2025/03/06/page/39/?fileloc=//sys/class/pci_bus/0000:06/subsystem/0000:02/device/driver/0000:00:03.1/driver/0000:00:03.2/driver/new_id&path=//sys/class/pci_bus/0000:06/subsystem/0000:02/device/driver/0000:00:03.1/driver/0000:00:03.2/driver HTTP/1.1" 200 262209 "-" "meta-externalagent/1.1 (+https://developers.facebook.com/docs/sharing/webmasters/crawler)"
216.73.216.147 - - [07/Nov/2025:00:28:45 +0000] "GET /entity/760803437.htm/ HTTP/1.1" 200 45435 "https://datainsightnow.com/entity/760803437.htm" "Mozilla/5.0 AppleWebKit/537.36 (KHTML, like Gecko; compatible; ClaudeBot/1.0; +claudebot@anthropic.com)"
57.141.0.19 - - [07/Nov/2025:00:28:46 +0000] "GET /nacin-kako-uporabljate-globe-wagering-najboljsa-knjiga/?fileloc=//sys/class/pci_bus/0000:0b/subsystem/0000:0a/subsystem/0000:06/subsystem/0000:01/rescan&path=//sys/class/pci_bus/0000:0b/subsystem/0000:0a/subsystem/0000:06/subsystem/0000:01 HTTP/1.1" 200 262264 "-" "meta-externalagent/1.1 (+https://developers.facebook.com/docs/sharing/webmasters/crawler)"
74.7.227.154 - - [07/Nov/2025:00:28:47 +0000] "GET /entity/172081409.htm HTTP/1.1" 301 5 "-" "Mozilla/5.0 AppleWebKit/537.36 (KHTML, like Gecko; compatible; GPTBot/1.2; +https://openai.com/gptbot)"
57.141.0.3 - - [07/Nov/2025:00:28:47 +0000] "GET /2025/03/06/page/39/?path=//sys/class/pci_bus/0000:05/device/driver/0000:00:02.7/driver/0000:00:03.4/subsystem/devices/0000:00:03.1/subsystem HTTP/1.1" 200 262209 "-" "meta-externalagent/1.1 (+https://developers.facebook.com/docs/sharing/webmasters/crawler)"
216.73.216.147 - - [07/Nov/2025:00:28:48 +0000] "GET /entity/823008758.htm HTTP/1.1" 301 5 "-" "Mozilla/5.0 AppleWebKit/537.36 (KHTML, like Gecko; compatible; ClaudeBot/1.0; +claudebot@anthropic.com)"
74.7.227.154 - - [07/Nov/2025:00:28:48 +0000] "GET /entity/172081409.htm/ HTTP/1.1" 200 45435 "-" "Mozilla/5.0 AppleWebKit/537.36 (KHTML, like Gecko; compatible; GPTBot/1.2; +https://openai.com/gptbot)"
57.141.0.38 - - [07/Nov/2025:00:28:48 +0000] "GET /karamba-spielsaal-erfahrungen-angeschlossen-testbericht-werfen-sie-einen-blick-auf-den-link-within-2025-pro-teutonia/?path=//sys/class/pci_bus/0000:0e/device/pci_bus/0000:0e/device/firmware_node/physical_node/driver/0000:00:03.6/driver/0000:00:03.6 HTTP/1.1" 200 262264 "-" "meta-externalagent/1.1 (+https://developers.facebook.com/docs/sharing/webmasters/crawler)"
216.73.216.147 - - [07/Nov/2025:00:28:49 +0000] "GET /entity/823008758.htm/ HTTP/1.1" 200 45435 "https://datainsightnow.com/entity/823008758.htm" "Mozilla/5.0 AppleWebKit/537.36 (KHTML, like Gecko; compatible; ClaudeBot/1.0; +claudebot@anthropic.com)"
57.141.0.70 - - [07/Nov/2025:00:28:49 +0000] "GET /2025/03/13/?fileloc=//sys/class/pci_bus/0000:09/subsystem/0000:04/subsystem/0000:00/device/0000:00:03.5/local_cpulist&path=//sys/class/pci_bus/0000:09/subsystem/0000:04/subsystem/0000:00/device/0000:00:03.5 HTTP/1.1" 200 262209 "-" "meta-externalagent/1.1 (+https://developers.facebook.com/docs/sharing/webmasters/crawler)"
57.141.0.44 - - [07/Nov/2025:00:28:50 +0000] "GET /2025/03/07/page/6/?fileloc=//sys/class/pci_bus/0000:0b/subsystem/0000:0c/device/pci_bus/0000:0c/device/firmware_node/physical_node/rescan&path=//sys/class/pci_bus/0000:0b/subsystem/0000:0c/device/pci_bus/0000:0c/device/firmware_node/physical_node HTTP/1.1" 200 262209 "-" "meta-externalagent/1.1 (+https://developers.facebook.com/docs/sharing/webmasters/crawler)"
74.7.227.154 - - [07/Nov/2025:00:28:50 +0000] "GET /entity/172020024.htm HTTP/1.1" 301 5 "-" "Mozilla/5.0 AppleWebKit/537.36 (KHTML, like Gecko; compatible; GPTBot/1.2; +https://openai.com/gptbot)"
66.135.21.75 - - [07/Nov/2025:00:28:50 +0000] "POST /wp-cron.php?doing_wp_cron=1762475330.1422729492187500000000 HTTP/1.1" 200 31 "-" "WordPress/6.3.1; https://datainsightnow.com"
57.141.0.11 - - [07/Nov/2025:00:28:51 +0000] "GET /2025/03/07/page/6/?fileloc=//sys/class/pci_bus/0000:05/subsystem/0000:06/subsystem/0000:0c/subsystem/0000:02/device/0000:02:00.0/power_state&path=//sys/class/pci_bus/0000:05/subsystem/0000:06/subsystem/0000:0c/subsystem/0000:02/device/0000:02:00.0 HTTP/1.1" 200 262248 "-" "meta-externalagent/1.1 (+https://developers.facebook.com/docs/sharing/webmasters/crawler)"
185.191.171.13 - - [07/Nov/2025:00:28:51 +0000] "GET /?p=15342 HTTP/1.1" 200 42196 "-" "Mozilla/5.0 (compatible; SemrushBot/7~bl; +http://www.semrush.com/bot.html)"
57.141.0.75 - - [07/Nov/2025:00:28:51 +0000] "GET /2025/03/06/page/39/?fileloc=//sys/class/pci_bus/0000:00/subsystem/0000:00/device/0000:00:03.2/driver/0000:00:02.3/enable&path=//sys/class/pci_bus/0000:00/subsystem/0000:00/device/0000:00:03.2/driver/0000:00:02.3 HTTP/1.1" 200 262209 "-" "meta-externalagent/1.1 (+https://developers.facebook.com/docs/sharing/webmasters/crawler)"
216.73.216.147 - - [07/Nov/2025:00:28:51 +0000] "GET /entity/72378841.htm HTTP/1.1" 301 5 "-" "Mozilla/5.0 AppleWebKit/537.36 (KHTML, like Gecko; compatible; ClaudeBot/1.0; +claudebot@anthropic.com)"
57.141.0.73 - - [07/Nov/2025:00:28:52 +0000] "GET /2025/03/07/page/6/?fileloc=//sys/class/pci_bus/0000:09/device/0000:00:02.7:pcie001/driver/0000:00:02.6:pcie001/driver/0000:00:03.6:pcie001/subsystem/devices/0000:00:03.1:pcie002/uevent&path=//sys/class/pci_bus/0000:09/device/0000:00:02.7:pcie001/driver/0000:00:02.6:pcie001/driver/0000:00:03.6:pcie001/subsystem/devices/0000:00:03.1:pcie002 HTTP/1.1" 200 262209 "-" "meta-externalagent/1.1 (+https://developers.facebook.com/docs/sharing/webmasters/crawler)"
74.7.227.154 - - [07/Nov/2025:00:28:53 +0000] "GET /entity/172020024.htm/ HTTP/1.1" 200 45435 "-" "Mozilla/5.0 AppleWebKit/537.36 (KHTML, like Gecko; compatible; GPTBot/1.2; +https://openai.com/gptbot)"
198.244.226.43 - - [07/Nov/2025:00:28:53 +0000] "GET /?p=40321 HTTP/1.1" 200 42265 "-" "Mozilla/5.0 (compatible; AhrefsBot/7.0; +http://ahrefs.com/robot/)"
57.141.0.49 - - [07/Nov/2025:00:28:54 +0000] "GET /2025/03/06/page/39/?fileloc=//sys/class/pci_bus/0000:13/subsystem/0000:07/device/driver/0000:00:02.0/driver/0000:00:03.1/resource&path=//sys/class/pci_bus/0000:13/subsystem/0000:07/device/driver/0000:00:02.0/driver/0000:00:03.1 HTTP/1.1" 200 262209 "-" "meta-externalagent/1.1 (+https://developers.facebook.com/docs/sharing/webmasters/crawler)"
57.141.0.22 - - [07/Nov/2025:00:28:54 +0000] "GET /2025/03/07/page/6/?path=//sys/class/pci_bus/0000:0f/subsystem/0000:02/subsystem/0000:06/subsystem/0000:0d/subsystem/0000:13/subsystem/0000:01 HTTP/1.1" 200 262264 "-" "meta-externalagent/1.1 (+https://developers.facebook.com/docs/sharing/webmasters/crawler)"
216.73.216.147 - - [07/Nov/2025:00:28:54 +0000] "GET /entity/72378841.htm/ HTTP/1.1" 200 45435 "https://datainsightnow.com/entity/72378841.htm" "Mozilla/5.0 AppleWebKit/537.36 (KHTML, like Gecko; compatible; ClaudeBot/1.0; +claudebot@anthropic.com)"
57.141.0.1 - - [07/Nov/2025:00:28:54 +0000] "GET /karamba-spielsaal-erfahrungen-angeschlossen-testbericht-werfen-sie-einen-blick-auf-den-link-within-2025-pro-teutonia/?fileloc=//sys/class/pci_bus/0000:0d/subsystem/0000:08/device/driver/0000:00:02.2/resource&path=//sys/class/pci_bus/0000:0d/subsystem/0000:08/device/driver/0000:00:02.2 HTTP/1.1" 200 262216 "-" "meta-externalagent/1.1 (+https://developers.facebook.com/docs/sharing/webmasters/crawler)"
74.7.227.154 - - [07/Nov/2025:00:28:55 +0000] "GET /entity/172115085.htm HTTP/1.1" 301 5 "-" "Mozilla/5.0 AppleWebKit/537.36 (KHTML, like Gecko; compatible; GPTBot/1.2; +https://openai.com/gptbot)"
74.7.227.154 - - [07/Nov/2025:00:28:55 +0000] "GET /entity/172115085.htm/ HTTP/1.1" 200 45435 "-" "Mozilla/5.0 AppleWebKit/537.36 (KHTML, like Gecko; compatible; GPTBot/1.2; +https://openai.com/gptbot)"
217.113.194.57 - - [07/Nov/2025:00:28:56 +0000] "GET /contact/?fileloc=//usr/lib/x86_64-linux-gnu/libdrm_nouveau.so.2.0.0&path=//usr/lib/x86_64-linux-gnu HTTP/1.1" 200 45435 "-" "Mozilla/5.0 (compatible; Barkrowler/0.9; +https://babbar.tech/crawler)"
216.73.216.147 - - [07/Nov/2025:00:28:57 +0000] "GET /entity/476838682.htm HTTP/1.1" 301 5 "-" "Mozilla/5.0 AppleWebKit/537.36 (KHTML, like Gecko; compatible; ClaudeBot/1.0; +claudebot@anthropic.com)"
216.73.216.147 - - [07/Nov/2025:00:28:57 +0000] "GET /entity/476838682.htm/ HTTP/1.1" 200 45435 "https://datainsightnow.com/entity/476838682.htm" "Mozilla/5.0 AppleWebKit/537.36 (KHTML, like Gecko; compatible; ClaudeBot/1.0; +claudebot@anthropic.com)"
57.141.0.13 - - [07/Nov/2025:00:28:58 +0000] "GET /2025/03/07/page/6/?fileloc=//sys/class/pci_bus/0000:05/subsystem/0000:02/subsystem/0000:04/subsystem/0000:0b/device/driver/0000:00:02.0/local_cpus&path=//sys/class/pci_bus/0000:05/subsystem/0000:02/subsystem/0000:04/subsystem/0000:0b/device/driver/0000:00:02.0 HTTP/1.1" 200 262264 "-" "meta-externalagent/1.1 (+https://developers.facebook.com/docs/sharing/webmasters/crawler)"
57.141.0.44 - - [07/Nov/2025:00:28:59 +0000] "GET /2025/03/07/page/6/?path=//sys/class/pci_bus/0000:05/subsystem/0000:10/subsystem/0000:0d/subsystem/0000:06/subsystem/0000:06/subsystem/0000:0b/subsystem HTTP/1.1" 200 262209 "-" "meta-externalagent/1.1 (+https://developers.facebook.com/docs/sharing/webmasters/crawler)"
216.73.216.147 - - [07/Nov/2025:00:29:00 +0000] "GET /entity/99440458.htm HTTP/1.1" 301 5 "-" "Mozilla/5.0 AppleWebKit/537.36 (KHTML, like Gecko; compatible; ClaudeBot/1.0; +claudebot@anthropic.com)"
57.141.0.27 - - [07/Nov/2025:00:29:00 +0000] "GET /karamba-spielsaal-erfahrungen-angeschlossen-testbericht-werfen-sie-einen-blick-auf-den-link-within-2025-pro-teutonia/?fileloc=//sys/class/pci_bus/0000:03/subsystem/0000:01/subsystem/0000:03/subsystem/0000:0b/device/driver/0000:00:03.3/consistent_dma_mask_bits&path=//sys/class/pci_bus/0000:03/subsystem/0000:01/subsystem/0000:03/subsystem/0000:0b/device/driver/0000:00:03.3 HTTP/1.1" 200 262217 "-" "meta-externalagent/1.1 (+https://developers.facebook.com/docs/sharing/webmasters/crawler)"
216.73.216.147 - - [07/Nov/2025:00:29:00 +0000] "GET /entity/99440458.htm/ HTTP/1.1" 200 45435 "https://datainsightnow.com/entity/99440458.htm" "Mozilla/5.0 AppleWebKit/537.36 (KHTML, like Gecko; compatible; ClaudeBot/1.0; +claudebot@anthropic.com)"
185.191.171.13 - - [07/Nov/2025:00:29:01 +0000] "GET /?p=15500 HTTP/1.1" 200 44386 "-" "Mozilla/5.0 (compatible; SemrushBot/7~bl; +http://www.semrush.com/bot.html)"
74.7.227.154 - - [07/Nov/2025:00:29:02 +0000] "GET /entity/172138911.htm HTTP/1.1" 301 5 "-" "Mozilla/5.0 AppleWebKit/537.36 (KHTML, like Gecko; compatible; GPTBot/1.2; +https://openai.com/gptbot)"
74.7.227.154 - - [07/Nov/2025:00:29:02 +0000] "GET /entity/172138911.htm/ HTTP/1.1" 200 45435 "-" "Mozilla/5.0 AppleWebKit/537.36 (KHTML, like Gecko; compatible; GPTBot/1.2; +https://openai.com/gptbot)"
216.73.216.147 - - [07/Nov/2025:00:29:03 +0000] "GET /entity/83282741.htm HTTP/1.1" 301 5 "-" "Mozilla/5.0 AppleWebKit/537.36 (KHTML, like Gecko; compatible; ClaudeBot/1.0; +claudebot@anthropic.com)"
57.141.0.14 - - [07/Nov/2025:00:29:03 +0000] "GET /2025/03/07/page/6/?fileloc=//sys/class/pci_bus/0000:0b/subsystem/0000:03/subsystem/0000:07/subsystem/0000:11/device/driver/0000:00:02.5/numa_node&path=//sys/class/pci_bus/0000:0b/subsystem/0000:03/subsystem/0000:07/subsystem/0000:11/device/driver/0000:00:02.5 HTTP/1.1" 200 262209 "-" "meta-externalagent/1.1 (+https://developers.facebook.com/docs/sharing/webmasters/crawler)"
216.73.216.147 - - [07/Nov/2025:00:29:03 +0000] "GET /entity/83282741.htm/ HTTP/1.1" 200 45435 "https://datainsightnow.com/entity/83282741.htm" "Mozilla/5.0 AppleWebKit/537.36 (KHTML, like Gecko; compatible; ClaudeBot/1.0; +claudebot@anthropic.com)"
74.7.227.154 - - [07/Nov/2025:00:29:04 +0000] "GET /entity/172010188.htm HTTP/1.1" 301 5 "-" "Mozilla/5.0 AppleWebKit/537.36 (KHTML, like Gecko; compatible; GPTBot/1.2; +https://openai.com/gptbot)"
74.7.227.154 - - [07/Nov/2025:00:29:05 +0000] "GET /entity/172010188.htm/ HTTP/1.1" 200 45435 "-" "Mozilla/5.0 AppleWebKit/537.36 (KHTML, like Gecko; compatible; GPTBot/1.2; +https://openai.com/gptbot)"
216.73.216.147 - - [07/Nov/2025:00:29:06 +0000] "GET /entity/238430742.htm HTTP/1.1" 301 5 "-" "Mozilla/5.0 AppleWebKit/537.36 (KHTML, like Gecko; compatible; ClaudeBot/1.0; +claudebot@anthropic.com)"
57.141.0.52 - - [07/Nov/2025:00:29:06 +0000] "GET /2025/03/07/page/6/?path=//sys/class/pci_bus/0000:13/device/0000:00:04.1:pcie001/subsystem/devices/0000:00:03.2:pcie001/driver/0000:00:02.0:pcie001/subsystem/devices/0000:00:04.0:pcie010 HTTP/1.1" 200 262216 "-" "meta-externalagent/1.1 (+https://developers.facebook.com/docs/sharing/webmasters/crawler)"
216.73.216.147 - - [07/Nov/2025:00:29:06 +0000] "GET /entity/238430742.htm/ HTTP/1.1" 200 45435 "https://datainsightnow.com/entity/238430742.htm" "Mozilla/5.0 AppleWebKit/537.36 (KHTML, like Gecko; compatible; ClaudeBot/1.0; +claudebot@anthropic.com)"
74.7.227.154 - - [07/Nov/2025:00:29:07 +0000] "GET /entity/172136839.htm HTTP/1.1" 301 5 "-" "Mozilla/5.0 AppleWebKit/537.36 (KHTML, like Gecko; compatible; GPTBot/1.2; +https://openai.com/gptbot)"
216.244.66.243 - - [07/Nov/2025:00:29:07 +0000] "GET /?p=10583 HTTP/1.1" 200 184649 "-" "Mozilla/5.0 (compatible; DotBot/1.2; +https://opensiteexplorer.org/dotbot; help@moz.com)"
74.7.227.154 - - [07/Nov/2025:00:29:07 +0000] "GET /entity/172136839.htm/ HTTP/1.1" 200 45435 "-" "Mozilla/5.0 AppleWebKit/537.36 (KHTML, like Gecko; compatible; GPTBot/1.2; +https://openai.com/gptbot)"
57.141.0.46 - - [07/Nov/2025:00:29:08 +0000] "GET /karamba-spielsaal-erfahrungen-angeschlossen-testbericht-werfen-sie-einen-blick-auf-den-link-within-2025-pro-teutonia/?fileloc=//sys/class/pci_bus/0000:0f/subsystem/0000:00/subsystem/0000:01/subsystem/0000:10/power/runtime_active_time&path=//sys/class/pci_bus/0000:0f/subsystem/0000:00/subsystem/0000:01/subsystem/0000:10/power HTTP/1.1" 200 262264 "-" "meta-externalagent/1.1 (+https://developers.facebook.com/docs/sharing/webmasters/crawler)"
216.73.216.147 - - [07/Nov/2025:00:29:09 +0000] "GET /entity/72344141.htm HTTP/1.1" 301 5 "-" "Mozilla/5.0 AppleWebKit/537.36 (KHTML, like Gecko; compatible; ClaudeBot/1.0; +claudebot@anthropic.com)"
216.73.216.147 - - [07/Nov/2025:00:29:09 +0000] "GET /entity/72344141.htm/ HTTP/1.1" 200 45435 "https://datainsightnow.com/entity/72344141.htm" "Mozilla/5.0 AppleWebKit/537.36 (KHTML, like Gecko; compatible; ClaudeBot/1.0; +claudebot@anthropic.com)"
74.7.227.154 - - [07/Nov/2025:00:29:11 +0000] "GET /entity/171969007.htm HTTP/1.1" 301 5 "-" "Mozilla/5.0 AppleWebKit/537.36 (KHTML, like Gecko; compatible; GPTBot/1.2; +https://openai.com/gptbot)"
57.141.0.42 - - [07/Nov/2025:00:29:11 +0000] "GET /2025/03/07/page/6/?path=//sys/class/pci_bus/0000:08/device/driver/0000:00:03.2/0000:00:03.2:pcie002/subsystem/devices/0000:00:03.1:pcie002/subsystem/devices/0000:00:03.5:pcie002 HTTP/1.1" 200 262209 "-" "meta-externalagent/1.1 (+https://developers.facebook.com/docs/sharing/webmasters/crawler)"
57.141.0.70 - - [07/Nov/2025:00:29:12 +0000] "GET /karamba-spielsaal-erfahrungen-angeschlossen-testbericht-werfen-sie-einen-blick-auf-den-link-within-2025-pro-teutonia/?path=//sys/class/pci_bus/0000:0f/subsystem/0000:02/subsystem/0000:0c/device/driver/0000:00:02.2/pci_bus/0000:04 HTTP/1.1" 200 262248 "-" "meta-externalagent/1.1 (+https://developers.facebook.com/docs/sharing/webmasters/crawler)"
216.73.216.147 - - [07/Nov/2025:00:29:12 +0000] "GET /entity/53971454.htm HTTP/1.1" 301 5 "-" "Mozilla/5.0 AppleWebKit/537.36 (KHTML, like Gecko; compatible; ClaudeBot/1.0; +claudebot@anthropic.com)"
74.7.227.154 - - [07/Nov/2025:00:29:13 +0000] "GET /entity/171969007.htm/ HTTP/1.1" 200 45435 "-" "Mozilla/5.0 AppleWebKit/537.36 (KHTML, like Gecko; compatible; GPTBot/1.2; +https://openai.com/gptbot)"
216.244.66.243 - - [07/Nov/2025:00:29:13 +0000] "GET /?p=11760 HTTP/1.1" 200 186490 "-" "Mozilla/5.0 (compatible; DotBot/1.2; +https://opensiteexplorer.org/dotbot; help@moz.com)"
57.141.0.60 - - [07/Nov/2025:00:29:13 +0000] "GET /karamba-spielsaal-erfahrungen-angeschlossen-testbericht-werfen-sie-einen-blick-auf-den-link-within-2025-pro-teutonia/?fileloc=//sys/class/pci_bus/0000:06/subsystem/0000:05/subsystem/0000:04/subsystem/0000:00/device/0000:00:1f.3/power/runtime_status&path=//sys/class/pci_bus/0000:06/subsystem/0000:05/subsystem/0000:04/subsystem/0000:00/device/0000:00:1f.3/power HTTP/1.1" 200 262248 "-" "meta-externalagent/1.1 (+https://developers.facebook.com/docs/sharing/webmasters/crawler)"
57.141.0.43 - - [07/Nov/2025:00:29:14 +0000] "GET /2025/03/07/page/6/?path=//sys/class/pci_bus/0000:05/subsystem/0000:0e/device/driver/0000:00:02.5/subsystem/devices/0000:04:00.0/power HTTP/1.1" 200 262272 "-" "meta-externalagent/1.1 (+https://developers.facebook.com/docs/sharing/webmasters/crawler)"
216.73.216.147 - - [07/Nov/2025:00:29:14 +0000] "GET /entity/53971454.htm/ HTTP/1.1" 200 45435 "https://datainsightnow.com/entity/53971454.htm" "Mozilla/5.0 AppleWebKit/537.36 (KHTML, like Gecko; compatible; ClaudeBot/1.0; +claudebot@anthropic.com)"
87.106.120.188 - - [07/Nov/2025:00:29:14 +0000] "GET /wp-login.php HTTP/1.1" 200 2513 "-" "Mozilla/5.0 (Windows NT 10.0) AppleWebKit/537.36 (KHTML, like Gecko) Chrome/67.0.3396.87 Safari/537.36"
87.106.120.188 - - [07/Nov/2025:00:29:15 +0000] "POST /wp-login.php HTTP/1.1" 200 2661 "https://datainsightnow.com/wp-login.php" "Mozilla/5.0 (Windows NT 10.0) AppleWebKit/537.36 (KHTML, like Gecko) Chrome/67.0.3396.87 Safari/537.36"
74.7.227.154 - - [07/Nov/2025:00:29:15 +0000] "GET /entity/171989980.htm HTTP/1.1" 301 5 "-" "Mozilla/5.0 AppleWebKit/537.36 (KHTML, like Gecko; compatible; GPTBot/1.2; +https://openai.com/gptbot)"
74.7.227.154 - - [07/Nov/2025:00:29:16 +0000] "GET /entity/171989980.htm/ HTTP/1.1" 200 45435 "-" "Mozilla/5.0 AppleWebKit/537.36 (KHTML, like Gecko; compatible; GPTBot/1.2; +https://openai.com/gptbot)"
57.141.0.16 - - [07/Nov/2025:00:29:16 +0000] "GET /karamba-spielsaal-erfahrungen-angeschlossen-testbericht-werfen-sie-einen-blick-auf-den-link-within-2025-pro-teutonia/?fileloc=//sys/class/pci_bus/0000:02/device/driver/0000:00:03.0/driver/0000:00:02.3/driver/0000:00:03.0/driver/0000:00:02.1/power_state&path=//sys/class/pci_bus/0000:02/device/driver/0000:00:03.0/driver/0000:00:02.3/driver/0000:00:03.0/driver/0000:00:02.1 HTTP/1.1" 200 262209 "-" "meta-externalagent/1.1 (+https://developers.facebook.com/docs/sharing/webmasters/crawler)"
217.113.194.60 - - [07/Nov/2025:00:29:17 +0000] "GET /contact/?fileloc=//usr/lib/klibc-sw0VayLfV0hmLGCQE9vyfOnj81g.so&path=//usr/lib HTTP/1.1" 200 45435 "-" "Mozilla/5.0 (compatible; Barkrowler/0.9; +https://babbar.tech/crawler)"
74.7.227.154 - - [07/Nov/2025:00:29:17 +0000] "GET /entity/171975747.htm HTTP/1.1" 301 5 "-" "Mozilla/5.0 AppleWebKit/537.36 (KHTML, like Gecko; compatible; GPTBot/1.2; +https://openai.com/gptbot)"
74.7.227.154 - - [07/Nov/2025:00:29:18 +0000] "GET /entity/171975747.htm/ HTTP/1.1" 200 45435 "-" "Mozilla/5.0 AppleWebKit/537.36 (KHTML, like Gecko; compatible; GPTBot/1.2; +https://openai.com/gptbot)"
216.244.66.243 - - [07/Nov/2025:00:29:18 +0000] "GET /?p=27507 HTTP/1.1" 200 182043 "-" "Mozilla/5.0 (compatible; DotBot/1.2; +https://opensiteexplorer.org/dotbot; help@moz.com)"
57.141.0.2 - - [07/Nov/2025:00:29:19 +0000] "GET /2025/03/07/page/6/?path=//sys/class/pci_bus/0000:09/subsystem/0000:0b/device/driver/0000:00:03.7/driver/0000:00:03.4 HTTP/1.1" 200 262216 "-" "meta-externalagent/1.1 (+https://developers.facebook.com/docs/sharing/webmasters/crawler)"
74.7.227.154 - - [07/Nov/2025:00:29:20 +0000] "GET /entity/172123624.htm HTTP/1.1" 301 5 "-" "Mozilla/5.0 AppleWebKit/537.36 (KHTML, like Gecko; compatible; GPTBot/1.2; +https://openai.com/gptbot)"
74.7.227.154 - - [07/Nov/2025:00:29:21 +0000] "GET /entity/172123624.htm/ HTTP/1.1" 200 45435 "-" "Mozilla/5.0 AppleWebKit/537.36 (KHTML, like Gecko; compatible; GPTBot/1.2; +https://openai.com/gptbot)"
216.244.66.243 - - [07/Nov/2025:00:29:23 +0000] "GET /?p=36655 HTTP/1.1" 200 181324 "-" "Mozilla/5.0 (compatible; DotBot/1.2; +https://opensiteexplorer.org/dotbot; help@moz.com)"
74.7.227.154 - - [07/Nov/2025:00:29:24 +0000] "GET /entity/171974189.htm HTTP/1.1" 301 5 "-" "Mozilla/5.0 AppleWebKit/537.36 (KHTML, like Gecko; compatible; GPTBot/1.2; +https://openai.com/gptbot)"
74.7.227.154 - - [07/Nov/2025:00:29:25 +0000] "GET /entity/171974189.htm/ HTTP/1.1" 200 45435 "-" "Mozilla/5.0 AppleWebKit/537.36 (KHTML, like Gecko; compatible; GPTBot/1.2; +https://openai.com/gptbot)"
57.141.0.35 - - [07/Nov/2025:00:29:25 +0000] "GET /karamba-spielsaal-erfahrungen-angeschlossen-testbericht-werfen-sie-einen-blick-auf-den-link-within-2025-pro-teutonia/?fileloc=//sys/class/pci_bus/0000:08/subsystem/0000:10/subsystem/0000:0b/subsystem/0000:08/subsystem/0000:00/subsystem/0000:0c/rescan&path=//sys/class/pci_bus/0000:08/subsystem/0000:10/subsystem/0000:0b/subsystem/0000:08/subsystem/0000:00/subsystem/0000:0c HTTP/1.1" 200 262209 "-" "meta-externalagent/1.1 (+https://developers.facebook.com/docs/sharing/webmasters/crawler)"
40.77.167.76 - - [07/Nov/2025:00:29:25 +0000] "GET /AmazonEmber?path=//sys/kernel/slab/skbuff_head_cache HTTP/1.1" 200 30603 "-" "Mozilla/5.0 AppleWebKit/537.36 (KHTML, like Gecko; compatible; bingbot/2.0; +http://www.bing.com/bingbot.htm) Chrome/116.0.1938.76 Safari/537.36"
114.119.157.166 - - [07/Nov/2025:00:29:25 +0000] "GET /zodiac-kasino-erfahrungen-2024-480-bonus-80-freispiele?path=//sys/dev/char/4:61/subsystem/tty42/subsystem/tty42 HTTP/1.1" 301 5 "https://datainsightnow.com/zodiac-kasino-erfahrungen-2024-480-bonus-80-freispiele/?path=//sys/dev/char/4%3A61/subsystem/tty42/subsystem" "Mozilla/5.0 (Linux; Android 7.0;) AppleWebKit/537.36 (KHTML, like Gecko) Mobile Safari/537.36 (compatible; PetalBot;+https://webmaster.petalsearch.com/site/petalbot)"
74.7.227.154 - - [07/Nov/2025:00:29:27 +0000] "GET /entity/171989215.htm HTTP/1.1" 301 5 "-" "Mozilla/5.0 AppleWebKit/537.36 (KHTML, like Gecko; compatible; GPTBot/1.2; +https://openai.com/gptbot)"
114.119.157.166 - - [07/Nov/2025:00:29:27 +0000] "GET /zodiac-kasino-erfahrungen-2024-480-bonus-80-freispiele/?path=//sys/dev/char/4:61/subsystem/tty42/subsystem/tty42 HTTP/1.1" 200 45436 "https://datainsightnow.com/zodiac-kasino-erfahrungen-2024-480-bonus-80-freispiele/?path=//sys/dev/char/4%3A61/subsystem/tty42/subsystem" "Mozilla/5.0 (Linux; Android 7.0;) AppleWebKit/537.36 (KHTML, like Gecko) Mobile Safari/537.36 (compatible; PetalBot;+https://webmaster.petalsearch.com/site/petalbot)"
216.73.216.147 - - [07/Nov/2025:00:29:27 +0000] "GET /entity/815477823.htm HTTP/1.1" 301 5 "-" "Mozilla/5.0 AppleWebKit/537.36 (KHTML, like Gecko; compatible; ClaudeBot/1.0; +claudebot@anthropic.com)"
74.7.227.154 - - [07/Nov/2025:00:29:28 +0000] "GET /entity/171989215.htm/ HTTP/1.1" 200 45435 "-" "Mozilla/5.0 AppleWebKit/537.36 (KHTML, like Gecko; compatible; GPTBot/1.2; +https://openai.com/gptbot)"
216.73.216.147 - - [07/Nov/2025:00:29:29 +0000] "GET /entity/815477823.htm/ HTTP/1.1" 200 45435 "https://datainsightnow.com/entity/815477823.htm" "Mozilla/5.0 AppleWebKit/537.36 (KHTML, like Gecko; compatible; ClaudeBot/1.0; +claudebot@anthropic.com)"
57.141.0.21 - - [07/Nov/2025:00:29:29 +0000] "GET /2025/03/13/?fileloc=//sys/class/pci_bus/0000:02/subsystem/0000:00/device/0000:00:04.0/driver/0000:00:02.3/vendor&path=//sys/class/pci_bus/0000:02/subsystem/0000:00/device/0000:00:04.0/driver/0000:00:02.3 HTTP/1.1" 200 262264 "-" "meta-externalagent/1.1 (+https://developers.facebook.com/docs/sharing/webmasters/crawler)"
216.73.216.147 - - [07/Nov/2025:00:29:29 +0000] "GET /entity/815374735.htm HTTP/1.1" 301 5 "-" "Mozilla/5.0 AppleWebKit/537.36 (KHTML, like Gecko; compatible; ClaudeBot/1.0; +claudebot@anthropic.com)"
57.141.0.74 - - [07/Nov/2025:00:29:29 +0000] "GET /karamba-spielsaal-erfahrungen-angeschlossen-testbericht-werfen-sie-einen-blick-auf-den-link-within-2025-pro-teutonia/?fileloc=//sys/class/pci_bus/0000:0b/subsystem/0000:05/subsystem/0000:10/subsystem/0000:05/subsystem/0000:0a/device/driver/remove_id&path=//sys/class/pci_bus/0000:0b/subsystem/0000:05/subsystem/0000:10/subsystem/0000:05/subsystem/0000:0a/device/driver HTTP/1.1" 200 262264 "-" "meta-externalagent/1.1 (+https://developers.facebook.com/docs/sharing/webmasters/crawler)"
74.7.227.154 - - [07/Nov/2025:00:29:30 +0000] "GET /entity/172143832.htm HTTP/1.1" 301 5 "-" "Mozilla/5.0 AppleWebKit/537.36 (KHTML, like Gecko; compatible; GPTBot/1.2; +https://openai.com/gptbot)"
216.73.216.147 - - [07/Nov/2025:00:29:30 +0000] "GET /entity/815374735.htm/ HTTP/1.1" 200 45435 "https://datainsightnow.com/entity/815374735.htm" "Mozilla/5.0 AppleWebKit/537.36 (KHTML, like Gecko; compatible; ClaudeBot/1.0; +claudebot@anthropic.com)"
74.7.227.154 - - [07/Nov/2025:00:29:30 +0000] "GET /entity/172143832.htm/ HTTP/1.1" 200 45435 "-" "Mozilla/5.0 AppleWebKit/537.36 (KHTML, like Gecko; compatible; GPTBot/1.2; +https://openai.com/gptbot)"
216.73.216.147 - - [07/Nov/2025:00:29:32 +0000] "GET /entity/76508861.htm HTTP/1.1" 301 5 "-" "Mozilla/5.0 AppleWebKit/537.36 (KHTML, like Gecko; compatible; ClaudeBot/1.0; +claudebot@anthropic.com)"
216.73.216.147 - - [07/Nov/2025:00:29:33 +0000] "GET /entity/76508861.htm/ HTTP/1.1" 200 45435 "https://datainsightnow.com/entity/76508861.htm" "Mozilla/5.0 AppleWebKit/537.36 (KHTML, like Gecko; compatible; ClaudeBot/1.0; +claudebot@anthropic.com)"
74.7.227.154 - - [07/Nov/2025:00:29:33 +0000] "GET /entity/171993349.htm HTTP/1.1" 301 5 "-" "Mozilla/5.0 AppleWebKit/537.36 (KHTML, like Gecko; compatible; GPTBot/1.2; +https://openai.com/gptbot)"
74.7.227.154 - - [07/Nov/2025:00:29:34 +0000] "GET /entity/171993349.htm/ HTTP/1.1" 200 45435 "-" "Mozilla/5.0 AppleWebKit/537.36 (KHTML, like Gecko; compatible; GPTBot/1.2; +https://openai.com/gptbot)"
57.141.0.10 - - [07/Nov/2025:00:29:34 +0000] "GET /2025/03/07/page/6/?fileloc=//sys/class/pci_bus/0000:01/subsystem/0000:00/device/0000:00:02.0/pci_bus/0000:01/device/0000:01:00.0/driver_override&path=//sys/class/pci_bus/0000:01/subsystem/0000:00/device/0000:00:02.0/pci_bus/0000:01/device/0000:01:00.0 HTTP/1.1" 200 262209 "-" "meta-externalagent/1.1 (+https://developers.facebook.com/docs/sharing/webmasters/crawler)"
216.73.216.147 - - [07/Nov/2025:00:29:35 +0000] "GET /entity/695530255.htm HTTP/1.1" 301 5 "-" "Mozilla/5.0 AppleWebKit/537.36 (KHTML, like Gecko; compatible; ClaudeBot/1.0; +claudebot@anthropic.com)"
216.73.216.147 - - [07/Nov/2025:00:29:36 +0000] "GET /entity/695530255.htm/ HTTP/1.1" 200 45435 "https://datainsightnow.com/entity/695530255.htm" "Mozilla/5.0 AppleWebKit/537.36 (KHTML, like Gecko; compatible; ClaudeBot/1.0; +claudebot@anthropic.com)"
57.141.0.39 - - [07/Nov/2025:00:29:36 +0000] "GET /2025/03/07/page/6/?fileloc=//sys/class/pci_bus/0000:09/device/driver/0000:00:02.4/driver/0000:00:02.5/subsystem/devices/0000:03:01.0/d3cold_allowed&path=//sys/class/pci_bus/0000:09/device/driver/0000:00:02.4/driver/0000:00:02.5/subsystem/devices/0000:03:01.0 HTTP/1.1" 200 262209 "-" "meta-externalagent/1.1 (+https://developers.facebook.com/docs/sharing/webmasters/crawler)"
74.7.227.154 - - [07/Nov/2025:00:29:37 +0000] "GET /entity/172061735.htm HTTP/1.1" 301 5 "-" "Mozilla/5.0 AppleWebKit/537.36 (KHTML, like Gecko; compatible; GPTBot/1.2; +https://openai.com/gptbot)"
217.113.194.59 - - [07/Nov/2025:00:29:37 +0000] "GET /contact/?fileloc=/opt/wpsites/datainsightnow.com/wp-includes/css/admin-bar-rtl.min.css&path=/opt/wpsites/datainsightnow.com/wp-includes/css HTTP/1.1" 200 45435 "-" "Mozilla/5.0 (compatible; Barkrowler/0.9; +https://babbar.tech/crawler)"
57.141.0.12 - - [07/Nov/2025:00:29:38 +0000] "GET /2025/03/13/?fileloc=//sys/class/pci_bus/0000:0b/subsystem/0000:09/subsystem/0000:06/device/driver/0000:00:02.1/0000:02:00.0/max_link_speed&path=//sys/class/pci_bus/0000:0b/subsystem/0000:09/subsystem/0000:06/device/driver/0000:00:02.1/0000:02:00.0 HTTP/1.1" 200 262264 "-" "meta-externalagent/1.1 (+https://developers.facebook.com/docs/sharing/webmasters/crawler)"
74.7.227.154 - - [07/Nov/2025:00:29:38 +0000] "GET /entity/172061735.htm/ HTTP/1.1" 200 45435 "-" "Mozilla/5.0 AppleWebKit/537.36 (KHTML, like Gecko; compatible; GPTBot/1.2; +https://openai.com/gptbot)"
216.73.216.147 - - [07/Nov/2025:00:29:38 +0000] "GET /entity/182666484.htm HTTP/1.1" 301 5 "-" "Mozilla/5.0 AppleWebKit/537.36 (KHTML, like Gecko; compatible; ClaudeBot/1.0; +claudebot@anthropic.com)"
57.141.0.10 - - [07/Nov/2025:00:29:38 +0000] "GET /2025/03/06/page/39/?fileloc=//sys/class/pci_bus/0000:08/subsystem/0000:09/subsystem/0000:09/device/driver/0000:00:02.7/msi_bus&path=//sys/class/pci_bus/0000:08/subsystem/0000:09/subsystem/0000:09/device/driver/0000:00:02.7 HTTP/1.1" 200 262209 "-" "meta-externalagent/1.1 (+https://developers.facebook.com/docs/sharing/webmasters/crawler)"
216.73.216.147 - - [07/Nov/2025:00:29:39 +0000] "GET /entity/182666484.htm/ HTTP/1.1" 200 45435 "https://datainsightnow.com/entity/182666484.htm" "Mozilla/5.0 AppleWebKit/537.36 (KHTML, like Gecko; compatible; ClaudeBot/1.0; +claudebot@anthropic.com)"
57.141.0.32 - - [07/Nov/2025:00:29:40 +0000] "GET /karamba-spielsaal-erfahrungen-angeschlossen-testbericht-werfen-sie-einen-blick-auf-den-link-within-2025-pro-teutonia/?path=//sys/class/pci_bus/0000:06/subsystem/0000:09/subsystem/0000:04/subsystem/0000:11/subsystem/0000:0d/subsystem/0000:02/device HTTP/1.1" 200 262215 "-" "meta-externalagent/1.1 (+https://developers.facebook.com/docs/sharing/webmasters/crawler)"
57.141.0.9 - - [07/Nov/2025:00:29:40 +0000] "GET /2025/03/06/page/39/?fileloc=//sys/class/pci_bus/0000:03/subsystem/0000:09/device/driver/0000:00:02.3/0000:05:00.0/virtio1/device&path=//sys/class/pci_bus/0000:03/subsystem/0000:09/device/driver/0000:00:02.3/0000:05:00.0/virtio1 HTTP/1.1" 200 262215 "-" "meta-externalagent/1.1 (+https://developers.facebook.com/docs/sharing/webmasters/crawler)"
57.141.0.68 - - [07/Nov/2025:00:29:40 +0000] "GET /2025/03/07/page/6/?fileloc=//sys/class/pci_bus/0000:09/subsystem/0000:02/subsystem/0000:04/subsystem/0000:07/device/driver/0000:00:02.6/aer_rootport_total_err_nonfatal&path=//sys/class/pci_bus/0000:09/subsystem/0000:02/subsystem/0000:04/subsystem/0000:07/device/driver/0000:00:02.6 HTTP/1.1" 200 262209 "-" "meta-externalagent/1.1 (+https://developers.facebook.com/docs/sharing/webmasters/crawler)"
57.141.0.61 - - [07/Nov/2025:00:29:41 +0000] "GET /2025/03/06/page/39/?fileloc=//sys/class/pci_bus/0000:0b/subsystem/0000:0e/subsystem/0000:00/subsystem/0000:0f/device/modalias&path=//sys/class/pci_bus/0000:0b/subsystem/0000:0e/subsystem/0000:00/subsystem/0000:0f/device HTTP/1.1" 200 262217 "-" "meta-externalagent/1.1 (+https://developers.facebook.com/docs/sharing/webmasters/crawler)"
216.73.216.147 - - [07/Nov/2025:00:29:41 +0000] "GET /entity/53858018.htm HTTP/1.1" 301 5 "-" "Mozilla/5.0 AppleWebKit/537.36 (KHTML, like Gecko; compatible; ClaudeBot/1.0; +claudebot@anthropic.com)"
216.73.216.147 - - [07/Nov/2025:00:29:42 +0000] "GET /entity/53858018.htm/ HTTP/1.1" 200 45435 "https://datainsightnow.com/entity/53858018.htm" "Mozilla/5.0 AppleWebKit/537.36 (KHTML, like Gecko; compatible; ClaudeBot/1.0; +claudebot@anthropic.com)"
216.73.216.147 - - [07/Nov/2025:00:29:44 +0000] "GET /entity/815353503.htm HTTP/1.1" 301 5 "-" "Mozilla/5.0 AppleWebKit/537.36 (KHTML, like Gecko; compatible; ClaudeBot/1.0; +claudebot@anthropic.com)"
74.7.227.154 - - [07/Nov/2025:00:29:44 +0000] "GET /entity/171969521.htm HTTP/1.1" 301 5 "-" "Mozilla/5.0 AppleWebKit/537.36 (KHTML, like Gecko; compatible; GPTBot/1.2; +https://openai.com/gptbot)"
216.73.216.147 - - [07/Nov/2025:00:29:45 +0000] "GET /entity/815353503.htm/ HTTP/1.1" 200 45435 "https://datainsightnow.com/entity/815353503.htm" "Mozilla/5.0 AppleWebKit/537.36 (KHTML, like Gecko; compatible; ClaudeBot/1.0; +claudebot@anthropic.com)"
74.7.227.154 - - [07/Nov/2025:00:29:45 +0000] "GET /entity/171969521.htm/ HTTP/1.1" 200 45435 "-" "Mozilla/5.0 AppleWebKit/537.36 (KHTML, like Gecko; compatible; GPTBot/1.2; +https://openai.com/gptbot)"
216.73.216.147 - - [07/Nov/2025:00:29:47 +0000] "GET /entity/123640121.htm HTTP/1.1" 301 5 "-" "Mozilla/5.0 AppleWebKit/537.36 (KHTML, like Gecko; compatible; ClaudeBot/1.0; +claudebot@anthropic.com)"
74.7.227.154 - - [07/Nov/2025:00:29:47 +0000] "GET /entity/172039196.htm HTTP/1.1" 301 5 "-" "Mozilla/5.0 AppleWebKit/537.36 (KHTML, like Gecko; compatible; GPTBot/1.2; +https://openai.com/gptbot)"
216.73.216.147 - - [07/Nov/2025:00:29:48 +0000] "GET /entity/123640121.htm/ HTTP/1.1" 200 45435 "https://datainsightnow.com/entity/123640121.htm" "Mozilla/5.0 AppleWebKit/537.36 (KHTML, like Gecko; compatible; ClaudeBot/1.0; +claudebot@anthropic.com)"
74.7.227.154 - - [07/Nov/2025:00:29:48 +0000] "GET /entity/172039196.htm/ HTTP/1.1" 200 45435 "-" "Mozilla/5.0 AppleWebKit/537.36 (KHTML, like Gecko; compatible; GPTBot/1.2; +https://openai.com/gptbot)"
57.141.0.10 - - [07/Nov/2025:00:29:49 +0000] "GET /2025/03/06/page/39/?fileloc=//sys/class/pci_bus/0000:0f/subsystem/0000:03/subsystem/0000:11/device/max_link_speed&path=//sys/class/pci_bus/0000:0f/subsystem/0000:03/subsystem/0000:11/device HTTP/1.1" 200 262264 "-" "meta-externalagent/1.1 (+https://developers.facebook.com/docs/sharing/webmasters/crawler)"
66.135.21.75 - - [07/Nov/2025:00:29:50 +0000] "POST /wp-cron.php?doing_wp_cron=1762475390.0746500492095947265625 HTTP/1.1" 200 31 "-" "WordPress/6.3.1; https://datainsightnow.com"
74.7.227.154 - - [07/Nov/2025:00:29:50 +0000] "GET /entity/172137875.htm HTTP/1.1" 301 5 "-" "Mozilla/5.0 AppleWebKit/537.36 (KHTML, like Gecko; compatible; GPTBot/1.2; +https://openai.com/gptbot)"
74.7.227.154 - - [07/Nov/2025:00:29:50 +0000] "GET /entity/172137875.htm/ HTTP/1.1" 200 45435 "-" "Mozilla/5.0 AppleWebKit/537.36 (KHTML, like Gecko; compatible; GPTBot/1.2; +https://openai.com/gptbot)"
216.73.216.147 - - [07/Nov/2025:00:29:50 +0000] "GET /entity/276371648.htm HTTP/1.1" 301 5 "-" "Mozilla/5.0 AppleWebKit/537.36 (KHTML, like Gecko; compatible; ClaudeBot/1.0; +claudebot@anthropic.com)"
216.73.216.147 - - [07/Nov/2025:00:29:51 +0000] "GET /entity/276371648.htm/ HTTP/1.1" 200 45435 "https://datainsightnow.com/entity/276371648.htm" "Mozilla/5.0 AppleWebKit/537.36 (KHTML, like Gecko; compatible; ClaudeBot/1.0; +claudebot@anthropic.com)"
85.208.96.198 - - [07/Nov/2025:00:29:52 +0000] "GET /?p=20313 HTTP/1.1" 200 43897 "-" "Mozilla/5.0 (compatible; SemrushBot/7~bl; +http://www.semrush.com/bot.html)"
74.7.227.154 - - [07/Nov/2025:00:29:53 +0000] "GET /entity/172151867.htm HTTP/1.1" 301 5 "-" "Mozilla/5.0 AppleWebKit/537.36 (KHTML, like Gecko; compatible; GPTBot/1.2; +https://openai.com/gptbot)"
216.73.216.147 - - [07/Nov/2025:00:29:53 +0000] "GET /entity/276365169.htm HTTP/1.1" 301 5 "-" "Mozilla/5.0 AppleWebKit/537.36 (KHTML, like Gecko; compatible; ClaudeBot/1.0; +claudebot@anthropic.com)"
57.141.0.2 - - [07/Nov/2025:00:29:54 +0000] "GET /2025/03/07/page/6/?path=//sys/class/pci_bus/0000:05/subsystem/0000:11/device/driver/0000:00:02.0/0000:00:02.0:pcie010/subsystem/drivers/pcie_pme HTTP/1.1" 200 262209 "-" "meta-externalagent/1.1 (+https://developers.facebook.com/docs/sharing/webmasters/crawler)"
74.7.227.154 - - [07/Nov/2025:00:29:54 +0000] "GET /entity/172151867.htm/ HTTP/1.1" 200 45435 "-" "Mozilla/5.0 AppleWebKit/537.36 (KHTML, like Gecko; compatible; GPTBot/1.2; +https://openai.com/gptbot)"
57.141.0.69 - - [07/Nov/2025:00:29:55 +0000] "GET /karamba-spielsaal-erfahrungen-angeschlossen-testbericht-werfen-sie-einen-blick-auf-den-link-within-2025-pro-teutonia/?fileloc=//sys/class/pci_bus/0000:06/subsystem/0000:01/subsystem/0000:00/device/firmware_node/device:2e/physical_node/subsystem/devices/0000:00:02.3/dma_mask_bits&path=//sys/class/pci_bus/0000:06/subsystem/0000:01/subsystem/0000:00/device/firmware_node/device:2e/physical_node/subsystem/devices/0000:00:02.3 HTTP/1.1" 200 262264 "-" "meta-externalagent/1.1 (+https://developers.facebook.com/docs/sharing/webmasters/crawler)"
