57.141.0.12 - - [07/Nov/2025:00:22:17 +0000] "GET /2025/03/07/page/6/?fileloc=//sys/class/pci_bus/0000:07/subsystem/0000:10/subsystem/0000:09/device/driver/0000:00:02.1/class&path=//sys/class/pci_bus/0000:07/subsystem/0000:10/subsystem/0000:09/device/driver/0000:00:02.1 HTTP/1.1" 200 262264 "-" "meta-externalagent/1.1 (+https://developers.facebook.com/docs/sharing/webmasters/crawler)"
57.141.0.60 - - [07/Nov/2025:00:22:18 +0000] "GET /2025/03/07/page/6/?fileloc=//sys/class/pci_bus/0000:0b/subsystem/0000:08/device/subsystem/devices/0000:00:02.1/uevent&path=//sys/class/pci_bus/0000:0b/subsystem/0000:08/device/subsystem/devices/0000:00:02.1 HTTP/1.1" 200 262264 "-" "meta-externalagent/1.1 (+https://developers.facebook.com/docs/sharing/webmasters/crawler)"
216.73.216.147 - - [07/Nov/2025:00:22:18 +0000] "GET /entity/695493736.htm HTTP/1.1" 301 5 "-" "Mozilla/5.0 AppleWebKit/537.36 (KHTML, like Gecko; compatible; ClaudeBot/1.0; +claudebot@anthropic.com)"
216.73.216.147 - - [07/Nov/2025:00:22:19 +0000] "GET /entity/695493736.htm/ HTTP/1.1" 200 45435 "https://datainsightnow.com/entity/695493736.htm" "Mozilla/5.0 AppleWebKit/537.36 (KHTML, like Gecko; compatible; ClaudeBot/1.0; +claudebot@anthropic.com)"
57.141.0.72 - - [07/Nov/2025:00:22:19 +0000] "GET /karamba-spielsaal-erfahrungen-angeschlossen-testbericht-werfen-sie-einen-blick-auf-den-link-within-2025-pro-teutonia/?fileloc=//sys/class/pci_bus/0000:02/subsystem/0000:0d/subsystem/0000:00/device/0000:00:1b.0/hdaudioC0D0/revision_id&path=//sys/class/pci_bus/0000:02/subsystem/0000:0d/subsystem/0000:00/device/0000:00:1b.0/hdaudioC0D0 HTTP/1.1" 200 262209 "-" "meta-externalagent/1.1 (+https://developers.facebook.com/docs/sharing/webmasters/crawler)"
74.7.227.154 - - [07/Nov/2025:00:22:20 +0000] "GET /entity/172092554.htm HTTP/1.1" 301 5 "-" "Mozilla/5.0 AppleWebKit/537.36 (KHTML, like Gecko; compatible; GPTBot/1.2; +https://openai.com/gptbot)"
74.7.227.154 - - [07/Nov/2025:00:22:20 +0000] "GET /entity/172092554.htm/ HTTP/1.1" 200 45435 "-" "Mozilla/5.0 AppleWebKit/537.36 (KHTML, like Gecko; compatible; GPTBot/1.2; +https://openai.com/gptbot)"
216.73.216.147 - - [07/Nov/2025:00:22:21 +0000] "GET /entity/269983933.htm HTTP/1.1" 301 5 "-" "Mozilla/5.0 AppleWebKit/537.36 (KHTML, like Gecko; compatible; ClaudeBot/1.0; +claudebot@anthropic.com)"
57.141.0.31 - - [07/Nov/2025:00:22:22 +0000] "GET /2025/03/06/page/39/?fileloc=//sys/class/pci_bus/0000:0b/subsystem/0000:00/subsystem/0000:00/device/0000:00:02.0/subsystem/drivers/xen-platform-pci/bind&path=//sys/class/pci_bus/0000:0b/subsystem/0000:00/subsystem/0000:00/device/0000:00:02.0/subsystem/drivers/xen-platform-pci HTTP/1.1" 200 262248 "-" "meta-externalagent/1.1 (+https://developers.facebook.com/docs/sharing/webmasters/crawler)"
95.91.110.210 - - [07/Nov/2025:00:22:22 +0000] "GET /?fileloc=//usr/share/ufw/after.rules.md5sum&path=//usr/share/ufw HTTP/1.1" 200 45435 "-" "Mozilla/5.0 (compatible; MJ12bot/v1.4.8; http://mj12bot.com/)"
57.141.0.27 - - [07/Nov/2025:00:22:23 +0000] "GET /karamba-spielsaal-erfahrungen-angeschlossen-testbericht-werfen-sie-einen-blick-auf-den-link-within-2025-pro-teutonia/?path=//sys/class/pci_bus/0000:06/subsystem/0000:0c/device/driver/0000:00:02.0/driver/0000:00:02.6/firmware_node/physical_node/driver HTTP/1.1" 200 262209 "-" "meta-externalagent/1.1 (+https://developers.facebook.com/docs/sharing/webmasters/crawler)"
74.7.227.154 - - [07/Nov/2025:00:22:23 +0000] "GET /entity/172112750.htm HTTP/1.1" 301 5 "-" "Mozilla/5.0 AppleWebKit/537.36 (KHTML, like Gecko; compatible; GPTBot/1.2; +https://openai.com/gptbot)"
216.73.216.147 - - [07/Nov/2025:00:22:23 +0000] "GET /entity/269983933.htm/ HTTP/1.1" 200 45435 "https://datainsightnow.com/entity/269983933.htm" "Mozilla/5.0 AppleWebKit/537.36 (KHTML, like Gecko; compatible; ClaudeBot/1.0; +claudebot@anthropic.com)"
217.113.194.61 - - [07/Nov/2025:00:22:23 +0000] "GET /register/?fileloc=/opt/wpsites/datainsightnow.com/wp-includes/blocks/comments-pagination-numbers.php&path=/opt/wpsites/datainsightnow.com/wp-includes/blocks HTTP/1.1" 200 45435 "-" "Mozilla/5.0 (compatible; Barkrowler/0.9; +https://babbar.tech/crawler)"
57.141.0.26 - - [07/Nov/2025:00:22:24 +0000] "GET /2025/03/07/page/6/?fileloc=//sys/class/pci_bus/0000:00/device/0000:00:03.4/driver/0000:00:02.3/pci_bus/0000:05/device/driver/0000:00:03.3/aer_dev_nonfatal&path=//sys/class/pci_bus/0000:00/device/0000:00:03.4/driver/0000:00:02.3/pci_bus/0000:05/device/driver/0000:00:03.3 HTTP/1.1" 200 262264 "-" "meta-externalagent/1.1 (+https://developers.facebook.com/docs/sharing/webmasters/crawler)"
74.7.227.154 - - [07/Nov/2025:00:22:24 +0000] "GET /entity/172112750.htm/ HTTP/1.1" 200 45435 "-" "Mozilla/5.0 AppleWebKit/537.36 (KHTML, like Gecko; compatible; GPTBot/1.2; +https://openai.com/gptbot)"
216.73.216.147 - - [07/Nov/2025:00:22:24 +0000] "GET /entity/815456320.htm HTTP/1.1" 301 5 "-" "Mozilla/5.0 AppleWebKit/537.36 (KHTML, like Gecko; compatible; ClaudeBot/1.0; +claudebot@anthropic.com)"
57.141.0.43 - - [07/Nov/2025:00:22:25 +0000] "GET /2025/03/07/page/6/?path=//sys/class/pci_bus/0000:09/device/driver/0000:00:02.0/0000:00:02.0:pcie001/driver/0000:00:03.6:pcie001/subsystem/devices/0000:00:03.7:pcie002 HTTP/1.1" 200 262209 "-" "meta-externalagent/1.1 (+https://developers.facebook.com/docs/sharing/webmasters/crawler)"
57.141.0.52 - - [07/Nov/2025:00:22:25 +0000] "GET /2025/03/07/page/6/?fileloc=//sys/class/pci_bus/0000:0c/subsystem/0000:04/subsystem/0000:03/subsystem/0000:04/subsystem/0000:05/device/max_link_width&path=//sys/class/pci_bus/0000:0c/subsystem/0000:04/subsystem/0000:03/subsystem/0000:04/subsystem/0000:05/device HTTP/1.1" 200 262248 "-" "meta-externalagent/1.1 (+https://developers.facebook.com/docs/sharing/webmasters/crawler)"
216.73.216.147 - - [07/Nov/2025:00:22:25 +0000] "GET /entity/815456320.htm/ HTTP/1.1" 200 45435 "https://datainsightnow.com/entity/815456320.htm" "Mozilla/5.0 AppleWebKit/537.36 (KHTML, like Gecko; compatible; ClaudeBot/1.0; +claudebot@anthropic.com)"
74.7.227.154 - - [07/Nov/2025:00:22:26 +0000] "GET /entity/172082708.htm HTTP/1.1" 301 5 "-" "Mozilla/5.0 AppleWebKit/537.36 (KHTML, like Gecko; compatible; GPTBot/1.2; +https://openai.com/gptbot)"
157.55.39.62 - - [07/Nov/2025:00:22:26 +0000] "GET /69867316?entity=0069597818 HTTP/1.1" 200 29947 "-" "Mozilla/5.0 AppleWebKit/537.36 (KHTML, like Gecko; compatible; bingbot/2.0; +http://www.bing.com/bingbot.htm) Chrome/116.0.1938.76 Safari/537.36"
95.91.110.210 - - [07/Nov/2025:00:22:27 +0000] "GET /?fileloc=//usr/share/ufw/after6.rules&path=//usr/share/ufw HTTP/1.1" 200 45435 "-" "Mozilla/5.0 (compatible; MJ12bot/v1.4.8; http://mj12bot.com/)"
74.7.227.154 - - [07/Nov/2025:00:22:27 +0000] "GET /entity/172082708.htm/ HTTP/1.1" 200 45435 "-" "Mozilla/5.0 AppleWebKit/537.36 (KHTML, like Gecko; compatible; GPTBot/1.2; +https://openai.com/gptbot)"
216.73.216.147 - - [07/Nov/2025:00:22:27 +0000] "GET /entity/5744881.htm HTTP/1.1" 301 5 "-" "Mozilla/5.0 AppleWebKit/537.36 (KHTML, like Gecko; compatible; ClaudeBot/1.0; +claudebot@anthropic.com)"
216.73.216.147 - - [07/Nov/2025:00:22:28 +0000] "GET /entity/5744881.htm/ HTTP/1.1" 200 45435 "https://datainsightnow.com/entity/5744881.htm" "Mozilla/5.0 AppleWebKit/537.36 (KHTML, like Gecko; compatible; ClaudeBot/1.0; +claudebot@anthropic.com)"
74.7.227.154 - - [07/Nov/2025:00:22:29 +0000] "GET /entity/172034799.htm HTTP/1.1" 301 5 "-" "Mozilla/5.0 AppleWebKit/537.36 (KHTML, like Gecko; compatible; GPTBot/1.2; +https://openai.com/gptbot)"
74.7.227.154 - - [07/Nov/2025:00:22:30 +0000] "GET /entity/172034799.htm/ HTTP/1.1" 200 45435 "-" "Mozilla/5.0 AppleWebKit/537.36 (KHTML, like Gecko; compatible; GPTBot/1.2; +https://openai.com/gptbot)"
57.141.0.35 - - [07/Nov/2025:00:22:30 +0000] "GET /karamba-spielsaal-erfahrungen-angeschlossen-testbericht-werfen-sie-einen-blick-auf-den-link-within-2025-pro-teutonia/?fileloc=//sys/class/pci_bus/0000:04/device/driver/0000:00:04.0/driver/0000:00:02.1/driver/0000:00:02.1/driver/0000:00:03.7/dma_mask_bits&path=//sys/class/pci_bus/0000:04/device/driver/0000:00:04.0/driver/0000:00:02.1/driver/0000:00:02.1/driver/0000:00:03.7 HTTP/1.1" 200 262264 "-" "meta-externalagent/1.1 (+https://developers.facebook.com/docs/sharing/webmasters/crawler)"
216.73.216.147 - - [07/Nov/2025:00:22:30 +0000] "GET /entity/823095260.htm HTTP/1.1" 301 5 "-" "Mozilla/5.0 AppleWebKit/537.36 (KHTML, like Gecko; compatible; ClaudeBot/1.0; +claudebot@anthropic.com)"
95.91.110.210 - - [07/Nov/2025:00:22:31 +0000] "GET /?fileloc=//usr/share/ufw/after6.rules.md5sum&path=//usr/share/ufw HTTP/1.1" 200 45435 "-" "Mozilla/5.0 (compatible; MJ12bot/v1.4.8; http://mj12bot.com/)"
216.73.216.147 - - [07/Nov/2025:00:22:31 +0000] "GET /entity/823095260.htm/ HTTP/1.1" 200 45435 "https://datainsightnow.com/entity/823095260.htm" "Mozilla/5.0 AppleWebKit/537.36 (KHTML, like Gecko; compatible; ClaudeBot/1.0; +claudebot@anthropic.com)"
57.141.0.33 - - [07/Nov/2025:00:22:32 +0000] "GET /2025/03/06/page/39/?fileloc=//sys/class/pci_bus/0000:13/subsystem/0000:06/subsystem/0000:0e/subsystem/0000:13/device/aer_dev_nonfatal&path=//sys/class/pci_bus/0000:13/subsystem/0000:06/subsystem/0000:0e/subsystem/0000:13/device HTTP/1.1" 200 262209 "-" "meta-externalagent/1.1 (+https://developers.facebook.com/docs/sharing/webmasters/crawler)"
216.73.216.147 - - [07/Nov/2025:00:22:33 +0000] "GET /entity/695699647.htm HTTP/1.1" 301 5 "-" "Mozilla/5.0 AppleWebKit/537.36 (KHTML, like Gecko; compatible; ClaudeBot/1.0; +claudebot@anthropic.com)"
216.73.216.147 - - [07/Nov/2025:00:22:34 +0000] "GET /entity/695699647.htm/ HTTP/1.1" 200 45435 "https://datainsightnow.com/entity/695699647.htm" "Mozilla/5.0 AppleWebKit/537.36 (KHTML, like Gecko; compatible; ClaudeBot/1.0; +claudebot@anthropic.com)"
95.91.110.210 - - [07/Nov/2025:00:22:35 +0000] "GET /?fileloc=//usr/share/ufw/before.init&path=//usr/share/ufw HTTP/1.1" 200 45435 "-" "Mozilla/5.0 (compatible; MJ12bot/v1.4.8; http://mj12bot.com/)"
57.141.0.51 - - [07/Nov/2025:00:22:36 +0000] "GET /2025/03/07/page/6/?fileloc=//sys/class/pci_bus/0000:02/subsystem/0000:02/subsystem/0000:0b/subsystem/0000:00/device/0000:00:02.0/subordinate_bus_number&path=//sys/class/pci_bus/0000:02/subsystem/0000:02/subsystem/0000:0b/subsystem/0000:00/device/0000:00:02.0 HTTP/1.1" 200 262264 "-" "meta-externalagent/1.1 (+https://developers.facebook.com/docs/sharing/webmasters/crawler)"
74.7.227.154 - - [07/Nov/2025:00:22:36 +0000] "GET /entity/172053437.htm HTTP/1.1" 301 5 "-" "Mozilla/5.0 AppleWebKit/537.36 (KHTML, like Gecko; compatible; GPTBot/1.2; +https://openai.com/gptbot)"
216.73.216.147 - - [07/Nov/2025:00:22:36 +0000] "GET /entity/567719459.htm HTTP/1.1" 301 5 "-" "Mozilla/5.0 AppleWebKit/537.36 (KHTML, like Gecko; compatible; ClaudeBot/1.0; +claudebot@anthropic.com)"
216.73.216.147 - - [07/Nov/2025:00:22:37 +0000] "GET /entity/567719459.htm/ HTTP/1.1" 200 45435 "https://datainsightnow.com/entity/567719459.htm" "Mozilla/5.0 AppleWebKit/537.36 (KHTML, like Gecko; compatible; ClaudeBot/1.0; +claudebot@anthropic.com)"
74.7.227.154 - - [07/Nov/2025:00:22:37 +0000] "GET /entity/172053437.htm/ HTTP/1.1" 200 45435 "-" "Mozilla/5.0 AppleWebKit/537.36 (KHTML, like Gecko; compatible; GPTBot/1.2; +https://openai.com/gptbot)"
57.141.0.13 - - [07/Nov/2025:00:22:39 +0000] "GET /karamba-spielsaal-erfahrungen-angeschlossen-testbericht-werfen-sie-einen-blick-auf-den-link-within-2025-pro-teutonia/?fileloc=//sys/class/pci_bus/0000:05/device/driver/0000:00:02.5/driver/0000:00:03.0/driver/0000:00:03.4/ari_enabled&path=//sys/class/pci_bus/0000:05/device/driver/0000:00:02.5/driver/0000:00:03.0/driver/0000:00:03.4 HTTP/1.1" 200 262209 "-" "meta-externalagent/1.1 (+https://developers.facebook.com/docs/sharing/webmasters/crawler)"
216.73.216.147 - - [07/Nov/2025:00:22:39 +0000] "GET /entity/839838578.htm HTTP/1.1" 301 5 "-" "Mozilla/5.0 AppleWebKit/537.36 (KHTML, like Gecko; compatible; ClaudeBot/1.0; +claudebot@anthropic.com)"
216.244.66.243 - - [07/Nov/2025:00:22:40 +0000] "GET /?p=16187 HTTP/1.1" 200 182407 "-" "Mozilla/5.0 (compatible; DotBot/1.2; +https://opensiteexplorer.org/dotbot; help@moz.com)"
74.7.227.154 - - [07/Nov/2025:00:22:40 +0000] "GET /entity/171986872.htm HTTP/1.1" 301 5 "-" "Mozilla/5.0 AppleWebKit/537.36 (KHTML, like Gecko; compatible; GPTBot/1.2; +https://openai.com/gptbot)"
57.141.0.28 - - [07/Nov/2025:00:22:40 +0000] "GET /karamba-spielsaal-erfahrungen-angeschlossen-testbericht-werfen-sie-einen-blick-auf-den-link-within-2025-pro-teutonia/?fileloc=//sys/class/pci_bus/0000:0b/subsystem/0000:08/subsystem/0000:13/subsystem/0000:10/subsystem/0000:13/uevent&path=//sys/class/pci_bus/0000:0b/subsystem/0000:08/subsystem/0000:13/subsystem/0000:10/subsystem/0000:13 HTTP/1.1" 200 262209 "-" "meta-externalagent/1.1 (+https://developers.facebook.com/docs/sharing/webmasters/crawler)"
95.91.110.210 - - [07/Nov/2025:00:22:41 +0000] "GET /?fileloc=//usr/share/ufw/before.rules&path=//usr/share/ufw HTTP/1.1" 200 45435 "-" "Mozilla/5.0 (compatible; MJ12bot/v1.4.8; http://mj12bot.com/)"
216.73.216.147 - - [07/Nov/2025:00:22:41 +0000] "GET /entity/839838578.htm/ HTTP/1.1" 200 45435 "https://datainsightnow.com/entity/839838578.htm" "Mozilla/5.0 AppleWebKit/537.36 (KHTML, like Gecko; compatible; ClaudeBot/1.0; +claudebot@anthropic.com)"
74.7.227.154 - - [07/Nov/2025:00:22:41 +0000] "GET /entity/171986872.htm/ HTTP/1.1" 200 45435 "-" "Mozilla/5.0 AppleWebKit/537.36 (KHTML, like Gecko; compatible; GPTBot/1.2; +https://openai.com/gptbot)"
57.141.0.56 - - [07/Nov/2025:00:22:42 +0000] "GET /2025/03/07/page/6/?fileloc=//sys/class/pci_bus/0000:06/subsystem/0000:0f/subsystem/0000:02/subsystem/0000:12/subsystem/0000:00/rescan&path=//sys/class/pci_bus/0000:06/subsystem/0000:0f/subsystem/0000:02/subsystem/0000:12/subsystem/0000:00 HTTP/1.1" 200 262209 "-" "meta-externalagent/1.1 (+https://developers.facebook.com/docs/sharing/webmasters/crawler)"
216.73.216.147 - - [07/Nov/2025:00:22:42 +0000] "GET /entity/871209955.htm HTTP/1.1" 301 5 "-" "Mozilla/5.0 AppleWebKit/537.36 (KHTML, like Gecko; compatible; ClaudeBot/1.0; +claudebot@anthropic.com)"
216.73.216.147 - - [07/Nov/2025:00:22:44 +0000] "GET /entity/871209955.htm/ HTTP/1.1" 200 45435 "https://datainsightnow.com/entity/871209955.htm" "Mozilla/5.0 AppleWebKit/537.36 (KHTML, like Gecko; compatible; ClaudeBot/1.0; +claudebot@anthropic.com)"
57.141.0.3 - - [07/Nov/2025:00:22:44 +0000] "GET /2025/03/07/page/6/?path=//sys/class/pci_bus/0000:03/device/subsystem/devices/0000:02:00.0/firmware_node/device:1a/subsystem/devices/device:1d HTTP/1.1" 200 262264 "-" "meta-externalagent/1.1 (+https://developers.facebook.com/docs/sharing/webmasters/crawler)"
57.141.0.14 - - [07/Nov/2025:00:22:45 +0000] "GET /2025/03/06/page/39/?fileloc=//sys/class/pci_bus/0000:11/subsystem/0000:05/device/driver/0000:00:03.2/driver/0000:00:02.1/d3cold_allowed&path=//sys/class/pci_bus/0000:11/subsystem/0000:05/device/driver/0000:00:03.2/driver/0000:00:02.1 HTTP/1.1" 200 262264 "-" "meta-externalagent/1.1 (+https://developers.facebook.com/docs/sharing/webmasters/crawler)"
216.73.216.147 - - [07/Nov/2025:00:22:45 +0000] "GET /entity/567596689.htm HTTP/1.1" 301 5 "-" "Mozilla/5.0 AppleWebKit/537.36 (KHTML, like Gecko; compatible; ClaudeBot/1.0; +claudebot@anthropic.com)"
217.113.194.57 - - [07/Nov/2025:00:22:46 +0000] "GET /register/?fileloc=/opt/wpsites/datainsightnow.com/wp-includes/SimplePie/Copyright.php&path=/opt/wpsites/datainsightnow.com/wp-includes/SimplePie HTTP/1.1" 200 45435 "-" "Mozilla/5.0 (compatible; Barkrowler/0.9; +https://babbar.tech/crawler)"
216.244.66.243 - - [07/Nov/2025:00:22:46 +0000] "GET /?p=19528 HTTP/1.1" 200 185588 "-" "Mozilla/5.0 (compatible; DotBot/1.2; +https://opensiteexplorer.org/dotbot; help@moz.com)"
57.141.0.19 - - [07/Nov/2025:00:22:46 +0000] "GET /2025/03/07/page/6/?fileloc=//sys/class/pci_bus/0000:0b/subsystem/0000:0b/subsystem/0000:08/subsystem/0000:0e/device/driver/0000:00:02.3/rescan&path=//sys/class/pci_bus/0000:0b/subsystem/0000:0b/subsystem/0000:08/subsystem/0000:0e/device/driver/0000:00:02.3 HTTP/1.1" 200 262209 "-" "meta-externalagent/1.1 (+https://developers.facebook.com/docs/sharing/webmasters/crawler)"
95.91.110.210 - - [07/Nov/2025:00:22:46 +0000] "GET /?fileloc=//usr/share/ufw/before.rules.md5sum&path=//usr/share/ufw HTTP/1.1" 200 45435 "-" "Mozilla/5.0 (compatible; MJ12bot/v1.4.8; http://mj12bot.com/)"
74.7.227.154 - - [07/Nov/2025:00:22:47 +0000] "GET /entity/172124660.htm HTTP/1.1" 301 5 "-" "Mozilla/5.0 AppleWebKit/537.36 (KHTML, like Gecko; compatible; GPTBot/1.2; +https://openai.com/gptbot)"
57.141.0.13 - - [07/Nov/2025:00:22:48 +0000] "GET /2025/03/07/page/6/?path=//sys/class/pci_bus/0000:10/subsystem/0000:0c/device/driver/0000:00:02.3/driver/0000:00:03.4 HTTP/1.1" 200 262264 "-" "meta-externalagent/1.1 (+https://developers.facebook.com/docs/sharing/webmasters/crawler)"
216.73.216.147 - - [07/Nov/2025:00:22:48 +0000] "GET /entity/567596689.htm/ HTTP/1.1" 200 45435 "https://datainsightnow.com/entity/567596689.htm" "Mozilla/5.0 AppleWebKit/537.36 (KHTML, like Gecko; compatible; ClaudeBot/1.0; +claudebot@anthropic.com)"
57.141.0.14 - - [07/Nov/2025:00:22:48 +0000] "GET /2025/03/13/?fileloc=//sys/class/pci_bus/0000:0d/subsystem/0000:0d/device/driver/0000:00:02.1/driver/0000:00:02.7/consistent_dma_mask_bits&path=//sys/class/pci_bus/0000:0d/subsystem/0000:0d/device/driver/0000:00:02.1/driver/0000:00:02.7 HTTP/1.1" 200 262264 "-" "meta-externalagent/1.1 (+https://developers.facebook.com/docs/sharing/webmasters/crawler)"
57.141.0.32 - - [07/Nov/2025:00:22:48 +0000] "GET /2025/03/07/page/6/?fileloc=//sys/class/pci_bus/0000:05/subsystem/0000:0b/subsystem/0000:10/subsystem/0000:00/subsystem/0000:0e/device/rescan&path=//sys/class/pci_bus/0000:05/subsystem/0000:0b/subsystem/0000:10/subsystem/0000:00/subsystem/0000:0e/device HTTP/1.1" 200 262215 "-" "meta-externalagent/1.1 (+https://developers.facebook.com/docs/sharing/webmasters/crawler)"
74.7.227.154 - - [07/Nov/2025:00:22:48 +0000] "GET /entity/172124660.htm/ HTTP/1.1" 200 45435 "-" "Mozilla/5.0 AppleWebKit/537.36 (KHTML, like Gecko; compatible; GPTBot/1.2; +https://openai.com/gptbot)"
216.73.216.147 - - [07/Nov/2025:00:22:48 +0000] "GET /entity/778438751.htm HTTP/1.1" 301 5 "-" "Mozilla/5.0 AppleWebKit/537.36 (KHTML, like Gecko; compatible; ClaudeBot/1.0; +claudebot@anthropic.com)"
216.73.216.147 - - [07/Nov/2025:00:22:49 +0000] "GET /entity/778438751.htm/ HTTP/1.1" 200 45435 "https://datainsightnow.com/entity/778438751.htm" "Mozilla/5.0 AppleWebKit/537.36 (KHTML, like Gecko; compatible; ClaudeBot/1.0; +claudebot@anthropic.com)"
66.135.21.75 - - [07/Nov/2025:00:22:50 +0000] "POST /wp-cron.php?doing_wp_cron=1762474970.7512478828430175781250 HTTP/1.1" 200 31 "-" "WordPress/6.3.1; https://datainsightnow.com"
74.7.227.154 - - [07/Nov/2025:00:22:50 +0000] "GET /entity/172104211.htm HTTP/1.1" 301 5 "-" "Mozilla/5.0 AppleWebKit/537.36 (KHTML, like Gecko; compatible; GPTBot/1.2; +https://openai.com/gptbot)"
95.91.110.210 - - [07/Nov/2025:00:22:51 +0000] "GET /?fileloc=//usr/share/ufw/before6.rules&path=//usr/share/ufw HTTP/1.1" 200 45435 "-" "Mozilla/5.0 (compatible; MJ12bot/v1.4.8; http://mj12bot.com/)"
216.73.216.147 - - [07/Nov/2025:00:22:51 +0000] "GET /entity/238472957.htm HTTP/1.1" 301 5 "-" "Mozilla/5.0 AppleWebKit/537.36 (KHTML, like Gecko; compatible; ClaudeBot/1.0; +claudebot@anthropic.com)"
216.244.66.243 - - [07/Nov/2025:00:22:52 +0000] "GET /?p=22661 HTTP/1.1" 200 186022 "-" "Mozilla/5.0 (compatible; DotBot/1.2; +https://opensiteexplorer.org/dotbot; help@moz.com)"
74.7.227.154 - - [07/Nov/2025:00:22:52 +0000] "GET /entity/172104211.htm/ HTTP/1.1" 200 45435 "-" "Mozilla/5.0 AppleWebKit/537.36 (KHTML, like Gecko; compatible; GPTBot/1.2; +https://openai.com/gptbot)"
57.141.0.66 - - [07/Nov/2025:00:22:52 +0000] "GET /2025/03/07/page/6/?fileloc=//sys/class/pci_bus/0000:0b/subsystem/0000:0e/subsystem/0000:13/subsystem/0000:06/subsystem/0000:0c/device/aer_rootport_total_err_fatal&path=//sys/class/pci_bus/0000:0b/subsystem/0000:0e/subsystem/0000:13/subsystem/0000:06/subsystem/0000:0c/device HTTP/1.1" 200 262248 "-" "meta-externalagent/1.1 (+https://developers.facebook.com/docs/sharing/webmasters/crawler)"
216.73.216.147 - - [07/Nov/2025:00:22:53 +0000] "GET /entity/238472957.htm/ HTTP/1.1" 200 45435 "https://datainsightnow.com/entity/238472957.htm" "Mozilla/5.0 AppleWebKit/537.36 (KHTML, like Gecko; compatible; ClaudeBot/1.0; +claudebot@anthropic.com)"
57.141.0.44 - - [07/Nov/2025:00:22:53 +0000] "GET /2025/03/07/page/6/?path=//sys/class/pci_bus/0000:0b/subsystem/0000:11/subsystem/0000:05/device/0000:00:02.3:pcie001/subsystem/drivers/pciehp HTTP/1.1" 200 262209 "-" "meta-externalagent/1.1 (+https://developers.facebook.com/docs/sharing/webmasters/crawler)"
216.73.216.147 - - [07/Nov/2025:00:22:54 +0000] "GET /entity/258050500.htm HTTP/1.1" 301 5 "-" "Mozilla/5.0 AppleWebKit/537.36 (KHTML, like Gecko; compatible; ClaudeBot/1.0; +claudebot@anthropic.com)"
74.7.227.154 - - [07/Nov/2025:00:22:54 +0000] "GET /entity/172014591.htm HTTP/1.1" 301 5 "-" "Mozilla/5.0 AppleWebKit/537.36 (KHTML, like Gecko; compatible; GPTBot/1.2; +https://openai.com/gptbot)"
216.73.216.147 - - [07/Nov/2025:00:22:55 +0000] "GET /entity/258050500.htm/ HTTP/1.1" 200 45435 "https://datainsightnow.com/entity/258050500.htm" "Mozilla/5.0 AppleWebKit/537.36 (KHTML, like Gecko; compatible; ClaudeBot/1.0; +claudebot@anthropic.com)"
74.7.227.154 - - [07/Nov/2025:00:22:55 +0000] "GET /entity/172014591.htm/ HTTP/1.1" 200 45435 "-" "Mozilla/5.0 AppleWebKit/537.36 (KHTML, like Gecko; compatible; GPTBot/1.2; +https://openai.com/gptbot)"
216.244.66.243 - - [07/Nov/2025:00:22:57 +0000] "GET /?p=43349 HTTP/1.1" 200 183202 "-" "Mozilla/5.0 (compatible; DotBot/1.2; +https://opensiteexplorer.org/dotbot; help@moz.com)"
95.91.110.210 - - [07/Nov/2025:00:22:57 +0000] "GET /?fileloc=//usr/share/ufw/before6.rules.md5sum&path=//usr/share/ufw HTTP/1.1" 200 45435 "-" "Mozilla/5.0 (compatible; MJ12bot/v1.4.8; http://mj12bot.com/)"
57.141.0.25 - - [07/Nov/2025:00:22:57 +0000] "GET /2025/03/07/page/6/?path=//sys/class/pci_bus/0000:0e/subsystem/0000:11/subsystem/0000:08/subsystem/0000:06/device/firmware_node HTTP/1.1" 200 262264 "-" "meta-externalagent/1.1 (+https://developers.facebook.com/docs/sharing/webmasters/crawler)"
74.7.227.154 - - [07/Nov/2025:00:22:57 +0000] "GET /entity/171988430.htm HTTP/1.1" 301 5 "-" "Mozilla/5.0 AppleWebKit/537.36 (KHTML, like Gecko; compatible; GPTBot/1.2; +https://openai.com/gptbot)"
216.73.216.147 - - [07/Nov/2025:00:22:57 +0000] "GET /entity/271629876.htm HTTP/1.1" 301 5 "-" "Mozilla/5.0 AppleWebKit/537.36 (KHTML, like Gecko; compatible; ClaudeBot/1.0; +claudebot@anthropic.com)"
57.141.0.67 - - [07/Nov/2025:00:22:58 +0000] "GET /2025/03/07/page/6/?fileloc=//sys/class/pci_bus/0000:05/subsystem/0000:05/subsystem/0000:00/device/firmware_node/PNP0A06:00/uevent&path=//sys/class/pci_bus/0000:05/subsystem/0000:05/subsystem/0000:00/device/firmware_node/PNP0A06:00 HTTP/1.1" 200 262215 "-" "meta-externalagent/1.1 (+https://developers.facebook.com/docs/sharing/webmasters/crawler)"
57.141.0.44 - - [07/Nov/2025:00:22:58 +0000] "GET /2025/03/07/page/6/?path=//sys/class/pci_bus/0000:10/device/driver/0000:00:02.6/firmware_node/physical_node/driver/0000:00:02.6 HTTP/1.1" 200 262264 "-" "meta-externalagent/1.1 (+https://developers.facebook.com/docs/sharing/webmasters/crawler)"
57.141.0.46 - - [07/Nov/2025:00:22:59 +0000] "GET /2025/03/07/page/6/?path=//sys/class/pci_bus/0000:00/subsystem/0000:12/subsystem/0000:01/device/driver/0000:00:03.5/subsystem/devices/0000:00:00.0 HTTP/1.1" 200 262248 "-" "meta-externalagent/1.1 (+https://developers.facebook.com/docs/sharing/webmasters/crawler)"
74.7.227.154 - - [07/Nov/2025:00:22:59 +0000] "GET /entity/171988430.htm/ HTTP/1.1" 200 45435 "-" "Mozilla/5.0 AppleWebKit/537.36 (KHTML, like Gecko; compatible; GPTBot/1.2; +https://openai.com/gptbot)"
216.73.216.147 - - [07/Nov/2025:00:22:59 +0000] "GET /entity/271629876.htm/ HTTP/1.1" 200 45435 "https://datainsightnow.com/entity/271629876.htm" "Mozilla/5.0 AppleWebKit/537.36 (KHTML, like Gecko; compatible; ClaudeBot/1.0; +claudebot@anthropic.com)"
57.141.0.53 - - [07/Nov/2025:00:22:59 +0000] "GET /2025/03/06/page/39/?path=//sys/class/pci_bus/0000:09/subsystem/0000:0d/subsystem/0000:13/subsystem/0000:13/subsystem/0000:07/device HTTP/1.1" 200 262248 "-" "meta-externalagent/1.1 (+https://developers.facebook.com/docs/sharing/webmasters/crawler)"
216.73.216.147 - - [07/Nov/2025:00:23:00 +0000] "GET /entity/840039564.htm HTTP/1.1" 301 5 "-" "Mozilla/5.0 AppleWebKit/537.36 (KHTML, like Gecko; compatible; ClaudeBot/1.0; +claudebot@anthropic.com)"
216.73.216.147 - - [07/Nov/2025:00:23:01 +0000] "GET /entity/840039564.htm/ HTTP/1.1" 200 45435 "https://datainsightnow.com/entity/840039564.htm" "Mozilla/5.0 AppleWebKit/537.36 (KHTML, like Gecko; compatible; ClaudeBot/1.0; +claudebot@anthropic.com)"
216.244.66.243 - - [07/Nov/2025:00:23:01 +0000] "GET /?p=9739 HTTP/1.1" 200 185687 "-" "Mozilla/5.0 (compatible; DotBot/1.2; +https://opensiteexplorer.org/dotbot; help@moz.com)"
95.91.110.210 - - [07/Nov/2025:00:23:01 +0000] "GET /?fileloc=//usr/share/ufw/check-requirements&path=//usr/share/ufw HTTP/1.1" 200 45435 "-" "Mozilla/5.0 (compatible; MJ12bot/v1.4.8; http://mj12bot.com/)"
216.73.216.147 - - [07/Nov/2025:00:23:03 +0000] "GET /entity/460932974.htm HTTP/1.1" 301 5 "-" "Mozilla/5.0 AppleWebKit/537.36 (KHTML, like Gecko; compatible; ClaudeBot/1.0; +claudebot@anthropic.com)"
216.73.216.147 - - [07/Nov/2025:00:23:04 +0000] "GET /entity/460932974.htm/ HTTP/1.1" 200 45435 "https://datainsightnow.com/entity/460932974.htm" "Mozilla/5.0 AppleWebKit/537.36 (KHTML, like Gecko; compatible; ClaudeBot/1.0; +claudebot@anthropic.com)"
57.141.0.58 - - [07/Nov/2025:00:23:04 +0000] "GET /karamba-spielsaal-erfahrungen-angeschlossen-testbericht-werfen-sie-einen-blick-auf-den-link-within-2025-pro-teutonia/?fileloc=//sys/class/pci_bus/0000:0e/subsystem/0000:04/subsystem/0000:05/device/driver/0000:00:03.6/firmware_node/adr&path=//sys/class/pci_bus/0000:0e/subsystem/0000:04/subsystem/0000:05/device/driver/0000:00:03.6/firmware_node HTTP/1.1" 200 262209 "-" "meta-externalagent/1.1 (+https://developers.facebook.com/docs/sharing/webmasters/crawler)"
74.7.227.154 - - [07/Nov/2025:00:23:05 +0000] "GET /entity/172096176.htm HTTP/1.1" 301 5 "-" "Mozilla/5.0 AppleWebKit/537.36 (KHTML, like Gecko; compatible; GPTBot/1.2; +https://openai.com/gptbot)"
74.7.227.154 - - [07/Nov/2025:00:23:05 +0000] "GET /entity/172096176.htm/ HTTP/1.1" 200 45435 "-" "Mozilla/5.0 AppleWebKit/537.36 (KHTML, like Gecko; compatible; GPTBot/1.2; +https://openai.com/gptbot)"
95.91.110.210 - - [07/Nov/2025:00:23:06 +0000] "GET /?fileloc=//usr/share/ufw/ufw.conf&path=//usr/share/ufw HTTP/1.1" 200 45435 "-" "Mozilla/5.0 (compatible; MJ12bot/v1.4.8; http://mj12bot.com/)"
57.141.0.2 - - [07/Nov/2025:00:23:06 +0000] "GET /karamba-spielsaal-erfahrungen-angeschlossen-testbericht-werfen-sie-einen-blick-auf-den-link-within-2025-pro-teutonia/?fileloc=//sys/class/pci_bus/0000:04/subsystem/0000:0f/subsystem/0000:13/subsystem/0000:01/subsystem/0000:12/device/max_link_width&path=//sys/class/pci_bus/0000:04/subsystem/0000:0f/subsystem/0000:13/subsystem/0000:01/subsystem/0000:12/device HTTP/1.1" 200 262216 "-" "meta-externalagent/1.1 (+https://developers.facebook.com/docs/sharing/webmasters/crawler)"
216.73.216.147 - - [07/Nov/2025:00:23:06 +0000] "GET /entity/238330762.htm HTTP/1.1" 301 5 "-" "Mozilla/5.0 AppleWebKit/537.36 (KHTML, like Gecko; compatible; ClaudeBot/1.0; +claudebot@anthropic.com)"
217.113.194.60 - - [07/Nov/2025:00:23:07 +0000] "GET /register/?fileloc=/opt/wpsites/gsudice.dataconn.net/wp-includes/class-oembed.php&path=/opt/wpsites/gsudice.dataconn.net/wp-includes HTTP/1.1" 200 45435 "-" "Mozilla/5.0 (compatible; Barkrowler/0.9; +https://babbar.tech/crawler)"
216.73.216.147 - - [07/Nov/2025:00:23:07 +0000] "GET /entity/238330762.htm/ HTTP/1.1" 200 45435 "https://datainsightnow.com/entity/238330762.htm" "Mozilla/5.0 AppleWebKit/537.36 (KHTML, like Gecko; compatible; ClaudeBot/1.0; +claudebot@anthropic.com)"
57.141.0.51 - - [07/Nov/2025:00:23:07 +0000] "GET /2025/03/07/page/6/?fileloc=//sys/class/pci_bus/0000:11/subsystem/0000:0a/device/0000:00:03.0:pcie010/subsystem/devices/0000:00:02.4:pcie002/subsystem/drivers_autoprobe&path=//sys/class/pci_bus/0000:11/subsystem/0000:0a/device/0000:00:03.0:pcie010/subsystem/devices/0000:00:02.4:pcie002/subsystem HTTP/1.1" 200 262264 "-" "meta-externalagent/1.1 (+https://developers.facebook.com/docs/sharing/webmasters/crawler)"
57.141.0.28 - - [07/Nov/2025:00:23:08 +0000] "GET /karamba-spielsaal-erfahrungen-angeschlossen-testbericht-werfen-sie-einen-blick-auf-den-link-within-2025-pro-teutonia/?fileloc=//sys/class/pci_bus/0000:04/subsystem/0000:0c/subsystem/0000:11/device/driver/0000:00:03.4/power/runtime_enabled&path=//sys/class/pci_bus/0000:04/subsystem/0000:0c/subsystem/0000:11/device/driver/0000:00:03.4/power HTTP/1.1" 200 262264 "-" "meta-externalagent/1.1 (+https://developers.facebook.com/docs/sharing/webmasters/crawler)"
57.141.0.34 - - [07/Nov/2025:00:23:09 +0000] "GET /karamba-spielsaal-erfahrungen-angeschlossen-testbericht-werfen-sie-einen-blick-auf-den-link-within-2025-pro-teutonia/?fileloc=//sys/class/pci_bus/0000:03/subsystem/0000:09/subsystem/0000:06/subsystem/0000:01/device/class&path=//sys/class/pci_bus/0000:03/subsystem/0000:09/subsystem/0000:06/subsystem/0000:01/device HTTP/1.1" 200 262209 "-" "meta-externalagent/1.1 (+https://developers.facebook.com/docs/sharing/webmasters/crawler)"
216.73.216.147 - - [07/Nov/2025:00:23:09 +0000] "GET /entity/695527671.htm HTTP/1.1" 301 5 "-" "Mozilla/5.0 AppleWebKit/537.36 (KHTML, like Gecko; compatible; ClaudeBot/1.0; +claudebot@anthropic.com)"
74.7.227.154 - - [07/Nov/2025:00:23:10 +0000] "GET /entity/172071059.htm HTTP/1.1" 301 5 "-" "Mozilla/5.0 AppleWebKit/537.36 (KHTML, like Gecko; compatible; GPTBot/1.2; +https://openai.com/gptbot)"
216.73.216.147 - - [07/Nov/2025:00:23:10 +0000] "GET /entity/695527671.htm/ HTTP/1.1" 200 45435 "https://datainsightnow.com/entity/695527671.htm" "Mozilla/5.0 AppleWebKit/537.36 (KHTML, like Gecko; compatible; ClaudeBot/1.0; +claudebot@anthropic.com)"
95.91.110.210 - - [07/Nov/2025:00:23:10 +0000] "GET /?fileloc=//usr/share/ufw/user.rules&path=//usr/share/ufw HTTP/1.1" 200 45435 "-" "Mozilla/5.0 (compatible; MJ12bot/v1.4.8; http://mj12bot.com/)"
74.7.227.154 - - [07/Nov/2025:00:23:11 +0000] "GET /entity/172071059.htm/ HTTP/1.1" 200 45435 "-" "Mozilla/5.0 AppleWebKit/537.36 (KHTML, like Gecko; compatible; GPTBot/1.2; +https://openai.com/gptbot)"
57.141.0.31 - - [07/Nov/2025:00:23:11 +0000] "GET /karamba-spielsaal-erfahrungen-angeschlossen-testbericht-werfen-sie-einen-blick-auf-den-link-within-2025-pro-teutonia/?fileloc=//sys/class/pci_bus/0000:0f/subsystem/0000:0f/subsystem/0000:05/subsystem/0000:10/rescan&path=//sys/class/pci_bus/0000:0f/subsystem/0000:0f/subsystem/0000:05/subsystem/0000:10 HTTP/1.1" 200 262209 "-" "meta-externalagent/1.1 (+https://developers.facebook.com/docs/sharing/webmasters/crawler)"
216.73.216.147 - - [07/Nov/2025:00:23:12 +0000] "GET /entity/94573593.htm HTTP/1.1" 301 5 "-" "Mozilla/5.0 AppleWebKit/537.36 (KHTML, like Gecko; compatible; ClaudeBot/1.0; +claudebot@anthropic.com)"
74.7.227.154 - - [07/Nov/2025:00:23:13 +0000] "GET /entity/172001637.htm HTTP/1.1" 301 5 "-" "Mozilla/5.0 AppleWebKit/537.36 (KHTML, like Gecko; compatible; GPTBot/1.2; +https://openai.com/gptbot)"
216.73.216.147 - - [07/Nov/2025:00:23:13 +0000] "GET /entity/94573593.htm/ HTTP/1.1" 200 45435 "https://datainsightnow.com/entity/94573593.htm" "Mozilla/5.0 AppleWebKit/537.36 (KHTML, like Gecko; compatible; ClaudeBot/1.0; +claudebot@anthropic.com)"
74.7.227.154 - - [07/Nov/2025:00:23:13 +0000] "GET /entity/172001637.htm/ HTTP/1.1" 200 45435 "-" "Mozilla/5.0 AppleWebKit/537.36 (KHTML, like Gecko; compatible; GPTBot/1.2; +https://openai.com/gptbot)"
95.91.110.210 - - [07/Nov/2025:00:23:14 +0000] "GET /?fileloc=//usr/share/ufw/user.rules.md5sum&path=//usr/share/ufw HTTP/1.1" 200 45435 "-" "Mozilla/5.0 (compatible; MJ12bot/v1.4.8; http://mj12bot.com/)"
216.73.216.147 - - [07/Nov/2025:00:23:15 +0000] "GET /entity/684027035.htm HTTP/1.1" 301 5 "-" "Mozilla/5.0 AppleWebKit/537.36 (KHTML, like Gecko; compatible; ClaudeBot/1.0; +claudebot@anthropic.com)"
57.141.0.71 - - [07/Nov/2025:00:23:16 +0000] "GET /2025/03/07/page/6/?fileloc=//sys/class/pci_bus/0000:05/subsystem/0000:10/subsystem/0000:0d/device/firmware_node/subsystem/drivers/hardware_error_device/bind&path=//sys/class/pci_bus/0000:05/subsystem/0000:10/subsystem/0000:0d/device/firmware_node/subsystem/drivers/hardware_error_device HTTP/1.1" 200 262215 "-" "meta-externalagent/1.1 (+https://developers.facebook.com/docs/sharing/webmasters/crawler)"
216.73.216.147 - - [07/Nov/2025:00:23:16 +0000] "GET /entity/684027035.htm/ HTTP/1.1" 200 45435 "https://datainsightnow.com/entity/684027035.htm" "Mozilla/5.0 AppleWebKit/537.36 (KHTML, like Gecko; compatible; ClaudeBot/1.0; +claudebot@anthropic.com)"
57.141.0.51 - - [07/Nov/2025:00:23:16 +0000] "GET /2025/03/07/page/6/?fileloc=//sys/class/pci_bus/0000:05/subsystem/0000:10/subsystem/0000:10/subsystem/0000:0a/device/driver/0000:00:02.1/broken_parity_status&path=//sys/class/pci_bus/0000:05/subsystem/0000:10/subsystem/0000:10/subsystem/0000:0a/device/driver/0000:00:02.1 HTTP/1.1" 200 262264 "-" "meta-externalagent/1.1 (+https://developers.facebook.com/docs/sharing/webmasters/crawler)"
57.141.0.40 - - [07/Nov/2025:00:23:17 +0000] "GET /karamba-spielsaal-erfahrungen-angeschlossen-testbericht-werfen-sie-einen-blick-auf-den-link-within-2025-pro-teutonia/?fileloc=//sys/class/pci_bus/0000:01/subsystem/0000:0c/subsystem/0000:06/device/driver/0000:00:02.6/max_link_width&path=//sys/class/pci_bus/0000:01/subsystem/0000:0c/subsystem/0000:06/device/driver/0000:00:02.6 HTTP/1.1" 200 262264 "-" "meta-externalagent/1.1 (+https://developers.facebook.com/docs/sharing/webmasters/crawler)"
66.249.65.99 - - [07/Nov/2025:00:23:18 +0000] "GET /?path=//sys/class/sound/card0/device/subsystem/devices/0000:00:02.2/driver/0000:00:03.4/driver/0000:00:02.6/driver/0000:00:03.0/subsystem/devices/0000:00:02.1/driver/0000:00:02.7/0000:00:02.7:pcie010/subsystem/devices/0000:00:03.2:pcie001/subsystem/devices/0000:00:04.1:pcie002/power HTTP/1.1" 200 45436 "-" "Mozilla/5.0 (Linux; Android 6.0.1; Nexus 5X Build/MMB29P) AppleWebKit/537.36 (KHTML, like Gecko) Chrome/141.0.7390.122 Mobile Safari/537.36 (compatible; Googlebot/2.1; +http://www.google.com/bot.html)"
57.141.0.44 - - [07/Nov/2025:00:23:18 +0000] "GET /2025/03/07/page/6/?path=//sys/class/pci_bus/0000:05/subsystem/0000:11/subsystem/0000:0b/subsystem/0000:06/subsystem/0000:0a/subsystem/0000:09/device HTTP/1.1" 200 262209 "-" "meta-externalagent/1.1 (+https://developers.facebook.com/docs/sharing/webmasters/crawler)"
57.141.0.56 - - [07/Nov/2025:00:23:18 +0000] "GET /2025/03/07/page/6/?path=//sys/class/pci_bus/0000:04/subsystem/0000:0d/subsystem/0000:00/device/QEMU0002:00/subsystem/devices/Fixed%20MDIO%20bus.0 HTTP/1.1" 200 262209 "-" "meta-externalagent/1.1 (+https://developers.facebook.com/docs/sharing/webmasters/crawler)"
216.73.216.147 - - [07/Nov/2025:00:23:18 +0000] "GET /entity/567727476.htm HTTP/1.1" 301 5 "-" "Mozilla/5.0 AppleWebKit/537.36 (KHTML, like Gecko; compatible; ClaudeBot/1.0; +claudebot@anthropic.com)"
95.91.110.210 - - [07/Nov/2025:00:23:19 +0000] "GET /?fileloc=//usr/share/ufw/user6.rules&path=//usr/share/ufw HTTP/1.1" 200 45435 "-" "Mozilla/5.0 (compatible; MJ12bot/v1.4.8; http://mj12bot.com/)"
216.73.216.147 - - [07/Nov/2025:00:23:19 +0000] "GET /entity/567727476.htm/ HTTP/1.1" 200 45435 "https://datainsightnow.com/entity/567727476.htm" "Mozilla/5.0 AppleWebKit/537.36 (KHTML, like Gecko; compatible; ClaudeBot/1.0; +claudebot@anthropic.com)"
74.7.227.154 - - [07/Nov/2025:00:23:20 +0000] "GET /entity/172109391.htm HTTP/1.1" 301 5 "-" "Mozilla/5.0 AppleWebKit/537.36 (KHTML, like Gecko; compatible; GPTBot/1.2; +https://openai.com/gptbot)"
57.141.0.1 - - [07/Nov/2025:00:23:20 +0000] "GET /moneysense-self-help-guide-to-the-ideal-profile/?fileloc=//sys/class/pci_bus/0000:00/subsystem/0000:09/subsystem/0000:01/subsystem/0000:0b/device/aer_rootport_total_err_cor&path=//sys/class/pci_bus/0000:00/subsystem/0000:09/subsystem/0000:01/subsystem/0000:0b/device HTTP/1.1" 200 262209 "-" "meta-externalagent/1.1 (+https://developers.facebook.com/docs/sharing/webmasters/crawler)"
74.7.227.154 - - [07/Nov/2025:00:23:20 +0000] "GET /entity/172109391.htm/ HTTP/1.1" 200 45435 "-" "Mozilla/5.0 AppleWebKit/537.36 (KHTML, like Gecko; compatible; GPTBot/1.2; +https://openai.com/gptbot)"
57.141.0.19 - - [07/Nov/2025:00:23:21 +0000] "GET /karamba-spielsaal-erfahrungen-angeschlossen-testbericht-werfen-sie-einen-blick-auf-den-link-within-2025-pro-teutonia/?fileloc=//sys/class/pci_bus/0000:04/device/driver/0000:00:03.0/0000:00:03.0:pcie002/driver/0000:00:02.5:pcie002/driver/0000:00:03.1:pcie002/power/runtime_usage&path=//sys/class/pci_bus/0000:04/device/driver/0000:00:03.0/0000:00:03.0:pcie002/driver/0000:00:02.5:pcie002/driver/0000:00:03.1:pcie002/power HTTP/1.1" 200 262209 "-" "meta-externalagent/1.1 (+https://developers.facebook.com/docs/sharing/webmasters/crawler)"
216.73.216.147 - - [07/Nov/2025:00:23:21 +0000] "GET /entity/567542554.htm HTTP/1.1" 301 5 "-" "Mozilla/5.0 AppleWebKit/537.36 (KHTML, like Gecko; compatible; ClaudeBot/1.0; +claudebot@anthropic.com)"
216.73.216.147 - - [07/Nov/2025:00:23:22 +0000] "GET /entity/567542554.htm/ HTTP/1.1" 200 45435 "https://datainsightnow.com/entity/567542554.htm" "Mozilla/5.0 AppleWebKit/537.36 (KHTML, like Gecko; compatible; ClaudeBot/1.0; +claudebot@anthropic.com)"
74.7.227.154 - - [07/Nov/2025:00:23:23 +0000] "GET /entity/172167407.htm HTTP/1.1" 301 5 "-" "Mozilla/5.0 AppleWebKit/537.36 (KHTML, like Gecko; compatible; GPTBot/1.2; +https://openai.com/gptbot)"
95.91.110.210 - - [07/Nov/2025:00:23:23 +0000] "GET /?fileloc=//usr/share/ufw/user6.rules.md5sum&path=//usr/share/ufw HTTP/1.1" 200 45435 "-" "Mozilla/5.0 (compatible; MJ12bot/v1.4.8; http://mj12bot.com/)"
74.7.227.154 - - [07/Nov/2025:00:23:23 +0000] "GET /entity/172167407.htm/ HTTP/1.1" 200 45435 "-" "Mozilla/5.0 AppleWebKit/537.36 (KHTML, like Gecko; compatible; GPTBot/1.2; +https://openai.com/gptbot)"
40.77.167.76 - - [07/Nov/2025:00:23:24 +0000] "GET /146609016?entity=0146043218 HTTP/1.1" 200 32391 "-" "Mozilla/5.0 AppleWebKit/537.36 (KHTML, like Gecko; compatible; bingbot/2.0; +http://www.bing.com/bingbot.htm) Chrome/116.0.1938.76 Safari/537.36"
74.7.227.154 - - [07/Nov/2025:00:23:25 +0000] "GET /entity/171979106.htm HTTP/1.1" 301 5 "-" "Mozilla/5.0 AppleWebKit/537.36 (KHTML, like Gecko; compatible; GPTBot/1.2; +https://openai.com/gptbot)"
216.73.216.147 - - [07/Nov/2025:00:23:25 +0000] "GET /entity/94682885.htm HTTP/1.1" 301 5 "-" "Mozilla/5.0 AppleWebKit/537.36 (KHTML, like Gecko; compatible; ClaudeBot/1.0; +claudebot@anthropic.com)"
74.7.227.154 - - [07/Nov/2025:00:23:26 +0000] "GET /entity/171979106.htm/ HTTP/1.1" 200 45435 "-" "Mozilla/5.0 AppleWebKit/537.36 (KHTML, like Gecko; compatible; GPTBot/1.2; +https://openai.com/gptbot)"
216.73.216.147 - - [07/Nov/2025:00:23:26 +0000] "GET /entity/94682885.htm/ HTTP/1.1" 200 45435 "https://datainsightnow.com/entity/94682885.htm" "Mozilla/5.0 AppleWebKit/537.36 (KHTML, like Gecko; compatible; ClaudeBot/1.0; +claudebot@anthropic.com)"
217.113.194.56 - - [07/Nov/2025:00:23:26 +0000] "GET /account/?path=//run/udev/links/input/x2fby-path/x2fpci-0000:04:00.0-usbv2-0:1:1.0-mouse HTTP/1.1" 200 45435 "-" "Mozilla/5.0 (compatible; Barkrowler/0.9; +https://babbar.tech/crawler)"
57.141.0.48 - - [07/Nov/2025:00:23:27 +0000] "GET /karamba-spielsaal-erfahrungen-angeschlossen-testbericht-werfen-sie-einen-blick-auf-den-link-within-2025-pro-teutonia/?fileloc=//sys/class/pci_bus/0000:04/subsystem/0000:05/subsystem/0000:0a/subsystem/0000:10/subsystem/0000:0d/rescan&path=//sys/class/pci_bus/0000:04/subsystem/0000:05/subsystem/0000:0a/subsystem/0000:10/subsystem/0000:0d HTTP/1.1" 200 262209 "-" "meta-externalagent/1.1 (+https://developers.facebook.com/docs/sharing/webmasters/crawler)"
57.141.0.71 - - [07/Nov/2025:00:23:27 +0000] "GET /karamba-spielsaal-erfahrungen-angeschlossen-testbericht-werfen-sie-einen-blick-auf-den-link-within-2025-pro-teutonia/?path=//sys/class/pci_bus/0000:06/subsystem/0000:07/device/driver/0000:00:02.3/0000:00:02.3:pcie001/subsystem/devices/0000:00:03.3:pcie001/driver/0000:00:02.5:pcie001/driver HTTP/1.1" 200 262264 "-" "meta-externalagent/1.1 (+https://developers.facebook.com/docs/sharing/webmasters/crawler)"
95.91.110.210 - - [07/Nov/2025:00:23:28 +0000] "GET /?fileloc=//usr/share/zoneinfo/CET&path=//usr/share/zoneinfo HTTP/1.1" 200 45435 "-" "Mozilla/5.0 (compatible; MJ12bot/v1.4.8; http://mj12bot.com/)"
216.73.216.147 - - [07/Nov/2025:00:23:28 +0000] "GET /entity/831515615.htm HTTP/1.1" 301 5 "-" "Mozilla/5.0 AppleWebKit/537.36 (KHTML, like Gecko; compatible; ClaudeBot/1.0; +claudebot@anthropic.com)"
114.119.159.33 - - [07/Nov/2025:00:23:28 +0000] "GET /zwischenraumtaste-wars-pharaos-riches-bonus-ohne-einzahlung-online-slot-spielautomat-gebuhrenfrei-angeschlossen-vortragen/?fileloc=/opt/wpsites/datacloudnow.com/wp-content/schallfuns.php&path=/opt/wpsites/datacloudnow.com/wp-content HTTP/1.1" 200 45436 "https://datainsightnow.com/zwischenraumtaste-wars-pharaos-riches-bonus-ohne-einzahlung-online-slot-spielautomat-gebuhrenfrei-angeschlossen-vortragen/?path=/opt/wpsites/datacloudnow.com/wp-content" "Mozilla/5.0 (Linux; Android 7.0;) AppleWebKit/537.36 (KHTML, like Gecko) Mobile Safari/537.36 (compatible; PetalBot;+https://webmaster.petalsearch.com/site/petalbot)"
74.7.227.154 - - [07/Nov/2025:00:23:29 +0000] "GET /entity/172186830.htm HTTP/1.1" 301 5 "-" "Mozilla/5.0 AppleWebKit/537.36 (KHTML, like Gecko; compatible; GPTBot/1.2; +https://openai.com/gptbot)"
216.73.216.147 - - [07/Nov/2025:00:23:29 +0000] "GET /entity/831515615.htm/ HTTP/1.1" 200 45435 "https://datainsightnow.com/entity/831515615.htm" "Mozilla/5.0 AppleWebKit/537.36 (KHTML, like Gecko; compatible; ClaudeBot/1.0; +claudebot@anthropic.com)"
57.141.0.57 - - [07/Nov/2025:00:23:30 +0000] "GET /karamba-spielsaal-erfahrungen-angeschlossen-testbericht-werfen-sie-einen-blick-auf-den-link-within-2025-pro-teutonia/?fileloc=//sys/class/pci_bus/0000:0b/subsystem/0000:0b/device/driver/0000:00:03.7/driver/0000:00:02.6/driver/bind&path=//sys/class/pci_bus/0000:0b/subsystem/0000:0b/device/driver/0000:00:03.7/driver/0000:00:02.6/driver HTTP/1.1" 200 262209 "-" "meta-externalagent/1.1 (+https://developers.facebook.com/docs/sharing/webmasters/crawler)"
57.141.0.24 - - [07/Nov/2025:00:23:31 +0000] "GET /2025/03/13/?fileloc=//sys/class/pci_bus/0000:0c/subsystem/0000:12/subsystem/0000:06/subsystem/0000:0c/uevent&path=//sys/class/pci_bus/0000:0c/subsystem/0000:12/subsystem/0000:06/subsystem/0000:0c HTTP/1.1" 200 262264 "-" "meta-externalagent/1.1 (+https://developers.facebook.com/docs/sharing/webmasters/crawler)"
74.7.227.154 - - [07/Nov/2025:00:23:31 +0000] "GET /entity/172186830.htm/ HTTP/1.1" 200 45435 "-" "Mozilla/5.0 AppleWebKit/537.36 (KHTML, like Gecko; compatible; GPTBot/1.2; +https://openai.com/gptbot)"
57.141.0.47 - - [07/Nov/2025:00:23:32 +0000] "GET /2025/03/07/page/6/?fileloc=//sys/class/pci_bus/0000:0d/subsystem/0000:0f/device/pci_bus/0000:0f/subsystem/0000:0d/device/0000:00:03.3:pcie001/uevent&path=//sys/class/pci_bus/0000:0d/subsystem/0000:0f/device/pci_bus/0000:0f/subsystem/0000:0d/device/0000:00:03.3:pcie001 HTTP/1.1" 200 262264 "-" "meta-externalagent/1.1 (+https://developers.facebook.com/docs/sharing/webmasters/crawler)"
57.141.0.4 - - [07/Nov/2025:00:23:32 +0000] "GET /2025/03/07/page/6/?fileloc=//sys/class/pci_bus/0000:05/subsystem/0000:0b/subsystem/0000:0e/device/subsystem/devices/0000:01:00.0/driver/uevent&path=//sys/class/pci_bus/0000:05/subsystem/0000:0b/subsystem/0000:0e/device/subsystem/devices/0000:01:00.0/driver HTTP/1.1" 200 262264 "-" "meta-externalagent/1.1 (+https://developers.facebook.com/docs/sharing/webmasters/crawler)"
216.73.216.147 - - [07/Nov/2025:00:23:32 +0000] "GET /entity/24294712.htm HTTP/1.1" 301 5 "-" "Mozilla/5.0 AppleWebKit/537.36 (KHTML, like Gecko; compatible; ClaudeBot/1.0; +claudebot@anthropic.com)"
57.141.0.48 - - [07/Nov/2025:00:23:32 +0000] "GET /2025/03/05/page/6/?fileloc=//sys/class/pci_bus/0000:13/subsystem/0000:0b/subsystem/0000:05/subsystem/0000:0f/device/rescan&path=//sys/class/pci_bus/0000:13/subsystem/0000:0b/subsystem/0000:05/subsystem/0000:0f/device HTTP/1.1" 200 262209 "-" "meta-externalagent/1.1 (+https://developers.facebook.com/docs/sharing/webmasters/crawler)"
57.141.0.31 - - [07/Nov/2025:00:23:33 +0000] "GET /karamba-spielsaal-erfahrungen-angeschlossen-testbericht-werfen-sie-einen-blick-auf-den-link-within-2025-pro-teutonia/?path=//sys/class/pci_bus/0000:07/device/driver/0000:00:02.1/pci_bus/0000:02/device/0000:02:00.0/firmware_node/device:1e HTTP/1.1" 200 262264 "-" "meta-externalagent/1.1 (+https://developers.facebook.com/docs/sharing/webmasters/crawler)"
57.141.0.72 - - [07/Nov/2025:00:23:33 +0000] "GET /karamba-spielsaal-erfahrungen-angeschlossen-testbericht-werfen-sie-einen-blick-auf-den-link-within-2025-pro-teutonia/?path=//sys/class/pci_bus/0000:05/device/driver/0000:00:02.5/driver/0000:00:03.2/0000:00:03.2:pcie010/subsystem/devices/0000:00:03.4:pcie010 HTTP/1.1" 200 262264 "-" "meta-externalagent/1.1 (+https://developers.facebook.com/docs/sharing/webmasters/crawler)"
74.7.227.154 - - [07/Nov/2025:00:23:34 +0000] "GET /entity/172108084.htm HTTP/1.1" 301 5 "-" "Mozilla/5.0 AppleWebKit/537.36 (KHTML, like Gecko; compatible; GPTBot/1.2; +https://openai.com/gptbot)"
57.141.0.68 - - [07/Nov/2025:00:23:34 +0000] "GET /2025/03/06/page/39/?fileloc=//sys/class/pci_bus/0000:10/subsystem/0000:13/subsystem/0000:00/device/0000:00:02.0/driver/0000:00:03.1/power_state&path=//sys/class/pci_bus/0000:10/subsystem/0000:13/subsystem/0000:00/device/0000:00:02.0/driver/0000:00:03.1 HTTP/1.1" 200 262264 "-" "meta-externalagent/1.1 (+https://developers.facebook.com/docs/sharing/webmasters/crawler)"
95.91.110.210 - - [07/Nov/2025:00:23:34 +0000] "GET /?fileloc=//usr/share/zoneinfo/CST6CDT&path=//usr/share/zoneinfo HTTP/1.1" 200 45435 "-" "Mozilla/5.0 (compatible; MJ12bot/v1.4.8; http://mj12bot.com/)"
57.141.0.16 - - [07/Nov/2025:00:23:34 +0000] "GET /karamba-spielsaal-erfahrungen-angeschlossen-testbericht-werfen-sie-einen-blick-auf-den-link-within-2025-pro-teutonia/?fileloc=//sys/class/pci_bus/0000:08/subsystem/0000:05/subsystem/0000:04/subsystem/0000:0d/subsystem/0000:09/device/max_link_speed&path=//sys/class/pci_bus/0000:08/subsystem/0000:05/subsystem/0000:04/subsystem/0000:0d/subsystem/0000:09/device HTTP/1.1" 200 262264 "-" "meta-externalagent/1.1 (+https://developers.facebook.com/docs/sharing/webmasters/crawler)"
216.73.216.147 - - [07/Nov/2025:00:23:35 +0000] "GET /entity/24294712.htm/ HTTP/1.1" 200 45435 "https://datainsightnow.com/entity/24294712.htm" "Mozilla/5.0 AppleWebKit/537.36 (KHTML, like Gecko; compatible; ClaudeBot/1.0; +claudebot@anthropic.com)"
74.7.227.154 - - [07/Nov/2025:00:23:35 +0000] "GET /entity/172108084.htm/ HTTP/1.1" 200 45435 "-" "Mozilla/5.0 AppleWebKit/537.36 (KHTML, like Gecko; compatible; GPTBot/1.2; +https://openai.com/gptbot)"
57.141.0.6 - - [07/Nov/2025:00:23:35 +0000] "GET /moneysense-self-help-guide-to-the-ideal-profile/?fileloc=//sys/class/pci_bus/0000:00/device/0000:00:02.0/subsystem/devices/0000:00:02.1/driver/0000:00:04.0/broken_parity_status&path=//sys/class/pci_bus/0000:00/device/0000:00:02.0/subsystem/devices/0000:00:02.1/driver/0000:00:04.0 HTTP/1.1" 200 262264 "-" "meta-externalagent/1.1 (+https://developers.facebook.com/docs/sharing/webmasters/crawler)"
57.141.0.28 - - [07/Nov/2025:00:23:36 +0000] "GET /2025/03/07/page/6/?fileloc=//sys/class/pci_bus/0000:0e/subsystem/0000:05/subsystem/0000:13/subsystem/0000:0c/subsystem/0000:0f/power/runtime_usage&path=//sys/class/pci_bus/0000:0e/subsystem/0000:05/subsystem/0000:13/subsystem/0000:0c/subsystem/0000:0f/power HTTP/1.1" 200 262216 "-" "meta-externalagent/1.1 (+https://developers.facebook.com/docs/sharing/webmasters/crawler)"
74.7.227.154 - - [07/Nov/2025:00:23:36 +0000] "GET /entity/172050078.htm HTTP/1.1" 301 5 "-" "Mozilla/5.0 AppleWebKit/537.36 (KHTML, like Gecko; compatible; GPTBot/1.2; +https://openai.com/gptbot)"
216.73.216.147 - - [07/Nov/2025:00:23:37 +0000] "GET /entity/144554116.htm HTTP/1.1" 301 5 "-" "Mozilla/5.0 AppleWebKit/537.36 (KHTML, like Gecko; compatible; ClaudeBot/1.0; +claudebot@anthropic.com)"
74.7.227.154 - - [07/Nov/2025:00:23:37 +0000] "GET /entity/172050078.htm/ HTTP/1.1" 200 45435 "-" "Mozilla/5.0 AppleWebKit/537.36 (KHTML, like Gecko; compatible; GPTBot/1.2; +https://openai.com/gptbot)"
216.73.216.147 - - [07/Nov/2025:00:23:37 +0000] "GET /entity/144554116.htm/ HTTP/1.1" 200 45435 "https://datainsightnow.com/entity/144554116.htm" "Mozilla/5.0 AppleWebKit/537.36 (KHTML, like Gecko; compatible; ClaudeBot/1.0; +claudebot@anthropic.com)"
185.191.171.16 - - [07/Nov/2025:00:23:39 +0000] "GET /?p=17187 HTTP/1.1" 200 45263 "-" "Mozilla/5.0 (compatible; SemrushBot/7~bl; +http://www.semrush.com/bot.html)"
95.91.110.210 - - [07/Nov/2025:00:23:39 +0000] "GET /?fileloc=//usr/share/zoneinfo/EET&path=//usr/share/zoneinfo HTTP/1.1" 200 45435 "-" "Mozilla/5.0 (compatible; MJ12bot/v1.4.8; http://mj12bot.com/)"
57.141.0.37 - - [07/Nov/2025:00:23:39 +0000] "GET /2025/03/07/page/6/?path=//sys/class/pci_bus/0000:0f/device/driver/0000:00:02.0/driver/0000:00:02.7/driver/0000:00:03.7/msi_irqs HTTP/1.1" 200 262215 "-" "meta-externalagent/1.1 (+https://developers.facebook.com/docs/sharing/webmasters/crawler)"
74.7.227.154 - - [07/Nov/2025:00:23:40 +0000] "GET /entity/172134245.htm HTTP/1.1" 301 5 "-" "Mozilla/5.0 AppleWebKit/537.36 (KHTML, like Gecko; compatible; GPTBot/1.2; +https://openai.com/gptbot)"
