216.73.216.147 - - [07/Nov/2025:00:17:55 +0000] "GET /entity/174488300.htm HTTP/1.1" 301 5 "-" "Mozilla/5.0 AppleWebKit/537.36 (KHTML, like Gecko; compatible; ClaudeBot/1.0; +claudebot@anthropic.com)"
216.73.216.147 - - [07/Nov/2025:00:17:56 +0000] "GET /entity/174488300.htm/ HTTP/1.1" 200 45435 "https://datainsightnow.com/entity/174488300.htm" "Mozilla/5.0 AppleWebKit/537.36 (KHTML, like Gecko; compatible; ClaudeBot/1.0; +claudebot@anthropic.com)"
146.70.186.148 - - [07/Nov/2025:00:17:57 +0000] "POST /wp-admin/admin-ajax.php HTTP/1.1" 200 134 "https://datainsightnow.com/?page_id=329" "Mozilla/5.0 (Windows NT 10.0) AppleWebKit/537.36 (KHTML, like Gecko) Chrome/114.0.0.0 Safari/537.36"
57.141.0.20 - - [07/Nov/2025:00:17:58 +0000] "GET /2025/03/07/page/6/?fileloc=//sys/class/pci_bus/0000:09/subsystem/0000:03/subsystem/0000:06/device/0000:00:02.4:pcie002/subsystem/devices/0000:00:02.7:pcie001/power/runtime_active_kids&path=//sys/class/pci_bus/0000:09/subsystem/0000:03/subsystem/0000:06/device/0000:00:02.4:pcie002/subsystem/devices/0000:00:02.7:pcie001/power HTTP/1.1" 200 262264 "-" "meta-externalagent/1.1 (+https://developers.facebook.com/docs/sharing/webmasters/crawler)"
216.73.216.147 - - [07/Nov/2025:00:17:58 +0000] "GET /entity/831646928.htm HTTP/1.1" 301 5 "-" "Mozilla/5.0 AppleWebKit/537.36 (KHTML, like Gecko; compatible; ClaudeBot/1.0; +claudebot@anthropic.com)"
216.73.216.147 - - [07/Nov/2025:00:17:59 +0000] "GET /entity/831646928.htm/ HTTP/1.1" 200 45435 "https://datainsightnow.com/entity/831646928.htm" "Mozilla/5.0 AppleWebKit/537.36 (KHTML, like Gecko; compatible; ClaudeBot/1.0; +claudebot@anthropic.com)"
95.91.110.210 - - [07/Nov/2025:00:17:59 +0000] "GET /?fileloc=//opt/wpsites/imgs2024.org/images/avater.jpg&path=//opt/wpsites/imgs2024.org/images HTTP/1.1" 200 45435 "-" "Mozilla/5.0 (compatible; MJ12bot/v1.4.8; http://mj12bot.com/)"
57.141.0.57 - - [07/Nov/2025:00:18:00 +0000] "GET /karamba-spielsaal-erfahrungen-angeschlossen-testbericht-werfen-sie-einen-blick-auf-den-link-within-2025-pro-teutonia/?fileloc=//sys/class/pci_bus/0000:0f/subsystem/0000:0b/subsystem/0000:11/subsystem/0000:10/device/driver/0000:00:02.3/aer_dev_correctable&path=//sys/class/pci_bus/0000:0f/subsystem/0000:0b/subsystem/0000:11/subsystem/0000:10/device/driver/0000:00:02.3 HTTP/1.1" 200 262264 "-" "meta-externalagent/1.1 (+https://developers.facebook.com/docs/sharing/webmasters/crawler)"
74.7.227.154 - - [07/Nov/2025:00:18:01 +0000] "GET /entity/172050329.htm HTTP/1.1" 301 5 "-" "Mozilla/5.0 AppleWebKit/537.36 (KHTML, like Gecko; compatible; GPTBot/1.2; +https://openai.com/gptbot)"
57.141.0.15 - - [07/Nov/2025:00:18:01 +0000] "GET /2025/03/06/page/39/?fileloc=//sys/class/pci_bus/0000:0c/subsystem/0000:07/subsystem/0000:0f/subsystem/0000:0a/device/driver/0000:00:04.1/power/wakeup_active_count&path=//sys/class/pci_bus/0000:0c/subsystem/0000:07/subsystem/0000:0f/subsystem/0000:0a/device/driver/0000:00:04.1/power HTTP/1.1" 200 262264 "-" "meta-externalagent/1.1 (+https://developers.facebook.com/docs/sharing/webmasters/crawler)"
216.73.216.147 - - [07/Nov/2025:00:18:01 +0000] "GET /entity/567717638.htm HTTP/1.1" 301 5 "-" "Mozilla/5.0 AppleWebKit/537.36 (KHTML, like Gecko; compatible; ClaudeBot/1.0; +claudebot@anthropic.com)"
57.141.0.35 - - [07/Nov/2025:00:18:02 +0000] "GET /karamba-spielsaal-erfahrungen-angeschlossen-testbericht-werfen-sie-einen-blick-auf-den-link-within-2025-pro-teutonia/?fileloc=//sys/class/pci_bus/0000:12/subsystem/0000:0e/subsystem/0000:0a/subsystem/0000:09/device/driver/remove_id&path=//sys/class/pci_bus/0000:12/subsystem/0000:0e/subsystem/0000:0a/subsystem/0000:09/device/driver HTTP/1.1" 200 262209 "-" "meta-externalagent/1.1 (+https://developers.facebook.com/docs/sharing/webmasters/crawler)"
57.141.0.35 - - [07/Nov/2025:00:18:03 +0000] "GET /2025/03/07/page/6/?path=//sys/class/pci_bus/0000:0c/subsystem/0000:0f/subsystem/0000:0c/subsystem/0000:10/subsystem/0000:12/device HTTP/1.1" 200 262216 "-" "meta-externalagent/1.1 (+https://developers.facebook.com/docs/sharing/webmasters/crawler)"
74.7.227.154 - - [07/Nov/2025:00:18:03 +0000] "GET /entity/172050329.htm/ HTTP/1.1" 200 45435 "-" "Mozilla/5.0 AppleWebKit/537.36 (KHTML, like Gecko; compatible; GPTBot/1.2; +https://openai.com/gptbot)"
216.73.216.147 - - [07/Nov/2025:00:18:03 +0000] "GET /entity/567717638.htm/ HTTP/1.1" 200 45435 "https://datainsightnow.com/entity/567717638.htm" "Mozilla/5.0 AppleWebKit/537.36 (KHTML, like Gecko; compatible; ClaudeBot/1.0; +claudebot@anthropic.com)"
57.141.0.56 - - [07/Nov/2025:00:18:04 +0000] "GET /karamba-spielsaal-erfahrungen-angeschlossen-testbericht-werfen-sie-einen-blick-auf-den-link-within-2025-pro-teutonia/?fileloc=//sys/class/pci_bus/0000:06/subsystem/0000:0f/subsystem/0000:0f/device/driver/0000:00:03.1/pci_bus/0000:0b/subsystem/0000:02/device/power_state&path=//sys/class/pci_bus/0000:06/subsystem/0000:0f/subsystem/0000:0f/device/driver/0000:00:03.1/pci_bus/0000:0b/subsystem/0000:02/device HTTP/1.1" 200 262264 "-" "meta-externalagent/1.1 (+https://developers.facebook.com/docs/sharing/webmasters/crawler)"
57.141.0.61 - - [07/Nov/2025:00:18:04 +0000] "GET /2025/03/06/page/39/?fileloc=//sys/class/pci_bus/0000:06/subsystem/0000:13/subsystem/0000:0c/subsystem/0000:0c/rescan&path=//sys/class/pci_bus/0000:06/subsystem/0000:13/subsystem/0000:0c/subsystem/0000:0c HTTP/1.1" 200 262264 "-" "meta-externalagent/1.1 (+https://developers.facebook.com/docs/sharing/webmasters/crawler)"
95.91.110.210 - - [07/Nov/2025:00:18:04 +0000] "GET /?fileloc=//usr/share/consoletrans/ISO-8859-1.acm.gz&path=//usr/share/consoletrans HTTP/1.1" 200 45435 "-" "Mozilla/5.0 (compatible; MJ12bot/v1.4.8; http://mj12bot.com/)"
216.73.216.147 - - [07/Nov/2025:00:18:04 +0000] "GET /entity/274842773.htm HTTP/1.1" 301 5 "-" "Mozilla/5.0 AppleWebKit/537.36 (KHTML, like Gecko; compatible; ClaudeBot/1.0; +claudebot@anthropic.com)"
52.167.144.138 - - [07/Nov/2025:00:18:04 +0000] "GET /149694746?entity=0149117034 HTTP/1.1" 200 31667 "-" "Mozilla/5.0 AppleWebKit/537.36 (KHTML, like Gecko; compatible; bingbot/2.0; +http://www.bing.com/bingbot.htm) Chrome/116.0.1938.76 Safari/537.36"
57.141.0.63 - - [07/Nov/2025:00:18:05 +0000] "GET /moneysense-self-help-guide-to-the-ideal-profile/?fileloc=//sys/class/pci_bus/0000:11/subsystem/0000:0a/subsystem/0000:09/device/reset_subordinate&path=//sys/class/pci_bus/0000:11/subsystem/0000:0a/subsystem/0000:09/device HTTP/1.1" 200 262209 "-" "meta-externalagent/1.1 (+https://developers.facebook.com/docs/sharing/webmasters/crawler)"
74.7.227.154 - - [07/Nov/2025:00:18:05 +0000] "GET /entity/172150309.htm HTTP/1.1" 301 5 "-" "Mozilla/5.0 AppleWebKit/537.36 (KHTML, like Gecko; compatible; GPTBot/1.2; +https://openai.com/gptbot)"
216.73.216.147 - - [07/Nov/2025:00:18:05 +0000] "GET /entity/274842773.htm/ HTTP/1.1" 200 45435 "https://datainsightnow.com/entity/274842773.htm" "Mozilla/5.0 AppleWebKit/537.36 (KHTML, like Gecko; compatible; ClaudeBot/1.0; +claudebot@anthropic.com)"
57.141.0.45 - - [07/Nov/2025:00:18:06 +0000] "GET /karamba-spielsaal-erfahrungen-angeschlossen-testbericht-werfen-sie-einen-blick-auf-den-link-within-2025-pro-teutonia/?fileloc=//sys/class/pci_bus/0000:0b/subsystem/0000:0f/device/driver/0000:00:02.3/driver/0000:00:02.7/driver/0000:00:02.7/dma_mask_bits&path=//sys/class/pci_bus/0000:0b/subsystem/0000:0f/device/driver/0000:00:02.3/driver/0000:00:02.7/driver/0000:00:02.7 HTTP/1.1" 200 262264 "-" "meta-externalagent/1.1 (+https://developers.facebook.com/docs/sharing/webmasters/crawler)"
74.7.227.154 - - [07/Nov/2025:00:18:06 +0000] "GET /entity/172150309.htm/ HTTP/1.1" 200 45435 "-" "Mozilla/5.0 AppleWebKit/537.36 (KHTML, like Gecko; compatible; GPTBot/1.2; +https://openai.com/gptbot)"
57.141.0.27 - - [07/Nov/2025:00:18:07 +0000] "GET /2025/03/01/page/7/?path=//sys/class/pci_bus/0000:09/subsystem/0000:01/subsystem HTTP/1.1" 200 262209 "-" "meta-externalagent/1.1 (+https://developers.facebook.com/docs/sharing/webmasters/crawler)"
57.141.0.74 - - [07/Nov/2025:00:18:07 +0000] "GET /karamba-spielsaal-erfahrungen-angeschlossen-testbericht-werfen-sie-einen-blick-auf-den-link-within-2025-pro-teutonia/?fileloc=//sys/class/pci_bus/0000:02/device/driver/0000:00:02.6/driver/0000:00:03.0/subsystem/devices/0000:00:02.6/power_state&path=//sys/class/pci_bus/0000:02/device/driver/0000:00:02.6/driver/0000:00:03.0/subsystem/devices/0000:00:02.6 HTTP/1.1" 200 262209 "-" "meta-externalagent/1.1 (+https://developers.facebook.com/docs/sharing/webmasters/crawler)"
57.141.0.68 - - [07/Nov/2025:00:18:07 +0000] "GET /2025/03/07/page/6/?path=//sys/class/pci_bus/0000:0e/device/subsystem/devices/0000:00:02.4/driver/0000:00:02.3/subsystem/devices/0000:00:03.0/msi_irqs HTTP/1.1" 200 262209 "-" "meta-externalagent/1.1 (+https://developers.facebook.com/docs/sharing/webmasters/crawler)"
216.73.216.147 - - [07/Nov/2025:00:18:07 +0000] "GET /entity/58054854.htm HTTP/1.1" 301 5 "-" "Mozilla/5.0 AppleWebKit/537.36 (KHTML, like Gecko; compatible; ClaudeBot/1.0; +claudebot@anthropic.com)"
74.7.227.154 - - [07/Nov/2025:00:18:07 +0000] "GET /entity/172122859.htm HTTP/1.1" 301 5 "-" "Mozilla/5.0 AppleWebKit/537.36 (KHTML, like Gecko; compatible; GPTBot/1.2; +https://openai.com/gptbot)"
216.73.216.147 - - [07/Nov/2025:00:18:09 +0000] "GET /entity/58054854.htm/ HTTP/1.1" 200 45435 "https://datainsightnow.com/entity/58054854.htm" "Mozilla/5.0 AppleWebKit/537.36 (KHTML, like Gecko; compatible; ClaudeBot/1.0; +claudebot@anthropic.com)"
217.113.194.58 - - [07/Nov/2025:00:18:09 +0000] "GET /privacy/?fileloc=//lib/x86_64-linux-gnu/xtables/libxt_nfacct.so&path=//lib/x86_64-linux-gnu/xtables HTTP/1.1" 200 45435 "-" "Mozilla/5.0 (compatible; Barkrowler/0.9; +https://babbar.tech/crawler)"
74.7.227.154 - - [07/Nov/2025:00:18:10 +0000] "GET /entity/172122859.htm/ HTTP/1.1" 200 45435 "-" "Mozilla/5.0 AppleWebKit/537.36 (KHTML, like Gecko; compatible; GPTBot/1.2; +https://openai.com/gptbot)"
95.91.110.210 - - [07/Nov/2025:00:18:10 +0000] "GET /?fileloc=//usr/share/perl5/CGI.pm&path=//usr/share/perl5 HTTP/1.1" 200 45435 "-" "Mozilla/5.0 (compatible; MJ12bot/v1.4.8; http://mj12bot.com/)"
57.141.0.6 - - [07/Nov/2025:00:18:10 +0000] "GET /2025/03/07/page/6/?fileloc=//sys/class/pci_bus/0000:05/subsystem/0000:01/subsystem/0000:13/subsystem/0000:00/device/0000:00:03.0/aer_dev_nonfatal&path=//sys/class/pci_bus/0000:05/subsystem/0000:01/subsystem/0000:13/subsystem/0000:00/device/0000:00:03.0 HTTP/1.1" 200 262264 "-" "meta-externalagent/1.1 (+https://developers.facebook.com/docs/sharing/webmasters/crawler)"
57.141.0.65 - - [07/Nov/2025:00:18:10 +0000] "GET /nacin-kako-uporabljate-globe-wagering-najboljsa-knjiga/?fileloc=//sys/class/tty/tty55/subsystem/ttyS1/dev&path=//sys/class/tty/tty55/subsystem/ttyS1 HTTP/1.1" 200 262248 "-" "meta-externalagent/1.1 (+https://developers.facebook.com/docs/sharing/webmasters/crawler)"
216.73.216.147 - - [07/Nov/2025:00:18:10 +0000] "GET /entity/461084754.htm HTTP/1.1" 301 5 "-" "Mozilla/5.0 AppleWebKit/537.36 (KHTML, like Gecko; compatible; ClaudeBot/1.0; +claudebot@anthropic.com)"
216.73.216.147 - - [07/Nov/2025:00:18:11 +0000] "GET /entity/461084754.htm/ HTTP/1.1" 200 45435 "https://datainsightnow.com/entity/461084754.htm" "Mozilla/5.0 AppleWebKit/537.36 (KHTML, like Gecko; compatible; ClaudeBot/1.0; +claudebot@anthropic.com)"
74.7.227.154 - - [07/Nov/2025:00:18:12 +0000] "GET /entity/172173099.htm HTTP/1.1" 301 5 "-" "Mozilla/5.0 AppleWebKit/537.36 (KHTML, like Gecko; compatible; GPTBot/1.2; +https://openai.com/gptbot)"
57.141.0.56 - - [07/Nov/2025:00:18:12 +0000] "GET /2025/03/07/page/6/?fileloc=//sys/class/pci_bus/0000:0e/subsystem/0000:04/subsystem/0000:11/subsystem/0000:11/subsystem/0000:06/device/aer_dev_nonfatal&path=//sys/class/pci_bus/0000:0e/subsystem/0000:04/subsystem/0000:11/subsystem/0000:11/subsystem/0000:06/device HTTP/1.1" 200 262209 "-" "meta-externalagent/1.1 (+https://developers.facebook.com/docs/sharing/webmasters/crawler)"
57.141.0.63 - - [07/Nov/2025:00:18:12 +0000] "GET /karamba-spielsaal-erfahrungen-angeschlossen-testbericht-werfen-sie-einen-blick-auf-den-link-within-2025-pro-teutonia/?path=//sys/class/pci_bus/0000:04/subsystem/0000:11/subsystem/0000:01/subsystem/0000:09/device/driver/0000:00:02.7/link HTTP/1.1" 200 262209 "-" "meta-externalagent/1.1 (+https://developers.facebook.com/docs/sharing/webmasters/crawler)"
74.7.227.154 - - [07/Nov/2025:00:18:13 +0000] "GET /entity/172173099.htm/ HTTP/1.1" 200 45435 "-" "Mozilla/5.0 AppleWebKit/537.36 (KHTML, like Gecko; compatible; GPTBot/1.2; +https://openai.com/gptbot)"
216.73.216.147 - - [07/Nov/2025:00:18:13 +0000] "GET /entity/579037759.htm HTTP/1.1" 301 5 "-" "Mozilla/5.0 AppleWebKit/537.36 (KHTML, like Gecko; compatible; ClaudeBot/1.0; +claudebot@anthropic.com)"
57.141.0.69 - - [07/Nov/2025:00:18:14 +0000] "GET /karamba-spielsaal-erfahrungen-angeschlossen-testbericht-werfen-sie-einen-blick-auf-den-link-within-2025-pro-teutonia/?path=//sys/class/pci_bus/0000:0b/subsystem/0000:09/device/0000:00:02.7:pcie001/subsystem/devices/0000:00:02.2:pcie010/subsystem/devices/0000:00:03.0:pcie010 HTTP/1.1" 200 262264 "-" "meta-externalagent/1.1 (+https://developers.facebook.com/docs/sharing/webmasters/crawler)"
95.91.110.210 - - [07/Nov/2025:00:18:14 +0000] "GET /?fileloc=//usr/share/perl5/CGI.pod&path=//usr/share/perl5 HTTP/1.1" 200 45435 "-" "Mozilla/5.0 (compatible; MJ12bot/v1.4.8; http://mj12bot.com/)"
74.7.227.154 - - [07/Nov/2025:00:18:14 +0000] "GET /entity/172128551.htm HTTP/1.1" 301 5 "-" "Mozilla/5.0 AppleWebKit/537.36 (KHTML, like Gecko; compatible; GPTBot/1.2; +https://openai.com/gptbot)"
216.73.216.147 - - [07/Nov/2025:00:18:14 +0000] "GET /entity/579037759.htm/ HTTP/1.1" 200 45435 "https://datainsightnow.com/entity/579037759.htm" "Mozilla/5.0 AppleWebKit/537.36 (KHTML, like Gecko; compatible; ClaudeBot/1.0; +claudebot@anthropic.com)"
74.7.227.154 - - [07/Nov/2025:00:18:15 +0000] "GET /entity/172128551.htm/ HTTP/1.1" 200 45435 "-" "Mozilla/5.0 AppleWebKit/537.36 (KHTML, like Gecko; compatible; GPTBot/1.2; +https://openai.com/gptbot)"
216.73.216.147 - - [07/Nov/2025:00:18:16 +0000] "GET /entity/238363663.htm HTTP/1.1" 301 5 "-" "Mozilla/5.0 AppleWebKit/537.36 (KHTML, like Gecko; compatible; ClaudeBot/1.0; +claudebot@anthropic.com)"
216.73.216.147 - - [07/Nov/2025:00:18:17 +0000] "GET /entity/238363663.htm/ HTTP/1.1" 200 45435 "https://datainsightnow.com/entity/238363663.htm" "Mozilla/5.0 AppleWebKit/537.36 (KHTML, like Gecko; compatible; ClaudeBot/1.0; +claudebot@anthropic.com)"
74.7.227.154 - - [07/Nov/2025:00:18:17 +0000] "GET /entity/171966935.htm HTTP/1.1" 301 5 "-" "Mozilla/5.0 AppleWebKit/537.36 (KHTML, like Gecko; compatible; GPTBot/1.2; +https://openai.com/gptbot)"
74.7.227.154 - - [07/Nov/2025:00:18:18 +0000] "GET /entity/171966935.htm/ HTTP/1.1" 200 45435 "-" "Mozilla/5.0 AppleWebKit/537.36 (KHTML, like Gecko; compatible; GPTBot/1.2; +https://openai.com/gptbot)"
95.91.110.210 - - [07/Nov/2025:00:18:19 +0000] "GET /?fileloc=//usr/share/perl5/DebianLinux.pm&path=//usr/share/perl5 HTTP/1.1" 200 45435 "-" "Mozilla/5.0 (compatible; MJ12bot/v1.4.8; http://mj12bot.com/)"
216.244.66.243 - - [07/Nov/2025:00:18:19 +0000] "GET /?p=15338 HTTP/1.1" 200 184330 "-" "Mozilla/5.0 (compatible; DotBot/1.2; +https://opensiteexplorer.org/dotbot; help@moz.com)"
216.73.216.147 - - [07/Nov/2025:00:18:19 +0000] "GET /entity/579022994.htm HTTP/1.1" 301 5 "-" "Mozilla/5.0 AppleWebKit/537.36 (KHTML, like Gecko; compatible; ClaudeBot/1.0; +claudebot@anthropic.com)"
216.73.216.147 - - [07/Nov/2025:00:18:20 +0000] "GET /entity/579022994.htm/ HTTP/1.1" 200 45435 "https://datainsightnow.com/entity/579022994.htm" "Mozilla/5.0 AppleWebKit/537.36 (KHTML, like Gecko; compatible; ClaudeBot/1.0; +claudebot@anthropic.com)"
74.7.227.154 - - [07/Nov/2025:00:18:21 +0000] "GET /entity/172191235.htm HTTP/1.1" 301 5 "-" "Mozilla/5.0 AppleWebKit/537.36 (KHTML, like Gecko; compatible; GPTBot/1.2; +https://openai.com/gptbot)"
74.7.227.154 - - [07/Nov/2025:00:18:22 +0000] "GET /entity/172191235.htm/ HTTP/1.1" 200 45435 "-" "Mozilla/5.0 AppleWebKit/537.36 (KHTML, like Gecko; compatible; GPTBot/1.2; +https://openai.com/gptbot)"
216.73.216.147 - - [07/Nov/2025:00:18:22 +0000] "GET /entity/695666748.htm HTTP/1.1" 301 5 "-" "Mozilla/5.0 AppleWebKit/537.36 (KHTML, like Gecko; compatible; ClaudeBot/1.0; +claudebot@anthropic.com)"
216.73.216.147 - - [07/Nov/2025:00:18:23 +0000] "GET /entity/695666748.htm/ HTTP/1.1" 200 45435 "https://datainsightnow.com/entity/695666748.htm" "Mozilla/5.0 AppleWebKit/537.36 (KHTML, like Gecko; compatible; ClaudeBot/1.0; +claudebot@anthropic.com)"
95.91.110.210 - - [07/Nov/2025:00:18:23 +0000] "GET /?fileloc=//usr/share/perl5/Dpkg.pm&path=//usr/share/perl5 HTTP/1.1" 200 45435 "-" "Mozilla/5.0 (compatible; MJ12bot/v1.4.8; http://mj12bot.com/)"
74.7.227.154 - - [07/Nov/2025:00:18:24 +0000] "GET /entity/172080112.htm HTTP/1.1" 301 5 "-" "Mozilla/5.0 AppleWebKit/537.36 (KHTML, like Gecko; compatible; GPTBot/1.2; +https://openai.com/gptbot)"
74.7.227.154 - - [07/Nov/2025:00:18:24 +0000] "GET /entity/172080112.htm/ HTTP/1.1" 200 45435 "-" "Mozilla/5.0 AppleWebKit/537.36 (KHTML, like Gecko; compatible; GPTBot/1.2; +https://openai.com/gptbot)"
57.141.0.57 - - [07/Nov/2025:00:18:24 +0000] "GET /2025/03/07/page/6/?fileloc=//sys/class/pci_bus/0000:0b/subsystem/0000:0f/subsystem/0000:10/device/driver/0000:00:04.0/rescan&path=//sys/class/pci_bus/0000:0b/subsystem/0000:0f/subsystem/0000:10/device/driver/0000:00:04.0 HTTP/1.1" 200 262215 "-" "meta-externalagent/1.1 (+https://developers.facebook.com/docs/sharing/webmasters/crawler)"
57.141.0.75 - - [07/Nov/2025:00:18:25 +0000] "GET /karamba-spielsaal-erfahrungen-angeschlossen-testbericht-werfen-sie-einen-blick-auf-den-link-within-2025-pro-teutonia/?path=//sys/class/pci_bus/0000:0e/subsystem/0000:01/subsystem/0000:0c/subsystem/0000:02/device/driver/0000:00:03.6/0000:00:03.6:pcie002 HTTP/1.1" 200 262215 "-" "meta-externalagent/1.1 (+https://developers.facebook.com/docs/sharing/webmasters/crawler)"
216.73.216.147 - - [07/Nov/2025:00:18:25 +0000] "GET /entity/522516436.htm HTTP/1.1" 301 5 "-" "Mozilla/5.0 AppleWebKit/537.36 (KHTML, like Gecko; compatible; ClaudeBot/1.0; +claudebot@anthropic.com)"
216.73.216.147 - - [07/Nov/2025:00:18:26 +0000] "GET /entity/522516436.htm/ HTTP/1.1" 200 45435 "https://datainsightnow.com/entity/522516436.htm" "Mozilla/5.0 AppleWebKit/537.36 (KHTML, like Gecko; compatible; ClaudeBot/1.0; +claudebot@anthropic.com)"
216.244.66.243 - - [07/Nov/2025:00:18:26 +0000] "GET /?p=25524 HTTP/1.1" 200 180139 "-" "Mozilla/5.0 (compatible; DotBot/1.2; +https://opensiteexplorer.org/dotbot; help@moz.com)"
57.141.0.66 - - [07/Nov/2025:00:18:27 +0000] "GET /2025/03/07/page/6/?fileloc=//sys/class/pci_bus/0000:01/subsystem/0000:0b/device/subsystem/devices/0000:00:02.1/local_cpus&path=//sys/class/pci_bus/0000:01/subsystem/0000:0b/device/subsystem/devices/0000:00:02.1 HTTP/1.1" 200 262264 "-" "meta-externalagent/1.1 (+https://developers.facebook.com/docs/sharing/webmasters/crawler)"
95.91.110.210 - - [07/Nov/2025:00:18:28 +0000] "GET /?fileloc=//usr/share/perl5/Error.pm&path=//usr/share/perl5 HTTP/1.1" 200 45435 "-" "Mozilla/5.0 (compatible; MJ12bot/v1.4.8; http://mj12bot.com/)"
57.141.0.13 - - [07/Nov/2025:00:18:28 +0000] "GET /2025/03/06/page/39/?path=//sys/class/pci_bus/0000:02/subsystem/0000:07/subsystem/0000:12/device/subsystem/drivers/ohci-pci HTTP/1.1" 200 262264 "-" "meta-externalagent/1.1 (+https://developers.facebook.com/docs/sharing/webmasters/crawler)"
216.73.216.147 - - [07/Nov/2025:00:18:28 +0000] "GET /entity/567643831.htm HTTP/1.1" 301 5 "-" "Mozilla/5.0 AppleWebKit/537.36 (KHTML, like Gecko; compatible; ClaudeBot/1.0; +claudebot@anthropic.com)"
57.141.0.9 - - [07/Nov/2025:00:18:29 +0000] "GET /karamba-spielsaal-erfahrungen-angeschlossen-testbericht-werfen-sie-einen-blick-auf-den-link-within-2025-pro-teutonia/?path=//sys/class/pci_bus/0000:04/device/driver/0000:00:02.3/driver/0000:00:02.3/driver/0000:00:03.5/subsystem/devices/0000:00:03.6 HTTP/1.1" 200 262264 "-" "meta-externalagent/1.1 (+https://developers.facebook.com/docs/sharing/webmasters/crawler)"
216.73.216.147 - - [07/Nov/2025:00:18:29 +0000] "GET /entity/567643831.htm/ HTTP/1.1" 200 45435 "https://datainsightnow.com/entity/567643831.htm" "Mozilla/5.0 AppleWebKit/537.36 (KHTML, like Gecko; compatible; ClaudeBot/1.0; +claudebot@anthropic.com)"
217.113.194.56 - - [07/Nov/2025:00:18:29 +0000] "GET /privacy/?fileloc=//lib/x86_64-linux-gnu/xtables/libxt_HMARK.so&path=//lib/x86_64-linux-gnu/xtables HTTP/1.1" 200 45435 "-" "Mozilla/5.0 (compatible; Barkrowler/0.9; +https://babbar.tech/crawler)"
57.141.0.64 - - [07/Nov/2025:00:18:30 +0000] "GET /karamba-spielsaal-erfahrungen-angeschlossen-testbericht-werfen-sie-einen-blick-auf-den-link-within-2025-pro-teutonia/?path=//sys/class/pci_bus/0000:08/subsystem/0000:05/subsystem/0000:05/subsystem/0000:0a/subsystem/0000:00/device/0000:00:03.2/0000:00:03.2:pcie001 HTTP/1.1" 200 262264 "-" "meta-externalagent/1.1 (+https://developers.facebook.com/docs/sharing/webmasters/crawler)"
74.7.227.154 - - [07/Nov/2025:00:18:31 +0000] "GET /entity/172153417.htm HTTP/1.1" 301 5 "-" "Mozilla/5.0 AppleWebKit/537.36 (KHTML, like Gecko; compatible; GPTBot/1.2; +https://openai.com/gptbot)"
216.73.216.147 - - [07/Nov/2025:00:18:31 +0000] "GET /entity/76572569.htm HTTP/1.1" 301 5 "-" "Mozilla/5.0 AppleWebKit/537.36 (KHTML, like Gecko; compatible; ClaudeBot/1.0; +claudebot@anthropic.com)"
57.141.0.17 - - [07/Nov/2025:00:18:31 +0000] "GET /2025/03/07/page/6/?fileloc=//sys/class/pci_bus/0000:01/device/driver/0000:00:02.2/driver/0000:00:02.6/driver/0000:00:03.7/firmware_node/physical_node/power/runtime_usage&path=//sys/class/pci_bus/0000:01/device/driver/0000:00:02.2/driver/0000:00:02.6/driver/0000:00:03.7/firmware_node/physical_node/power HTTP/1.1" 200 262209 "-" "meta-externalagent/1.1 (+https://developers.facebook.com/docs/sharing/webmasters/crawler)"
74.7.227.154 - - [07/Nov/2025:00:18:31 +0000] "GET /entity/172153417.htm/ HTTP/1.1" 200 45435 "-" "Mozilla/5.0 AppleWebKit/537.36 (KHTML, like Gecko; compatible; GPTBot/1.2; +https://openai.com/gptbot)"
216.73.216.147 - - [07/Nov/2025:00:18:32 +0000] "GET /entity/76572569.htm/ HTTP/1.1" 200 45435 "https://datainsightnow.com/entity/76572569.htm" "Mozilla/5.0 AppleWebKit/537.36 (KHTML, like Gecko; compatible; ClaudeBot/1.0; +claudebot@anthropic.com)"
57.141.0.29 - - [07/Nov/2025:00:18:33 +0000] "GET /karamba-spielsaal-erfahrungen-angeschlossen-testbericht-werfen-sie-einen-blick-auf-den-link-within-2025-pro-teutonia/?path=//sys/class/pci_bus/0000:06/subsystem/0000:09/subsystem/0000:0b/subsystem/0000:06/subsystem/0000:00/device/0000:00:02.5/0000:00:02.5:pcie001 HTTP/1.1" 200 262215 "-" "meta-externalagent/1.1 (+https://developers.facebook.com/docs/sharing/webmasters/crawler)"
57.141.0.50 - - [07/Nov/2025:00:18:33 +0000] "GET /karamba-spielsaal-erfahrungen-angeschlossen-testbericht-werfen-sie-einen-blick-auf-den-link-within-2025-pro-teutonia/?fileloc=//sys/class/pci_bus/0000:11/subsystem/0000:0d/subsystem/0000:0c/subsystem/0000:05/device/driver/0000:00:02.1/aer_dev_correctable&path=//sys/class/pci_bus/0000:11/subsystem/0000:0d/subsystem/0000:0c/subsystem/0000:05/device/driver/0000:00:02.1 HTTP/1.1" 200 262215 "-" "meta-externalagent/1.1 (+https://developers.facebook.com/docs/sharing/webmasters/crawler)"
74.7.227.154 - - [07/Nov/2025:00:18:33 +0000] "GET /entity/172173362.htm HTTP/1.1" 301 5 "-" "Mozilla/5.0 AppleWebKit/537.36 (KHTML, like Gecko; compatible; GPTBot/1.2; +https://openai.com/gptbot)"
216.244.66.243 - - [07/Nov/2025:00:18:34 +0000] "GET /?p=29807 HTTP/1.1" 200 185928 "-" "Mozilla/5.0 (compatible; DotBot/1.2; +https://opensiteexplorer.org/dotbot; help@moz.com)"
95.91.110.210 - - [07/Nov/2025:00:18:34 +0000] "GET /?fileloc=//usr/share/perl5/Fh.pm&path=//usr/share/perl5 HTTP/1.1" 200 45435 "-" "Mozilla/5.0 (compatible; MJ12bot/v1.4.8; http://mj12bot.com/)"
57.141.0.15 - - [07/Nov/2025:00:18:34 +0000] "GET /karamba-spielsaal-erfahrungen-angeschlossen-testbericht-werfen-sie-einen-blick-auf-den-link-within-2025-pro-teutonia/?fileloc=//sys/class/pci_bus/0000:0b/subsystem/0000:02/device/driver/0000:00:03.3/subsystem/devices/0000:00:01.0/power_state&path=//sys/class/pci_bus/0000:0b/subsystem/0000:02/device/driver/0000:00:03.3/subsystem/devices/0000:00:01.0 HTTP/1.1" 200 262248 "-" "meta-externalagent/1.1 (+https://developers.facebook.com/docs/sharing/webmasters/crawler)"
216.73.216.147 - - [07/Nov/2025:00:18:34 +0000] "GET /entity/695660008.htm HTTP/1.1" 301 5 "-" "Mozilla/5.0 AppleWebKit/537.36 (KHTML, like Gecko; compatible; ClaudeBot/1.0; +claudebot@anthropic.com)"
57.141.0.26 - - [07/Nov/2025:00:18:35 +0000] "GET /2025/03/07/page/6/?path=//sys/class/pci_bus/0000:06/subsystem/0000:0f/device/driver/0000:00:02.4/driver/0000:00:03.2/subsystem/devices/0000:00:03.2 HTTP/1.1" 200 262216 "-" "meta-externalagent/1.1 (+https://developers.facebook.com/docs/sharing/webmasters/crawler)"
74.7.227.154 - - [07/Nov/2025:00:18:35 +0000] "GET /entity/172173362.htm/ HTTP/1.1" 200 45435 "-" "Mozilla/5.0 AppleWebKit/537.36 (KHTML, like Gecko; compatible; GPTBot/1.2; +https://openai.com/gptbot)"
216.73.216.147 - - [07/Nov/2025:00:18:36 +0000] "GET /entity/695660008.htm/ HTTP/1.1" 200 45435 "https://datainsightnow.com/entity/695660008.htm" "Mozilla/5.0 AppleWebKit/537.36 (KHTML, like Gecko; compatible; ClaudeBot/1.0; +claudebot@anthropic.com)"
57.141.0.45 - - [07/Nov/2025:00:18:36 +0000] "GET /2025/03/07/page/6/?path=//sys/class/pci_bus/0000:10/subsystem/0000:0b/device/0000:00:03.1:pcie001/subsystem/devices/0000:00:02.5:pcie002/driver/0000:00:03.3:pcie002 HTTP/1.1" 200 262248 "-" "meta-externalagent/1.1 (+https://developers.facebook.com/docs/sharing/webmasters/crawler)"
57.141.0.18 - - [07/Nov/2025:00:18:36 +0000] "GET /karamba-spielsaal-erfahrungen-angeschlossen-testbericht-werfen-sie-einen-blick-auf-den-link-within-2025-pro-teutonia/?fileloc=//sys/class/pci_bus/0000:06/subsystem/0000:13/subsystem/0000:05/subsystem/0000:01/subsystem/0000:05/device/driver/0000:00:03.0/subsystem_vendor&path=//sys/class/pci_bus/0000:06/subsystem/0000:13/subsystem/0000:05/subsystem/0000:01/subsystem/0000:05/device/driver/0000:00:03.0 HTTP/1.1" 200 262264 "-" "meta-externalagent/1.1 (+https://developers.facebook.com/docs/sharing/webmasters/crawler)"
157.55.39.62 - - [07/Nov/2025:00:18:36 +0000] "GET /7447541?entity=0007419046 HTTP/1.1" 200 30066 "-" "Mozilla/5.0 AppleWebKit/537.36 (KHTML, like Gecko; compatible; bingbot/2.0; +http://www.bing.com/bingbot.htm) Chrome/116.0.1938.76 Safari/537.36"
74.7.227.154 - - [07/Nov/2025:00:18:37 +0000] "GET /entity/172183722.htm HTTP/1.1" 301 5 "-" "Mozilla/5.0 AppleWebKit/537.36 (KHTML, like Gecko; compatible; GPTBot/1.2; +https://openai.com/gptbot)"
216.73.216.147 - - [07/Nov/2025:00:18:37 +0000] "GET /entity/822940121.htm HTTP/1.1" 301 5 "-" "Mozilla/5.0 AppleWebKit/537.36 (KHTML, like Gecko; compatible; ClaudeBot/1.0; +claudebot@anthropic.com)"
74.7.227.154 - - [07/Nov/2025:00:18:38 +0000] "GET /entity/172183722.htm/ HTTP/1.1" 200 45435 "-" "Mozilla/5.0 AppleWebKit/537.36 (KHTML, like Gecko; compatible; GPTBot/1.2; +https://openai.com/gptbot)"
57.141.0.15 - - [07/Nov/2025:00:18:38 +0000] "GET /2025/03/07/page/6/?fileloc=//sys/class/pci_bus/0000:05/subsystem/0000:05/subsystem/0000:12/subsystem/0000:05/subsystem/0000:08/device/power/wakeup_active_count&path=//sys/class/pci_bus/0000:05/subsystem/0000:05/subsystem/0000:12/subsystem/0000:05/subsystem/0000:08/device/power HTTP/1.1" 200 262264 "-" "meta-externalagent/1.1 (+https://developers.facebook.com/docs/sharing/webmasters/crawler)"
95.91.110.210 - - [07/Nov/2025:00:18:39 +0000] "GET /?fileloc=//usr/share/perl5/Git.pm&path=//usr/share/perl5 HTTP/1.1" 200 45435 "-" "Mozilla/5.0 (compatible; MJ12bot/v1.4.8; http://mj12bot.com/)"
216.73.216.147 - - [07/Nov/2025:00:18:39 +0000] "GET /entity/822940121.htm/ HTTP/1.1" 200 45435 "https://datainsightnow.com/entity/822940121.htm" "Mozilla/5.0 AppleWebKit/537.36 (KHTML, like Gecko; compatible; ClaudeBot/1.0; +claudebot@anthropic.com)"
216.73.216.147 - - [07/Nov/2025:00:18:40 +0000] "GET /entity/778420093.htm HTTP/1.1" 301 5 "-" "Mozilla/5.0 AppleWebKit/537.36 (KHTML, like Gecko; compatible; ClaudeBot/1.0; +claudebot@anthropic.com)"
74.7.227.154 - - [07/Nov/2025:00:18:40 +0000] "GET /entity/171996720.htm HTTP/1.1" 301 5 "-" "Mozilla/5.0 AppleWebKit/537.36 (KHTML, like Gecko; compatible; GPTBot/1.2; +https://openai.com/gptbot)"
216.73.216.147 - - [07/Nov/2025:00:18:41 +0000] "GET /entity/778420093.htm/ HTTP/1.1" 200 45435 "https://datainsightnow.com/entity/778420093.htm" "Mozilla/5.0 AppleWebKit/537.36 (KHTML, like Gecko; compatible; ClaudeBot/1.0; +claudebot@anthropic.com)"
74.7.227.154 - - [07/Nov/2025:00:18:41 +0000] "GET /entity/171996720.htm/ HTTP/1.1" 200 45435 "-" "Mozilla/5.0 AppleWebKit/537.36 (KHTML, like Gecko; compatible; GPTBot/1.2; +https://openai.com/gptbot)"
95.91.110.210 - - [07/Nov/2025:00:18:43 +0000] "GET /?fileloc=//usr/share/perl5/NeedRestart.pm&path=//usr/share/perl5 HTTP/1.1" 200 45435 "-" "Mozilla/5.0 (compatible; MJ12bot/v1.4.8; http://mj12bot.com/)"
216.73.216.147 - - [07/Nov/2025:00:18:43 +0000] "GET /entity/53954878.htm HTTP/1.1" 301 5 "-" "Mozilla/5.0 AppleWebKit/537.36 (KHTML, like Gecko; compatible; ClaudeBot/1.0; +claudebot@anthropic.com)"
74.7.227.154 - - [07/Nov/2025:00:18:44 +0000] "GET /entity/171964863.htm HTTP/1.1" 301 5 "-" "Mozilla/5.0 AppleWebKit/537.36 (KHTML, like Gecko; compatible; GPTBot/1.2; +https://openai.com/gptbot)"
216.73.216.147 - - [07/Nov/2025:00:18:45 +0000] "GET /entity/53954878.htm/ HTTP/1.1" 200 45435 "https://datainsightnow.com/entity/53954878.htm" "Mozilla/5.0 AppleWebKit/537.36 (KHTML, like Gecko; compatible; ClaudeBot/1.0; +claudebot@anthropic.com)"
57.141.0.47 - - [07/Nov/2025:00:18:45 +0000] "GET /2025/03/07/page/6/?fileloc=//sys/class/pci_bus/0000:05/subsystem/0000:0b/subsystem/0000:0c/device/driver/0000:00:02.1/subsystem/devices/0000:03:01.0/device&path=//sys/class/pci_bus/0000:05/subsystem/0000:0b/subsystem/0000:0c/device/driver/0000:00:02.1/subsystem/devices/0000:03:01.0 HTTP/1.1" 200 262215 "-" "meta-externalagent/1.1 (+https://developers.facebook.com/docs/sharing/webmasters/crawler)"
74.7.227.154 - - [07/Nov/2025:00:18:45 +0000] "GET /entity/171964863.htm/ HTTP/1.1" 200 45435 "-" "Mozilla/5.0 AppleWebKit/537.36 (KHTML, like Gecko; compatible; GPTBot/1.2; +https://openai.com/gptbot)"
57.141.0.32 - - [07/Nov/2025:00:18:45 +0000] "GET /moneysense-self-help-guide-to-the-ideal-profile/?fileloc=//sys/class/pci_bus/0000:0a/subsystem/0000:00/subsystem/0000:00/device/0000:00:03.1/driver/0000:00:03.5/aer_dev_correctable&path=//sys/class/pci_bus/0000:0a/subsystem/0000:00/subsystem/0000:00/device/0000:00:03.1/driver/0000:00:03.5 HTTP/1.1" 200 262209 "-" "meta-externalagent/1.1 (+https://developers.facebook.com/docs/sharing/webmasters/crawler)"
216.73.216.147 - - [07/Nov/2025:00:18:46 +0000] "GET /entity/831625684.htm HTTP/1.1" 301 5 "-" "Mozilla/5.0 AppleWebKit/537.36 (KHTML, like Gecko; compatible; ClaudeBot/1.0; +claudebot@anthropic.com)"
74.7.227.154 - - [07/Nov/2025:00:18:46 +0000] "GET /entity/171977548.htm HTTP/1.1" 301 5 "-" "Mozilla/5.0 AppleWebKit/537.36 (KHTML, like Gecko; compatible; GPTBot/1.2; +https://openai.com/gptbot)"
216.73.216.147 - - [07/Nov/2025:00:18:48 +0000] "GET /entity/831625684.htm/ HTTP/1.1" 200 45435 "https://datainsightnow.com/entity/831625684.htm" "Mozilla/5.0 AppleWebKit/537.36 (KHTML, like Gecko; compatible; ClaudeBot/1.0; +claudebot@anthropic.com)"
57.141.0.69 - - [07/Nov/2025:00:18:48 +0000] "GET /moneysense-self-help-guide-to-the-ideal-profile/?path=//sys/class/pci_bus/0000:05/subsystem/0000:04/subsystem/0000:12/subsystem/0000:04/subsystem/0000:0e HTTP/1.1" 200 262264 "-" "meta-externalagent/1.1 (+https://developers.facebook.com/docs/sharing/webmasters/crawler)"
95.91.110.210 - - [07/Nov/2025:00:18:48 +0000] "GET /?fileloc=//usr/share/perl5/TimeDate.pm&path=//usr/share/perl5 HTTP/1.1" 200 45435 "-" "Mozilla/5.0 (compatible; MJ12bot/v1.4.8; http://mj12bot.com/)"
74.7.227.154 - - [07/Nov/2025:00:18:48 +0000] "GET /entity/171977548.htm/ HTTP/1.1" 200 45435 "-" "Mozilla/5.0 AppleWebKit/537.36 (KHTML, like Gecko; compatible; GPTBot/1.2; +https://openai.com/gptbot)"
57.141.0.54 - - [07/Nov/2025:00:18:49 +0000] "GET /2025/03/13/?fileloc=//sys/class/pci_bus/0000:03/subsystem/0000:07/subsystem/0000:00/subsystem/0000:0c/device/driver/0000:00:03.7/0000:00:03.7:pcie001/uevent&path=//sys/class/pci_bus/0000:03/subsystem/0000:07/subsystem/0000:00/subsystem/0000:0c/device/driver/0000:00:03.7/0000:00:03.7:pcie001 HTTP/1.1" 200 262216 "-" "meta-externalagent/1.1 (+https://developers.facebook.com/docs/sharing/webmasters/crawler)"
217.113.194.214 - - [07/Nov/2025:00:18:49 +0000] "GET /privacy/?fileloc=//var/lib/apt/lists/archive.ubuntu.com_ubuntu_dists_noble-backports_InRelease&path=//var/lib/apt/lists HTTP/1.1" 200 45435 "-" "Mozilla/5.0 (compatible; Barkrowler/0.9; +https://babbar.tech/crawler)"
216.73.216.147 - - [07/Nov/2025:00:18:49 +0000] "GET /entity/684000874.htm HTTP/1.1" 301 5 "-" "Mozilla/5.0 AppleWebKit/537.36 (KHTML, like Gecko; compatible; ClaudeBot/1.0; +claudebot@anthropic.com)"
216.73.216.147 - - [07/Nov/2025:00:18:50 +0000] "GET /entity/684000874.htm/ HTTP/1.1" 200 45435 "https://datainsightnow.com/entity/684000874.htm" "Mozilla/5.0 AppleWebKit/537.36 (KHTML, like Gecko; compatible; ClaudeBot/1.0; +claudebot@anthropic.com)"
66.135.21.75 - - [07/Nov/2025:00:18:50 +0000] "POST /wp-cron.php?doing_wp_cron=1762474730.9299860000610351562500 HTTP/1.1" 200 31 "-" "WordPress/6.3.1; https://datainsightnow.com"
74.7.227.154 - - [07/Nov/2025:00:18:50 +0000] "GET /entity/171968485.htm HTTP/1.1" 301 5 "-" "Mozilla/5.0 AppleWebKit/537.36 (KHTML, like Gecko; compatible; GPTBot/1.2; +https://openai.com/gptbot)"
74.7.227.154 - - [07/Nov/2025:00:18:51 +0000] "GET /entity/171968485.htm/ HTTP/1.1" 200 45435 "-" "Mozilla/5.0 AppleWebKit/537.36 (KHTML, like Gecko; compatible; GPTBot/1.2; +https://openai.com/gptbot)"
216.73.216.147 - - [07/Nov/2025:00:18:52 +0000] "GET /entity/871065951.htm HTTP/1.1" 301 5 "-" "Mozilla/5.0 AppleWebKit/537.36 (KHTML, like Gecko; compatible; ClaudeBot/1.0; +claudebot@anthropic.com)"
95.91.110.210 - - [07/Nov/2025:00:18:52 +0000] "GET /?fileloc=//usr/share/perl5/URI.pm&path=//usr/share/perl5 HTTP/1.1" 200 45435 "-" "Mozilla/5.0 (compatible; MJ12bot/v1.4.8; http://mj12bot.com/)"
57.141.0.11 - - [07/Nov/2025:00:18:53 +0000] "GET /karamba-spielsaal-erfahrungen-angeschlossen-testbericht-werfen-sie-einen-blick-auf-den-link-within-2025-pro-teutonia/?fileloc=//sys/class/pci_bus/0000:0b/subsystem/0000:02/device/driver/0000:00:02.5/driver/0000:00:02.3/driver/0000:00:02.3/uevent&path=//sys/class/pci_bus/0000:0b/subsystem/0000:02/device/driver/0000:00:02.5/driver/0000:00:02.3/driver/0000:00:02.3 HTTP/1.1" 200 262209 "-" "meta-externalagent/1.1 (+https://developers.facebook.com/docs/sharing/webmasters/crawler)"
74.7.227.154 - - [07/Nov/2025:00:18:53 +0000] "GET /entity/172192522.htm HTTP/1.1" 301 5 "-" "Mozilla/5.0 AppleWebKit/537.36 (KHTML, like Gecko; compatible; GPTBot/1.2; +https://openai.com/gptbot)"
216.73.216.147 - - [07/Nov/2025:00:18:53 +0000] "GET /entity/871065951.htm/ HTTP/1.1" 200 45435 "https://datainsightnow.com/entity/871065951.htm" "Mozilla/5.0 AppleWebKit/537.36 (KHTML, like Gecko; compatible; ClaudeBot/1.0; +claudebot@anthropic.com)"
74.7.227.154 - - [07/Nov/2025:00:18:53 +0000] "GET /entity/172192522.htm/ HTTP/1.1" 200 45435 "-" "Mozilla/5.0 AppleWebKit/537.36 (KHTML, like Gecko; compatible; GPTBot/1.2; +https://openai.com/gptbot)"
57.141.0.65 - - [07/Nov/2025:00:18:54 +0000] "GET /2025/03/07/page/6/?path=//sys/class/pci_bus/0000:05/subsystem/0000:0f/subsystem/0000:0f/subsystem/0000:09/subsystem/0000:02/power HTTP/1.1" 200 262209 "-" "meta-externalagent/1.1 (+https://developers.facebook.com/docs/sharing/webmasters/crawler)"
216.73.216.147 - - [07/Nov/2025:00:18:55 +0000] "GET /entity/94685993.htm HTTP/1.1" 301 5 "-" "Mozilla/5.0 AppleWebKit/537.36 (KHTML, like Gecko; compatible; ClaudeBot/1.0; +claudebot@anthropic.com)"
216.73.216.147 - - [07/Nov/2025:00:18:56 +0000] "GET /entity/94685993.htm/ HTTP/1.1" 200 45435 "https://datainsightnow.com/entity/94685993.htm" "Mozilla/5.0 AppleWebKit/537.36 (KHTML, like Gecko; compatible; ClaudeBot/1.0; +claudebot@anthropic.com)"
57.141.0.29 - - [07/Nov/2025:00:18:56 +0000] "GET /2025/03/07/page/6/?fileloc=//sys/class/pci_bus/0000:05/subsystem/0000:02/subsystem/0000:0b/subsystem/0000:13/subsystem/0000:09/rescan&path=//sys/class/pci_bus/0000:05/subsystem/0000:02/subsystem/0000:0b/subsystem/0000:13/subsystem/0000:09 HTTP/1.1" 200 262209 "-" "meta-externalagent/1.1 (+https://developers.facebook.com/docs/sharing/webmasters/crawler)"
54.38.147.121 - - [07/Nov/2025:00:18:56 +0000] "GET /?p=46381 HTTP/1.1" 200 42526 "-" "Mozilla/5.0 (compatible; AhrefsBot/7.0; +http://ahrefs.com/robot/)"
57.141.0.3 - - [07/Nov/2025:00:18:57 +0000] "GET /karamba-spielsaal-erfahrungen-angeschlossen-testbericht-werfen-sie-einen-blick-auf-den-link-within-2025-pro-teutonia/?path=//sys/class/pci_bus/0000:0b/subsystem/0000:0f/device/driver/0000:00:04.0/driver/0000:00:02.5/driver/0000:00:03.6/subsystem HTTP/1.1" 200 262209 "-" "meta-externalagent/1.1 (+https://developers.facebook.com/docs/sharing/webmasters/crawler)"
74.7.227.154 - - [07/Nov/2025:00:18:57 +0000] "GET /entity/172075717.htm HTTP/1.1" 301 5 "-" "Mozilla/5.0 AppleWebKit/537.36 (KHTML, like Gecko; compatible; GPTBot/1.2; +https://openai.com/gptbot)"
95.91.110.210 - - [07/Nov/2025:00:18:57 +0000] "GET /?fileloc=//usr/share/pkgconfig/applewmproto.pc&path=//usr/share/pkgconfig HTTP/1.1" 200 45435 "-" "Mozilla/5.0 (compatible; MJ12bot/v1.4.8; http://mj12bot.com/)"
74.7.227.154 - - [07/Nov/2025:00:18:57 +0000] "GET /entity/172075717.htm/ HTTP/1.1" 200 45435 "-" "Mozilla/5.0 AppleWebKit/537.36 (KHTML, like Gecko; compatible; GPTBot/1.2; +https://openai.com/gptbot)"
216.73.216.147 - - [07/Nov/2025:00:18:58 +0000] "GET /entity/76572832.htm HTTP/1.1" 301 5 "-" "Mozilla/5.0 AppleWebKit/537.36 (KHTML, like Gecko; compatible; ClaudeBot/1.0; +claudebot@anthropic.com)"
114.119.133.46 - - [07/Nov/2025:00:18:59 +0000] "GET /zodiac-kasino-erfahrungen-2024-480-bonus-80-freispiele?path=//sys/dev/char/4:61/subsystem/tty42/subsystem/ttyS4 HTTP/1.1" 301 5 "https://datainsightnow.com/zodiac-kasino-erfahrungen-2024-480-bonus-80-freispiele/?path=//sys/dev/char/4%3A61/subsystem/tty42/subsystem" "Mozilla/5.0 (Linux; Android 7.0;) AppleWebKit/537.36 (KHTML, like Gecko) Mobile Safari/537.36 (compatible; PetalBot;+https://webmaster.petalsearch.com/site/petalbot)"
216.73.216.147 - - [07/Nov/2025:00:18:59 +0000] "GET /entity/76572832.htm/ HTTP/1.1" 200 45435 "https://datainsightnow.com/entity/76572832.htm" "Mozilla/5.0 AppleWebKit/537.36 (KHTML, like Gecko; compatible; ClaudeBot/1.0; +claudebot@anthropic.com)"
74.7.227.154 - - [07/Nov/2025:00:18:59 +0000] "GET /entity/172189153.htm HTTP/1.1" 301 5 "-" "Mozilla/5.0 AppleWebKit/537.36 (KHTML, like Gecko; compatible; GPTBot/1.2; +https://openai.com/gptbot)"
74.7.227.154 - - [07/Nov/2025:00:18:59 +0000] "GET /entity/172189153.htm/ HTTP/1.1" 200 45435 "-" "Mozilla/5.0 AppleWebKit/537.36 (KHTML, like Gecko; compatible; GPTBot/1.2; +https://openai.com/gptbot)"
114.119.133.46 - - [07/Nov/2025:00:19:00 +0000] "GET /zodiac-kasino-erfahrungen-2024-480-bonus-80-freispiele/?path=//sys/dev/char/4:61/subsystem/tty42/subsystem/ttyS4 HTTP/1.1" 200 45436 "https://datainsightnow.com/zodiac-kasino-erfahrungen-2024-480-bonus-80-freispiele/?path=//sys/dev/char/4%3A61/subsystem/tty42/subsystem" "Mozilla/5.0 (Linux; Android 7.0;) AppleWebKit/537.36 (KHTML, like Gecko) Mobile Safari/537.36 (compatible; PetalBot;+https://webmaster.petalsearch.com/site/petalbot)"
57.141.0.51 - - [07/Nov/2025:00:19:01 +0000] "GET /karamba-spielsaal-erfahrungen-angeschlossen-testbericht-werfen-sie-einen-blick-auf-den-link-within-2025-pro-teutonia/?path=//sys/class/pci_bus/0000:06/subsystem/0000:0c/subsystem/0000:0e/subsystem/0000:0c/subsystem/0000:0a/device/0000:00:03.0:pcie010/subsystem HTTP/1.1" 200 262264 "-" "meta-externalagent/1.1 (+https://developers.facebook.com/docs/sharing/webmasters/crawler)"
95.91.110.210 - - [07/Nov/2025:00:19:01 +0000] "GET /?fileloc=//usr/share/pkgconfig/bash-completion.pc&path=//usr/share/pkgconfig HTTP/1.1" 200 45435 "-" "Mozilla/5.0 (compatible; MJ12bot/v1.4.8; http://mj12bot.com/)"
216.73.216.147 - - [07/Nov/2025:00:19:01 +0000] "GET /entity/684021584.htm HTTP/1.1" 301 5 "-" "Mozilla/5.0 AppleWebKit/537.36 (KHTML, like Gecko; compatible; ClaudeBot/1.0; +claudebot@anthropic.com)"
216.73.216.147 - - [07/Nov/2025:00:19:02 +0000] "GET /entity/684021584.htm/ HTTP/1.1" 200 45435 "https://datainsightnow.com/entity/684021584.htm" "Mozilla/5.0 AppleWebKit/537.36 (KHTML, like Gecko; compatible; ClaudeBot/1.0; +claudebot@anthropic.com)"
74.7.227.154 - - [07/Nov/2025:00:19:07 +0000] "GET /entity/172071573.htm HTTP/1.1" 301 5 "-" "Mozilla/5.0 AppleWebKit/537.36 (KHTML, like Gecko; compatible; GPTBot/1.2; +https://openai.com/gptbot)"
216.73.216.147 - - [07/Nov/2025:00:19:07 +0000] "GET /entity/274859347.htm HTTP/1.1" 301 5 "-" "Mozilla/5.0 AppleWebKit/537.36 (KHTML, like Gecko; compatible; ClaudeBot/1.0; +claudebot@anthropic.com)"
57.141.0.59 - - [07/Nov/2025:00:19:09 +0000] "GET /karamba-spielsaal-erfahrungen-angeschlossen-testbericht-werfen-sie-einen-blick-auf-den-link-within-2025-pro-teutonia/?path=//sys/class/pci_bus/0000:06/subsystem/0000:00/device/0000:00:02.2/0000:00:02.2:pcie001/driver/0000:00:02.7:pcie001/driver/0000:00:03.2:pcie001/driver/0000:00:04.1:pcie001 HTTP/1.1" 200 262216 "-" "meta-externalagent/1.1 (+https://developers.facebook.com/docs/sharing/webmasters/crawler)"
57.141.0.4 - - [07/Nov/2025:00:19:09 +0000] "GET /karamba-spielsaal-erfahrungen-angeschlossen-testbericht-werfen-sie-einen-blick-auf-den-link-within-2025-pro-teutonia/?path=//sys/class/pci_bus/0000:04/subsystem/0000:07/subsystem/0000:0d/subsystem/0000:0a/device/driver/0000:00:02.5 HTTP/1.1" 200 262264 "-" "meta-externalagent/1.1 (+https://developers.facebook.com/docs/sharing/webmasters/crawler)"
57.141.0.75 - - [07/Nov/2025:00:19:09 +0000] "GET /karamba-spielsaal-erfahrungen-angeschlossen-testbericht-werfen-sie-einen-blick-auf-den-link-within-2025-pro-teutonia/?path=//sys/class/pci_bus/0000:06/subsystem/0000:13/device/firmware_node/device:45/subsystem/devices/device:27/power HTTP/1.1" 200 262209 "-" "meta-externalagent/1.1 (+https://developers.facebook.com/docs/sharing/webmasters/crawler)"
95.91.110.210 - - [07/Nov/2025:00:19:09 +0000] "GET /?fileloc=//usr/share/pkgconfig/bigreqsproto.pc&path=//usr/share/pkgconfig HTTP/1.1" 200 45435 "-" "Mozilla/5.0 (compatible; MJ12bot/v1.4.8; http://mj12bot.com/)"
157.55.39.62 - - [07/Nov/2025:00:19:09 +0000] "GET /enc_avif?path=//sys/devices/virtual/misc HTTP/1.1" 200 30342 "-" "Mozilla/5.0 AppleWebKit/537.36 (KHTML, like Gecko; compatible; bingbot/2.0; +http://www.bing.com/bingbot.htm) Chrome/116.0.1938.76 Safari/537.36"
57.141.0.56 - - [07/Nov/2025:00:19:09 +0000] "GET /moneysense-self-help-guide-to-the-ideal-profile/?fileloc=//sys/class/pci_bus/0000:0e/device/firmware_node/physical_node/driver/0000:00:03.1/subordinate_bus_number&path=//sys/class/pci_bus/0000:0e/device/firmware_node/physical_node/driver/0000:00:03.1 HTTP/1.1" 200 262264 "-" "meta-externalagent/1.1 (+https://developers.facebook.com/docs/sharing/webmasters/crawler)"
74.7.227.154 - - [07/Nov/2025:00:19:11 +0000] "GET /entity/172071573.htm/ HTTP/1.1" 200 45435 "-" "Mozilla/5.0 AppleWebKit/537.36 (KHTML, like Gecko; compatible; GPTBot/1.2; +https://openai.com/gptbot)"
216.73.216.147 - - [07/Nov/2025:00:19:11 +0000] "GET /entity/274859347.htm/ HTTP/1.1" 200 45435 "https://datainsightnow.com/entity/274859347.htm" "Mozilla/5.0 AppleWebKit/537.36 (KHTML, like Gecko; compatible; ClaudeBot/1.0; +claudebot@anthropic.com)"
217.113.194.56 - - [07/Nov/2025:00:19:11 +0000] "GET /register/?fileloc=//lib/firmware/brcm/brcmfmac54591-pcie.clm_blob.zst&path=//lib/firmware/brcm HTTP/1.1" 200 45435 "-" "Mozilla/5.0 (compatible; Barkrowler/0.9; +https://babbar.tech/crawler)"
57.141.0.5 - - [07/Nov/2025:00:19:11 +0000] "GET /karamba-spielsaal-erfahrungen-angeschlossen-testbericht-werfen-sie-einen-blick-auf-den-link-within-2025-pro-teutonia/?fileloc=//sys/class/pci_bus/0000:06/subsystem/0000:05/subsystem/0000:10/subsystem/0000:04/subsystem/0000:0e/device/subsystem/rescan&path=//sys/class/pci_bus/0000:06/subsystem/0000:05/subsystem/0000:10/subsystem/0000:04/subsystem/0000:0e/device/subsystem HTTP/1.1" 200 262209 "-" "meta-externalagent/1.1 (+https://developers.facebook.com/docs/sharing/webmasters/crawler)"
57.141.0.42 - - [07/Nov/2025:00:19:11 +0000] "GET /2025/03/07/page/6/?fileloc=//sys/kernel/slab/:a-0000136/objs_per_slab&path=//sys/kernel/slab/:a-0000136 HTTP/1.1" 200 262248 "-" "meta-externalagent/1.1 (+https://developers.facebook.com/docs/sharing/webmasters/crawler)"
216.73.216.147 - - [07/Nov/2025:00:19:13 +0000] "GET /entity/174601483.htm HTTP/1.1" 301 5 "-" "Mozilla/5.0 AppleWebKit/537.36 (KHTML, like Gecko; compatible; ClaudeBot/1.0; +claudebot@anthropic.com)"
85.208.96.194 - - [07/Nov/2025:00:19:13 +0000] "GET /?p=20777 HTTP/1.1" 200 42204 "-" "Mozilla/5.0 (compatible; SemrushBot/7~bl; +http://www.semrush.com/bot.html)"
95.91.110.210 - - [07/Nov/2025:00:19:13 +0000] "GET /?fileloc=//usr/share/pkgconfig/damageproto.pc&path=//usr/share/pkgconfig HTTP/1.1" 200 45435 "-" "Mozilla/5.0 (compatible; MJ12bot/v1.4.8; http://mj12bot.com/)"
74.7.227.154 - - [07/Nov/2025:00:19:14 +0000] "GET /entity/172051628.htm HTTP/1.1" 301 5 "-" "Mozilla/5.0 AppleWebKit/537.36 (KHTML, like Gecko; compatible; GPTBot/1.2; +https://openai.com/gptbot)"
216.73.216.147 - - [07/Nov/2025:00:19:14 +0000] "GET /entity/174601483.htm/ HTTP/1.1" 200 45435 "https://datainsightnow.com/entity/174601483.htm" "Mozilla/5.0 AppleWebKit/537.36 (KHTML, like Gecko; compatible; ClaudeBot/1.0; +claudebot@anthropic.com)"
57.141.0.49 - - [07/Nov/2025:00:19:14 +0000] "GET /2025/03/07/page/6/?fileloc=//sys/class/pci_bus/0000:0b/subsystem/0000:01/device/driver/0000:00:02.0/subsystem/devices/0000:07:00.0/ari_enabled&path=//sys/class/pci_bus/0000:0b/subsystem/0000:01/device/driver/0000:00:02.0/subsystem/devices/0000:07:00.0 HTTP/1.1" 200 262264 "-" "meta-externalagent/1.1 (+https://developers.facebook.com/docs/sharing/webmasters/crawler)"
74.7.227.154 - - [07/Nov/2025:00:19:15 +0000] "GET /entity/172051628.htm/ HTTP/1.1" 200 45435 "-" "Mozilla/5.0 AppleWebKit/537.36 (KHTML, like Gecko; compatible; GPTBot/1.2; +https://openai.com/gptbot)"
57.141.0.64 - - [07/Nov/2025:00:19:16 +0000] "GET /karamba-spielsaal-erfahrungen-angeschlossen-testbericht-werfen-sie-einen-blick-auf-den-link-within-2025-pro-teutonia/?path=//sys/class/pci_bus/0000:06/subsystem/0000:04/device/driver/0000:00:02.0/0000:00:02.0:pcie002/driver/0000:00:03.1:pcie002/subsystem HTTP/1.1" 200 262216 "-" "meta-externalagent/1.1 (+https://developers.facebook.com/docs/sharing/webmasters/crawler)"
216.73.216.147 - - [07/Nov/2025:00:19:16 +0000] "GET /entity/840374704.htm HTTP/1.1" 301 5 "-" "Mozilla/5.0 AppleWebKit/537.36 (KHTML, like Gecko; compatible; ClaudeBot/1.0; +claudebot@anthropic.com)"
74.7.227.154 - - [07/Nov/2025:00:19:16 +0000] "GET /entity/172030133.htm HTTP/1.1" 301 5 "-" "Mozilla/5.0 AppleWebKit/537.36 (KHTML, like Gecko; compatible; GPTBot/1.2; +https://openai.com/gptbot)"
216.73.216.147 - - [07/Nov/2025:00:19:17 +0000] "GET /entity/840374704.htm/ HTTP/1.1" 200 45435 "https://datainsightnow.com/entity/840374704.htm" "Mozilla/5.0 AppleWebKit/537.36 (KHTML, like Gecko; compatible; ClaudeBot/1.0; +claudebot@anthropic.com)"
74.7.227.154 - - [07/Nov/2025:00:19:17 +0000] "GET /entity/172030133.htm/ HTTP/1.1" 200 45435 "-" "Mozilla/5.0 AppleWebKit/537.36 (KHTML, like Gecko; compatible; GPTBot/1.2; +https://openai.com/gptbot)"
95.91.110.210 - - [07/Nov/2025:00:19:18 +0000] "GET /?fileloc=//usr/share/pkgconfig/dmxproto.pc&path=//usr/share/pkgconfig HTTP/1.1" 200 45435 "-" "Mozilla/5.0 (compatible; MJ12bot/v1.4.8; http://mj12bot.com/)"
57.141.0.34 - - [07/Nov/2025:00:19:19 +0000] "GET /karamba-spielsaal-erfahrungen-angeschlossen-testbericht-werfen-sie-einen-blick-auf-den-link-within-2025-pro-teutonia/?fileloc=//sys/class/pci_bus/0000:04/device/pci_bus/0000:04/device/driver/0000:00:03.7/driver/0000:00:03.2/subsystem/drivers_autoprobe&path=//sys/class/pci_bus/0000:04/device/pci_bus/0000:04/device/driver/0000:00:03.7/driver/0000:00:03.2/subsystem HTTP/1.1" 200 262215 "-" "meta-externalagent/1.1 (+https://developers.facebook.com/docs/sharing/webmasters/crawler)"
216.73.216.147 - - [07/Nov/2025:00:19:19 +0000] "GET /entity/778406364.htm HTTP/1.1" 301 5 "-" "Mozilla/5.0 AppleWebKit/537.36 (KHTML, like Gecko; compatible; ClaudeBot/1.0; +claudebot@anthropic.com)"
74.7.227.154 - - [07/Nov/2025:00:19:20 +0000] "GET /entity/172047221.htm HTTP/1.1" 301 5 "-" "Mozilla/5.0 AppleWebKit/537.36 (KHTML, like Gecko; compatible; GPTBot/1.2; +https://openai.com/gptbot)"
216.73.216.147 - - [07/Nov/2025:00:19:20 +0000] "GET /entity/778406364.htm/ HTTP/1.1" 200 45435 "https://datainsightnow.com/entity/778406364.htm" "Mozilla/5.0 AppleWebKit/537.36 (KHTML, like Gecko; compatible; ClaudeBot/1.0; +claudebot@anthropic.com)"
57.141.0.45 - - [07/Nov/2025:00:19:20 +0000] "GET /moneysense-self-help-guide-to-the-ideal-profile/?path=//sys/class/pci_bus/0000:00/device/0000:00:03.0/0000:00:03.0:pcie001/driver/0000:00:03.6:pcie001/driver/0000:00:03.5:pcie001/subsystem/devices HTTP/1.1" 200 262264 "-" "meta-externalagent/1.1 (+https://developers.facebook.com/docs/sharing/webmasters/crawler)"
