74.7.227.154 - - [07/Nov/2025:00:41:44 +0000] "GET /entity/171993098.htm HTTP/1.1" 301 5 "-" "Mozilla/5.0 AppleWebKit/537.36 (KHTML, like Gecko; compatible; GPTBot/1.2; +https://openai.com/gptbot)"
74.7.227.154 - - [07/Nov/2025:00:41:44 +0000] "GET /entity/171993098.htm/ HTTP/1.1" 200 45435 "-" "Mozilla/5.0 AppleWebKit/537.36 (KHTML, like Gecko; compatible; GPTBot/1.2; +https://openai.com/gptbot)"
216.73.216.147 - - [07/Nov/2025:00:41:45 +0000] "GET /entity/441929889.htm HTTP/1.1" 301 5 "-" "Mozilla/5.0 AppleWebKit/537.36 (KHTML, like Gecko; compatible; ClaudeBot/1.0; +claudebot@anthropic.com)"
216.73.216.147 - - [07/Nov/2025:00:41:46 +0000] "GET /entity/441929889.htm/ HTTP/1.1" 200 45435 "https://datainsightnow.com/entity/441929889.htm" "Mozilla/5.0 AppleWebKit/537.36 (KHTML, like Gecko; compatible; ClaudeBot/1.0; +claudebot@anthropic.com)"
74.7.227.154 - - [07/Nov/2025:00:41:47 +0000] "GET /entity/172118193.htm HTTP/1.1" 301 5 "-" "Mozilla/5.0 AppleWebKit/537.36 (KHTML, like Gecko; compatible; GPTBot/1.2; +https://openai.com/gptbot)"
74.7.227.154 - - [07/Nov/2025:00:41:48 +0000] "GET /entity/172118193.htm/ HTTP/1.1" 200 45435 "-" "Mozilla/5.0 AppleWebKit/537.36 (KHTML, like Gecko; compatible; GPTBot/1.2; +https://openai.com/gptbot)"
217.113.194.59 - - [07/Nov/2025:00:41:48 +0000] "GET /about/?fileloc=/opt/wpsites/datainsightnow.com/wp-content/languages/plugins/5657b822.php&path=/opt/wpsites/datainsightnow.com/wp-content/languages/plugins HTTP/1.1" 200 45435 "-" "Mozilla/5.0 (compatible; Barkrowler/0.9; +https://babbar.tech/crawler)"
57.141.0.44 - - [07/Nov/2025:00:41:48 +0000] "GET /karamba-spielsaal-erfahrungen-angeschlossen-testbericht-werfen-sie-einen-blick-auf-den-link-within-2025-pro-teutonia/?fileloc=//sys/class/pci_bus/0000:08/device/pci_bus/0000:08/subsystem/0000:00/device/0000:00:02.2/driver/0000:00:03.5/aer_dev_fatal&path=//sys/class/pci_bus/0000:08/device/pci_bus/0000:08/subsystem/0000:00/device/0000:00:02.2/driver/0000:00:03.5 HTTP/1.1" 200 262264 "-" "meta-externalagent/1.1 (+https://developers.facebook.com/docs/sharing/webmasters/crawler)"
216.73.216.147 - - [07/Nov/2025:00:41:48 +0000] "GET /entity/353685993.htm HTTP/1.1" 301 5 "-" "Mozilla/5.0 AppleWebKit/537.36 (KHTML, like Gecko; compatible; ClaudeBot/1.0; +claudebot@anthropic.com)"
216.73.216.147 - - [07/Nov/2025:00:41:49 +0000] "GET /entity/353685993.htm/ HTTP/1.1" 200 45435 "https://datainsightnow.com/entity/353685993.htm" "Mozilla/5.0 AppleWebKit/537.36 (KHTML, like Gecko; compatible; ClaudeBot/1.0; +claudebot@anthropic.com)"
57.141.0.24 - - [07/Nov/2025:00:41:49 +0000] "GET /2025/03/07/page/6/?fileloc=//sys/class/pci_bus/0000:02/subsystem/0000:11/subsystem/0000:05/device/driver/0000:00:03.7/enable&path=//sys/class/pci_bus/0000:02/subsystem/0000:11/subsystem/0000:05/device/driver/0000:00:03.7 HTTP/1.1" 200 262209 "-" "meta-externalagent/1.1 (+https://developers.facebook.com/docs/sharing/webmasters/crawler)"
66.135.21.75 - - [07/Nov/2025:00:41:50 +0000] "POST /wp-cron.php?doing_wp_cron=1762476110.7256779670715332031250 HTTP/1.1" 200 31 "-" "WordPress/6.3.1; https://datainsightnow.com"
74.7.227.154 - - [07/Nov/2025:00:41:50 +0000] "GET /entity/172012782.htm HTTP/1.1" 301 5 "-" "Mozilla/5.0 AppleWebKit/537.36 (KHTML, like Gecko; compatible; GPTBot/1.2; +https://openai.com/gptbot)"
57.141.0.44 - - [07/Nov/2025:00:41:51 +0000] "GET /2025/03/07/page/6/?fileloc=//sys/class/pci_bus/0000:05/subsystem/0000:02/subsystem/0000:02/device/driver/0000:00:02.0/driver/0000:00:02.2/aer_rootport_total_err_cor&path=//sys/class/pci_bus/0000:05/subsystem/0000:02/subsystem/0000:02/device/driver/0000:00:02.0/driver/0000:00:02.2 HTTP/1.1" 200 262215 "-" "meta-externalagent/1.1 (+https://developers.facebook.com/docs/sharing/webmasters/crawler)"
74.7.227.154 - - [07/Nov/2025:00:41:51 +0000] "GET /entity/172012782.htm/ HTTP/1.1" 200 45435 "-" "Mozilla/5.0 AppleWebKit/537.36 (KHTML, like Gecko; compatible; GPTBot/1.2; +https://openai.com/gptbot)"
216.73.216.147 - - [07/Nov/2025:00:41:51 +0000] "GET /entity/442139161.htm HTTP/1.1" 301 5 "-" "Mozilla/5.0 AppleWebKit/537.36 (KHTML, like Gecko; compatible; ClaudeBot/1.0; +claudebot@anthropic.com)"
216.73.216.147 - - [07/Nov/2025:00:41:52 +0000] "GET /entity/442139161.htm/ HTTP/1.1" 200 45435 "https://datainsightnow.com/entity/442139161.htm" "Mozilla/5.0 AppleWebKit/537.36 (KHTML, like Gecko; compatible; ClaudeBot/1.0; +claudebot@anthropic.com)"
57.141.0.29 - - [07/Nov/2025:00:41:53 +0000] "GET /2025/03/07/page/6/?fileloc=//sys/class/pci_bus/0000:0c/subsystem/0000:12/subsystem/0000:05/device/driver/0000:00:04.0/rescan&path=//sys/class/pci_bus/0000:0c/subsystem/0000:12/subsystem/0000:05/device/driver/0000:00:04.0 HTTP/1.1" 200 262264 "-" "meta-externalagent/1.1 (+https://developers.facebook.com/docs/sharing/webmasters/crawler)"
216.73.216.147 - - [07/Nov/2025:00:41:54 +0000] "GET /entity/442087873.htm HTTP/1.1" 301 5 "-" "Mozilla/5.0 AppleWebKit/537.36 (KHTML, like Gecko; compatible; ClaudeBot/1.0; +claudebot@anthropic.com)"
216.73.216.147 - - [07/Nov/2025:00:41:55 +0000] "GET /entity/442087873.htm/ HTTP/1.1" 200 45435 "https://datainsightnow.com/entity/442087873.htm" "Mozilla/5.0 AppleWebKit/537.36 (KHTML, like Gecko; compatible; ClaudeBot/1.0; +claudebot@anthropic.com)"
85.208.96.199 - - [07/Nov/2025:00:41:56 +0000] "GET /?p=34719 HTTP/1.1" 200 40999 "-" "Mozilla/5.0 (compatible; SemrushBot/7~bl; +http://www.semrush.com/bot.html)"
57.141.0.18 - - [07/Nov/2025:00:41:56 +0000] "GET /2025/03/07/page/6/?fileloc=//sys/class/pci_bus/0000:03/subsystem/0000:09/subsystem/0000:04/subsystem/0000:01/device/0000:01:00.0/virtio0/status&path=//sys/class/pci_bus/0000:03/subsystem/0000:09/subsystem/0000:04/subsystem/0000:01/device/0000:01:00.0/virtio0 HTTP/1.1" 200 262217 "-" "meta-externalagent/1.1 (+https://developers.facebook.com/docs/sharing/webmasters/crawler)"
74.7.227.154 - - [07/Nov/2025:00:41:57 +0000] "GET /entity/172021331.htm HTTP/1.1" 301 5 "-" "Mozilla/5.0 AppleWebKit/537.36 (KHTML, like Gecko; compatible; GPTBot/1.2; +https://openai.com/gptbot)"
216.73.216.147 - - [07/Nov/2025:00:41:57 +0000] "GET /entity/601606236.htm HTTP/1.1" 301 5 "-" "Mozilla/5.0 AppleWebKit/537.36 (KHTML, like Gecko; compatible; ClaudeBot/1.0; +claudebot@anthropic.com)"
74.7.227.154 - - [07/Nov/2025:00:41:58 +0000] "GET /entity/172021331.htm/ HTTP/1.1" 200 45435 "-" "Mozilla/5.0 AppleWebKit/537.36 (KHTML, like Gecko; compatible; GPTBot/1.2; +https://openai.com/gptbot)"
216.73.216.147 - - [07/Nov/2025:00:41:59 +0000] "GET /entity/601606236.htm/ HTTP/1.1" 200 45435 "https://datainsightnow.com/entity/601606236.htm" "Mozilla/5.0 AppleWebKit/537.36 (KHTML, like Gecko; compatible; ClaudeBot/1.0; +claudebot@anthropic.com)"
57.141.0.47 - - [07/Nov/2025:00:42:00 +0000] "GET /karamba-spielsaal-erfahrungen-angeschlossen-testbericht-werfen-sie-einen-blick-auf-den-link-within-2025-pro-teutonia/?path=//sys/class/pci_bus/0000:0e/subsystem/0000:04/subsystem/0000:11/subsystem/0000:11/subsystem/0000:01/subsystem/0000:0b HTTP/1.1" 200 262248 "-" "meta-externalagent/1.1 (+https://developers.facebook.com/docs/sharing/webmasters/crawler)"
74.7.227.154 - - [07/Nov/2025:00:42:00 +0000] "GET /entity/172164028.htm HTTP/1.1" 301 5 "-" "Mozilla/5.0 AppleWebKit/537.36 (KHTML, like Gecko; compatible; GPTBot/1.2; +https://openai.com/gptbot)"
57.141.0.10 - - [07/Nov/2025:00:42:00 +0000] "GET /2025/03/06/page/39/?fileloc=//sys/class/pci_bus/0000:06/subsystem/0000:0e/subsystem/0000:0c/subsystem/0000:10/subsystem/0000:09/device/class&path=//sys/class/pci_bus/0000:06/subsystem/0000:0e/subsystem/0000:0c/subsystem/0000:10/subsystem/0000:09/device HTTP/1.1" 200 262209 "-" "meta-externalagent/1.1 (+https://developers.facebook.com/docs/sharing/webmasters/crawler)"
57.141.0.4 - - [07/Nov/2025:00:42:00 +0000] "GET /karamba-spielsaal-erfahrungen-angeschlossen-testbericht-werfen-sie-einen-blick-auf-den-link-within-2025-pro-teutonia/?path=//sys/class/pci_bus/0000:06/subsystem/0000:0d/subsystem/0000:09/device/driver/0000:00:02.4/driver/0000:00:02.6/driver/0000:00:02.4/0000:06:00.0 HTTP/1.1" 200 262264 "-" "meta-externalagent/1.1 (+https://developers.facebook.com/docs/sharing/webmasters/crawler)"
216.73.216.147 - - [07/Nov/2025:00:42:01 +0000] "GET /entity/601706214.htm HTTP/1.1" 301 5 "-" "Mozilla/5.0 AppleWebKit/537.36 (KHTML, like Gecko; compatible; ClaudeBot/1.0; +claudebot@anthropic.com)"
57.141.0.59 - - [07/Nov/2025:00:42:02 +0000] "GET /2025/03/07/page/6/?fileloc=//sys/class/pci_bus/0000:05/subsystem/0000:02/subsystem/0000:04/subsystem/0000:04/subsystem/0000:12/cpuaffinity&path=//sys/class/pci_bus/0000:05/subsystem/0000:02/subsystem/0000:04/subsystem/0000:04/subsystem/0000:12 HTTP/1.1" 200 262209 "-" "meta-externalagent/1.1 (+https://developers.facebook.com/docs/sharing/webmasters/crawler)"
57.141.0.3 - - [07/Nov/2025:00:42:03 +0000] "GET /2025/03/07/page/6/?fileloc=//sys/class/pci_bus/0000:0e/subsystem/0000:0d/subsystem/0000:06/subsystem/0000:01/device/driver/0000:00:04.1/device&path=//sys/class/pci_bus/0000:0e/subsystem/0000:0d/subsystem/0000:06/subsystem/0000:01/device/driver/0000:00:04.1 HTTP/1.1" 200 262264 "-" "meta-externalagent/1.1 (+https://developers.facebook.com/docs/sharing/webmasters/crawler)"
57.141.0.2 - - [07/Nov/2025:00:42:04 +0000] "GET /karamba-spielsaal-erfahrungen-angeschlossen-testbericht-werfen-sie-einen-blick-auf-den-link-within-2025-pro-teutonia/?path=//sys/class/pci_bus/0000:07/subsystem/0000:0a/subsystem/0000:06/device/0000:00:02.4:pcie002/subsystem/devices/0000:00:04.0:pcie001 HTTP/1.1" 200 262264 "-" "meta-externalagent/1.1 (+https://developers.facebook.com/docs/sharing/webmasters/crawler)"
74.7.227.154 - - [07/Nov/2025:00:42:04 +0000] "GET /entity/172164028.htm/ HTTP/1.1" 200 45435 "-" "Mozilla/5.0 AppleWebKit/537.36 (KHTML, like Gecko; compatible; GPTBot/1.2; +https://openai.com/gptbot)"
57.141.0.29 - - [07/Nov/2025:00:42:05 +0000] "GET /2025/03/07/page/6/?path=//sys/class/pci_bus/0000:05/subsystem/0000:10/subsystem/0000:0f/subsystem/0000:0e/device/driver/0000:00:03.0 HTTP/1.1" 200 262264 "-" "meta-externalagent/1.1 (+https://developers.facebook.com/docs/sharing/webmasters/crawler)"
57.141.0.62 - - [07/Nov/2025:00:42:05 +0000] "GET /2025/03/07/page/6/?path=//sys/class/pci_bus/0000:0c/subsystem/0000:0f/subsystem/0000:01/device/subsystem/slots/22 HTTP/1.1" 200 262209 "-" "meta-externalagent/1.1 (+https://developers.facebook.com/docs/sharing/webmasters/crawler)"
57.141.0.44 - - [07/Nov/2025:00:42:06 +0000] "GET /2025/03/07/page/6/?path=//sys/class/pci_bus/0000:02/subsystem/0000:02/device/driver/0000:00:02.2/driver/0000:00:03.3/driver/0000:00:03.5/0000:00:03.5:pcie001 HTTP/1.1" 200 262248 "-" "meta-externalagent/1.1 (+https://developers.facebook.com/docs/sharing/webmasters/crawler)"
216.73.216.147 - - [07/Nov/2025:00:42:06 +0000] "GET /entity/601706214.htm/ HTTP/1.1" 200 45435 "https://datainsightnow.com/entity/601706214.htm" "Mozilla/5.0 AppleWebKit/537.36 (KHTML, like Gecko; compatible; ClaudeBot/1.0; +claudebot@anthropic.com)"
57.141.0.47 - - [07/Nov/2025:00:42:07 +0000] "GET /karamba-spielsaal-erfahrungen-angeschlossen-testbericht-werfen-sie-einen-blick-auf-den-link-within-2025-pro-teutonia/?fileloc=//sys/class/pci_bus/0000:06/subsystem/0000:0f/subsystem/0000:11/subsystem/0000:12/subsystem/0000:11/subsystem/0000:00/device/0000:00:03.7/dma_mask_bits&path=//sys/class/pci_bus/0000:06/subsystem/0000:0f/subsystem/0000:11/subsystem/0000:12/subsystem/0000:11/subsystem/0000:00/device/0000:00:03.7 HTTP/1.1" 200 262264 "-" "meta-externalagent/1.1 (+https://developers.facebook.com/docs/sharing/webmasters/crawler)"
57.141.0.27 - - [07/Nov/2025:00:42:07 +0000] "GET /moneysense-self-help-guide-to-the-ideal-profile/?path=//sys/class/pci_bus/0000:05/subsystem/0000:04/subsystem/0000:11/subsystem/0000:0e/subsystem/0000:07/subsystem/0000:09 HTTP/1.1" 200 262255 "-" "meta-externalagent/1.1 (+https://developers.facebook.com/docs/sharing/webmasters/crawler)"
74.7.227.154 - - [07/Nov/2025:00:42:07 +0000] "GET /entity/172017438.htm HTTP/1.1" 301 5 "-" "Mozilla/5.0 AppleWebKit/537.36 (KHTML, like Gecko; compatible; GPTBot/1.2; +https://openai.com/gptbot)"
216.73.216.147 - - [07/Nov/2025:00:42:08 +0000] "GET /entity/353732623.htm HTTP/1.1" 301 5 "-" "Mozilla/5.0 AppleWebKit/537.36 (KHTML, like Gecko; compatible; ClaudeBot/1.0; +claudebot@anthropic.com)"
57.141.0.43 - - [07/Nov/2025:00:42:08 +0000] "GET /karamba-spielsaal-erfahrungen-angeschlossen-testbericht-werfen-sie-einen-blick-auf-den-link-within-2025-pro-teutonia/?fileloc=//sys/class/pci_bus/0000:06/subsystem/0000:05/device/driver/0000:00:03.7/driver/0000:00:02.0/subsystem/devices/0000:00:1b.0/local_cpulist&path=//sys/class/pci_bus/0000:06/subsystem/0000:05/device/driver/0000:00:03.7/driver/0000:00:02.0/subsystem/devices/0000:00:1b.0 HTTP/1.1" 200 262217 "-" "meta-externalagent/1.1 (+https://developers.facebook.com/docs/sharing/webmasters/crawler)"
57.141.0.51 - - [07/Nov/2025:00:42:08 +0000] "GET /2025/03/06/page/39/?fileloc=//sys/class/pci_bus/0000:03/subsystem/0000:13/subsystem/0000:0e/subsystem/0000:00/subsystem/0000:0c/subsystem/0000:02/cpuaffinity&path=//sys/class/pci_bus/0000:03/subsystem/0000:13/subsystem/0000:0e/subsystem/0000:00/subsystem/0000:0c/subsystem/0000:02 HTTP/1.1" 200 262264 "-" "meta-externalagent/1.1 (+https://developers.facebook.com/docs/sharing/webmasters/crawler)"
57.141.0.13 - - [07/Nov/2025:00:42:09 +0000] "GET /karamba-spielsaal-erfahrungen-angeschlossen-testbericht-werfen-sie-einen-blick-auf-den-link-within-2025-pro-teutonia/?fileloc=//sys/class/pci_bus/0000:01/subsystem/0000:13/subsystem/0000:00/device/0000:00:02.4/revision&path=//sys/class/pci_bus/0000:01/subsystem/0000:13/subsystem/0000:00/device/0000:00:02.4 HTTP/1.1" 200 262272 "-" "meta-externalagent/1.1 (+https://developers.facebook.com/docs/sharing/webmasters/crawler)"
57.141.0.75 - - [07/Nov/2025:00:42:10 +0000] "GET /karamba-spielsaal-erfahrungen-angeschlossen-testbericht-werfen-sie-einen-blick-auf-den-link-within-2025-pro-teutonia/?fileloc=//sys/class/pci_bus/0000:06/subsystem/0000:00/subsystem/0000:01/subsystem/0000:03/subsystem/0000:11/subsystem/0000:0c/cpulistaffinity&path=//sys/class/pci_bus/0000:06/subsystem/0000:00/subsystem/0000:01/subsystem/0000:03/subsystem/0000:11/subsystem/0000:0c HTTP/1.1" 200 262264 "-" "meta-externalagent/1.1 (+https://developers.facebook.com/docs/sharing/webmasters/crawler)"
217.113.194.55 - - [07/Nov/2025:00:42:10 +0000] "GET /about/?fileloc=/opt/wpsites/gsudice.dataconn.net/wp-includes/blocks/image.php&path=/opt/wpsites/gsudice.dataconn.net/wp-includes/blocks HTTP/1.1" 200 45435 "-" "Mozilla/5.0 (compatible; Barkrowler/0.9; +https://babbar.tech/crawler)"
57.141.0.2 - - [07/Nov/2025:00:42:11 +0000] "GET /2025/03/07/page/6/?fileloc=//sys/class/pci_bus/0000:0d/subsystem/0000:0f/device/subsystem/devices/0000:00:03.4/firmware_node/physical_node/aer_rootport_total_err_fatal&path=//sys/class/pci_bus/0000:0d/subsystem/0000:0f/device/subsystem/devices/0000:00:03.4/firmware_node/physical_node HTTP/1.1" 200 262209 "-" "meta-externalagent/1.1 (+https://developers.facebook.com/docs/sharing/webmasters/crawler)"
74.7.227.154 - - [07/Nov/2025:00:42:11 +0000] "GET /entity/172017438.htm/ HTTP/1.1" 200 45435 "-" "Mozilla/5.0 AppleWebKit/537.36 (KHTML, like Gecko; compatible; GPTBot/1.2; +https://openai.com/gptbot)"
216.73.216.147 - - [07/Nov/2025:00:42:11 +0000] "GET /entity/353732623.htm/ HTTP/1.1" 200 45435 "https://datainsightnow.com/entity/353732623.htm" "Mozilla/5.0 AppleWebKit/537.36 (KHTML, like Gecko; compatible; ClaudeBot/1.0; +claudebot@anthropic.com)"
57.141.0.34 - - [07/Nov/2025:00:42:12 +0000] "GET /2025/03/07/page/6/?path=//sys/class/pci_bus/0000:00/device/0000:00:02.7/driver/0000:00:03.0/0000:00:03.0:pcie001/subsystem/devices/0000:00:02.2:pcie010 HTTP/1.1" 200 262264 "-" "meta-externalagent/1.1 (+https://developers.facebook.com/docs/sharing/webmasters/crawler)"
216.73.216.147 - - [07/Nov/2025:00:42:12 +0000] "GET /entity/601761897.htm HTTP/1.1" 301 5 "-" "Mozilla/5.0 AppleWebKit/537.36 (KHTML, like Gecko; compatible; ClaudeBot/1.0; +claudebot@anthropic.com)"
74.7.227.154 - - [07/Nov/2025:00:42:13 +0000] "GET /entity/172114049.htm HTTP/1.1" 301 5 "-" "Mozilla/5.0 AppleWebKit/537.36 (KHTML, like Gecko; compatible; GPTBot/1.2; +https://openai.com/gptbot)"
57.141.0.73 - - [07/Nov/2025:00:42:14 +0000] "GET /karamba-spielsaal-erfahrungen-angeschlossen-testbericht-werfen-sie-einen-blick-auf-den-link-within-2025-pro-teutonia/?fileloc=//sys/class/pci_bus/0000:06/subsystem/0000:09/subsystem/0000:00/device/0000:00:02.7/pci_bus/0000:09/device/power_state&path=//sys/class/pci_bus/0000:06/subsystem/0000:09/subsystem/0000:00/device/0000:00:02.7/pci_bus/0000:09/device HTTP/1.1" 200 262209 "-" "meta-externalagent/1.1 (+https://developers.facebook.com/docs/sharing/webmasters/crawler)"
216.73.216.147 - - [07/Nov/2025:00:42:14 +0000] "GET /entity/601761897.htm/ HTTP/1.1" 200 45435 "https://datainsightnow.com/entity/601761897.htm" "Mozilla/5.0 AppleWebKit/537.36 (KHTML, like Gecko; compatible; ClaudeBot/1.0; +claudebot@anthropic.com)"
85.208.96.210 - - [07/Nov/2025:00:42:15 +0000] "GET /?p=21081 HTTP/1.1" 200 43534 "-" "Mozilla/5.0 (compatible; SemrushBot/7~bl; +http://www.semrush.com/bot.html)"
74.7.227.154 - - [07/Nov/2025:00:42:15 +0000] "GET /entity/172114049.htm/ HTTP/1.1" 200 45435 "-" "Mozilla/5.0 AppleWebKit/537.36 (KHTML, like Gecko; compatible; GPTBot/1.2; +https://openai.com/gptbot)"
216.73.216.147 - - [07/Nov/2025:00:42:15 +0000] "GET /entity/353701021.htm HTTP/1.1" 301 5 "-" "Mozilla/5.0 AppleWebKit/537.36 (KHTML, like Gecko; compatible; ClaudeBot/1.0; +claudebot@anthropic.com)"
216.73.216.147 - - [07/Nov/2025:00:42:16 +0000] "GET /entity/353701021.htm/ HTTP/1.1" 200 45435 "https://datainsightnow.com/entity/353701021.htm" "Mozilla/5.0 AppleWebKit/537.36 (KHTML, like Gecko; compatible; ClaudeBot/1.0; +claudebot@anthropic.com)"
74.7.227.154 - - [07/Nov/2025:00:42:16 +0000] "GET /entity/172146677.htm HTTP/1.1" 301 5 "-" "Mozilla/5.0 AppleWebKit/537.36 (KHTML, like Gecko; compatible; GPTBot/1.2; +https://openai.com/gptbot)"
74.7.227.154 - - [07/Nov/2025:00:42:17 +0000] "GET /entity/172146677.htm/ HTTP/1.1" 200 45435 "-" "Mozilla/5.0 AppleWebKit/537.36 (KHTML, like Gecko; compatible; GPTBot/1.2; +https://openai.com/gptbot)"
52.167.144.136 - - [07/Nov/2025:00:42:17 +0000] "GET /al_c?path=//etc/perl/Net HTTP/1.1" 200 29804 "-" "Mozilla/5.0 AppleWebKit/537.36 (KHTML, like Gecko; compatible; bingbot/2.0; +http://www.bing.com/bingbot.htm) Chrome/116.0.1938.76 Safari/537.36"
185.191.171.4 - - [07/Nov/2025:00:42:18 +0000] "GET /?p=23433 HTTP/1.1" 200 41762 "-" "Mozilla/5.0 (compatible; SemrushBot/7~bl; +http://www.semrush.com/bot.html)"
216.73.216.147 - - [07/Nov/2025:00:42:18 +0000] "GET /entity/441974174.htm HTTP/1.1" 301 5 "-" "Mozilla/5.0 AppleWebKit/537.36 (KHTML, like Gecko; compatible; ClaudeBot/1.0; +claudebot@anthropic.com)"
57.141.0.63 - - [07/Nov/2025:00:42:19 +0000] "GET /2025/03/07/page/6/?path=//sys/class/pci_bus/0000:05/subsystem/0000:02/device/0000:00:02.1:pcie001/driver/0000:00:03.3:pcie001/driver/0000:00:03.4:pcie001/driver/0000:00:02.3:pcie001 HTTP/1.1" 200 262209 "-" "meta-externalagent/1.1 (+https://developers.facebook.com/docs/sharing/webmasters/crawler)"
216.73.216.147 - - [07/Nov/2025:00:42:19 +0000] "GET /entity/441974174.htm/ HTTP/1.1" 200 45435 "https://datainsightnow.com/entity/441974174.htm" "Mozilla/5.0 AppleWebKit/537.36 (KHTML, like Gecko; compatible; ClaudeBot/1.0; +claudebot@anthropic.com)"
57.141.0.32 - - [07/Nov/2025:00:42:21 +0000] "GET /karamba-spielsaal-erfahrungen-angeschlossen-testbericht-werfen-sie-einen-blick-auf-den-link-within-2025-pro-teutonia/?path=//sys/class/pci_bus/0000:06/subsystem/0000:0a/subsystem/0000:0b/device/driver/0000:00:03.2/0000:00:03.2:pcie001/power HTTP/1.1" 200 262264 "-" "meta-externalagent/1.1 (+https://developers.facebook.com/docs/sharing/webmasters/crawler)"
57.141.0.40 - - [07/Nov/2025:00:42:22 +0000] "GET /karamba-spielsaal-erfahrungen-angeschlossen-testbericht-werfen-sie-einen-blick-auf-den-link-within-2025-pro-teutonia/?fileloc=//sys/class/pci_bus/0000:0e/subsystem/0000:07/device/firmware_node/physical_node/driver/0000:00:02.0/driver/0000:00:02.0/numa_node&path=//sys/class/pci_bus/0000:0e/subsystem/0000:07/device/firmware_node/physical_node/driver/0000:00:02.0/driver/0000:00:02.0 HTTP/1.1" 200 262264 "-" "meta-externalagent/1.1 (+https://developers.facebook.com/docs/sharing/webmasters/crawler)"
51.89.129.171 - - [07/Nov/2025:00:42:23 +0000] "GET / HTTP/1.1" 200 45435 "-" "Mozilla/5.0 (compatible; AhrefsBot/7.0; +http://ahrefs.com/robot/)"
74.7.227.154 - - [07/Nov/2025:00:42:23 +0000] "GET /entity/172049293.htm HTTP/1.1" 301 5 "-" "Mozilla/5.0 AppleWebKit/537.36 (KHTML, like Gecko; compatible; GPTBot/1.2; +https://openai.com/gptbot)"
57.141.0.56 - - [07/Nov/2025:00:42:23 +0000] "GET /karamba-spielsaal-erfahrungen-angeschlossen-testbericht-werfen-sie-einen-blick-auf-den-link-within-2025-pro-teutonia/?path=//sys/class/pci_bus/0000:0b/subsystem/0000:12/device/driver/0000:00:02.0/firmware_node/subsystem/devices/device:12/power HTTP/1.1" 200 262264 "-" "meta-externalagent/1.1 (+https://developers.facebook.com/docs/sharing/webmasters/crawler)"
74.7.227.154 - - [07/Nov/2025:00:42:23 +0000] "GET /entity/172049293.htm/ HTTP/1.1" 200 45435 "-" "Mozilla/5.0 AppleWebKit/537.36 (KHTML, like Gecko; compatible; GPTBot/1.2; +https://openai.com/gptbot)"
57.141.0.68 - - [07/Nov/2025:00:42:24 +0000] "GET /karamba-spielsaal-erfahrungen-angeschlossen-testbericht-werfen-sie-einen-blick-auf-den-link-within-2025-pro-teutonia/?fileloc=//sys/class/pci_bus/0000:0a/subsystem/0000:11/subsystem/0000:09/device/driver/0000:00:02.1/0000:02:00.0/power/runtime_status&path=//sys/class/pci_bus/0000:0a/subsystem/0000:11/subsystem/0000:09/device/driver/0000:00:02.1/0000:02:00.0/power HTTP/1.1" 200 262216 "-" "meta-externalagent/1.1 (+https://developers.facebook.com/docs/sharing/webmasters/crawler)"
57.141.0.10 - - [07/Nov/2025:00:42:24 +0000] "GET /2025/03/07/page/6/?fileloc=//sys/class/pci_bus/0000:05/subsystem/0000:05/subsystem/0000:0d/device/subsystem/slots/3/power&path=//sys/class/pci_bus/0000:05/subsystem/0000:05/subsystem/0000:0d/device/subsystem/slots/3 HTTP/1.1" 200 262215 "-" "meta-externalagent/1.1 (+https://developers.facebook.com/docs/sharing/webmasters/crawler)"
57.141.0.64 - - [07/Nov/2025:00:42:25 +0000] "GET /2025/03/07/page/6/?fileloc=//sys/class/pci_bus/0000:05/subsystem/0000:09/subsystem/0000:0b/subsystem/0000:0c/subsystem/0000:0a/device/broken_parity_status&path=//sys/class/pci_bus/0000:05/subsystem/0000:09/subsystem/0000:0b/subsystem/0000:0c/subsystem/0000:0a/device HTTP/1.1" 200 262264 "-" "meta-externalagent/1.1 (+https://developers.facebook.com/docs/sharing/webmasters/crawler)"
74.7.227.154 - - [07/Nov/2025:00:42:25 +0000] "GET /entity/172021060.htm HTTP/1.1" 301 5 "-" "Mozilla/5.0 AppleWebKit/537.36 (KHTML, like Gecko; compatible; GPTBot/1.2; +https://openai.com/gptbot)"
74.7.227.154 - - [07/Nov/2025:00:42:26 +0000] "GET /entity/172021060.htm/ HTTP/1.1" 200 45435 "-" "Mozilla/5.0 AppleWebKit/537.36 (KHTML, like Gecko; compatible; GPTBot/1.2; +https://openai.com/gptbot)"
57.141.0.27 - - [07/Nov/2025:00:42:28 +0000] "GET /2025/03/06/page/39/?fileloc=//sys/class/pci_bus/0000:13/subsystem/0000:11/subsystem/0000:0f/device/0000:00:03.5:pcie001/driver/0000:00:03.7:pcie001/uevent&path=//sys/class/pci_bus/0000:13/subsystem/0000:11/subsystem/0000:0f/device/0000:00:03.5:pcie001/driver/0000:00:03.7:pcie001 HTTP/1.1" 200 262217 "-" "meta-externalagent/1.1 (+https://developers.facebook.com/docs/sharing/webmasters/crawler)"
57.141.0.4 - - [07/Nov/2025:00:42:28 +0000] "GET /karamba-spielsaal-erfahrungen-angeschlossen-testbericht-werfen-sie-einen-blick-auf-den-link-within-2025-pro-teutonia/?path=//sys/class/pci_bus/0000:06/device/driver/0000:00:02.2/0000:04:00.0/subsystem/devices/0000:00:03.3 HTTP/1.1" 200 262264 "-" "meta-externalagent/1.1 (+https://developers.facebook.com/docs/sharing/webmasters/crawler)"
57.141.0.2 - - [07/Nov/2025:00:42:29 +0000] "GET /2025/03/06/page/39/?fileloc=//sys/class/pci_bus/0000:06/subsystem/0000:11/subsystem/0000:00/subsystem/0000:02/subsystem/0000:01/cpuaffinity&path=//sys/class/pci_bus/0000:06/subsystem/0000:11/subsystem/0000:00/subsystem/0000:02/subsystem/0000:01 HTTP/1.1" 200 262264 "-" "meta-externalagent/1.1 (+https://developers.facebook.com/docs/sharing/webmasters/crawler)"
74.7.227.154 - - [07/Nov/2025:00:42:29 +0000] "GET /entity/172015880.htm HTTP/1.1" 301 5 "-" "Mozilla/5.0 AppleWebKit/537.36 (KHTML, like Gecko; compatible; GPTBot/1.2; +https://openai.com/gptbot)"
216.73.216.147 - - [07/Nov/2025:00:42:29 +0000] "GET /entity/123668617.htm HTTP/1.1" 301 5 "-" "Mozilla/5.0 AppleWebKit/537.36 (KHTML, like Gecko; compatible; ClaudeBot/1.0; +claudebot@anthropic.com)"
57.141.0.43 - - [07/Nov/2025:00:42:30 +0000] "GET /2025/03/07/page/6/?path=//sys/class/pci_bus/0000:05/subsystem/0000:02/device/driver/0000:00:02.6/0000:00:02.6:pcie001/driver/0000:00:03.2:pcie001/subsystem HTTP/1.1" 200 262209 "-" "meta-externalagent/1.1 (+https://developers.facebook.com/docs/sharing/webmasters/crawler)"
74.7.227.154 - - [07/Nov/2025:00:42:30 +0000] "GET /entity/172015880.htm/ HTTP/1.1" 200 45435 "-" "Mozilla/5.0 AppleWebKit/537.36 (KHTML, like Gecko; compatible; GPTBot/1.2; +https://openai.com/gptbot)"
216.73.216.147 - - [07/Nov/2025:00:42:31 +0000] "GET /entity/123668617.htm/ HTTP/1.1" 200 45435 "https://datainsightnow.com/entity/123668617.htm" "Mozilla/5.0 AppleWebKit/537.36 (KHTML, like Gecko; compatible; ClaudeBot/1.0; +claudebot@anthropic.com)"
217.113.194.56 - - [07/Nov/2025:00:42:32 +0000] "GET /about/?fileloc=/opt/wpsites/gsudice.dataconn.net/wp-includes/blocks/query-title.php&path=/opt/wpsites/gsudice.dataconn.net/wp-includes/blocks HTTP/1.1" 200 45435 "-" "Mozilla/5.0 (compatible; Barkrowler/0.9; +https://babbar.tech/crawler)"
57.141.0.72 - - [07/Nov/2025:00:42:32 +0000] "GET /2025/03/06/page/39/?fileloc=//sys/class/pci_bus/0000:02/device/driver/0000:00:04.0/driver/0000:00:02.7/driver/0000:00:03.5/driver/0000:00:04.0/device&path=//sys/class/pci_bus/0000:02/device/driver/0000:00:04.0/driver/0000:00:02.7/driver/0000:00:03.5/driver/0000:00:04.0 HTTP/1.1" 200 262216 "-" "meta-externalagent/1.1 (+https://developers.facebook.com/docs/sharing/webmasters/crawler)"
216.73.216.147 - - [07/Nov/2025:00:42:32 +0000] "GET /entity/871196228.htm HTTP/1.1" 301 5 "-" "Mozilla/5.0 AppleWebKit/537.36 (KHTML, like Gecko; compatible; ClaudeBot/1.0; +claudebot@anthropic.com)"
74.7.227.154 - - [07/Nov/2025:00:42:32 +0000] "GET /entity/172088661.htm HTTP/1.1" 301 5 "-" "Mozilla/5.0 AppleWebKit/537.36 (KHTML, like Gecko; compatible; GPTBot/1.2; +https://openai.com/gptbot)"
57.141.0.15 - - [07/Nov/2025:00:42:32 +0000] "GET /2025/03/07/page/6/?path=//sys/class/pci_bus/0000:05/subsystem/0000:05/subsystem/0000:13/device/driver/0000:00:04.1/driver/0000:00:02.2 HTTP/1.1" 200 262264 "-" "meta-externalagent/1.1 (+https://developers.facebook.com/docs/sharing/webmasters/crawler)"
172.59.88.213 - - [07/Nov/2025:00:42:32 +0000] "GET /wp-login.php HTTP/1.1" 200 2513 "-" "Mozilla/5.0 (Windows NT 10.0; Win64; x64) AppleWebKit/537.36 (KHTML, like Gecko) Chrome/137.0.0.0 Safari/537.36"
57.141.0.9 - - [07/Nov/2025:00:42:33 +0000] "GET /2025/03/07/page/6/?fileloc=//sys/class/pci_bus/0000:05/subsystem/0000:0b/subsystem/0000:00/device/0000:00:02.6/driver/0000:00:02.2/power/control&path=//sys/class/pci_bus/0000:05/subsystem/0000:0b/subsystem/0000:00/device/0000:00:02.6/driver/0000:00:02.2/power HTTP/1.1" 200 262209 "-" "meta-externalagent/1.1 (+https://developers.facebook.com/docs/sharing/webmasters/crawler)"
57.141.0.20 - - [07/Nov/2025:00:42:34 +0000] "GET /2025/03/07/page/6/?path=//sys/class/pci_bus/0000:05/subsystem/0000:06/subsystem/0000:11/device/driver/0000:00:04.0/driver/0000:00:02.7/subsystem/drivers/bnxt_en HTTP/1.1" 200 262216 "-" "meta-externalagent/1.1 (+https://developers.facebook.com/docs/sharing/webmasters/crawler)"
172.59.88.213 - - [07/Nov/2025:00:42:34 +0000] "POST /wp-login.php HTTP/1.1" 200 2653 "-" "Mozilla/5.0 (Windows NT 10.0; Win64; x64) AppleWebKit/537.36 (KHTML, like Gecko) Chrome/137.0.0.0 Safari/537.36"
57.141.0.32 - - [07/Nov/2025:00:42:35 +0000] "GET /2025/03/07/page/6/?fileloc=//sys/class/pci_bus/0000:0b/subsystem/0000:01/subsystem/0000:11/subsystem/0000:00/device/0000:00:1f.3/broken_parity_status&path=//sys/class/pci_bus/0000:0b/subsystem/0000:01/subsystem/0000:11/subsystem/0000:00/device/0000:00:1f.3 HTTP/1.1" 200 262209 "-" "meta-externalagent/1.1 (+https://developers.facebook.com/docs/sharing/webmasters/crawler)"
216.73.216.147 - - [07/Nov/2025:00:42:35 +0000] "GET /entity/871196228.htm/ HTTP/1.1" 200 45435 "https://datainsightnow.com/entity/871196228.htm" "Mozilla/5.0 AppleWebKit/537.36 (KHTML, like Gecko; compatible; ClaudeBot/1.0; +claudebot@anthropic.com)"
216.73.216.147 - - [07/Nov/2025:00:42:35 +0000] "GET /entity/262307171.htm HTTP/1.1" 301 5 "-" "Mozilla/5.0 AppleWebKit/537.36 (KHTML, like Gecko; compatible; ClaudeBot/1.0; +claudebot@anthropic.com)"
74.7.227.154 - - [07/Nov/2025:00:42:35 +0000] "GET /entity/172088661.htm/ HTTP/1.1" 200 45435 "-" "Mozilla/5.0 AppleWebKit/537.36 (KHTML, like Gecko; compatible; GPTBot/1.2; +https://openai.com/gptbot)"
57.141.0.3 - - [07/Nov/2025:00:42:35 +0000] "GET /2025/03/06/page/39/?fileloc=//sys/class/pci_bus/0000:0e/subsystem/0000:07/subsystem/0000:09/device/subsystem/rescan&path=//sys/class/pci_bus/0000:0e/subsystem/0000:07/subsystem/0000:09/device/subsystem HTTP/1.1" 200 262209 "-" "meta-externalagent/1.1 (+https://developers.facebook.com/docs/sharing/webmasters/crawler)"
57.141.0.40 - - [07/Nov/2025:00:42:36 +0000] "GET /karamba-spielsaal-erfahrungen-angeschlossen-testbericht-werfen-sie-einen-blick-auf-den-link-within-2025-pro-teutonia/?fileloc=//sys/class/pci_bus/0000:11/subsystem/0000:11/subsystem/0000:0e/subsystem/0000:0b/device/0000:00:03.1:pcie010/power/runtime_status&path=//sys/class/pci_bus/0000:11/subsystem/0000:11/subsystem/0000:0e/subsystem/0000:0b/device/0000:00:03.1:pcie010/power HTTP/1.1" 200 262248 "-" "meta-externalagent/1.1 (+https://developers.facebook.com/docs/sharing/webmasters/crawler)"
216.73.216.147 - - [07/Nov/2025:00:42:37 +0000] "GET /entity/262307171.htm/ HTTP/1.1" 200 45435 "https://datainsightnow.com/entity/262307171.htm" "Mozilla/5.0 AppleWebKit/537.36 (KHTML, like Gecko; compatible; ClaudeBot/1.0; +claudebot@anthropic.com)"
57.141.0.20 - - [07/Nov/2025:00:42:37 +0000] "GET /2025/03/07/page/6/?fileloc=//sys/class/pci_bus/0000:01/subsystem/0000:07/subsystem/0000:07/subsystem/0000:12/cpulistaffinity&path=//sys/class/pci_bus/0000:01/subsystem/0000:07/subsystem/0000:07/subsystem/0000:12 HTTP/1.1" 200 262264 "-" "meta-externalagent/1.1 (+https://developers.facebook.com/docs/sharing/webmasters/crawler)"
57.141.0.63 - - [07/Nov/2025:00:42:37 +0000] "GET /2025/03/07/page/6/?path=//sys/class/pci_bus/0000:0e/subsystem/0000:0f/subsystem/0000:03/subsystem/0000:07/subsystem/0000:0b HTTP/1.1" 200 262209 "-" "meta-externalagent/1.1 (+https://developers.facebook.com/docs/sharing/webmasters/crawler)"
216.73.216.147 - - [07/Nov/2025:00:42:38 +0000] "GET /entity/123639348.htm HTTP/1.1" 301 5 "-" "Mozilla/5.0 AppleWebKit/537.36 (KHTML, like Gecko; compatible; ClaudeBot/1.0; +claudebot@anthropic.com)"
74.7.227.154 - - [07/Nov/2025:00:42:39 +0000] "GET /entity/172150046.htm HTTP/1.1" 301 5 "-" "Mozilla/5.0 AppleWebKit/537.36 (KHTML, like Gecko; compatible; GPTBot/1.2; +https://openai.com/gptbot)"
57.141.0.74 - - [07/Nov/2025:00:42:39 +0000] "GET /karamba-spielsaal-erfahrungen-angeschlossen-testbericht-werfen-sie-einen-blick-auf-den-link-within-2025-pro-teutonia/?path=//sys/class/pci_bus/0000:0b/subsystem/0000:05/device/driver/0000:00:02.1/driver/0000:00:02.6/driver/0000:00:02.6 HTTP/1.1" 200 262264 "-" "meta-externalagent/1.1 (+https://developers.facebook.com/docs/sharing/webmasters/crawler)"
216.73.216.147 - - [07/Nov/2025:00:42:39 +0000] "GET /entity/123639348.htm/ HTTP/1.1" 200 45435 "https://datainsightnow.com/entity/123639348.htm" "Mozilla/5.0 AppleWebKit/537.36 (KHTML, like Gecko; compatible; ClaudeBot/1.0; +claudebot@anthropic.com)"
52.167.144.198 - - [07/Nov/2025:00:42:40 +0000] "GET /8530171?entity=0008497494 HTTP/1.1" 200 29378 "-" "Mozilla/5.0 AppleWebKit/537.36 (KHTML, like Gecko; compatible; bingbot/2.0; +http://www.bing.com/bingbot.htm) Chrome/116.0.1938.76 Safari/537.36"
57.141.0.52 - - [07/Nov/2025:00:42:40 +0000] "GET /2025/03/07/page/6/?path=//sys/class/pci_bus/0000:05/subsystem/0000:06/subsystem/0000:0d/device/driver/0000:00:02.3/driver/0000:00:03.0/msi_irqs HTTP/1.1" 200 262264 "-" "meta-externalagent/1.1 (+https://developers.facebook.com/docs/sharing/webmasters/crawler)"
74.7.227.154 - - [07/Nov/2025:00:42:40 +0000] "GET /entity/172150046.htm/ HTTP/1.1" 200 45435 "-" "Mozilla/5.0 AppleWebKit/537.36 (KHTML, like Gecko; compatible; GPTBot/1.2; +https://openai.com/gptbot)"
216.73.216.147 - - [07/Nov/2025:00:42:41 +0000] "GET /entity/567502664.htm HTTP/1.1" 301 5 "-" "Mozilla/5.0 AppleWebKit/537.36 (KHTML, like Gecko; compatible; ClaudeBot/1.0; +claudebot@anthropic.com)"
216.73.216.147 - - [07/Nov/2025:00:42:42 +0000] "GET /entity/567502664.htm/ HTTP/1.1" 200 45435 "https://datainsightnow.com/entity/567502664.htm" "Mozilla/5.0 AppleWebKit/537.36 (KHTML, like Gecko; compatible; ClaudeBot/1.0; +claudebot@anthropic.com)"
74.7.227.154 - - [07/Nov/2025:00:42:42 +0000] "GET /entity/172173876.htm HTTP/1.1" 301 5 "-" "Mozilla/5.0 AppleWebKit/537.36 (KHTML, like Gecko; compatible; GPTBot/1.2; +https://openai.com/gptbot)"
74.7.227.154 - - [07/Nov/2025:00:42:42 +0000] "GET /entity/172173876.htm/ HTTP/1.1" 200 45435 "-" "Mozilla/5.0 AppleWebKit/537.36 (KHTML, like Gecko; compatible; GPTBot/1.2; +https://openai.com/gptbot)"
216.73.216.147 - - [07/Nov/2025:00:42:44 +0000] "GET /entity/695544237.htm HTTP/1.1" 301 5 "-" "Mozilla/5.0 AppleWebKit/537.36 (KHTML, like Gecko; compatible; ClaudeBot/1.0; +claudebot@anthropic.com)"
216.73.216.147 - - [07/Nov/2025:00:42:45 +0000] "GET /entity/695544237.htm/ HTTP/1.1" 200 45435 "https://datainsightnow.com/entity/695544237.htm" "Mozilla/5.0 AppleWebKit/537.36 (KHTML, like Gecko; compatible; ClaudeBot/1.0; +claudebot@anthropic.com)"
74.7.227.154 - - [07/Nov/2025:00:42:45 +0000] "GET /entity/171971081.htm HTTP/1.1" 301 5 "-" "Mozilla/5.0 AppleWebKit/537.36 (KHTML, like Gecko; compatible; GPTBot/1.2; +https://openai.com/gptbot)"
74.7.227.154 - - [07/Nov/2025:00:42:45 +0000] "GET /entity/171971081.htm/ HTTP/1.1" 200 45435 "-" "Mozilla/5.0 AppleWebKit/537.36 (KHTML, like Gecko; compatible; GPTBot/1.2; +https://openai.com/gptbot)"
57.141.0.44 - - [07/Nov/2025:00:42:46 +0000] "GET /karamba-spielsaal-erfahrungen-angeschlossen-testbericht-werfen-sie-einen-blick-auf-den-link-within-2025-pro-teutonia/?fileloc=//sys/class/pci_bus/0000:06/subsystem/0000:03/subsystem/0000:0b/subsystem/0000:02/subsystem/0000:13/device/power_state&path=//sys/class/pci_bus/0000:06/subsystem/0000:03/subsystem/0000:0b/subsystem/0000:02/subsystem/0000:13/device HTTP/1.1" 200 262264 "-" "meta-externalagent/1.1 (+https://developers.facebook.com/docs/sharing/webmasters/crawler)"
216.73.216.147 - - [07/Nov/2025:00:42:47 +0000] "GET /entity/831513021.htm HTTP/1.1" 301 5 "-" "Mozilla/5.0 AppleWebKit/537.36 (KHTML, like Gecko; compatible; ClaudeBot/1.0; +claudebot@anthropic.com)"
114.119.140.178 - - [07/Nov/2025:00:42:48 +0000] "GET /zodiac-kasino-erfahrungen-2024-480-bonus-80-freispiele?path=//sys/dev/char/4:56/subsystem/ttyS2/subsystem/tty9 HTTP/1.1" 301 5 "https://datainsightnow.com/zodiac-kasino-erfahrungen-2024-480-bonus-80-freispiele/?path=//sys/dev/char/4%3A56/subsystem/ttyS2/subsystem" "Mozilla/5.0 (Linux; Android 7.0;) AppleWebKit/537.36 (KHTML, like Gecko) Mobile Safari/537.36 (compatible; PetalBot;+https://webmaster.petalsearch.com/site/petalbot)"
74.7.227.154 - - [07/Nov/2025:00:42:48 +0000] "GET /entity/172163514.htm HTTP/1.1" 301 5 "-" "Mozilla/5.0 AppleWebKit/537.36 (KHTML, like Gecko; compatible; GPTBot/1.2; +https://openai.com/gptbot)"
216.73.216.147 - - [07/Nov/2025:00:42:49 +0000] "GET /entity/831513021.htm/ HTTP/1.1" 200 45435 "https://datainsightnow.com/entity/831513021.htm" "Mozilla/5.0 AppleWebKit/537.36 (KHTML, like Gecko; compatible; ClaudeBot/1.0; +claudebot@anthropic.com)"
57.141.0.1 - - [07/Nov/2025:00:42:50 +0000] "GET /karamba-spielsaal-erfahrungen-angeschlossen-testbericht-werfen-sie-einen-blick-auf-den-link-within-2025-pro-teutonia/?fileloc=//sys/class/pci_bus/0000:0f/subsystem/0000:01/subsystem/0000:02/device/driver/0000:00:03.1/driver/0000:00:02.7/uevent&path=//sys/class/pci_bus/0000:0f/subsystem/0000:01/subsystem/0000:02/device/driver/0000:00:03.1/driver/0000:00:02.7 HTTP/1.1" 200 262209 "-" "meta-externalagent/1.1 (+https://developers.facebook.com/docs/sharing/webmasters/crawler)"
74.7.227.154 - - [07/Nov/2025:00:42:50 +0000] "GET /entity/172163514.htm/ HTTP/1.1" 200 45435 "-" "Mozilla/5.0 AppleWebKit/537.36 (KHTML, like Gecko; compatible; GPTBot/1.2; +https://openai.com/gptbot)"
66.135.21.75 - - [07/Nov/2025:00:42:50 +0000] "POST /wp-cron.php?doing_wp_cron=1762476170.3891510963439941406250 HTTP/1.1" 200 31 "-" "WordPress/6.3.1; https://datainsightnow.com"
216.73.216.147 - - [07/Nov/2025:00:42:51 +0000] "GET /entity/123773251.htm HTTP/1.1" 301 5 "-" "Mozilla/5.0 AppleWebKit/537.36 (KHTML, like Gecko; compatible; ClaudeBot/1.0; +claudebot@anthropic.com)"
57.141.0.41 - - [07/Nov/2025:00:42:51 +0000] "GET /2025/03/07/page/6/?fileloc=//sys/class/pci_bus/0000:08/device/driver/0000:00:03.4/driver/0000:00:02.5/driver/0000:00:02.0/0000:01:00.0/vendor&path=//sys/class/pci_bus/0000:08/device/driver/0000:00:03.4/driver/0000:00:02.5/driver/0000:00:02.0/0000:01:00.0 HTTP/1.1" 200 262272 "-" "meta-externalagent/1.1 (+https://developers.facebook.com/docs/sharing/webmasters/crawler)"
74.7.227.154 - - [07/Nov/2025:00:42:52 +0000] "GET /entity/172058617.htm HTTP/1.1" 301 5 "-" "Mozilla/5.0 AppleWebKit/537.36 (KHTML, like Gecko; compatible; GPTBot/1.2; +https://openai.com/gptbot)"
114.119.140.178 - - [07/Nov/2025:00:42:53 +0000] "GET /zodiac-kasino-erfahrungen-2024-480-bonus-80-freispiele/?path=//sys/dev/char/4:56/subsystem/ttyS2/subsystem/tty9 HTTP/1.1" 200 45436 "https://datainsightnow.com/zodiac-kasino-erfahrungen-2024-480-bonus-80-freispiele/?path=//sys/dev/char/4%3A56/subsystem/ttyS2/subsystem" "Mozilla/5.0 (Linux; Android 7.0;) AppleWebKit/537.36 (KHTML, like Gecko) Mobile Safari/537.36 (compatible; PetalBot;+https://webmaster.petalsearch.com/site/petalbot)"
216.73.216.147 - - [07/Nov/2025:00:42:53 +0000] "GET /entity/123773251.htm/ HTTP/1.1" 200 45435 "https://datainsightnow.com/entity/123773251.htm" "Mozilla/5.0 AppleWebKit/537.36 (KHTML, like Gecko; compatible; ClaudeBot/1.0; +claudebot@anthropic.com)"
217.113.194.59 - - [07/Nov/2025:00:42:54 +0000] "GET /about/?fileloc=/opt/wpsites/gsudice.dataconn.net/wp-includes/blocks/legacy-widget.php&path=/opt/wpsites/gsudice.dataconn.net/wp-includes/blocks HTTP/1.1" 200 45435 "-" "Mozilla/5.0 (compatible; Barkrowler/0.9; +https://babbar.tech/crawler)"
74.7.227.154 - - [07/Nov/2025:00:42:54 +0000] "GET /entity/172058617.htm/ HTTP/1.1" 200 45435 "-" "Mozilla/5.0 AppleWebKit/537.36 (KHTML, like Gecko; compatible; GPTBot/1.2; +https://openai.com/gptbot)"
57.141.0.7 - - [07/Nov/2025:00:42:55 +0000] "GET /karamba-spielsaal-erfahrungen-angeschlossen-testbericht-werfen-sie-einen-blick-auf-den-link-within-2025-pro-teutonia/?fileloc=//sys/class/pci_bus/0000:06/subsystem/0000:11/subsystem/0000:11/device/driver/0000:00:03.6/driver/0000:00:02.2/aer_dev_correctable&path=//sys/class/pci_bus/0000:06/subsystem/0000:11/subsystem/0000:11/device/driver/0000:00:03.6/driver/0000:00:02.2 HTTP/1.1" 200 262209 "-" "meta-externalagent/1.1 (+https://developers.facebook.com/docs/sharing/webmasters/crawler)"
57.141.0.75 - - [07/Nov/2025:00:42:55 +0000] "GET /2025/03/07/page/6/?path=//sys/class/pci_bus/0000:04/subsystem/0000:0f/subsystem/0000:00/device/0000:00:03.3/driver/0000:00:02.5/power HTTP/1.1" 200 262215 "-" "meta-externalagent/1.1 (+https://developers.facebook.com/docs/sharing/webmasters/crawler)"
57.141.0.61 - - [07/Nov/2025:00:42:56 +0000] "GET /2025/03/07/page/6/?path=//sys/class/pci_bus/0000:05/subsystem/0000:06/subsystem/0000:07/subsystem/0000:06/device/0000:00:02.4:pcie002/driver/0000:00:03.1:pcie002 HTTP/1.1" 200 262264 "-" "meta-externalagent/1.1 (+https://developers.facebook.com/docs/sharing/webmasters/crawler)"
57.141.0.52 - - [07/Nov/2025:00:42:56 +0000] "GET /karamba-spielsaal-erfahrungen-angeschlossen-testbericht-werfen-sie-einen-blick-auf-den-link-within-2025-pro-teutonia/?fileloc=//sys/class/pci_bus/0000:04/subsystem/0000:0c/subsystem/0000:06/subsystem/0000:13/subsystem/0000:05/device/driver/0000:00:02.7/aer_rootport_total_err_cor&path=//sys/class/pci_bus/0000:04/subsystem/0000:0c/subsystem/0000:06/subsystem/0000:13/subsystem/0000:05/device/driver/0000:00:02.7 HTTP/1.1" 200 262248 "-" "meta-externalagent/1.1 (+https://developers.facebook.com/docs/sharing/webmasters/crawler)"
74.7.227.154 - - [07/Nov/2025:00:42:56 +0000] "GET /entity/172022618.htm HTTP/1.1" 301 5 "-" "Mozilla/5.0 AppleWebKit/537.36 (KHTML, like Gecko; compatible; GPTBot/1.2; +https://openai.com/gptbot)"
216.73.216.147 - - [07/Nov/2025:00:42:56 +0000] "GET /entity/123676642.htm HTTP/1.1" 301 5 "-" "Mozilla/5.0 AppleWebKit/537.36 (KHTML, like Gecko; compatible; ClaudeBot/1.0; +claudebot@anthropic.com)"
74.7.227.154 - - [07/Nov/2025:00:42:56 +0000] "GET /entity/172022618.htm/ HTTP/1.1" 200 45435 "-" "Mozilla/5.0 AppleWebKit/537.36 (KHTML, like Gecko; compatible; GPTBot/1.2; +https://openai.com/gptbot)"
216.73.216.147 - - [07/Nov/2025:00:42:57 +0000] "GET /entity/123676642.htm/ HTTP/1.1" 200 45435 "https://datainsightnow.com/entity/123676642.htm" "Mozilla/5.0 AppleWebKit/537.36 (KHTML, like Gecko; compatible; ClaudeBot/1.0; +claudebot@anthropic.com)"
74.7.227.154 - - [07/Nov/2025:00:42:58 +0000] "GET /entity/171962269.htm HTTP/1.1" 301 5 "-" "Mozilla/5.0 AppleWebKit/537.36 (KHTML, like Gecko; compatible; GPTBot/1.2; +https://openai.com/gptbot)"
74.7.227.154 - - [07/Nov/2025:00:42:59 +0000] "GET /entity/171962269.htm/ HTTP/1.1" 200 45435 "-" "Mozilla/5.0 AppleWebKit/537.36 (KHTML, like Gecko; compatible; GPTBot/1.2; +https://openai.com/gptbot)"
216.73.216.147 - - [07/Nov/2025:00:42:59 +0000] "GET /entity/123756677.htm HTTP/1.1" 301 5 "-" "Mozilla/5.0 AppleWebKit/537.36 (KHTML, like Gecko; compatible; ClaudeBot/1.0; +claudebot@anthropic.com)"
216.73.216.147 - - [07/Nov/2025:00:43:00 +0000] "GET /entity/123756677.htm/ HTTP/1.1" 200 45435 "https://datainsightnow.com/entity/123756677.htm" "Mozilla/5.0 AppleWebKit/537.36 (KHTML, like Gecko; compatible; ClaudeBot/1.0; +claudebot@anthropic.com)"
57.141.0.46 - - [07/Nov/2025:00:43:01 +0000] "GET /2025/03/07/page/6/?fileloc=//sys/class/pci_bus/0000:03/subsystem/0000:02/device/driver/0000:00:02.7/0000:00:02.7:pcie001/subsystem/uevent&path=//sys/class/pci_bus/0000:03/subsystem/0000:02/device/driver/0000:00:02.7/0000:00:02.7:pcie001/subsystem HTTP/1.1" 200 262264 "-" "meta-externalagent/1.1 (+https://developers.facebook.com/docs/sharing/webmasters/crawler)"
57.141.0.31 - - [07/Nov/2025:00:43:02 +0000] "GET /2025/03/07/page/6/?path=//sys/class/pci_bus/0000:09/subsystem/0000:0b/subsystem/0000:07/device/driver/0000:00:03.2/msi_irqs HTTP/1.1" 200 262248 "-" "meta-externalagent/1.1 (+https://developers.facebook.com/docs/sharing/webmasters/crawler)"
74.7.227.154 - - [07/Nov/2025:00:43:02 +0000] "GET /entity/171973153.htm HTTP/1.1" 301 5 "-" "Mozilla/5.0 AppleWebKit/537.36 (KHTML, like Gecko; compatible; GPTBot/1.2; +https://openai.com/gptbot)"
216.73.216.147 - - [07/Nov/2025:00:43:02 +0000] "GET /entity/870978154.htm HTTP/1.1" 301 5 "-" "Mozilla/5.0 AppleWebKit/537.36 (KHTML, like Gecko; compatible; ClaudeBot/1.0; +claudebot@anthropic.com)"
74.7.227.154 - - [07/Nov/2025:00:43:03 +0000] "GET /entity/171973153.htm/ HTTP/1.1" 200 45435 "-" "Mozilla/5.0 AppleWebKit/537.36 (KHTML, like Gecko; compatible; GPTBot/1.2; +https://openai.com/gptbot)"
57.141.0.33 - - [07/Nov/2025:00:43:03 +0000] "GET /2025/03/07/page/6/?fileloc=//sys/class/pci_bus/0000:09/device/driver/0000:00:03.1/driver/0000:00:02.1/0000:02:00.0/local_cpulist&path=//sys/class/pci_bus/0000:09/device/driver/0000:00:03.1/driver/0000:00:02.1/0000:02:00.0 HTTP/1.1" 200 262264 "-" "meta-externalagent/1.1 (+https://developers.facebook.com/docs/sharing/webmasters/crawler)"
216.73.216.147 - - [07/Nov/2025:00:43:03 +0000] "GET /entity/870978154.htm/ HTTP/1.1" 200 45435 "https://datainsightnow.com/entity/870978154.htm" "Mozilla/5.0 AppleWebKit/537.36 (KHTML, like Gecko; compatible; ClaudeBot/1.0; +claudebot@anthropic.com)"
57.141.0.63 - - [07/Nov/2025:00:43:04 +0000] "GET /2025/03/06/page/39/?fileloc=//sys/class/pci_bus/0000:0c/subsystem/0000:0e/subsystem/0000:02/subsystem/0000:0d/device/ari_enabled&path=//sys/class/pci_bus/0000:0c/subsystem/0000:0e/subsystem/0000:02/subsystem/0000:0d/device HTTP/1.1" 200 262209 "-" "meta-externalagent/1.1 (+https://developers.facebook.com/docs/sharing/webmasters/crawler)"
74.7.227.154 - - [07/Nov/2025:00:43:04 +0000] "GET /entity/172164299.htm HTTP/1.1" 301 5 "-" "Mozilla/5.0 AppleWebKit/537.36 (KHTML, like Gecko; compatible; GPTBot/1.2; +https://openai.com/gptbot)"
57.141.0.29 - - [07/Nov/2025:00:43:05 +0000] "GET /2025/03/07/page/6/?path=//sys/class/pci_bus/0000:0a/subsystem/0000:0f/subsystem/0000:0b/subsystem/0000:02/device/driver/0000:00:03.0/0000:00:03.0:pcie010 HTTP/1.1" 200 262264 "-" "meta-externalagent/1.1 (+https://developers.facebook.com/docs/sharing/webmasters/crawler)"
74.7.227.154 - - [07/Nov/2025:00:43:05 +0000] "GET /entity/172164299.htm/ HTTP/1.1" 200 45435 "-" "Mozilla/5.0 AppleWebKit/537.36 (KHTML, like Gecko; compatible; GPTBot/1.2; +https://openai.com/gptbot)"
216.73.216.147 - - [07/Nov/2025:00:43:05 +0000] "GET /entity/695704042.htm HTTP/1.1" 301 5 "-" "Mozilla/5.0 AppleWebKit/537.36 (KHTML, like Gecko; compatible; ClaudeBot/1.0; +claudebot@anthropic.com)"
216.73.216.147 - - [07/Nov/2025:00:43:06 +0000] "GET /entity/695704042.htm/ HTTP/1.1" 200 45435 "https://datainsightnow.com/entity/695704042.htm" "Mozilla/5.0 AppleWebKit/537.36 (KHTML, like Gecko; compatible; ClaudeBot/1.0; +claudebot@anthropic.com)"
57.141.0.54 - - [07/Nov/2025:00:43:07 +0000] "GET /moneysense-self-help-guide-to-the-ideal-profile/?fileloc=//sys/class/pci_bus/0000:08/subsystem/0000:07/subsystem/0000:09/device/d3cold_allowed&path=//sys/class/pci_bus/0000:08/subsystem/0000:07/subsystem/0000:09/device HTTP/1.1" 200 262264 "-" "meta-externalagent/1.1 (+https://developers.facebook.com/docs/sharing/webmasters/crawler)"
216.73.216.147 - - [07/Nov/2025:00:43:08 +0000] "GET /entity/778518513.htm HTTP/1.1" 301 5 "-" "Mozilla/5.0 AppleWebKit/537.36 (KHTML, like Gecko; compatible; ClaudeBot/1.0; +claudebot@anthropic.com)"
74.7.227.154 - - [07/Nov/2025:00:43:08 +0000] "GET /entity/172166100.htm HTTP/1.1" 301 5 "-" "Mozilla/5.0 AppleWebKit/537.36 (KHTML, like Gecko; compatible; GPTBot/1.2; +https://openai.com/gptbot)"
216.73.216.147 - - [07/Nov/2025:00:43:09 +0000] "GET /entity/778518513.htm/ HTTP/1.1" 200 45435 "https://datainsightnow.com/entity/778518513.htm" "Mozilla/5.0 AppleWebKit/537.36 (KHTML, like Gecko; compatible; ClaudeBot/1.0; +claudebot@anthropic.com)"
74.7.227.154 - - [07/Nov/2025:00:43:09 +0000] "GET /entity/172166100.htm/ HTTP/1.1" 200 45435 "-" "Mozilla/5.0 AppleWebKit/537.36 (KHTML, like Gecko; compatible; GPTBot/1.2; +https://openai.com/gptbot)"
57.141.0.15 - - [07/Nov/2025:00:43:10 +0000] "GET /2025/03/07/page/6/?fileloc=//sys/class/pci_bus/0000:05/subsystem/0000:02/subsystem/0000:0a/subsystem/0000:0a/device/driver/0000:00:03.4/driver/0000:00:02.4/current_link_speed&path=//sys/class/pci_bus/0000:05/subsystem/0000:02/subsystem/0000:0a/subsystem/0000:0a/device/driver/0000:00:03.4/driver/0000:00:02.4 HTTP/1.1" 200 262215 "-" "meta-externalagent/1.1 (+https://developers.facebook.com/docs/sharing/webmasters/crawler)"
216.73.216.147 - - [07/Nov/2025:00:43:11 +0000] "GET /entity/123747875.htm HTTP/1.1" 301 5 "-" "Mozilla/5.0 AppleWebKit/537.36 (KHTML, like Gecko; compatible; ClaudeBot/1.0; +claudebot@anthropic.com)"
74.7.227.154 - - [07/Nov/2025:00:43:11 +0000] "GET /entity/172103940.htm HTTP/1.1" 301 5 "-" "Mozilla/5.0 AppleWebKit/537.36 (KHTML, like Gecko; compatible; GPTBot/1.2; +https://openai.com/gptbot)"
216.73.216.147 - - [07/Nov/2025:00:43:12 +0000] "GET /entity/123747875.htm/ HTTP/1.1" 200 45435 "https://datainsightnow.com/entity/123747875.htm" "Mozilla/5.0 AppleWebKit/537.36 (KHTML, like Gecko; compatible; ClaudeBot/1.0; +claudebot@anthropic.com)"
74.7.227.154 - - [07/Nov/2025:00:43:12 +0000] "GET /entity/172103940.htm/ HTTP/1.1" 200 45435 "-" "Mozilla/5.0 AppleWebKit/537.36 (KHTML, like Gecko; compatible; GPTBot/1.2; +https://openai.com/gptbot)"
57.141.0.64 - - [07/Nov/2025:00:43:13 +0000] "GET /2025/03/07/page/6/?fileloc=//sys/class/pci_bus/0000:0b/subsystem/0000:00/device/0000:00:02.0/0000:01:00.0/class&path=//sys/class/pci_bus/0000:0b/subsystem/0000:00/device/0000:00:02.0/0000:01:00.0 HTTP/1.1" 200 262264 "-" "meta-externalagent/1.1 (+https://developers.facebook.com/docs/sharing/webmasters/crawler)"
57.141.0.73 - - [07/Nov/2025:00:43:14 +0000] "GET /karamba-spielsaal-erfahrungen-angeschlossen-testbericht-werfen-sie-einen-blick-auf-den-link-within-2025-pro-teutonia/?fileloc=//sys/class/pci_bus/0000:06/subsystem/0000:00/subsystem/0000:11/device/driver/0000:00:03.6/driver/0000:00:02.3/consistent_dma_mask_bits&path=//sys/class/pci_bus/0000:06/subsystem/0000:00/subsystem/0000:11/device/driver/0000:00:03.6/driver/0000:00:02.3 HTTP/1.1" 200 262209 "-" "meta-externalagent/1.1 (+https://developers.facebook.com/docs/sharing/webmasters/crawler)"
216.73.216.147 - - [07/Nov/2025:00:43:14 +0000] "GET /entity/778386951.htm HTTP/1.1" 301 5 "-" "Mozilla/5.0 AppleWebKit/537.36 (KHTML, like Gecko; compatible; ClaudeBot/1.0; +claudebot@anthropic.com)"
