216.73.216.147 - - [07/Nov/2025:00:46:05 +0000] "GET /entity/58251170.htm HTTP/1.1" 301 5 "-" "Mozilla/5.0 AppleWebKit/537.36 (KHTML, like Gecko; compatible; ClaudeBot/1.0; +claudebot@anthropic.com)"
74.7.227.154 - - [07/Nov/2025:00:46:06 +0000] "GET /entity/172085816.htm/ HTTP/1.1" 200 45435 "-" "Mozilla/5.0 AppleWebKit/537.36 (KHTML, like Gecko; compatible; GPTBot/1.2; +https://openai.com/gptbot)"
216.73.216.147 - - [07/Nov/2025:00:46:06 +0000] "GET /entity/58251170.htm/ HTTP/1.1" 200 45435 "https://datainsightnow.com/entity/58251170.htm" "Mozilla/5.0 AppleWebKit/537.36 (KHTML, like Gecko; compatible; ClaudeBot/1.0; +claudebot@anthropic.com)"
57.141.0.30 - - [07/Nov/2025:00:46:06 +0000] "GET /2025/03/06/page/39/?fileloc=//sys/class/pci_bus/0000:0f/device/driver/0000:00:03.2/subsystem/devices/0000:05:00.0/subsystem/devices/0000:00:02.1/current_link_speed&path=//sys/class/pci_bus/0000:0f/device/driver/0000:00:03.2/subsystem/devices/0000:05:00.0/subsystem/devices/0000:00:02.1 HTTP/1.1" 200 262264 "-" "meta-externalagent/1.1 (+https://developers.facebook.com/docs/sharing/webmasters/crawler)"
216.73.216.147 - - [07/Nov/2025:00:46:08 +0000] "GET /entity/271479917.htm HTTP/1.1" 301 5 "-" "Mozilla/5.0 AppleWebKit/537.36 (KHTML, like Gecko; compatible; ClaudeBot/1.0; +claudebot@anthropic.com)"
74.7.227.154 - - [07/Nov/2025:00:46:08 +0000] "GET /entity/172132695.htm HTTP/1.1" 301 5 "-" "Mozilla/5.0 AppleWebKit/537.36 (KHTML, like Gecko; compatible; GPTBot/1.2; +https://openai.com/gptbot)"
216.73.216.147 - - [07/Nov/2025:00:46:09 +0000] "GET /entity/271479917.htm/ HTTP/1.1" 200 45435 "https://datainsightnow.com/entity/271479917.htm" "Mozilla/5.0 AppleWebKit/537.36 (KHTML, like Gecko; compatible; ClaudeBot/1.0; +claudebot@anthropic.com)"
74.7.227.154 - - [07/Nov/2025:00:46:09 +0000] "GET /entity/172132695.htm/ HTTP/1.1" 200 45435 "-" "Mozilla/5.0 AppleWebKit/537.36 (KHTML, like Gecko; compatible; GPTBot/1.2; +https://openai.com/gptbot)"
216.73.216.147 - - [07/Nov/2025:00:46:11 +0000] "GET /entity/578522082.htm HTTP/1.1" 301 5 "-" "Mozilla/5.0 AppleWebKit/537.36 (KHTML, like Gecko; compatible; ClaudeBot/1.0; +claudebot@anthropic.com)"
216.73.216.147 - - [07/Nov/2025:00:46:11 +0000] "GET /entity/578522082.htm/ HTTP/1.1" 200 45435 "https://datainsightnow.com/entity/578522082.htm" "Mozilla/5.0 AppleWebKit/537.36 (KHTML, like Gecko; compatible; ClaudeBot/1.0; +claudebot@anthropic.com)"
57.141.0.50 - - [07/Nov/2025:00:46:14 +0000] "GET /2025/03/07/page/6/?fileloc=//sys/class/pci_bus/0000:05/subsystem/0000:07/subsystem/0000:12/subsystem/0000:12/device/driver/0000:00:04.1/power_state&path=//sys/class/pci_bus/0000:05/subsystem/0000:07/subsystem/0000:12/subsystem/0000:12/device/driver/0000:00:04.1 HTTP/1.1" 200 262216 "-" "meta-externalagent/1.1 (+https://developers.facebook.com/docs/sharing/webmasters/crawler)"
216.73.216.147 - - [07/Nov/2025:00:46:14 +0000] "GET /entity/195462903.htm HTTP/1.1" 301 5 "-" "Mozilla/5.0 AppleWebKit/537.36 (KHTML, like Gecko; compatible; ClaudeBot/1.0; +claudebot@anthropic.com)"
216.73.216.147 - - [07/Nov/2025:00:46:14 +0000] "GET /entity/195462903.htm/ HTTP/1.1" 200 45435 "https://datainsightnow.com/entity/195462903.htm" "Mozilla/5.0 AppleWebKit/537.36 (KHTML, like Gecko; compatible; ClaudeBot/1.0; +claudebot@anthropic.com)"
74.7.227.154 - - [07/Nov/2025:00:46:15 +0000] "GET /entity/172101615.htm HTTP/1.1" 301 5 "-" "Mozilla/5.0 AppleWebKit/537.36 (KHTML, like Gecko; compatible; GPTBot/1.2; +https://openai.com/gptbot)"
74.7.227.154 - - [07/Nov/2025:00:46:15 +0000] "GET /entity/172101615.htm/ HTTP/1.1" 200 45435 "-" "Mozilla/5.0 AppleWebKit/537.36 (KHTML, like Gecko; compatible; GPTBot/1.2; +https://openai.com/gptbot)"
57.141.0.50 - - [07/Nov/2025:00:46:16 +0000] "GET /karamba-spielsaal-erfahrungen-angeschlossen-testbericht-werfen-sie-einen-blick-auf-den-link-within-2025-pro-teutonia/?fileloc=//sys/class/pci_bus/0000:06/subsystem/0000:01/subsystem/0000:06/subsystem/0000:0b/device/driver/0000:00:03.3/subsystem_vendor&path=//sys/class/pci_bus/0000:06/subsystem/0000:01/subsystem/0000:06/subsystem/0000:0b/device/driver/0000:00:03.3 HTTP/1.1" 200 262264 "-" "meta-externalagent/1.1 (+https://developers.facebook.com/docs/sharing/webmasters/crawler)"
74.7.227.154 - - [07/Nov/2025:00:46:17 +0000] "GET /entity/172099021.htm HTTP/1.1" 301 5 "-" "Mozilla/5.0 AppleWebKit/537.36 (KHTML, like Gecko; compatible; GPTBot/1.2; +https://openai.com/gptbot)"
66.249.65.100 - - [07/Nov/2025:00:46:17 +0000] "GET /?path=//sys/class/wakeup/wakeup0/subsystem/wakeup26/subsystem/wakeup7/subsystem/wakeup29/subsystem/wakeup16/device/device:3f HTTP/1.1" 200 45436 "-" "Mozilla/5.0 (Linux; Android 6.0.1; Nexus 5X Build/MMB29P) AppleWebKit/537.36 (KHTML, like Gecko) Chrome/141.0.7390.122 Mobile Safari/537.36 (compatible; Googlebot/2.1; +http://www.google.com/bot.html)"
216.73.216.147 - - [07/Nov/2025:00:46:17 +0000] "GET /entity/58097067.htm HTTP/1.1" 301 5 "-" "Mozilla/5.0 AppleWebKit/537.36 (KHTML, like Gecko; compatible; ClaudeBot/1.0; +claudebot@anthropic.com)"
74.7.227.154 - - [07/Nov/2025:00:46:17 +0000] "GET /entity/172099021.htm/ HTTP/1.1" 200 45435 "-" "Mozilla/5.0 AppleWebKit/537.36 (KHTML, like Gecko; compatible; GPTBot/1.2; +https://openai.com/gptbot)"
216.73.216.147 - - [07/Nov/2025:00:46:18 +0000] "GET /entity/58097067.htm/ HTTP/1.1" 200 45435 "https://datainsightnow.com/entity/58097067.htm" "Mozilla/5.0 AppleWebKit/537.36 (KHTML, like Gecko; compatible; ClaudeBot/1.0; +claudebot@anthropic.com)"
57.141.0.39 - - [07/Nov/2025:00:46:18 +0000] "GET /karamba-spielsaal-erfahrungen-angeschlossen-testbericht-werfen-sie-einen-blick-auf-den-link-within-2025-pro-teutonia/?path=//sys/class/pci_bus/0000:0d/subsystem/0000:11/subsystem/0000:0e/subsystem/0000:01/subsystem HTTP/1.1" 200 262264 "-" "meta-externalagent/1.1 (+https://developers.facebook.com/docs/sharing/webmasters/crawler)"
74.7.227.154 - - [07/Nov/2025:00:46:20 +0000] "GET /entity/171987657.htm HTTP/1.1" 301 5 "-" "Mozilla/5.0 AppleWebKit/537.36 (KHTML, like Gecko; compatible; GPTBot/1.2; +https://openai.com/gptbot)"
216.73.216.147 - - [07/Nov/2025:00:46:20 +0000] "GET /entity/10525497.htm HTTP/1.1" 301 5 "-" "Mozilla/5.0 AppleWebKit/537.36 (KHTML, like Gecko; compatible; ClaudeBot/1.0; +claudebot@anthropic.com)"
216.73.216.147 - - [07/Nov/2025:00:46:21 +0000] "GET /entity/10525497.htm/ HTTP/1.1" 200 45435 "https://datainsightnow.com/entity/10525497.htm" "Mozilla/5.0 AppleWebKit/537.36 (KHTML, like Gecko; compatible; ClaudeBot/1.0; +claudebot@anthropic.com)"
74.7.227.154 - - [07/Nov/2025:00:46:21 +0000] "GET /entity/171987657.htm/ HTTP/1.1" 200 45435 "-" "Mozilla/5.0 AppleWebKit/537.36 (KHTML, like Gecko; compatible; GPTBot/1.2; +https://openai.com/gptbot)"
57.141.0.52 - - [07/Nov/2025:00:46:22 +0000] "GET /nacin-kako-uporabljate-globe-wagering-najboljsa-knjiga/?fileloc=//sys/class/pci_bus/0000:0a/subsystem/0000:04/device/driver/0000:00:02.3/driver_override&path=//sys/class/pci_bus/0000:0a/subsystem/0000:04/device/driver/0000:00:02.3 HTTP/1.1" 200 262216 "-" "meta-externalagent/1.1 (+https://developers.facebook.com/docs/sharing/webmasters/crawler)"
57.141.0.47 - - [07/Nov/2025:00:46:22 +0000] "GET /2025/03/07/page/6/?path=//sys/class/pci_bus/0000:13/subsystem/0000:0b/device/driver/0000:00:02.4/subsystem/slots/0-13 HTTP/1.1" 200 262216 "-" "meta-externalagent/1.1 (+https://developers.facebook.com/docs/sharing/webmasters/crawler)"
57.141.0.9 - - [07/Nov/2025:00:46:23 +0000] "GET /2025/03/07/page/6/?path=//sys/class/pci_bus/0000:05/subsystem/0000:0b/subsystem/0000:00/device/0000:00:03.2/driver/0000:00:03.0/driver/0000:00:02.7/pci_bus HTTP/1.1" 200 262216 "-" "meta-externalagent/1.1 (+https://developers.facebook.com/docs/sharing/webmasters/crawler)"
217.113.194.56 - - [07/Nov/2025:00:46:23 +0000] "GET /privacy/?fileloc=/opt/wpsites/datainsightnow.com/wp-includes/ID3/license.commercial.txt&path=/opt/wpsites/datainsightnow.com/wp-includes/ID3 HTTP/1.1" 200 45435 "-" "Mozilla/5.0 (compatible; Barkrowler/0.9; +https://babbar.tech/crawler)"
216.73.216.147 - - [07/Nov/2025:00:46:23 +0000] "GET /entity/99391244.htm HTTP/1.1" 301 5 "-" "Mozilla/5.0 AppleWebKit/537.36 (KHTML, like Gecko; compatible; ClaudeBot/1.0; +claudebot@anthropic.com)"
74.7.227.154 - - [07/Nov/2025:00:46:23 +0000] "GET /entity/172175948.htm HTTP/1.1" 301 5 "-" "Mozilla/5.0 AppleWebKit/537.36 (KHTML, like Gecko; compatible; GPTBot/1.2; +https://openai.com/gptbot)"
216.73.216.147 - - [07/Nov/2025:00:46:24 +0000] "GET /entity/99391244.htm/ HTTP/1.1" 200 45435 "https://datainsightnow.com/entity/99391244.htm" "Mozilla/5.0 AppleWebKit/537.36 (KHTML, like Gecko; compatible; ClaudeBot/1.0; +claudebot@anthropic.com)"
74.7.227.154 - - [07/Nov/2025:00:46:24 +0000] "GET /entity/172175948.htm/ HTTP/1.1" 200 45435 "-" "Mozilla/5.0 AppleWebKit/537.36 (KHTML, like Gecko; compatible; GPTBot/1.2; +https://openai.com/gptbot)"
216.73.216.147 - - [07/Nov/2025:00:46:26 +0000] "GET /entity/123679228.htm HTTP/1.1" 301 5 "-" "Mozilla/5.0 AppleWebKit/537.36 (KHTML, like Gecko; compatible; ClaudeBot/1.0; +claudebot@anthropic.com)"
216.73.216.147 - - [07/Nov/2025:00:46:26 +0000] "GET /entity/123679228.htm/ HTTP/1.1" 200 45435 "https://datainsightnow.com/entity/123679228.htm" "Mozilla/5.0 AppleWebKit/537.36 (KHTML, like Gecko; compatible; ClaudeBot/1.0; +claudebot@anthropic.com)"
216.73.216.147 - - [07/Nov/2025:00:46:29 +0000] "GET /entity/583997342.htm HTTP/1.1" 301 5 "-" "Mozilla/5.0 AppleWebKit/537.36 (KHTML, like Gecko; compatible; ClaudeBot/1.0; +claudebot@anthropic.com)"
74.7.227.154 - - [07/Nov/2025:00:46:29 +0000] "GET /entity/172055258.htm HTTP/1.1" 301 5 "-" "Mozilla/5.0 AppleWebKit/537.36 (KHTML, like Gecko; compatible; GPTBot/1.2; +https://openai.com/gptbot)"
57.141.0.40 - - [07/Nov/2025:00:46:31 +0000] "GET /2025/03/06/page/39/?fileloc=//sys/class/pci_bus/0000:10/subsystem/0000:0c/subsystem/0000:00/subsystem/0000:02/power/runtime_status&path=//sys/class/pci_bus/0000:10/subsystem/0000:0c/subsystem/0000:00/subsystem/0000:02/power HTTP/1.1" 200 262264 "-" "meta-externalagent/1.1 (+https://developers.facebook.com/docs/sharing/webmasters/crawler)"
216.73.216.147 - - [07/Nov/2025:00:46:31 +0000] "GET /entity/583997342.htm/ HTTP/1.1" 200 45435 "https://datainsightnow.com/entity/583997342.htm" "Mozilla/5.0 AppleWebKit/537.36 (KHTML, like Gecko; compatible; ClaudeBot/1.0; +claudebot@anthropic.com)"
74.7.227.154 - - [07/Nov/2025:00:46:31 +0000] "GET /entity/172055258.htm/ HTTP/1.1" 200 45435 "-" "Mozilla/5.0 AppleWebKit/537.36 (KHTML, like Gecko; compatible; GPTBot/1.2; +https://openai.com/gptbot)"
57.141.0.27 - - [07/Nov/2025:00:46:32 +0000] "GET /2025/03/07/page/6/?fileloc=//sys/class/pci_bus/0000:0d/subsystem/0000:0c/subsystem/0000:06/subsystem/0000:0b/power/autosuspend_delay_ms&path=//sys/class/pci_bus/0000:0d/subsystem/0000:0c/subsystem/0000:06/subsystem/0000:0b/power HTTP/1.1" 200 262264 "-" "meta-externalagent/1.1 (+https://developers.facebook.com/docs/sharing/webmasters/crawler)"
57.141.0.50 - - [07/Nov/2025:00:46:32 +0000] "GET /2025/03/07/page/6/?fileloc=//sys/class/pci_bus/0000:04/subsystem/0000:0d/subsystem/0000:06/subsystem/0000:08/device/current_link_speed&path=//sys/class/pci_bus/0000:04/subsystem/0000:0d/subsystem/0000:06/subsystem/0000:08/device HTTP/1.1" 200 262264 "-" "meta-externalagent/1.1 (+https://developers.facebook.com/docs/sharing/webmasters/crawler)"
216.73.216.147 - - [07/Nov/2025:00:46:32 +0000] "GET /entity/305310758.htm HTTP/1.1" 301 5 "-" "Mozilla/5.0 AppleWebKit/537.36 (KHTML, like Gecko; compatible; ClaudeBot/1.0; +claudebot@anthropic.com)"
216.73.216.147 - - [07/Nov/2025:00:46:32 +0000] "GET /entity/305310758.htm/ HTTP/1.1" 200 45435 "https://datainsightnow.com/entity/305310758.htm" "Mozilla/5.0 AppleWebKit/537.36 (KHTML, like Gecko; compatible; ClaudeBot/1.0; +claudebot@anthropic.com)"
74.7.227.154 - - [07/Nov/2025:00:46:33 +0000] "GET /entity/172116372.htm HTTP/1.1" 301 5 "-" "Mozilla/5.0 AppleWebKit/537.36 (KHTML, like Gecko; compatible; GPTBot/1.2; +https://openai.com/gptbot)"
66.249.65.98 - - [07/Nov/2025:00:46:34 +0000] "GET /?548685545?entity=0546567326 HTTP/1.1" 200 31354 "-" "Mozilla/5.0 (Linux; Android 6.0.1; Nexus 5X Build/MMB29P) AppleWebKit/537.36 (KHTML, like Gecko) Chrome/141.0.7390.122 Mobile Safari/537.36 (compatible; Googlebot/2.1; +http://www.google.com/bot.html)"
74.7.227.154 - - [07/Nov/2025:00:46:34 +0000] "GET /entity/172116372.htm/ HTTP/1.1" 200 45435 "-" "Mozilla/5.0 AppleWebKit/537.36 (KHTML, like Gecko; compatible; GPTBot/1.2; +https://openai.com/gptbot)"
216.73.216.147 - - [07/Nov/2025:00:46:35 +0000] "GET /entity/578484788.htm HTTP/1.1" 301 5 "-" "Mozilla/5.0 AppleWebKit/537.36 (KHTML, like Gecko; compatible; ClaudeBot/1.0; +claudebot@anthropic.com)"
74.7.227.154 - - [07/Nov/2025:00:46:36 +0000] "GET /entity/172138652.htm HTTP/1.1" 301 5 "-" "Mozilla/5.0 AppleWebKit/537.36 (KHTML, like Gecko; compatible; GPTBot/1.2; +https://openai.com/gptbot)"
216.73.216.147 - - [07/Nov/2025:00:46:36 +0000] "GET /entity/578484788.htm/ HTTP/1.1" 200 45435 "https://datainsightnow.com/entity/578484788.htm" "Mozilla/5.0 AppleWebKit/537.36 (KHTML, like Gecko; compatible; ClaudeBot/1.0; +claudebot@anthropic.com)"
57.141.0.55 - - [07/Nov/2025:00:46:36 +0000] "GET /2025/03/06/page/39/?fileloc=//sys/class/pci_bus/0000:0b/subsystem/0000:06/subsystem/0000:12/device/driver/0000:00:03.2/driver/0000:00:03.3/irq&path=//sys/class/pci_bus/0000:0b/subsystem/0000:06/subsystem/0000:12/device/driver/0000:00:03.2/driver/0000:00:03.3 HTTP/1.1" 200 262264 "-" "meta-externalagent/1.1 (+https://developers.facebook.com/docs/sharing/webmasters/crawler)"
74.7.227.154 - - [07/Nov/2025:00:46:37 +0000] "GET /entity/172138652.htm/ HTTP/1.1" 200 45435 "-" "Mozilla/5.0 AppleWebKit/537.36 (KHTML, like Gecko; compatible; GPTBot/1.2; +https://openai.com/gptbot)"
57.141.0.35 - - [07/Nov/2025:00:46:37 +0000] "GET /karamba-spielsaal-erfahrungen-angeschlossen-testbericht-werfen-sie-einen-blick-auf-den-link-within-2025-pro-teutonia/?fileloc=//sys/class/pci_bus/0000:06/subsystem/0000:0d/subsystem/0000:09/subsystem/0000:0a/device/driver/0000:00:02.2/0000:04:00.0/irq&path=//sys/class/pci_bus/0000:06/subsystem/0000:0d/subsystem/0000:09/subsystem/0000:0a/device/driver/0000:00:02.2/0000:04:00.0 HTTP/1.1" 200 262264 "-" "meta-externalagent/1.1 (+https://developers.facebook.com/docs/sharing/webmasters/crawler)"
57.141.0.50 - - [07/Nov/2025:00:46:37 +0000] "GET /2025/03/07/page/6/?fileloc=//sys/bus/acpi/devices/device:27/physical_node/usb1/1-0:1.0/usb1-port1/state&path=//sys/bus/acpi/devices/device:27/physical_node/usb1/1-0:1.0/usb1-port1 HTTP/1.1" 200 262264 "-" "meta-externalagent/1.1 (+https://developers.facebook.com/docs/sharing/webmasters/crawler)"
216.73.216.147 - - [07/Nov/2025:00:46:38 +0000] "GET /entity/536635827.htm HTTP/1.1" 301 5 "-" "Mozilla/5.0 AppleWebKit/537.36 (KHTML, like Gecko; compatible; ClaudeBot/1.0; +claudebot@anthropic.com)"
216.73.216.147 - - [07/Nov/2025:00:46:39 +0000] "GET /entity/536635827.htm/ HTTP/1.1" 200 45435 "https://datainsightnow.com/entity/536635827.htm" "Mozilla/5.0 AppleWebKit/537.36 (KHTML, like Gecko; compatible; ClaudeBot/1.0; +claudebot@anthropic.com)"
85.208.96.201 - - [07/Nov/2025:00:46:39 +0000] "GET /?p=43231 HTTP/1.1" 200 44081 "-" "Mozilla/5.0 (compatible; SemrushBot/7~bl; +http://www.semrush.com/bot.html)"
74.7.227.154 - - [07/Nov/2025:00:46:39 +0000] "GET /entity/172079076.htm HTTP/1.1" 301 5 "-" "Mozilla/5.0 AppleWebKit/537.36 (KHTML, like Gecko; compatible; GPTBot/1.2; +https://openai.com/gptbot)"
74.7.227.154 - - [07/Nov/2025:00:46:39 +0000] "GET /entity/172079076.htm/ HTTP/1.1" 200 45435 "-" "Mozilla/5.0 AppleWebKit/537.36 (KHTML, like Gecko; compatible; GPTBot/1.2; +https://openai.com/gptbot)"
216.73.216.147 - - [07/Nov/2025:00:46:41 +0000] "GET /entity/522402486.htm HTTP/1.1" 301 5 "-" "Mozilla/5.0 AppleWebKit/537.36 (KHTML, like Gecko; compatible; ClaudeBot/1.0; +claudebot@anthropic.com)"
216.73.216.147 - - [07/Nov/2025:00:46:41 +0000] "GET /entity/522402486.htm/ HTTP/1.1" 200 45435 "https://datainsightnow.com/entity/522402486.htm" "Mozilla/5.0 AppleWebKit/537.36 (KHTML, like Gecko; compatible; ClaudeBot/1.0; +claudebot@anthropic.com)"
57.141.0.63 - - [07/Nov/2025:00:46:42 +0000] "GET /2025/03/06/page/39/?path=//sys/class/pci_bus/0000:01/subsystem/0000:05/device/driver/0000:00:03.2/driver/0000:00:02.2/0000:04:00.0 HTTP/1.1" 200 262209 "-" "meta-externalagent/1.1 (+https://developers.facebook.com/docs/sharing/webmasters/crawler)"
74.7.227.154 - - [07/Nov/2025:00:46:43 +0000] "GET /entity/172174398.htm HTTP/1.1" 301 5 "-" "Mozilla/5.0 AppleWebKit/537.36 (KHTML, like Gecko; compatible; GPTBot/1.2; +https://openai.com/gptbot)"
217.113.194.61 - - [07/Nov/2025:00:46:43 +0000] "GET /privacy/?fileloc=/opt/wpsites/datainsightnow.com/wp-includes/css/wp-auth-check-rtl.css&path=/opt/wpsites/datainsightnow.com/wp-includes/css HTTP/1.1" 200 45435 "-" "Mozilla/5.0 (compatible; Barkrowler/0.9; +https://babbar.tech/crawler)"
74.7.227.154 - - [07/Nov/2025:00:46:43 +0000] "GET /entity/172174398.htm/ HTTP/1.1" 200 45435 "-" "Mozilla/5.0 AppleWebKit/537.36 (KHTML, like Gecko; compatible; GPTBot/1.2; +https://openai.com/gptbot)"
216.73.216.147 - - [07/Nov/2025:00:46:44 +0000] "GET /entity/695676594.htm HTTP/1.1" 301 5 "-" "Mozilla/5.0 AppleWebKit/537.36 (KHTML, like Gecko; compatible; ClaudeBot/1.0; +claudebot@anthropic.com)"
216.73.216.147 - - [07/Nov/2025:00:46:44 +0000] "GET /entity/695676594.htm/ HTTP/1.1" 200 45435 "https://datainsightnow.com/entity/695676594.htm" "Mozilla/5.0 AppleWebKit/537.36 (KHTML, like Gecko; compatible; ClaudeBot/1.0; +claudebot@anthropic.com)"
74.7.227.154 - - [07/Nov/2025:00:46:45 +0000] "GET /entity/172064572.htm HTTP/1.1" 301 5 "-" "Mozilla/5.0 AppleWebKit/537.36 (KHTML, like Gecko; compatible; GPTBot/1.2; +https://openai.com/gptbot)"
74.7.227.154 - - [07/Nov/2025:00:46:46 +0000] "GET /entity/172064572.htm/ HTTP/1.1" 200 45435 "-" "Mozilla/5.0 AppleWebKit/537.36 (KHTML, like Gecko; compatible; GPTBot/1.2; +https://openai.com/gptbot)"
57.141.0.49 - - [07/Nov/2025:00:46:46 +0000] "GET /2025/03/06/page/39/?path=//sys/class/pci_bus/0000:0b/subsystem/0000:06/subsystem/0000:0c/subsystem/0000:03/device/firmware_node/device:18 HTTP/1.1" 200 262215 "-" "meta-externalagent/1.1 (+https://developers.facebook.com/docs/sharing/webmasters/crawler)"
216.73.216.147 - - [07/Nov/2025:00:46:47 +0000] "GET /entity/271602163.htm HTTP/1.1" 301 5 "-" "Mozilla/5.0 AppleWebKit/537.36 (KHTML, like Gecko; compatible; ClaudeBot/1.0; +claudebot@anthropic.com)"
216.73.216.147 - - [07/Nov/2025:00:46:47 +0000] "GET /entity/271602163.htm/ HTTP/1.1" 200 45435 "https://datainsightnow.com/entity/271602163.htm" "Mozilla/5.0 AppleWebKit/537.36 (KHTML, like Gecko; compatible; ClaudeBot/1.0; +claudebot@anthropic.com)"
57.141.0.66 - - [07/Nov/2025:00:46:49 +0000] "GET /karamba-spielsaal-erfahrungen-angeschlossen-testbericht-werfen-sie-einen-blick-auf-den-link-within-2025-pro-teutonia/?path=//sys/class/pci_bus/0000:0f/subsystem/0000:07/subsystem/0000:04/device/pci_bus HTTP/1.1" 200 262264 "-" "meta-externalagent/1.1 (+https://developers.facebook.com/docs/sharing/webmasters/crawler)"
66.135.21.75 - - [07/Nov/2025:00:46:50 +0000] "POST /wp-cron.php?doing_wp_cron=1762476410.3474988937377929687500 HTTP/1.1" 200 31 "-" "WordPress/6.3.1; https://datainsightnow.com"
216.73.216.147 - - [07/Nov/2025:00:46:50 +0000] "GET /entity/831591243.htm HTTP/1.1" 301 5 "-" "Mozilla/5.0 AppleWebKit/537.36 (KHTML, like Gecko; compatible; ClaudeBot/1.0; +claudebot@anthropic.com)"
216.73.216.147 - - [07/Nov/2025:00:46:50 +0000] "GET /entity/831591243.htm/ HTTP/1.1" 200 45435 "https://datainsightnow.com/entity/831591243.htm" "Mozilla/5.0 AppleWebKit/537.36 (KHTML, like Gecko; compatible; ClaudeBot/1.0; +claudebot@anthropic.com)"
57.141.0.37 - - [07/Nov/2025:00:46:51 +0000] "GET /2025/03/07/page/6/?path=//sys/class/pci_bus/0000:05/subsystem/0000:0b/device/driver/0000:00:03.2/driver/0000:00:02.6/msi_irqs HTTP/1.1" 200 262264 "-" "meta-externalagent/1.1 (+https://developers.facebook.com/docs/sharing/webmasters/crawler)"
40.77.167.121 - - [07/Nov/2025:00:46:51 +0000] "GET /zhHant/product/surugaya/D1282841519?campaign_uid=f64d716db5e979ed2f947dbaf4296895b951ae7f HTTP/1.1" 200 30932 "-" "Mozilla/5.0 AppleWebKit/537.36 (KHTML, like Gecko; compatible; bingbot/2.0; +http://www.bing.com/bingbot.htm) Chrome/116.0.1938.76 Safari/537.36"
74.7.227.154 - - [07/Nov/2025:00:46:53 +0000] "GET /entity/171964090.htm HTTP/1.1" 301 5 "-" "Mozilla/5.0 AppleWebKit/537.36 (KHTML, like Gecko; compatible; GPTBot/1.2; +https://openai.com/gptbot)"
216.73.216.147 - - [07/Nov/2025:00:46:53 +0000] "GET /entity/10600864.htm HTTP/1.1" 301 5 "-" "Mozilla/5.0 AppleWebKit/537.36 (KHTML, like Gecko; compatible; ClaudeBot/1.0; +claudebot@anthropic.com)"
74.7.227.154 - - [07/Nov/2025:00:46:54 +0000] "GET /entity/171964090.htm/ HTTP/1.1" 200 45435 "-" "Mozilla/5.0 AppleWebKit/537.36 (KHTML, like Gecko; compatible; GPTBot/1.2; +https://openai.com/gptbot)"
57.141.0.37 - - [07/Nov/2025:00:46:54 +0000] "GET /2025/03/07/page/6/?fileloc=//sys/class/pci_bus/0000:11/device/driver/0000:00:02.3/driver/0000:00:02.6/subsystem/devices/0000:04:00.0/usb1/tx_lanes&path=//sys/class/pci_bus/0000:11/device/driver/0000:00:02.3/driver/0000:00:02.6/subsystem/devices/0000:04:00.0/usb1 HTTP/1.1" 200 262248 "-" "meta-externalagent/1.1 (+https://developers.facebook.com/docs/sharing/webmasters/crawler)"
216.73.216.147 - - [07/Nov/2025:00:46:54 +0000] "GET /entity/10600864.htm/ HTTP/1.1" 200 45435 "https://datainsightnow.com/entity/10600864.htm" "Mozilla/5.0 AppleWebKit/537.36 (KHTML, like Gecko; compatible; ClaudeBot/1.0; +claudebot@anthropic.com)"
57.141.0.13 - - [07/Nov/2025:00:46:55 +0000] "GET /2025/03/07/page/6/?fileloc=//sys/class/pci_bus/0000:05/subsystem/0000:04/device/0000:00:02.2:pcie010/subsystem/devices/0000:00:03.2:pcie001/driver/0000:00:02.7:pcie001/driver/uevent&path=//sys/class/pci_bus/0000:05/subsystem/0000:04/device/0000:00:02.2:pcie010/subsystem/devices/0000:00:03.2:pcie001/driver/0000:00:02.7:pcie001/driver HTTP/1.1" 200 262209 "-" "meta-externalagent/1.1 (+https://developers.facebook.com/docs/sharing/webmasters/crawler)"
216.73.216.147 - - [07/Nov/2025:00:46:56 +0000] "GET /entity/169021840.htm HTTP/1.1" 301 5 "-" "Mozilla/5.0 AppleWebKit/537.36 (KHTML, like Gecko; compatible; ClaudeBot/1.0; +claudebot@anthropic.com)"
74.7.227.154 - - [07/Nov/2025:00:46:56 +0000] "GET /entity/172112499.htm HTTP/1.1" 301 5 "-" "Mozilla/5.0 AppleWebKit/537.36 (KHTML, like Gecko; compatible; GPTBot/1.2; +https://openai.com/gptbot)"
216.73.216.147 - - [07/Nov/2025:00:46:57 +0000] "GET /entity/169021840.htm/ HTTP/1.1" 200 45435 "https://datainsightnow.com/entity/169021840.htm" "Mozilla/5.0 AppleWebKit/537.36 (KHTML, like Gecko; compatible; ClaudeBot/1.0; +claudebot@anthropic.com)"
57.141.0.69 - - [07/Nov/2025:00:46:58 +0000] "GET /2025/03/07/page/6/?fileloc=//sys/class/pci_bus/0000:05/subsystem/0000:11/subsystem/0000:00/subsystem/0000:00/device/0000:00:02.0/0000:01:00.0/power/runtime_status&path=//sys/class/pci_bus/0000:05/subsystem/0000:11/subsystem/0000:00/subsystem/0000:00/device/0000:00:02.0/0000:01:00.0/power HTTP/1.1" 200 262264 "-" "meta-externalagent/1.1 (+https://developers.facebook.com/docs/sharing/webmasters/crawler)"
57.141.0.75 - - [07/Nov/2025:00:46:58 +0000] "GET /karamba-spielsaal-erfahrungen-angeschlossen-testbericht-werfen-sie-einen-blick-auf-den-link-within-2025-pro-teutonia/?fileloc=//sys/class/pci_bus/0000:02/subsystem/0000:07/subsystem/0000:0b/device/driver/0000:00:03.1/resource0&path=//sys/class/pci_bus/0000:02/subsystem/0000:07/subsystem/0000:0b/device/driver/0000:00:03.1 HTTP/1.1" 200 262217 "-" "meta-externalagent/1.1 (+https://developers.facebook.com/docs/sharing/webmasters/crawler)"
74.7.227.154 - - [07/Nov/2025:00:46:58 +0000] "GET /entity/172112499.htm/ HTTP/1.1" 200 45435 "-" "Mozilla/5.0 AppleWebKit/537.36 (KHTML, like Gecko; compatible; GPTBot/1.2; +https://openai.com/gptbot)"
216.73.216.147 - - [07/Nov/2025:00:46:59 +0000] "GET /entity/195439850.htm HTTP/1.1" 301 5 "-" "Mozilla/5.0 AppleWebKit/537.36 (KHTML, like Gecko; compatible; ClaudeBot/1.0; +claudebot@anthropic.com)"
74.7.227.154 - - [07/Nov/2025:00:46:59 +0000] "GET /entity/172032727.htm HTTP/1.1" 301 5 "-" "Mozilla/5.0 AppleWebKit/537.36 (KHTML, like Gecko; compatible; GPTBot/1.2; +https://openai.com/gptbot)"
216.73.216.147 - - [07/Nov/2025:00:47:00 +0000] "GET /entity/195439850.htm/ HTTP/1.1" 200 45435 "https://datainsightnow.com/entity/195439850.htm" "Mozilla/5.0 AppleWebKit/537.36 (KHTML, like Gecko; compatible; ClaudeBot/1.0; +claudebot@anthropic.com)"
57.141.0.32 - - [07/Nov/2025:00:47:00 +0000] "GET /2025/03/05/page/6/?fileloc=//sys/class/pci_bus/0000:0c/device/driver/0000:00:03.6/driver/0000:00:03.1/driver/0000:00:02.1/max_link_speed&path=//sys/class/pci_bus/0000:0c/device/driver/0000:00:03.6/driver/0000:00:03.1/driver/0000:00:02.1 HTTP/1.1" 200 262209 "-" "meta-externalagent/1.1 (+https://developers.facebook.com/docs/sharing/webmasters/crawler)"
74.7.227.154 - - [07/Nov/2025:00:47:00 +0000] "GET /entity/172032727.htm/ HTTP/1.1" 200 45435 "-" "Mozilla/5.0 AppleWebKit/537.36 (KHTML, like Gecko; compatible; GPTBot/1.2; +https://openai.com/gptbot)"
57.141.0.1 - - [07/Nov/2025:00:47:01 +0000] "GET /karamba-spielsaal-erfahrungen-angeschlossen-testbericht-werfen-sie-einen-blick-auf-den-link-within-2025-pro-teutonia/?fileloc=//sys/class/pci_bus/0000:04/subsystem/0000:09/subsystem/0000:0b/subsystem/0000:01/device/power_state&path=//sys/class/pci_bus/0000:04/subsystem/0000:09/subsystem/0000:0b/subsystem/0000:01/device HTTP/1.1" 200 262215 "-" "meta-externalagent/1.1 (+https://developers.facebook.com/docs/sharing/webmasters/crawler)"
217.113.194.54 - - [07/Nov/2025:00:47:01 +0000] "GET /privacy/?fileloc=/opt/wpsites/datainsightnow.com/wp-includes/css/jquery-ui-dialog.min.css&path=/opt/wpsites/datainsightnow.com/wp-includes/css HTTP/1.1" 200 45435 "-" "Mozilla/5.0 (compatible; Barkrowler/0.9; +https://babbar.tech/crawler)"
216.73.216.147 - - [07/Nov/2025:00:47:02 +0000] "GET /entity/588137722.htm HTTP/1.1" 301 5 "-" "Mozilla/5.0 AppleWebKit/537.36 (KHTML, like Gecko; compatible; ClaudeBot/1.0; +claudebot@anthropic.com)"
216.73.216.147 - - [07/Nov/2025:00:47:02 +0000] "GET /entity/588137722.htm/ HTTP/1.1" 200 45435 "https://datainsightnow.com/entity/588137722.htm" "Mozilla/5.0 AppleWebKit/537.36 (KHTML, like Gecko; compatible; ClaudeBot/1.0; +claudebot@anthropic.com)"
189.37.66.131 - - [07/Nov/2025:00:47:03 +0000] "POST /xmlrpc.php HTTP/1.1" 200 415 "-" "Mozilla/5.0 (Windows NT 6.3; x64) AppleWebKit/537.36 (KHTML, like Gecko) Firefox/91.0.0.0 Safari/537.36"
216.73.216.147 - - [07/Nov/2025:00:47:05 +0000] "GET /entity/123817540.htm HTTP/1.1" 301 5 "-" "Mozilla/5.0 AppleWebKit/537.36 (KHTML, like Gecko; compatible; ClaudeBot/1.0; +claudebot@anthropic.com)"
216.73.216.147 - - [07/Nov/2025:00:47:05 +0000] "GET /entity/123817540.htm/ HTTP/1.1" 200 45435 "https://datainsightnow.com/entity/123817540.htm" "Mozilla/5.0 AppleWebKit/537.36 (KHTML, like Gecko; compatible; ClaudeBot/1.0; +claudebot@anthropic.com)"
74.7.227.154 - - [07/Nov/2025:00:47:07 +0000] "GET /entity/172115336.htm HTTP/1.1" 301 5 "-" "Mozilla/5.0 AppleWebKit/537.36 (KHTML, like Gecko; compatible; GPTBot/1.2; +https://openai.com/gptbot)"
74.7.227.154 - - [07/Nov/2025:00:47:07 +0000] "GET /entity/172115336.htm/ HTTP/1.1" 200 45435 "-" "Mozilla/5.0 AppleWebKit/537.36 (KHTML, like Gecko; compatible; GPTBot/1.2; +https://openai.com/gptbot)"
216.73.216.147 - - [07/Nov/2025:00:47:08 +0000] "GET /entity/10583262.htm HTTP/1.1" 301 5 "-" "Mozilla/5.0 AppleWebKit/537.36 (KHTML, like Gecko; compatible; ClaudeBot/1.0; +claudebot@anthropic.com)"
57.141.0.19 - - [07/Nov/2025:00:47:08 +0000] "GET /2025/03/07/page/6/?path=//sys/class/pci_bus/0000:10/subsystem/0000:02/device/driver/0000:00:02.4/0000:00:02.4:pcie002/subsystem HTTP/1.1" 200 262209 "-" "meta-externalagent/1.1 (+https://developers.facebook.com/docs/sharing/webmasters/crawler)"
216.73.216.147 - - [07/Nov/2025:00:47:09 +0000] "GET /entity/10583262.htm/ HTTP/1.1" 200 45435 "https://datainsightnow.com/entity/10583262.htm" "Mozilla/5.0 AppleWebKit/537.36 (KHTML, like Gecko; compatible; ClaudeBot/1.0; +claudebot@anthropic.com)"
57.141.0.33 - - [07/Nov/2025:00:47:09 +0000] "GET /nacin-kako-uporabljate-globe-wagering-najboljsa-knjiga/?path=//sys/dev/char/4:63/subsystem/tty41/subsystem/tty/subsystem/ttyS7 HTTP/1.1" 200 262215 "-" "meta-externalagent/1.1 (+https://developers.facebook.com/docs/sharing/webmasters/crawler)"
57.141.0.15 - - [07/Nov/2025:00:47:09 +0000] "GET /2025/03/06/page/39/?fileloc=//sys/class/pci_bus/0000:13/subsystem/0000:11/subsystem/0000:0e/subsystem/0000:04/device/current_link_width&path=//sys/class/pci_bus/0000:13/subsystem/0000:11/subsystem/0000:0e/subsystem/0000:04/device HTTP/1.1" 200 262264 "-" "meta-externalagent/1.1 (+https://developers.facebook.com/docs/sharing/webmasters/crawler)"
74.7.227.154 - - [07/Nov/2025:00:47:10 +0000] "GET /entity/172144354.htm HTTP/1.1" 301 5 "-" "Mozilla/5.0 AppleWebKit/537.36 (KHTML, like Gecko; compatible; GPTBot/1.2; +https://openai.com/gptbot)"
74.7.227.154 - - [07/Nov/2025:00:47:10 +0000] "GET /entity/172144354.htm/ HTTP/1.1" 200 45435 "-" "Mozilla/5.0 AppleWebKit/537.36 (KHTML, like Gecko; compatible; GPTBot/1.2; +https://openai.com/gptbot)"
216.73.216.147 - - [07/Nov/2025:00:47:11 +0000] "GET /entity/831557569.htm HTTP/1.1" 301 5 "-" "Mozilla/5.0 AppleWebKit/537.36 (KHTML, like Gecko; compatible; ClaudeBot/1.0; +claudebot@anthropic.com)"
216.73.216.147 - - [07/Nov/2025:00:47:11 +0000] "GET /entity/831557569.htm/ HTTP/1.1" 200 45435 "https://datainsightnow.com/entity/831557569.htm" "Mozilla/5.0 AppleWebKit/537.36 (KHTML, like Gecko; compatible; ClaudeBot/1.0; +claudebot@anthropic.com)"
114.119.153.242 - - [07/Nov/2025:00:47:12 +0000] "GET /zodiac-kasino-erfahrungen-2024-480-bonus-80-freispiele?path=//sys/dev/char/4:56/subsystem/ttyS1/subsystem/tty53 HTTP/1.1" 301 5 "https://datainsightnow.com/zodiac-kasino-erfahrungen-2024-480-bonus-80-freispiele/?path=//sys/dev/char/4%3A56/subsystem/ttyS1/subsystem" "Mozilla/5.0 (Linux; Android 7.0;) AppleWebKit/537.36 (KHTML, like Gecko) Mobile Safari/537.36 (compatible; PetalBot;+https://webmaster.petalsearch.com/site/petalbot)"
198.244.226.17 - - [07/Nov/2025:00:47:12 +0000] "GET /sitemap.xml HTTP/1.1" 200 4763 "-" "Mozilla/5.0 (compatible; AhrefsBot/7.0; +http://ahrefs.com/robot/)"
57.141.0.8 - - [07/Nov/2025:00:47:12 +0000] "GET /karamba-spielsaal-erfahrungen-angeschlossen-testbericht-werfen-sie-einen-blick-auf-den-link-within-2025-pro-teutonia/?path=//sys/class/pci_bus/0000:02/device/subsystem/drivers/pcieport/0000:00:02.3/0000:00:02.3:pcie001/driver/0000:00:02.2:pcie001/driver/0000:00:03.7:pcie001 HTTP/1.1" 200 262264 "-" "meta-externalagent/1.1 (+https://developers.facebook.com/docs/sharing/webmasters/crawler)"
74.7.227.154 - - [07/Nov/2025:00:47:12 +0000] "GET /entity/172027547.htm HTTP/1.1" 301 5 "-" "Mozilla/5.0 AppleWebKit/537.36 (KHTML, like Gecko; compatible; GPTBot/1.2; +https://openai.com/gptbot)"
74.7.227.154 - - [07/Nov/2025:00:47:13 +0000] "GET /entity/172027547.htm/ HTTP/1.1" 200 45435 "-" "Mozilla/5.0 AppleWebKit/537.36 (KHTML, like Gecko; compatible; GPTBot/1.2; +https://openai.com/gptbot)"
57.141.0.14 - - [07/Nov/2025:00:47:14 +0000] "GET /2025/03/07/page/6/?fileloc=//sys/class/pci_bus/0000:05/subsystem/0000:04/subsystem/0000:02/subsystem/0000:05/device/driver/0000:00:02.1/max_link_width&path=//sys/class/pci_bus/0000:05/subsystem/0000:04/subsystem/0000:02/subsystem/0000:05/device/driver/0000:00:02.1 HTTP/1.1" 200 262264 "-" "meta-externalagent/1.1 (+https://developers.facebook.com/docs/sharing/webmasters/crawler)"
216.73.216.147 - - [07/Nov/2025:00:47:14 +0000] "GET /entity/522428647.htm HTTP/1.1" 301 5 "-" "Mozilla/5.0 AppleWebKit/537.36 (KHTML, like Gecko; compatible; ClaudeBot/1.0; +claudebot@anthropic.com)"
114.119.153.242 - - [07/Nov/2025:00:47:14 +0000] "GET /zodiac-kasino-erfahrungen-2024-480-bonus-80-freispiele/?path=//sys/dev/char/4:56/subsystem/ttyS1/subsystem/tty53 HTTP/1.1" 200 45436 "https://datainsightnow.com/zodiac-kasino-erfahrungen-2024-480-bonus-80-freispiele/?path=//sys/dev/char/4%3A56/subsystem/ttyS1/subsystem" "Mozilla/5.0 (Linux; Android 7.0;) AppleWebKit/537.36 (KHTML, like Gecko) Mobile Safari/537.36 (compatible; PetalBot;+https://webmaster.petalsearch.com/site/petalbot)"
216.73.216.147 - - [07/Nov/2025:00:47:15 +0000] "GET /entity/522428647.htm/ HTTP/1.1" 200 45435 "https://datainsightnow.com/entity/522428647.htm" "Mozilla/5.0 AppleWebKit/537.36 (KHTML, like Gecko; compatible; ClaudeBot/1.0; +claudebot@anthropic.com)"
74.7.227.154 - - [07/Nov/2025:00:47:15 +0000] "GET /entity/172090733.htm HTTP/1.1" 301 5 "-" "Mozilla/5.0 AppleWebKit/537.36 (KHTML, like Gecko; compatible; GPTBot/1.2; +https://openai.com/gptbot)"
74.7.227.154 - - [07/Nov/2025:00:47:15 +0000] "GET /entity/172090733.htm/ HTTP/1.1" 200 45435 "-" "Mozilla/5.0 AppleWebKit/537.36 (KHTML, like Gecko; compatible; GPTBot/1.2; +https://openai.com/gptbot)"
216.73.216.147 - - [07/Nov/2025:00:47:17 +0000] "GET /entity/10665357.htm HTTP/1.1" 301 5 "-" "Mozilla/5.0 AppleWebKit/537.36 (KHTML, like Gecko; compatible; ClaudeBot/1.0; +claudebot@anthropic.com)"
216.73.216.147 - - [07/Nov/2025:00:47:18 +0000] "GET /entity/10665357.htm/ HTTP/1.1" 200 45435 "https://datainsightnow.com/entity/10665357.htm" "Mozilla/5.0 AppleWebKit/537.36 (KHTML, like Gecko; compatible; ClaudeBot/1.0; +claudebot@anthropic.com)"
74.7.227.154 - - [07/Nov/2025:00:47:18 +0000] "GET /entity/171995170.htm HTTP/1.1" 301 5 "-" "Mozilla/5.0 AppleWebKit/537.36 (KHTML, like Gecko; compatible; GPTBot/1.2; +https://openai.com/gptbot)"
57.141.0.8 - - [07/Nov/2025:00:47:18 +0000] "GET /karamba-spielsaal-erfahrungen-angeschlossen-testbericht-werfen-sie-einen-blick-auf-den-link-within-2025-pro-teutonia/?fileloc=//sys/class/pci_bus/0000:0b/subsystem/0000:02/subsystem/0000:02/subsystem/0000:03/subsystem/0000:0b/subsystem/0000:10/device/subordinate_bus_number&path=//sys/class/pci_bus/0000:0b/subsystem/0000:02/subsystem/0000:02/subsystem/0000:03/subsystem/0000:0b/subsystem/0000:10/device HTTP/1.1" 200 262209 "-" "meta-externalagent/1.1 (+https://developers.facebook.com/docs/sharing/webmasters/crawler)"
74.7.227.154 - - [07/Nov/2025:00:47:19 +0000] "GET /entity/171995170.htm/ HTTP/1.1" 200 45435 "-" "Mozilla/5.0 AppleWebKit/537.36 (KHTML, like Gecko; compatible; GPTBot/1.2; +https://openai.com/gptbot)"
66.249.65.99 - - [07/Nov/2025:00:47:19 +0000] "GET /?path=//sys/class/sound/card0/device/subsystem/devices/0000:00:02.2/driver/0000:00:03.4/driver/0000:00:03.1/subsystem/devices/0000:00:1f.2/subsystem/devices/0000:00:02.2/driver/0000:00:02.1/subsystem/slots/25 HTTP/1.1" 200 45436 "-" "Mozilla/5.0 (Linux; Android 6.0.1; Nexus 5X Build/MMB29P) AppleWebKit/537.36 (KHTML, like Gecko) Chrome/141.0.7390.122 Mobile Safari/537.36 (compatible; Googlebot/2.1; +http://www.google.com/bot.html)"
216.73.216.147 - - [07/Nov/2025:00:47:20 +0000] "GET /entity/305306090.htm HTTP/1.1" 301 5 "-" "Mozilla/5.0 AppleWebKit/537.36 (KHTML, like Gecko; compatible; ClaudeBot/1.0; +claudebot@anthropic.com)"
216.73.216.147 - - [07/Nov/2025:00:47:20 +0000] "GET /entity/305306090.htm/ HTTP/1.1" 200 45435 "https://datainsightnow.com/entity/305306090.htm" "Mozilla/5.0 AppleWebKit/537.36 (KHTML, like Gecko; compatible; ClaudeBot/1.0; +claudebot@anthropic.com)"
57.141.0.53 - - [07/Nov/2025:00:47:21 +0000] "GET /karamba-spielsaal-erfahrungen-angeschlossen-testbericht-werfen-sie-einen-blick-auf-den-link-within-2025-pro-teutonia/?path=//sys/class/pci_bus/0000:0b/subsystem/0000:0f/subsystem/0000:05/subsystem/0000:00/device/power HTTP/1.1" 200 262264 "-" "meta-externalagent/1.1 (+https://developers.facebook.com/docs/sharing/webmasters/crawler)"
217.113.194.57 - - [07/Nov/2025:00:47:22 +0000] "GET /privacy/?fileloc=/opt/wpsites/datainsightnow.com/wp-includes/css/wp-pointer-rtl.min.css&path=/opt/wpsites/datainsightnow.com/wp-includes/css HTTP/1.1" 200 45435 "-" "Mozilla/5.0 (compatible; Barkrowler/0.9; +https://babbar.tech/crawler)"
74.7.227.154 - - [07/Nov/2025:00:47:22 +0000] "GET /entity/172033492.htm HTTP/1.1" 301 5 "-" "Mozilla/5.0 AppleWebKit/537.36 (KHTML, like Gecko; compatible; GPTBot/1.2; +https://openai.com/gptbot)"
57.141.0.36 - - [07/Nov/2025:00:47:22 +0000] "GET /karamba-spielsaal-erfahrungen-angeschlossen-testbericht-werfen-sie-einen-blick-auf-den-link-within-2025-pro-teutonia/?fileloc=//sys/class/pci_bus/0000:03/subsystem/0000:06/subsystem/0000:0c/subsystem/0000:11/device/driver/new_id&path=//sys/class/pci_bus/0000:03/subsystem/0000:06/subsystem/0000:0c/subsystem/0000:11/device/driver HTTP/1.1" 200 262217 "-" "meta-externalagent/1.1 (+https://developers.facebook.com/docs/sharing/webmasters/crawler)"
57.141.0.51 - - [07/Nov/2025:00:47:23 +0000] "GET /2025/03/07/page/6/?path=//sys/class/pci_bus/0000:07/subsystem/0000:00/subsystem/0000:0f/device/driver/0000:00:02.2/power HTTP/1.1" 200 262217 "-" "meta-externalagent/1.1 (+https://developers.facebook.com/docs/sharing/webmasters/crawler)"
216.73.216.147 - - [07/Nov/2025:00:47:23 +0000] "GET /entity/99272104.htm HTTP/1.1" 301 5 "-" "Mozilla/5.0 AppleWebKit/537.36 (KHTML, like Gecko; compatible; ClaudeBot/1.0; +claudebot@anthropic.com)"
74.7.227.154 - - [07/Nov/2025:00:47:23 +0000] "GET /entity/172033492.htm/ HTTP/1.1" 200 45435 "-" "Mozilla/5.0 AppleWebKit/537.36 (KHTML, like Gecko; compatible; GPTBot/1.2; +https://openai.com/gptbot)"
57.141.0.68 - - [07/Nov/2025:00:47:24 +0000] "GET /karamba-spielsaal-erfahrungen-angeschlossen-testbericht-werfen-sie-einen-blick-auf-den-link-within-2025-pro-teutonia/?path=//sys/class/pci_bus/0000:0b/device/firmware_node/physical_node/driver/0000:00:02.0/0000:01:00.0/subsystem HTTP/1.1" 200 262248 "-" "meta-externalagent/1.1 (+https://developers.facebook.com/docs/sharing/webmasters/crawler)"
216.73.216.147 - - [07/Nov/2025:00:47:24 +0000] "GET /entity/99272104.htm/ HTTP/1.1" 200 45435 "https://datainsightnow.com/entity/99272104.htm" "Mozilla/5.0 AppleWebKit/537.36 (KHTML, like Gecko; compatible; ClaudeBot/1.0; +claudebot@anthropic.com)"
57.141.0.73 - - [07/Nov/2025:00:47:24 +0000] "GET /karamba-spielsaal-erfahrungen-angeschlossen-testbericht-werfen-sie-einen-blick-auf-den-link-within-2025-pro-teutonia/?fileloc=//sys/class/pci_bus/0000:06/subsystem/0000:05/subsystem/0000:0f/subsystem/0000:00/device/0000:00:03.2/firmware_node/physical_node/driver/remove_id&path=//sys/class/pci_bus/0000:06/subsystem/0000:05/subsystem/0000:0f/subsystem/0000:00/device/0000:00:03.2/firmware_node/physical_node/driver HTTP/1.1" 200 262264 "-" "meta-externalagent/1.1 (+https://developers.facebook.com/docs/sharing/webmasters/crawler)"
74.7.227.154 - - [07/Nov/2025:00:47:25 +0000] "GET /entity/172133994.htm HTTP/1.1" 301 5 "-" "Mozilla/5.0 AppleWebKit/537.36 (KHTML, like Gecko; compatible; GPTBot/1.2; +https://openai.com/gptbot)"
57.141.0.38 - - [07/Nov/2025:00:47:25 +0000] "GET /2025/03/07/page/6/?path=//sys/class/pci_bus/0000:0d/subsystem/0000:13/subsystem/0000:05/subsystem/0000:07/subsystem/0000:0a HTTP/1.1" 200 262209 "-" "meta-externalagent/1.1 (+https://developers.facebook.com/docs/sharing/webmasters/crawler)"
74.7.227.154 - - [07/Nov/2025:00:47:25 +0000] "GET /entity/172133994.htm/ HTTP/1.1" 200 45435 "-" "Mozilla/5.0 AppleWebKit/537.36 (KHTML, like Gecko; compatible; GPTBot/1.2; +https://openai.com/gptbot)"
216.73.216.147 - - [07/Nov/2025:00:47:26 +0000] "GET /entity/53855424.htm HTTP/1.1" 301 5 "-" "Mozilla/5.0 AppleWebKit/537.36 (KHTML, like Gecko; compatible; ClaudeBot/1.0; +claudebot@anthropic.com)"
216.73.216.147 - - [07/Nov/2025:00:47:26 +0000] "GET /entity/53855424.htm/ HTTP/1.1" 200 45435 "https://datainsightnow.com/entity/53855424.htm" "Mozilla/5.0 AppleWebKit/537.36 (KHTML, like Gecko; compatible; ClaudeBot/1.0; +claudebot@anthropic.com)"
57.141.0.40 - - [07/Nov/2025:00:47:27 +0000] "GET /karamba-spielsaal-erfahrungen-angeschlossen-testbericht-werfen-sie-einen-blick-auf-den-link-within-2025-pro-teutonia/?path=//sys/class/pci_bus/0000:08/subsystem/0000:0c/device/driver/0000:00:02.0/driver/0000:00:02.5/0000:00:02.5:pcie001/subsystem/devices/0000:00:04.1:pcie001 HTTP/1.1" 200 262264 "-" "meta-externalagent/1.1 (+https://developers.facebook.com/docs/sharing/webmasters/crawler)"
57.141.0.63 - - [07/Nov/2025:00:47:27 +0000] "GET /2025/03/07/page/6/?fileloc=//sys/class/pci_bus/0000:0f/subsystem/0000:10/subsystem/0000:12/device/driver/0000:00:02.0/max_link_speed&path=//sys/class/pci_bus/0000:0f/subsystem/0000:10/subsystem/0000:12/device/driver/0000:00:02.0 HTTP/1.1" 200 262264 "-" "meta-externalagent/1.1 (+https://developers.facebook.com/docs/sharing/webmasters/crawler)"
74.7.227.154 - - [07/Nov/2025:00:47:28 +0000] "GET /entity/172125957.htm HTTP/1.1" 301 5 "-" "Mozilla/5.0 AppleWebKit/537.36 (KHTML, like Gecko; compatible; GPTBot/1.2; +https://openai.com/gptbot)"
216.73.216.147 - - [07/Nov/2025:00:47:29 +0000] "GET /entity/871131221.htm HTTP/1.1" 301 5 "-" "Mozilla/5.0 AppleWebKit/537.36 (KHTML, like Gecko; compatible; ClaudeBot/1.0; +claudebot@anthropic.com)"
74.7.227.154 - - [07/Nov/2025:00:47:30 +0000] "GET /entity/172125957.htm/ HTTP/1.1" 200 45435 "-" "Mozilla/5.0 AppleWebKit/537.36 (KHTML, like Gecko; compatible; GPTBot/1.2; +https://openai.com/gptbot)"
57.141.0.49 - - [07/Nov/2025:00:47:30 +0000] "GET /karamba-spielsaal-erfahrungen-angeschlossen-testbericht-werfen-sie-einen-blick-auf-den-link-within-2025-pro-teutonia/?path=//sys/class/pci_bus/0000:0b/device/firmware_node/physical_node/driver/0000:00:03.1/driver/0000:00:02.3/0000:05:00.0 HTTP/1.1" 200 262264 "-" "meta-externalagent/1.1 (+https://developers.facebook.com/docs/sharing/webmasters/crawler)"
216.73.216.147 - - [07/Nov/2025:00:47:30 +0000] "GET /entity/871131221.htm/ HTTP/1.1" 200 45435 "https://datainsightnow.com/entity/871131221.htm" "Mozilla/5.0 AppleWebKit/537.36 (KHTML, like Gecko; compatible; ClaudeBot/1.0; +claudebot@anthropic.com)"
74.7.227.154 - - [07/Nov/2025:00:47:31 +0000] "GET /entity/172140724.htm HTTP/1.1" 301 5 "-" "Mozilla/5.0 AppleWebKit/537.36 (KHTML, like Gecko; compatible; GPTBot/1.2; +https://openai.com/gptbot)"
216.73.216.147 - - [07/Nov/2025:00:47:32 +0000] "GET /entity/195290666.htm HTTP/1.1" 301 5 "-" "Mozilla/5.0 AppleWebKit/537.36 (KHTML, like Gecko; compatible; ClaudeBot/1.0; +claudebot@anthropic.com)"
74.7.227.154 - - [07/Nov/2025:00:47:32 +0000] "GET /entity/172140724.htm/ HTTP/1.1" 200 45435 "-" "Mozilla/5.0 AppleWebKit/537.36 (KHTML, like Gecko; compatible; GPTBot/1.2; +https://openai.com/gptbot)"
216.73.216.147 - - [07/Nov/2025:00:47:32 +0000] "GET /entity/195290666.htm/ HTTP/1.1" 200 45435 "https://datainsightnow.com/entity/195290666.htm" "Mozilla/5.0 AppleWebKit/537.36 (KHTML, like Gecko; compatible; ClaudeBot/1.0; +claudebot@anthropic.com)"
57.141.0.38 - - [07/Nov/2025:00:47:33 +0000] "GET /2025/03/07/page/6/?path=//sys/class/pci_bus/0000:0f/subsystem/0000:06/subsystem/0000:00/subsystem/0000:0c/subsystem/0000:0f HTTP/1.1" 200 262264 "-" "meta-externalagent/1.1 (+https://developers.facebook.com/docs/sharing/webmasters/crawler)"
57.141.0.36 - - [07/Nov/2025:00:47:34 +0000] "GET /2025/03/07/page/6/?fileloc=//sys/class/pci_bus/0000:05/subsystem/0000:05/subsystem/0000:0f/subsystem/0000:0a/subsystem/0000:0f/subsystem/0000:0b/uevent&path=//sys/class/pci_bus/0000:05/subsystem/0000:05/subsystem/0000:0f/subsystem/0000:0a/subsystem/0000:0f/subsystem/0000:0b HTTP/1.1" 200 262216 "-" "meta-externalagent/1.1 (+https://developers.facebook.com/docs/sharing/webmasters/crawler)"
74.7.227.154 - - [07/Nov/2025:00:47:35 +0000] "GET /entity/172043340.htm HTTP/1.1" 301 5 "-" "Mozilla/5.0 AppleWebKit/537.36 (KHTML, like Gecko; compatible; GPTBot/1.2; +https://openai.com/gptbot)"
57.141.0.53 - - [07/Nov/2025:00:47:35 +0000] "GET /2025/03/06/page/39/?fileloc=//sys/class/pci_bus/0000:13/subsystem/0000:02/device/driver/0000:00:02.7/driver/0000:00:03.6/subsystem_device&path=//sys/class/pci_bus/0000:13/subsystem/0000:02/device/driver/0000:00:02.7/driver/0000:00:03.6 HTTP/1.1" 200 262264 "-" "meta-externalagent/1.1 (+https://developers.facebook.com/docs/sharing/webmasters/crawler)"
57.141.0.25 - - [07/Nov/2025:00:47:35 +0000] "GET /2025/03/07/page/6/?fileloc=//sys/class/pci_bus/0000:0e/subsystem/0000:0f/device/driver/0000:00:02.1/subsystem/slots/1/attention&path=//sys/class/pci_bus/0000:0e/subsystem/0000:0f/device/driver/0000:00:02.1/subsystem/slots/1 HTTP/1.1" 200 262209 "-" "meta-externalagent/1.1 (+https://developers.facebook.com/docs/sharing/webmasters/crawler)"
216.73.216.147 - - [07/Nov/2025:00:47:35 +0000] "GET /entity/536600091.htm HTTP/1.1" 301 5 "-" "Mozilla/5.0 AppleWebKit/537.36 (KHTML, like Gecko; compatible; ClaudeBot/1.0; +claudebot@anthropic.com)"
74.7.227.154 - - [07/Nov/2025:00:47:36 +0000] "GET /entity/172043340.htm/ HTTP/1.1" 200 45435 "-" "Mozilla/5.0 AppleWebKit/537.36 (KHTML, like Gecko; compatible; GPTBot/1.2; +https://openai.com/gptbot)"
216.73.216.147 - - [07/Nov/2025:00:47:36 +0000] "GET /entity/536600091.htm/ HTTP/1.1" 200 45435 "https://datainsightnow.com/entity/536600091.htm" "Mozilla/5.0 AppleWebKit/537.36 (KHTML, like Gecko; compatible; ClaudeBot/1.0; +claudebot@anthropic.com)"
74.7.227.154 - - [07/Nov/2025:00:47:38 +0000] "GET /entity/172044898.htm HTTP/1.1" 301 5 "-" "Mozilla/5.0 AppleWebKit/537.36 (KHTML, like Gecko; compatible; GPTBot/1.2; +https://openai.com/gptbot)"
216.73.216.147 - - [07/Nov/2025:00:47:38 +0000] "GET /entity/588093174.htm HTTP/1.1" 301 5 "-" "Mozilla/5.0 AppleWebKit/537.36 (KHTML, like Gecko; compatible; ClaudeBot/1.0; +claudebot@anthropic.com)"
74.7.227.154 - - [07/Nov/2025:00:47:38 +0000] "GET /entity/172044898.htm/ HTTP/1.1" 200 45435 "-" "Mozilla/5.0 AppleWebKit/537.36 (KHTML, like Gecko; compatible; GPTBot/1.2; +https://openai.com/gptbot)"
216.73.216.147 - - [07/Nov/2025:00:47:39 +0000] "GET /entity/588093174.htm/ HTTP/1.1" 200 45435 "https://datainsightnow.com/entity/588093174.htm" "Mozilla/5.0 AppleWebKit/537.36 (KHTML, like Gecko; compatible; ClaudeBot/1.0; +claudebot@anthropic.com)"
57.141.0.34 - - [07/Nov/2025:00:47:39 +0000] "GET /2025/03/07/page/6/?fileloc=//sys/class/pci_bus/0000:0b/subsystem/0000:0d/subsystem/0000:0f/subsystem/0000:03/subsystem/0000:04/device/device&path=//sys/class/pci_bus/0000:0b/subsystem/0000:0d/subsystem/0000:0f/subsystem/0000:03/subsystem/0000:04/device HTTP/1.1" 200 262264 "-" "meta-externalagent/1.1 (+https://developers.facebook.com/docs/sharing/webmasters/crawler)"
74.7.227.154 - - [07/Nov/2025:00:47:41 +0000] "GET /entity/172165586.htm HTTP/1.1" 301 5 "-" "Mozilla/5.0 AppleWebKit/537.36 (KHTML, like Gecko; compatible; GPTBot/1.2; +https://openai.com/gptbot)"
216.73.216.147 - - [07/Nov/2025:00:47:41 +0000] "GET /entity/305151728.htm HTTP/1.1" 301 5 "-" "Mozilla/5.0 AppleWebKit/537.36 (KHTML, like Gecko; compatible; ClaudeBot/1.0; +claudebot@anthropic.com)"
217.113.194.61 - - [07/Nov/2025:00:47:42 +0000] "GET /privacy/?fileloc=/opt/wpsites/datainsightnow.com/wp-includes/js/wp-list-revisions.min.js&path=/opt/wpsites/datainsightnow.com/wp-includes/js HTTP/1.1" 200 45435 "-" "Mozilla/5.0 (compatible; Barkrowler/0.9; +https://babbar.tech/crawler)"
74.7.227.154 - - [07/Nov/2025:00:47:42 +0000] "GET /entity/172165586.htm/ HTTP/1.1" 200 45435 "-" "Mozilla/5.0 AppleWebKit/537.36 (KHTML, like Gecko; compatible; GPTBot/1.2; +https://openai.com/gptbot)"
216.73.216.147 - - [07/Nov/2025:00:47:42 +0000] "GET /entity/305151728.htm/ HTTP/1.1" 200 45435 "https://datainsightnow.com/entity/305151728.htm" "Mozilla/5.0 AppleWebKit/537.36 (KHTML, like Gecko; compatible; ClaudeBot/1.0; +claudebot@anthropic.com)"
74.7.227.154 - - [07/Nov/2025:00:47:44 +0000] "GET /entity/172086852.htm HTTP/1.1" 301 5 "-" "Mozilla/5.0 AppleWebKit/537.36 (KHTML, like Gecko; compatible; GPTBot/1.2; +https://openai.com/gptbot)"
216.73.216.147 - - [07/Nov/2025:00:47:44 +0000] "GET /entity/305222435.htm HTTP/1.1" 301 5 "-" "Mozilla/5.0 AppleWebKit/537.36 (KHTML, like Gecko; compatible; ClaudeBot/1.0; +claudebot@anthropic.com)"
57.141.0.4 - - [07/Nov/2025:00:47:45 +0000] "GET /2025/03/07/page/6/?path=//sys/class/pci_bus/0000:05/subsystem/0000:0e/subsystem/0000:0d/subsystem/0000:06/subsystem/0000:12/subsystem/0000:0d/subsystem HTTP/1.1" 200 262248 "-" "meta-externalagent/1.1 (+https://developers.facebook.com/docs/sharing/webmasters/crawler)"
216.73.216.147 - - [07/Nov/2025:00:47:45 +0000] "GET /entity/305222435.htm/ HTTP/1.1" 200 45435 "https://datainsightnow.com/entity/305222435.htm" "Mozilla/5.0 AppleWebKit/537.36 (KHTML, like Gecko; compatible; ClaudeBot/1.0; +claudebot@anthropic.com)"
74.7.227.154 - - [07/Nov/2025:00:47:45 +0000] "GET /entity/172086852.htm/ HTTP/1.1" 200 45435 "-" "Mozilla/5.0 AppleWebKit/537.36 (KHTML, like Gecko; compatible; GPTBot/1.2; +https://openai.com/gptbot)"
57.141.0.50 - - [07/Nov/2025:00:47:46 +0000] "GET /2025/03/07/page/6/?fileloc=//sys/class/pci_bus/0000:0b/subsystem/0000:13/device/driver/0000:00:03.3/driver/0000:00:03.1/driver/0000:00:02.0/ari_enabled&path=//sys/class/pci_bus/0000:0b/subsystem/0000:13/device/driver/0000:00:03.3/driver/0000:00:03.1/driver/0000:00:02.0 HTTP/1.1" 200 262264 "-" "meta-externalagent/1.1 (+https://developers.facebook.com/docs/sharing/webmasters/crawler)"
216.73.216.147 - - [07/Nov/2025:00:47:50 +0000] "GET /entity/182610277.htm HTTP/1.1" 301 5 "-" "Mozilla/5.0 AppleWebKit/537.36 (KHTML, like Gecko; compatible; ClaudeBot/1.0; +claudebot@anthropic.com)"
74.7.227.154 - - [07/Nov/2025:00:47:50 +0000] "GET /entity/172099284.htm HTTP/1.1" 301 5 "-" "Mozilla/5.0 AppleWebKit/537.36 (KHTML, like Gecko; compatible; GPTBot/1.2; +https://openai.com/gptbot)"
66.135.21.75 - - [07/Nov/2025:00:47:51 +0000] "POST /wp-cron.php?doing_wp_cron=1762476470.8405680656433105468750 HTTP/1.1" 499 0 "-" "WordPress/6.3.1; https://datainsightnow.com"
