66.135.21.75 - - [07/Nov/2025:00:35:32 +0000] "POST /wp-cron.php?doing_wp_cron=1762475732.1213610172271728515625 HTTP/1.1" 200 31 "-" "WordPress/6.3.1; https://datainsightnow.com"
57.141.0.51 - - [07/Nov/2025:00:35:32 +0000] "GET /karamba-spielsaal-erfahrungen-angeschlossen-testbericht-werfen-sie-einen-blick-auf-den-link-within-2025-pro-teutonia/?fileloc=//sys/class/pci_bus/0000:06/subsystem/0000:01/subsystem/0000:0a/subsystem/0000:0e/subsystem/0000:08/subsystem/0000:03/uevent&path=//sys/class/pci_bus/0000:06/subsystem/0000:01/subsystem/0000:0a/subsystem/0000:0e/subsystem/0000:08/subsystem/0000:03 HTTP/1.1" 200 262216 "-" "meta-externalagent/1.1 (+https://developers.facebook.com/docs/sharing/webmasters/crawler)"
216.73.216.147 - - [07/Nov/2025:00:35:33 +0000] "GET /entity/274729588.htm HTTP/1.1" 301 5 "-" "Mozilla/5.0 AppleWebKit/537.36 (KHTML, like Gecko; compatible; ClaudeBot/1.0; +claudebot@anthropic.com)"
57.141.0.29 - - [07/Nov/2025:00:35:35 +0000] "GET /karamba-spielsaal-erfahrungen-angeschlossen-testbericht-werfen-sie-einen-blick-auf-den-link-within-2025-pro-teutonia/?path=//sys/class/pci_bus/0000:06/subsystem/0000:05/subsystem/0000:06/subsystem/0000:04/subsystem/0000:0e/subsystem/0000:09 HTTP/1.1" 200 262264 "-" "meta-externalagent/1.1 (+https://developers.facebook.com/docs/sharing/webmasters/crawler)"
74.7.227.154 - - [07/Nov/2025:00:35:35 +0000] "GET /entity/172062249.htm HTTP/1.1" 301 5 "-" "Mozilla/5.0 AppleWebKit/537.36 (KHTML, like Gecko; compatible; GPTBot/1.2; +https://openai.com/gptbot)"
216.73.216.147 - - [07/Nov/2025:00:35:35 +0000] "GET /entity/274729588.htm/ HTTP/1.1" 200 45435 "https://datainsightnow.com/entity/274729588.htm" "Mozilla/5.0 AppleWebKit/537.36 (KHTML, like Gecko; compatible; ClaudeBot/1.0; +claudebot@anthropic.com)"
3.214.176.44 - - [07/Nov/2025:00:35:35 +0000] "GET /real-currency-us-2025%E3%81%AE%E3%81%9F%E3%82%81%E3%81%AEweb%E4%B8%8A%E3%81%AE%E3%82%AE%E3%83%A3%E3%83%B3%E3%83%96%E3%83%AB%E3%83%96%E3%83%A9%E3%83%83%E3%82%AF%E3%82%B8%E3%83%A3%E3%83%83%E3%82%AF/?fileloc=//sys/class/tty/ttyS10/subsystem/ttyS6/subsystem/ttyS6/device/driver/serial8250:0.0/driver/serial8250:0.15/tty/ttyS15/close_delay&path=//sys/class/tty/ttyS10/subsystem/ttyS6/subsystem/ttyS6/device/driver/serial8250:0.0/driver/serial8250:0.15/tty/ttyS15 HTTP/1.1" 200 45435 "-" "Mozilla/5.0 AppleWebKit/537.36 (KHTML, like Gecko; compatible; Amazonbot/0.1; +https://developer.amazon.com/support/amazonbot) Chrome/119.0.6045.214 Safari/537.36"
57.141.0.63 - - [07/Nov/2025:00:35:35 +0000] "GET /2025/03/07/page/6/?fileloc=//sys/class/pci_bus/0000:05/subsystem/0000:00/subsystem/0000:0c/device/driver/0000:00:03.6/subsystem/drivers/bnxt_en/new_id&path=//sys/class/pci_bus/0000:05/subsystem/0000:00/subsystem/0000:0c/device/driver/0000:00:03.6/subsystem/drivers/bnxt_en HTTP/1.1" 200 262209 "-" "meta-externalagent/1.1 (+https://developers.facebook.com/docs/sharing/webmasters/crawler)"
74.7.227.154 - - [07/Nov/2025:00:35:36 +0000] "GET /entity/172062249.htm/ HTTP/1.1" 200 45435 "-" "Mozilla/5.0 AppleWebKit/537.36 (KHTML, like Gecko; compatible; GPTBot/1.2; +https://openai.com/gptbot)"
57.141.0.3 - - [07/Nov/2025:00:35:36 +0000] "GET /2025/03/06/page/39/?fileloc=//sys/class/pci_bus/0000:01/subsystem/0000:07/subsystem/0000:0f/subsystem/0000:04/device/modalias&path=//sys/class/pci_bus/0000:01/subsystem/0000:07/subsystem/0000:0f/subsystem/0000:04/device HTTP/1.1" 200 262264 "-" "meta-externalagent/1.1 (+https://developers.facebook.com/docs/sharing/webmasters/crawler)"
216.73.216.147 - - [07/Nov/2025:00:35:36 +0000] "GET /entity/274719226.htm HTTP/1.1" 301 5 "-" "Mozilla/5.0 AppleWebKit/537.36 (KHTML, like Gecko; compatible; ClaudeBot/1.0; +claudebot@anthropic.com)"
216.73.216.147 - - [07/Nov/2025:00:35:36 +0000] "GET /entity/274719226.htm/ HTTP/1.1" 200 45435 "https://datainsightnow.com/entity/274719226.htm" "Mozilla/5.0 AppleWebKit/537.36 (KHTML, like Gecko; compatible; ClaudeBot/1.0; +claudebot@anthropic.com)"
85.208.96.203 - - [07/Nov/2025:00:35:37 +0000] "GET /?p=12081 HTTP/1.1" 200 44206 "-" "Mozilla/5.0 (compatible; SemrushBot/7~bl; +http://www.semrush.com/bot.html)"
54.210.155.69 - - [07/Nov/2025:00:35:37 +0000] "GET /real-currency-us-2025%E3%81%AE%E3%81%9F%E3%82%81%E3%81%AEweb%E4%B8%8A%E3%81%AE%E3%82%AE%E3%83%A3%E3%83%B3%E3%83%96%E3%83%AB%E3%83%96%E3%83%A9%E3%83%83%E3%82%AF%E3%82%B8%E3%83%A3%E3%83%83%E3%82%AF/?fileloc=//sys/devices/pci0000:00/firmware_node/device:36/physical_node/driver/0000:00:03.4/subsystem/drivers/pcieport/0000:00:02.4/driver/0000:00:02.6/subsystem/resource_alignment&path=//sys/devices/pci0000:00/firmware_node/device:36/physical_node/driver/0000:00:03.4/subsystem/drivers/pcieport/0000:00:02.4/driver/0000:00:02.6/subsystem HTTP/1.1" 200 45435 "-" "Mozilla/5.0 AppleWebKit/537.36 (KHTML, like Gecko; compatible; Amazonbot/0.1; +https://developer.amazon.com/support/amazonbot) Chrome/119.0.6045.214 Safari/537.36"
74.7.227.154 - - [07/Nov/2025:00:35:39 +0000] "GET /entity/171987908.htm HTTP/1.1" 301 5 "-" "Mozilla/5.0 AppleWebKit/537.36 (KHTML, like Gecko; compatible; GPTBot/1.2; +https://openai.com/gptbot)"
216.73.216.147 - - [07/Nov/2025:00:35:39 +0000] "GET /entity/558829019.htm HTTP/1.1" 301 5 "-" "Mozilla/5.0 AppleWebKit/537.36 (KHTML, like Gecko; compatible; ClaudeBot/1.0; +claudebot@anthropic.com)"
74.7.227.154 - - [07/Nov/2025:00:35:40 +0000] "GET /entity/171987908.htm/ HTTP/1.1" 200 45435 "-" "Mozilla/5.0 AppleWebKit/537.36 (KHTML, like Gecko; compatible; GPTBot/1.2; +https://openai.com/gptbot)"
216.73.216.147 - - [07/Nov/2025:00:35:40 +0000] "GET /entity/558829019.htm/ HTTP/1.1" 200 45435 "https://datainsightnow.com/entity/558829019.htm" "Mozilla/5.0 AppleWebKit/537.36 (KHTML, like Gecko; compatible; ClaudeBot/1.0; +claudebot@anthropic.com)"
52.204.89.12 - - [07/Nov/2025:00:35:41 +0000] "GET /real-currency-us-2025%E3%81%AE%E3%81%9F%E3%82%81%E3%81%AEweb%E4%B8%8A%E3%81%AE%E3%82%AE%E3%83%A3%E3%83%B3%E3%83%96%E3%83%AB%E3%83%96%E3%83%A9%E3%83%83%E3%82%AF%E3%82%B8%E3%83%A3%E3%83%83%E3%82%AF/?fileloc=//sys/devices/pci0000:00/0000:00:03.5/subsystem/devices/0000:00:03.2/firmware_node/physical_node/driver/0000:00:02.0/0000:01:00.0/firmware_node/physical_node/driver/0000:01:00.0/modalias&path=//sys/devices/pci0000:00/0000:00:03.5/subsystem/devices/0000:00:03.2/firmware_node/physical_node/driver/0000:00:02.0/0000:01:00.0/firmware_node/physical_node/driver/0000:01:00.0 HTTP/1.1" 200 45435 "-" "Mozilla/5.0 AppleWebKit/537.36 (KHTML, like Gecko; compatible; Amazonbot/0.1; +https://developer.amazon.com/support/amazonbot) Chrome/119.0.6045.214 Safari/537.36"
74.7.227.154 - - [07/Nov/2025:00:35:41 +0000] "GET /entity/172056545.htm HTTP/1.1" 301 5 "-" "Mozilla/5.0 AppleWebKit/537.36 (KHTML, like Gecko; compatible; GPTBot/1.2; +https://openai.com/gptbot)"
74.7.227.154 - - [07/Nov/2025:00:35:42 +0000] "GET /entity/172056545.htm/ HTTP/1.1" 200 45435 "-" "Mozilla/5.0 AppleWebKit/537.36 (KHTML, like Gecko; compatible; GPTBot/1.2; +https://openai.com/gptbot)"
216.73.216.147 - - [07/Nov/2025:00:35:42 +0000] "GET /entity/353617105.htm HTTP/1.1" 301 5 "-" "Mozilla/5.0 AppleWebKit/537.36 (KHTML, like Gecko; compatible; ClaudeBot/1.0; +claudebot@anthropic.com)"
216.73.216.147 - - [07/Nov/2025:00:35:42 +0000] "GET /entity/353617105.htm/ HTTP/1.1" 200 45435 "https://datainsightnow.com/entity/353617105.htm" "Mozilla/5.0 AppleWebKit/537.36 (KHTML, like Gecko; compatible; ClaudeBot/1.0; +claudebot@anthropic.com)"
57.141.0.15 - - [07/Nov/2025:00:35:45 +0000] "GET /2025/03/07/page/6/?fileloc=//sys/class/pci_bus/0000:04/device/driver/0000:00:02.4/0000:00:02.4:pcie001/driver/0000:00:02.7:pcie001/uevent&path=//sys/class/pci_bus/0000:04/device/driver/0000:00:02.4/0000:00:02.4:pcie001/driver/0000:00:02.7:pcie001 HTTP/1.1" 200 262209 "-" "meta-externalagent/1.1 (+https://developers.facebook.com/docs/sharing/webmasters/crawler)"
216.73.216.147 - - [07/Nov/2025:00:35:45 +0000] "GET /entity/823567947.htm HTTP/1.1" 301 5 "-" "Mozilla/5.0 AppleWebKit/537.36 (KHTML, like Gecko; compatible; ClaudeBot/1.0; +claudebot@anthropic.com)"
184.72.95.195 - - [07/Nov/2025:00:35:45 +0000] "GET /real-currency-us-2025%E3%81%AE%E3%81%9F%E3%82%81%E3%81%AEweb%E4%B8%8A%E3%81%AE%E3%82%AE%E3%83%A3%E3%83%B3%E3%83%96%E3%83%AB%E3%83%96%E3%83%A9%E3%83%83%E3%82%AF%E3%82%B8%E3%83%A3%E3%83%83%E3%82%AF/?fileloc=//sys/dev/char/4:12/subsystem/ttyS4/subsystem/ttyS14/device/driver/serial8250:0.0/driver/serial8250:0.4/tty/ttyS4/xmit_fifo_size&path=//sys/dev/char/4:12/subsystem/ttyS4/subsystem/ttyS14/device/driver/serial8250:0.0/driver/serial8250:0.4/tty/ttyS4 HTTP/1.1" 200 45435 "-" "Mozilla/5.0 AppleWebKit/537.36 (KHTML, like Gecko; compatible; Amazonbot/0.1; +https://developer.amazon.com/support/amazonbot) Chrome/119.0.6045.214 Safari/537.36"
74.7.227.154 - - [07/Nov/2025:00:35:46 +0000] "GET /entity/172028583.htm HTTP/1.1" 301 5 "-" "Mozilla/5.0 AppleWebKit/537.36 (KHTML, like Gecko; compatible; GPTBot/1.2; +https://openai.com/gptbot)"
216.73.216.147 - - [07/Nov/2025:00:35:47 +0000] "GET /entity/823567947.htm/ HTTP/1.1" 200 45435 "https://datainsightnow.com/entity/823567947.htm" "Mozilla/5.0 AppleWebKit/537.36 (KHTML, like Gecko; compatible; ClaudeBot/1.0; +claudebot@anthropic.com)"
57.141.0.65 - - [07/Nov/2025:00:35:47 +0000] "GET /2025/03/07/page/6/?fileloc=//sys/class/pci_bus/0000:05/subsystem/0000:02/subsystem/0000:0f/subsystem/0000:02/subsystem/0000:05/device/0000:05:00.0/d3cold_allowed&path=//sys/class/pci_bus/0000:05/subsystem/0000:02/subsystem/0000:0f/subsystem/0000:02/subsystem/0000:05/device/0000:05:00.0 HTTP/1.1" 200 262215 "-" "meta-externalagent/1.1 (+https://developers.facebook.com/docs/sharing/webmasters/crawler)"
57.141.0.9 - - [07/Nov/2025:00:35:47 +0000] "GET /2025/03/07/page/6/?fileloc=//sys/class/pci_bus/0000:05/subsystem/0000:02/subsystem/0000:00/device/0000:00:02.4/driver/0000:00:03.1/driver/0000:00:02.2/power/wakeup_total_time_ms&path=//sys/class/pci_bus/0000:05/subsystem/0000:02/subsystem/0000:00/device/0000:00:02.4/driver/0000:00:03.1/driver/0000:00:02.2/power HTTP/1.1" 200 262264 "-" "meta-externalagent/1.1 (+https://developers.facebook.com/docs/sharing/webmasters/crawler)"
74.7.227.154 - - [07/Nov/2025:00:35:47 +0000] "GET /entity/172028583.htm/ HTTP/1.1" 200 45435 "-" "Mozilla/5.0 AppleWebKit/537.36 (KHTML, like Gecko; compatible; GPTBot/1.2; +https://openai.com/gptbot)"
216.73.216.147 - - [07/Nov/2025:00:35:48 +0000] "GET /entity/441983500.htm HTTP/1.1" 301 5 "-" "Mozilla/5.0 AppleWebKit/537.36 (KHTML, like Gecko; compatible; ClaudeBot/1.0; +claudebot@anthropic.com)"
216.73.216.147 - - [07/Nov/2025:00:35:48 +0000] "GET /entity/441983500.htm/ HTTP/1.1" 200 45435 "https://datainsightnow.com/entity/441983500.htm" "Mozilla/5.0 AppleWebKit/537.36 (KHTML, like Gecko; compatible; ClaudeBot/1.0; +claudebot@anthropic.com)"
74.7.227.154 - - [07/Nov/2025:00:35:49 +0000] "GET /entity/172129850.htm HTTP/1.1" 301 5 "-" "Mozilla/5.0 AppleWebKit/537.36 (KHTML, like Gecko; compatible; GPTBot/1.2; +https://openai.com/gptbot)"
57.141.0.54 - - [07/Nov/2025:00:35:50 +0000] "GET /karamba-spielsaal-erfahrungen-angeschlossen-testbericht-werfen-sie-einen-blick-auf-den-link-within-2025-pro-teutonia/?path=//sys/class/pci_bus/0000:0b/subsystem/0000:07/subsystem/0000:09/subsystem/0000:10/subsystem/0000:11/subsystem/0000:03 HTTP/1.1" 200 262264 "-" "meta-externalagent/1.1 (+https://developers.facebook.com/docs/sharing/webmasters/crawler)"
74.7.227.154 - - [07/Nov/2025:00:35:50 +0000] "GET /entity/172129850.htm/ HTTP/1.1" 200 45435 "-" "Mozilla/5.0 AppleWebKit/537.36 (KHTML, like Gecko; compatible; GPTBot/1.2; +https://openai.com/gptbot)"
66.135.21.75 - - [07/Nov/2025:00:35:51 +0000] "POST /wp-cron.php?doing_wp_cron=1762475751.1372599601745605468750 HTTP/1.1" 200 31 "-" "WordPress/6.3.1; https://datainsightnow.com"
216.73.216.147 - - [07/Nov/2025:00:35:51 +0000] "GET /entity/273351194.htm HTTP/1.1" 301 5 "-" "Mozilla/5.0 AppleWebKit/537.36 (KHTML, like Gecko; compatible; ClaudeBot/1.0; +claudebot@anthropic.com)"
217.113.194.213 - - [07/Nov/2025:00:35:52 +0000] "GET /about/?fileloc=/opt/wpsites/datainsightnow.com/wp-includes/css/admin-bar-rtl.min.css&path=/opt/wpsites/datainsightnow.com/wp-includes/css HTTP/1.1" 200 45435 "-" "Mozilla/5.0 (compatible; Barkrowler/0.9; +https://babbar.tech/crawler)"
57.141.0.33 - - [07/Nov/2025:00:35:52 +0000] "GET /2025/03/07/page/6/?fileloc=//sys/class/pci_bus/0000:05/subsystem/0000:11/subsystem/0000:13/subsystem/0000:0e/subsystem/0000:11/device/remove&path=//sys/class/pci_bus/0000:05/subsystem/0000:11/subsystem/0000:13/subsystem/0000:0e/subsystem/0000:11/device HTTP/1.1" 200 262209 "-" "meta-externalagent/1.1 (+https://developers.facebook.com/docs/sharing/webmasters/crawler)"
74.7.227.154 - - [07/Nov/2025:00:35:52 +0000] "GET /entity/172020546.htm HTTP/1.1" 301 5 "-" "Mozilla/5.0 AppleWebKit/537.36 (KHTML, like Gecko; compatible; GPTBot/1.2; +https://openai.com/gptbot)"
52.3.102.51 - - [07/Nov/2025:00:35:53 +0000] "GET /real-currency-us-2025%E3%81%AE%E3%81%9F%E3%82%81%E3%81%AEweb%E4%B8%8A%E3%81%AE%E3%82%AE%E3%83%A3%E3%83%B3%E3%83%96%E3%83%AB%E3%83%96%E3%83%A9%E3%83%83%E3%82%AF%E3%82%B8%E3%83%A3%E3%83%83%E3%82%AF/?fileloc=//sys/devices/pci0000:00/0000:00:03.5/driver/0000:00:04.1/pci_bus/0000:13/subsystem/0000:0e/subsystem/0000:0b/device/driver/0000:00:03.5/consistent_dma_mask_bits&path=//sys/devices/pci0000:00/0000:00:03.5/driver/0000:00:04.1/pci_bus/0000:13/subsystem/0000:0e/subsystem/0000:0b/device/driver/0000:00:03.5 HTTP/1.1" 200 45435 "-" "Mozilla/5.0 AppleWebKit/537.36 (KHTML, like Gecko; compatible; Amazonbot/0.1; +https://developer.amazon.com/support/amazonbot) Chrome/119.0.6045.214 Safari/537.36"
216.73.216.147 - - [07/Nov/2025:00:35:53 +0000] "GET /entity/273351194.htm/ HTTP/1.1" 200 45435 "https://datainsightnow.com/entity/273351194.htm" "Mozilla/5.0 AppleWebKit/537.36 (KHTML, like Gecko; compatible; ClaudeBot/1.0; +claudebot@anthropic.com)"
57.141.0.8 - - [07/Nov/2025:00:35:54 +0000] "GET /2025/03/07/page/6/?fileloc=//sys/class/pci_bus/0000:05/subsystem/0000:08/device/subsystem/drivers/mpt3sas/module/uevent&path=//sys/class/pci_bus/0000:05/subsystem/0000:08/device/subsystem/drivers/mpt3sas/module HTTP/1.1" 200 262264 "-" "meta-externalagent/1.1 (+https://developers.facebook.com/docs/sharing/webmasters/crawler)"
74.7.227.154 - - [07/Nov/2025:00:35:55 +0000] "GET /entity/172020546.htm/ HTTP/1.1" 200 45435 "-" "Mozilla/5.0 AppleWebKit/537.36 (KHTML, like Gecko; compatible; GPTBot/1.2; +https://openai.com/gptbot)"
57.141.0.1 - - [07/Nov/2025:00:35:55 +0000] "GET /2025/03/07/page/6/?fileloc=//sys/class/pci_bus/0000:0b/subsystem/0000:05/subsystem/0000:04/subsystem/0000:00/device/0000:00:02.1/driver/0000:00:02.4/power_state&path=//sys/class/pci_bus/0000:0b/subsystem/0000:05/subsystem/0000:04/subsystem/0000:00/device/0000:00:02.1/driver/0000:00:02.4 HTTP/1.1" 200 262216 "-" "meta-externalagent/1.1 (+https://developers.facebook.com/docs/sharing/webmasters/crawler)"
216.73.216.147 - - [07/Nov/2025:00:35:55 +0000] "GET /entity/273380714.htm HTTP/1.1" 301 5 "-" "Mozilla/5.0 AppleWebKit/537.36 (KHTML, like Gecko; compatible; ClaudeBot/1.0; +claudebot@anthropic.com)"
57.141.0.59 - - [07/Nov/2025:00:35:55 +0000] "GET /2025/03/07/page/6/?path=//sys/class/pci_bus/0000:09/subsystem/0000:0b/subsystem/0000:00/subsystem/0000:13/subsystem/0000:07/subsystem HTTP/1.1" 200 262209 "-" "meta-externalagent/1.1 (+https://developers.facebook.com/docs/sharing/webmasters/crawler)"
52.73.6.26 - - [07/Nov/2025:00:35:55 +0000] "GET /real-currency-us-2025%E3%81%AE%E3%81%9F%E3%82%81%E3%81%AEweb%E4%B8%8A%E3%81%AE%E3%82%AE%E3%83%A3%E3%83%B3%E3%83%96%E3%83%AB%E3%83%96%E3%83%A9%E3%83%83%E3%82%AF%E3%82%B8%E3%83%A3%E3%83%83%E3%82%AF/?fileloc=//sys/class/tty/tty58/subsystem/tty57/subsystem/tty4/uevent&path=//sys/class/tty/tty58/subsystem/tty57/subsystem/tty4 HTTP/1.1" 200 45435 "-" "Mozilla/5.0 AppleWebKit/537.36 (KHTML, like Gecko; compatible; Amazonbot/0.1; +https://developer.amazon.com/support/amazonbot) Chrome/119.0.6045.214 Safari/537.36"
57.141.0.66 - - [07/Nov/2025:00:35:56 +0000] "GET /karamba-spielsaal-erfahrungen-angeschlossen-testbericht-werfen-sie-einen-blick-auf-den-link-within-2025-pro-teutonia/?path=//sys/class/pci_bus/0000:0b/subsystem/0000:12/subsystem/0000:0a/subsystem/0000:10/device/0000:00:03.6:pcie002 HTTP/1.1" 200 262264 "-" "meta-externalagent/1.1 (+https://developers.facebook.com/docs/sharing/webmasters/crawler)"
216.73.216.147 - - [07/Nov/2025:00:35:56 +0000] "GET /entity/273380714.htm/ HTTP/1.1" 200 45435 "https://datainsightnow.com/entity/273380714.htm" "Mozilla/5.0 AppleWebKit/537.36 (KHTML, like Gecko; compatible; ClaudeBot/1.0; +claudebot@anthropic.com)"
216.73.216.147 - - [07/Nov/2025:00:35:57 +0000] "GET /entity/353556754.htm HTTP/1.1" 301 5 "-" "Mozilla/5.0 AppleWebKit/537.36 (KHTML, like Gecko; compatible; ClaudeBot/1.0; +claudebot@anthropic.com)"
216.73.216.147 - - [07/Nov/2025:00:35:57 +0000] "GET /entity/353556754.htm/ HTTP/1.1" 200 45435 "https://datainsightnow.com/entity/353556754.htm" "Mozilla/5.0 AppleWebKit/537.36 (KHTML, like Gecko; compatible; ClaudeBot/1.0; +claudebot@anthropic.com)"
85.208.96.203 - - [07/Nov/2025:00:35:58 +0000] "GET /?p=20143 HTTP/1.1" 200 42307 "-" "Mozilla/5.0 (compatible; SemrushBot/7~bl; +http://www.semrush.com/bot.html)"
57.141.0.48 - - [07/Nov/2025:00:35:59 +0000] "GET /karamba-spielsaal-erfahrungen-angeschlossen-testbericht-werfen-sie-einen-blick-auf-den-link-within-2025-pro-teutonia/?path=//sys/class/pci_bus/0000:06/subsystem/0000:0f/subsystem/0000:08/subsystem/0000:01/device/subsystem/devices/0000:00:04.1/pci_bus HTTP/1.1" 200 262264 "-" "meta-externalagent/1.1 (+https://developers.facebook.com/docs/sharing/webmasters/crawler)"
57.141.0.18 - - [07/Nov/2025:00:35:59 +0000] "GET /karamba-spielsaal-erfahrungen-angeschlossen-testbericht-werfen-sie-einen-blick-auf-den-link-within-2025-pro-teutonia/?path=//sys/class/pci_bus/0000:06/subsystem/0000:0f/subsystem/0000:00/device/0000:00:03.2/driver/0000:00:02.2/subsystem/slots HTTP/1.1" 200 262264 "-" "meta-externalagent/1.1 (+https://developers.facebook.com/docs/sharing/webmasters/crawler)"
74.7.227.154 - - [07/Nov/2025:00:35:59 +0000] "GET /entity/172026240.htm HTTP/1.1" 301 5 "-" "Mozilla/5.0 AppleWebKit/537.36 (KHTML, like Gecko; compatible; GPTBot/1.2; +https://openai.com/gptbot)"
57.141.0.56 - - [07/Nov/2025:00:35:59 +0000] "GET /2025/03/07/page/6/?path=//sys/class/pci_bus/0000:10/device/driver/0000:00:02.5/driver/0000:00:02.5/driver/0000:00:03.1/msi_irqs HTTP/1.1" 200 262209 "-" "meta-externalagent/1.1 (+https://developers.facebook.com/docs/sharing/webmasters/crawler)"
74.7.227.154 - - [07/Nov/2025:00:36:00 +0000] "GET /entity/172026240.htm/ HTTP/1.1" 200 45435 "-" "Mozilla/5.0 AppleWebKit/537.36 (KHTML, like Gecko; compatible; GPTBot/1.2; +https://openai.com/gptbot)"
216.73.216.147 - - [07/Nov/2025:00:36:00 +0000] "GET /entity/558712475.htm HTTP/1.1" 301 5 "-" "Mozilla/5.0 AppleWebKit/537.36 (KHTML, like Gecko; compatible; ClaudeBot/1.0; +claudebot@anthropic.com)"
216.73.216.147 - - [07/Nov/2025:00:36:01 +0000] "GET /entity/558712475.htm/ HTTP/1.1" 200 45435 "https://datainsightnow.com/entity/558712475.htm" "Mozilla/5.0 AppleWebKit/537.36 (KHTML, like Gecko; compatible; ClaudeBot/1.0; +claudebot@anthropic.com)"
216.244.66.243 - - [07/Nov/2025:00:36:01 +0000] "GET /?p=14906 HTTP/1.1" 200 184021 "-" "Mozilla/5.0 (compatible; DotBot/1.2; +https://opensiteexplorer.org/dotbot; help@moz.com)"
74.7.227.154 - - [07/Nov/2025:00:36:01 +0000] "GET /entity/172051887.htm HTTP/1.1" 301 5 "-" "Mozilla/5.0 AppleWebKit/537.36 (KHTML, like Gecko; compatible; GPTBot/1.2; +https://openai.com/gptbot)"
74.7.227.154 - - [07/Nov/2025:00:36:02 +0000] "GET /entity/172051887.htm/ HTTP/1.1" 200 45435 "-" "Mozilla/5.0 AppleWebKit/537.36 (KHTML, like Gecko; compatible; GPTBot/1.2; +https://openai.com/gptbot)"
57.141.0.57 - - [07/Nov/2025:00:36:03 +0000] "GET /2025/03/06/page/39/?path=//sys/class/pci_bus/0000:02/subsystem/0000:0f/device/0000:00:03.5:pcie010/subsystem/drivers/pcie_pme/0000:00:02.3:pcie001/driver HTTP/1.1" 200 262264 "-" "meta-externalagent/1.1 (+https://developers.facebook.com/docs/sharing/webmasters/crawler)"
74.7.227.154 - - [07/Nov/2025:00:36:04 +0000] "GET /entity/172176984.htm HTTP/1.1" 301 5 "-" "Mozilla/5.0 AppleWebKit/537.36 (KHTML, like Gecko; compatible; GPTBot/1.2; +https://openai.com/gptbot)"
216.73.216.147 - - [07/Nov/2025:00:36:04 +0000] "GET /entity/442157295.htm HTTP/1.1" 301 5 "-" "Mozilla/5.0 AppleWebKit/537.36 (KHTML, like Gecko; compatible; ClaudeBot/1.0; +claudebot@anthropic.com)"
74.7.227.154 - - [07/Nov/2025:00:36:04 +0000] "GET /entity/172176984.htm/ HTTP/1.1" 200 45435 "-" "Mozilla/5.0 AppleWebKit/537.36 (KHTML, like Gecko; compatible; GPTBot/1.2; +https://openai.com/gptbot)"
216.244.66.243 - - [07/Nov/2025:00:36:05 +0000] "GET /?p=19140 HTTP/1.1" 200 183935 "-" "Mozilla/5.0 (compatible; DotBot/1.2; +https://opensiteexplorer.org/dotbot; help@moz.com)"
216.73.216.147 - - [07/Nov/2025:00:36:05 +0000] "GET /entity/442157295.htm/ HTTP/1.1" 200 45435 "https://datainsightnow.com/entity/442157295.htm" "Mozilla/5.0 AppleWebKit/537.36 (KHTML, like Gecko; compatible; ClaudeBot/1.0; +claudebot@anthropic.com)"
57.141.0.18 - - [07/Nov/2025:00:36:06 +0000] "GET /karamba-spielsaal-erfahrungen-angeschlossen-testbericht-werfen-sie-einen-blick-auf-den-link-within-2025-pro-teutonia/?path=//sys/class/pci_bus/0000:02/device/subsystem/devices/0000:03:01.0/firmware_node/subsystem/devices/PNP0B00:00 HTTP/1.1" 200 262217 "-" "meta-externalagent/1.1 (+https://developers.facebook.com/docs/sharing/webmasters/crawler)"
216.73.216.147 - - [07/Nov/2025:00:36:07 +0000] "GET /entity/353672788.htm HTTP/1.1" 301 5 "-" "Mozilla/5.0 AppleWebKit/537.36 (KHTML, like Gecko; compatible; ClaudeBot/1.0; +claudebot@anthropic.com)"
74.7.227.154 - - [07/Nov/2025:00:36:08 +0000] "GET /entity/172021845.htm HTTP/1.1" 301 5 "-" "Mozilla/5.0 AppleWebKit/537.36 (KHTML, like Gecko; compatible; GPTBot/1.2; +https://openai.com/gptbot)"
216.73.216.147 - - [07/Nov/2025:00:36:08 +0000] "GET /entity/353672788.htm/ HTTP/1.1" 200 45435 "https://datainsightnow.com/entity/353672788.htm" "Mozilla/5.0 AppleWebKit/537.36 (KHTML, like Gecko; compatible; ClaudeBot/1.0; +claudebot@anthropic.com)"
74.7.227.154 - - [07/Nov/2025:00:36:08 +0000] "GET /entity/172021845.htm/ HTTP/1.1" 200 45435 "-" "Mozilla/5.0 AppleWebKit/537.36 (KHTML, like Gecko; compatible; GPTBot/1.2; +https://openai.com/gptbot)"
216.244.66.243 - - [07/Nov/2025:00:36:09 +0000] "GET /?p=23087 HTTP/1.1" 200 181666 "-" "Mozilla/5.0 (compatible; DotBot/1.2; +https://opensiteexplorer.org/dotbot; help@moz.com)"
216.73.216.147 - - [07/Nov/2025:00:36:10 +0000] "GET /entity/353592502.htm HTTP/1.1" 301 5 "-" "Mozilla/5.0 AppleWebKit/537.36 (KHTML, like Gecko; compatible; ClaudeBot/1.0; +claudebot@anthropic.com)"
74.7.227.154 - - [07/Nov/2025:00:36:10 +0000] "GET /entity/172040491.htm HTTP/1.1" 301 5 "-" "Mozilla/5.0 AppleWebKit/537.36 (KHTML, like Gecko; compatible; GPTBot/1.2; +https://openai.com/gptbot)"
216.73.216.147 - - [07/Nov/2025:00:36:11 +0000] "GET /entity/353592502.htm/ HTTP/1.1" 200 45435 "https://datainsightnow.com/entity/353592502.htm" "Mozilla/5.0 AppleWebKit/537.36 (KHTML, like Gecko; compatible; ClaudeBot/1.0; +claudebot@anthropic.com)"
74.7.227.154 - - [07/Nov/2025:00:36:11 +0000] "GET /entity/172040491.htm/ HTTP/1.1" 200 45435 "-" "Mozilla/5.0 AppleWebKit/537.36 (KHTML, like Gecko; compatible; GPTBot/1.2; +https://openai.com/gptbot)"
217.113.194.61 - - [07/Nov/2025:00:36:11 +0000] "GET /about/?fileloc=/opt/wpsites/datainsightnow.com/wp-includes/css/wp-auth-check.min.css&path=/opt/wpsites/datainsightnow.com/wp-includes/css HTTP/1.1" 200 45435 "-" "Mozilla/5.0 (compatible; Barkrowler/0.9; +https://babbar.tech/crawler)"
216.73.216.147 - - [07/Nov/2025:00:36:13 +0000] "GET /entity/601657000.htm HTTP/1.1" 301 5 "-" "Mozilla/5.0 AppleWebKit/537.36 (KHTML, like Gecko; compatible; ClaudeBot/1.0; +claudebot@anthropic.com)"
216.244.66.243 - - [07/Nov/2025:00:36:13 +0000] "GET /?p=23547 HTTP/1.1" 200 183806 "-" "Mozilla/5.0 (compatible; DotBot/1.2; +https://opensiteexplorer.org/dotbot; help@moz.com)"
216.73.216.147 - - [07/Nov/2025:00:36:14 +0000] "GET /entity/601657000.htm/ HTTP/1.1" 200 45435 "https://datainsightnow.com/entity/601657000.htm" "Mozilla/5.0 AppleWebKit/537.36 (KHTML, like Gecko; compatible; ClaudeBot/1.0; +claudebot@anthropic.com)"
216.73.216.147 - - [07/Nov/2025:00:36:16 +0000] "GET /entity/353715523.htm HTTP/1.1" 301 5 "-" "Mozilla/5.0 AppleWebKit/537.36 (KHTML, like Gecko; compatible; ClaudeBot/1.0; +claudebot@anthropic.com)"
57.141.0.63 - - [07/Nov/2025:00:36:17 +0000] "GET /karamba-spielsaal-erfahrungen-angeschlossen-testbericht-werfen-sie-einen-blick-auf-den-link-within-2025-pro-teutonia/?path=//sys/class/pci_bus/0000:06/subsystem/0000:0b/subsystem/0000:0e/subsystem/0000:07/subsystem/0000:07/subsystem/0000:09/device HTTP/1.1" 200 262264 "-" "meta-externalagent/1.1 (+https://developers.facebook.com/docs/sharing/webmasters/crawler)"
216.73.216.147 - - [07/Nov/2025:00:36:17 +0000] "GET /entity/353715523.htm/ HTTP/1.1" 200 45435 "https://datainsightnow.com/entity/353715523.htm" "Mozilla/5.0 AppleWebKit/537.36 (KHTML, like Gecko; compatible; ClaudeBot/1.0; +claudebot@anthropic.com)"
74.7.227.154 - - [07/Nov/2025:00:36:18 +0000] "GET /entity/172123895.htm HTTP/1.1" 301 5 "-" "Mozilla/5.0 AppleWebKit/537.36 (KHTML, like Gecko; compatible; GPTBot/1.2; +https://openai.com/gptbot)"
74.7.227.154 - - [07/Nov/2025:00:36:19 +0000] "GET /entity/172123895.htm/ HTTP/1.1" 200 45435 "-" "Mozilla/5.0 AppleWebKit/537.36 (KHTML, like Gecko; compatible; GPTBot/1.2; +https://openai.com/gptbot)"
216.244.66.243 - - [07/Nov/2025:00:36:19 +0000] "GET /?p=28853 HTTP/1.1" 200 182519 "-" "Mozilla/5.0 (compatible; DotBot/1.2; +https://opensiteexplorer.org/dotbot; help@moz.com)"
57.141.0.57 - - [07/Nov/2025:00:36:19 +0000] "GET /2025/03/06/page/39/?fileloc=//sys/class/pci_bus/0000:0b/subsystem/0000:11/device/driver/0000:00:03.2/subsystem/devices/0000:00:02.4/driver/0000:00:03.5/aer_dev_nonfatal&path=//sys/class/pci_bus/0000:0b/subsystem/0000:11/device/driver/0000:00:03.2/subsystem/devices/0000:00:02.4/driver/0000:00:03.5 HTTP/1.1" 200 262248 "-" "meta-externalagent/1.1 (+https://developers.facebook.com/docs/sharing/webmasters/crawler)"
216.73.216.147 - - [07/Nov/2025:00:36:19 +0000] "GET /entity/442044883.htm HTTP/1.1" 301 5 "-" "Mozilla/5.0 AppleWebKit/537.36 (KHTML, like Gecko; compatible; ClaudeBot/1.0; +claudebot@anthropic.com)"
57.141.0.17 - - [07/Nov/2025:00:36:19 +0000] "GET /2025/03/07/page/6/?path=//sys/class/pci_bus/0000:05/subsystem/0000:01/subsystem/0000:05/subsystem/0000:13/subsystem/0000:0b/device HTTP/1.1" 200 262217 "-" "meta-externalagent/1.1 (+https://developers.facebook.com/docs/sharing/webmasters/crawler)"
216.73.216.147 - - [07/Nov/2025:00:36:20 +0000] "GET /entity/442044883.htm/ HTTP/1.1" 200 45435 "https://datainsightnow.com/entity/442044883.htm" "Mozilla/5.0 AppleWebKit/537.36 (KHTML, like Gecko; compatible; ClaudeBot/1.0; +claudebot@anthropic.com)"
57.141.0.28 - - [07/Nov/2025:00:36:20 +0000] "GET /karamba-spielsaal-erfahrungen-angeschlossen-testbericht-werfen-sie-einen-blick-auf-den-link-within-2025-pro-teutonia/?path=//sys/class/pci_bus/0000:06/subsystem/0000:0d/device/driver/0000:00:02.4/driver/0000:00:02.3/subsystem/slots/10 HTTP/1.1" 200 262209 "-" "meta-externalagent/1.1 (+https://developers.facebook.com/docs/sharing/webmasters/crawler)"
74.7.227.154 - - [07/Nov/2025:00:36:20 +0000] "GET /entity/172006817.htm HTTP/1.1" 301 5 "-" "Mozilla/5.0 AppleWebKit/537.36 (KHTML, like Gecko; compatible; GPTBot/1.2; +https://openai.com/gptbot)"
57.141.0.52 - - [07/Nov/2025:00:36:21 +0000] "GET /karamba-spielsaal-erfahrungen-angeschlossen-testbericht-werfen-sie-einen-blick-auf-den-link-within-2025-pro-teutonia/?path=//sys/class/pci_bus/0000:06/subsystem/0000:06/subsystem/0000:00/subsystem/0000:09/device/driver/0000:00:03.6/pci_bus HTTP/1.1" 200 262209 "-" "meta-externalagent/1.1 (+https://developers.facebook.com/docs/sharing/webmasters/crawler)"
74.7.227.154 - - [07/Nov/2025:00:36:21 +0000] "GET /entity/172006817.htm/ HTTP/1.1" 200 45435 "-" "Mozilla/5.0 AppleWebKit/537.36 (KHTML, like Gecko; compatible; GPTBot/1.2; +https://openai.com/gptbot)"
192.250.227.238 - - [07/Nov/2025:00:36:21 +0000] "POST /xmlrpc.php HTTP/1.1" 200 247 "-" "Mozilla/5.0 (Windows NT 10.0; WOW64; Trident/7.0; TNJB; rv:11.0) like Gecko"
57.141.0.57 - - [07/Nov/2025:00:36:22 +0000] "GET /karamba-spielsaal-erfahrungen-angeschlossen-testbericht-werfen-sie-einen-blick-auf-den-link-within-2025-pro-teutonia/?fileloc=//sys/class/pci_bus/0000:02/device/driver/0000:00:02.3/subsystem/devices/0000:00:03.0/subsystem/devices/0000:00:1b.0/remove&path=//sys/class/pci_bus/0000:02/device/driver/0000:00:02.3/subsystem/devices/0000:00:03.0/subsystem/devices/0000:00:1b.0 HTTP/1.1" 200 262264 "-" "meta-externalagent/1.1 (+https://developers.facebook.com/docs/sharing/webmasters/crawler)"
216.73.216.147 - - [07/Nov/2025:00:36:22 +0000] "GET /entity/442108603.htm HTTP/1.1" 301 5 "-" "Mozilla/5.0 AppleWebKit/537.36 (KHTML, like Gecko; compatible; ClaudeBot/1.0; +claudebot@anthropic.com)"
216.73.216.147 - - [07/Nov/2025:00:36:23 +0000] "GET /entity/442108603.htm/ HTTP/1.1" 200 45435 "https://datainsightnow.com/entity/442108603.htm" "Mozilla/5.0 AppleWebKit/537.36 (KHTML, like Gecko; compatible; ClaudeBot/1.0; +claudebot@anthropic.com)"
74.7.227.154 - - [07/Nov/2025:00:36:23 +0000] "GET /entity/172079347.htm HTTP/1.1" 301 5 "-" "Mozilla/5.0 AppleWebKit/537.36 (KHTML, like Gecko; compatible; GPTBot/1.2; +https://openai.com/gptbot)"
74.7.227.154 - - [07/Nov/2025:00:36:24 +0000] "GET /entity/172079347.htm/ HTTP/1.1" 200 45435 "-" "Mozilla/5.0 AppleWebKit/537.36 (KHTML, like Gecko; compatible; GPTBot/1.2; +https://openai.com/gptbot)"
216.244.66.243 - - [07/Nov/2025:00:36:24 +0000] "GET /?p=9497 HTTP/1.1" 200 181014 "-" "Mozilla/5.0 (compatible; DotBot/1.2; +https://opensiteexplorer.org/dotbot; help@moz.com)"
216.73.216.147 - - [07/Nov/2025:00:36:25 +0000] "GET /entity/353598196.htm HTTP/1.1" 301 5 "-" "Mozilla/5.0 AppleWebKit/537.36 (KHTML, like Gecko; compatible; ClaudeBot/1.0; +claudebot@anthropic.com)"
216.73.216.147 - - [07/Nov/2025:00:36:26 +0000] "GET /entity/353598196.htm/ HTTP/1.1" 200 45435 "https://datainsightnow.com/entity/353598196.htm" "Mozilla/5.0 AppleWebKit/537.36 (KHTML, like Gecko; compatible; ClaudeBot/1.0; +claudebot@anthropic.com)"
74.7.227.154 - - [07/Nov/2025:00:36:27 +0000] "GET /entity/172104462.htm HTTP/1.1" 301 5 "-" "Mozilla/5.0 AppleWebKit/537.36 (KHTML, like Gecko; compatible; GPTBot/1.2; +https://openai.com/gptbot)"
51.195.183.154 - - [07/Nov/2025:00:36:27 +0000] "GET /?p=44457 HTTP/1.1" 200 43116 "-" "Mozilla/5.0 (compatible; AhrefsBot/7.0; +http://ahrefs.com/robot/)"
74.7.227.154 - - [07/Nov/2025:00:36:28 +0000] "GET /entity/172104462.htm/ HTTP/1.1" 200 45435 "-" "Mozilla/5.0 AppleWebKit/537.36 (KHTML, like Gecko; compatible; GPTBot/1.2; +https://openai.com/gptbot)"
216.73.216.147 - - [07/Nov/2025:00:36:28 +0000] "GET /entity/442113783.htm HTTP/1.1" 301 5 "-" "Mozilla/5.0 AppleWebKit/537.36 (KHTML, like Gecko; compatible; ClaudeBot/1.0; +claudebot@anthropic.com)"
185.191.171.18 - - [07/Nov/2025:00:36:29 +0000] "GET /?p=19469 HTTP/1.1" 200 43704 "-" "Mozilla/5.0 (compatible; SemrushBot/7~bl; +http://www.semrush.com/bot.html)"
216.73.216.147 - - [07/Nov/2025:00:36:29 +0000] "GET /entity/442113783.htm/ HTTP/1.1" 200 45435 "https://datainsightnow.com/entity/442113783.htm" "Mozilla/5.0 AppleWebKit/537.36 (KHTML, like Gecko; compatible; ClaudeBot/1.0; +claudebot@anthropic.com)"
57.141.0.20 - - [07/Nov/2025:00:36:29 +0000] "GET /2025/03/07/page/6/?fileloc=//sys/class/pci_bus/0000:05/subsystem/0000:00/device/0000:00:02.4/driver/0000:00:03.4/driver/0000:00:02.0/class&path=//sys/class/pci_bus/0000:05/subsystem/0000:00/device/0000:00:02.4/driver/0000:00:03.4/driver/0000:00:02.0 HTTP/1.1" 200 262264 "-" "meta-externalagent/1.1 (+https://developers.facebook.com/docs/sharing/webmasters/crawler)"
74.7.227.154 - - [07/Nov/2025:00:36:30 +0000] "GET /entity/172126220.htm HTTP/1.1" 301 5 "-" "Mozilla/5.0 AppleWebKit/537.36 (KHTML, like Gecko; compatible; GPTBot/1.2; +https://openai.com/gptbot)"
74.7.227.154 - - [07/Nov/2025:00:36:30 +0000] "GET /entity/172126220.htm/ HTTP/1.1" 200 45435 "-" "Mozilla/5.0 AppleWebKit/537.36 (KHTML, like Gecko; compatible; GPTBot/1.2; +https://openai.com/gptbot)"
57.141.0.22 - - [07/Nov/2025:00:36:31 +0000] "GET /2025/03/07/page/6/?fileloc=//sys/class/pci_bus/0000:05/subsystem/0000:01/subsystem/0000:05/subsystem/0000:12/subsystem/0000:09/device/subsystem_vendor&path=//sys/class/pci_bus/0000:05/subsystem/0000:01/subsystem/0000:05/subsystem/0000:12/subsystem/0000:09/device HTTP/1.1" 200 262264 "-" "meta-externalagent/1.1 (+https://developers.facebook.com/docs/sharing/webmasters/crawler)"
216.73.216.147 - - [07/Nov/2025:00:36:31 +0000] "GET /entity/442018985.htm HTTP/1.1" 301 5 "-" "Mozilla/5.0 AppleWebKit/537.36 (KHTML, like Gecko; compatible; ClaudeBot/1.0; +claudebot@anthropic.com)"
216.73.216.147 - - [07/Nov/2025:00:36:33 +0000] "GET /entity/442018985.htm/ HTTP/1.1" 200 45435 "https://datainsightnow.com/entity/442018985.htm" "Mozilla/5.0 AppleWebKit/537.36 (KHTML, like Gecko; compatible; ClaudeBot/1.0; +claudebot@anthropic.com)"
217.113.194.53 - - [07/Nov/2025:00:36:33 +0000] "GET /about/?fileloc=/opt/wpsites/datainsightnow.com/wp-includes/css/jquery-ui-dialog.min.css&path=/opt/wpsites/datainsightnow.com/wp-includes/css HTTP/1.1" 200 45435 "-" "Mozilla/5.0 (compatible; Barkrowler/0.9; +https://babbar.tech/crawler)"
57.141.0.31 - - [07/Nov/2025:00:36:33 +0000] "GET /karamba-spielsaal-erfahrungen-angeschlossen-testbericht-werfen-sie-einen-blick-auf-den-link-within-2025-pro-teutonia/?fileloc=//sys/class/pci_bus/0000:04/subsystem/0000:11/subsystem/0000:02/subsystem/0000:05/subsystem/0000:08/power/runtime_suspended_time&path=//sys/class/pci_bus/0000:04/subsystem/0000:11/subsystem/0000:02/subsystem/0000:05/subsystem/0000:08/power HTTP/1.1" 200 262209 "-" "meta-externalagent/1.1 (+https://developers.facebook.com/docs/sharing/webmasters/crawler)"
85.208.96.202 - - [07/Nov/2025:00:36:33 +0000] "GET /?p=33977 HTTP/1.1" 200 43659 "-" "Mozilla/5.0 (compatible; SemrushBot/7~bl; +http://www.semrush.com/bot.html)"
74.7.227.154 - - [07/Nov/2025:00:36:34 +0000] "GET /entity/172156262.htm HTTP/1.1" 301 5 "-" "Mozilla/5.0 AppleWebKit/537.36 (KHTML, like Gecko; compatible; GPTBot/1.2; +https://openai.com/gptbot)"
57.141.0.73 - - [07/Nov/2025:00:36:34 +0000] "GET /karamba-spielsaal-erfahrungen-angeschlossen-testbericht-werfen-sie-einen-blick-auf-den-link-within-2025-pro-teutonia/?path=//sys/class/pci_bus/0000:02/device/0000:02:00.0/firmware_node/device:0f/subsystem/devices/device:49/subsystem/devices/device:02 HTTP/1.1" 200 262264 "-" "meta-externalagent/1.1 (+https://developers.facebook.com/docs/sharing/webmasters/crawler)"
216.73.216.147 - - [07/Nov/2025:00:36:34 +0000] "GET /entity/442008111.htm HTTP/1.1" 301 5 "-" "Mozilla/5.0 AppleWebKit/537.36 (KHTML, like Gecko; compatible; ClaudeBot/1.0; +claudebot@anthropic.com)"
57.141.0.34 - - [07/Nov/2025:00:36:34 +0000] "GET /2025/03/06/page/39/?fileloc=//sys/class/pci_bus/0000:01/subsystem/0000:11/device/0000:00:03.7:pcie002/driver/0000:00:03.0:pcie002/power/runtime_active_kids&path=//sys/class/pci_bus/0000:01/subsystem/0000:11/device/0000:00:03.7:pcie002/driver/0000:00:03.0:pcie002/power HTTP/1.1" 200 262209 "-" "meta-externalagent/1.1 (+https://developers.facebook.com/docs/sharing/webmasters/crawler)"
74.7.227.154 - - [07/Nov/2025:00:36:35 +0000] "GET /entity/172156262.htm/ HTTP/1.1" 200 45435 "-" "Mozilla/5.0 AppleWebKit/537.36 (KHTML, like Gecko; compatible; GPTBot/1.2; +https://openai.com/gptbot)"
216.73.216.147 - - [07/Nov/2025:00:36:35 +0000] "GET /entity/442008111.htm/ HTTP/1.1" 200 45435 "https://datainsightnow.com/entity/442008111.htm" "Mozilla/5.0 AppleWebKit/537.36 (KHTML, like Gecko; compatible; ClaudeBot/1.0; +claudebot@anthropic.com)"
74.7.227.154 - - [07/Nov/2025:00:36:36 +0000] "GET /entity/172189675.htm HTTP/1.1" 301 5 "-" "Mozilla/5.0 AppleWebKit/537.36 (KHTML, like Gecko; compatible; GPTBot/1.2; +https://openai.com/gptbot)"
74.7.227.154 - - [07/Nov/2025:00:36:37 +0000] "GET /entity/172189675.htm/ HTTP/1.1" 200 45435 "-" "Mozilla/5.0 AppleWebKit/537.36 (KHTML, like Gecko; compatible; GPTBot/1.2; +https://openai.com/gptbot)"
216.73.216.147 - - [07/Nov/2025:00:36:37 +0000] "GET /entity/353627977.htm HTTP/1.1" 301 5 "-" "Mozilla/5.0 AppleWebKit/537.36 (KHTML, like Gecko; compatible; ClaudeBot/1.0; +claudebot@anthropic.com)"
57.141.0.38 - - [07/Nov/2025:00:36:37 +0000] "GET /2025/03/07/page/6/?fileloc=//sys/class/pci_bus/0000:05/subsystem/0000:11/subsystem/0000:07/subsystem/0000:0c/subsystem/0000:11/subsystem/0000:0c/device/subsystem_vendor&path=//sys/class/pci_bus/0000:05/subsystem/0000:11/subsystem/0000:07/subsystem/0000:0c/subsystem/0000:11/subsystem/0000:0c/device HTTP/1.1" 200 262264 "-" "meta-externalagent/1.1 (+https://developers.facebook.com/docs/sharing/webmasters/crawler)"
216.73.216.147 - - [07/Nov/2025:00:36:38 +0000] "GET /entity/353627977.htm/ HTTP/1.1" 200 45435 "https://datainsightnow.com/entity/353627977.htm" "Mozilla/5.0 AppleWebKit/537.36 (KHTML, like Gecko; compatible; ClaudeBot/1.0; +claudebot@anthropic.com)"
85.208.96.210 - - [07/Nov/2025:00:36:39 +0000] "GET /?p=34241 HTTP/1.1" 200 42538 "-" "Mozilla/5.0 (compatible; SemrushBot/7~bl; +http://www.semrush.com/bot.html)"
57.141.0.63 - - [07/Nov/2025:00:36:39 +0000] "GET /karamba-spielsaal-erfahrungen-angeschlossen-testbericht-werfen-sie-einen-blick-auf-den-link-within-2025-pro-teutonia/?fileloc=//sys/class/pci_bus/0000:0e/subsystem/0000:01/subsystem/0000:0a/device/driver/0000:00:02.3/driver/0000:00:02.6/power_state&path=//sys/class/pci_bus/0000:0e/subsystem/0000:01/subsystem/0000:0a/device/driver/0000:00:02.3/driver/0000:00:02.6 HTTP/1.1" 200 262264 "-" "meta-externalagent/1.1 (+https://developers.facebook.com/docs/sharing/webmasters/crawler)"
74.7.227.154 - - [07/Nov/2025:00:36:40 +0000] "GET /entity/172143318.htm HTTP/1.1" 301 5 "-" "Mozilla/5.0 AppleWebKit/537.36 (KHTML, like Gecko; compatible; GPTBot/1.2; +https://openai.com/gptbot)"
74.7.227.154 - - [07/Nov/2025:00:36:40 +0000] "GET /entity/172143318.htm/ HTTP/1.1" 200 45435 "-" "Mozilla/5.0 AppleWebKit/537.36 (KHTML, like Gecko; compatible; GPTBot/1.2; +https://openai.com/gptbot)"
216.73.216.147 - - [07/Nov/2025:00:36:40 +0000] "GET /entity/601728231.htm HTTP/1.1" 301 5 "-" "Mozilla/5.0 AppleWebKit/537.36 (KHTML, like Gecko; compatible; ClaudeBot/1.0; +claudebot@anthropic.com)"
216.73.216.147 - - [07/Nov/2025:00:36:41 +0000] "GET /entity/601728231.htm/ HTTP/1.1" 200 45435 "https://datainsightnow.com/entity/601728231.htm" "Mozilla/5.0 AppleWebKit/537.36 (KHTML, like Gecko; compatible; ClaudeBot/1.0; +claudebot@anthropic.com)"
74.7.227.154 - - [07/Nov/2025:00:36:42 +0000] "GET /entity/172089697.htm HTTP/1.1" 301 5 "-" "Mozilla/5.0 AppleWebKit/537.36 (KHTML, like Gecko; compatible; GPTBot/1.2; +https://openai.com/gptbot)"
74.7.227.154 - - [07/Nov/2025:00:36:43 +0000] "GET /entity/172089697.htm/ HTTP/1.1" 200 45435 "-" "Mozilla/5.0 AppleWebKit/537.36 (KHTML, like Gecko; compatible; GPTBot/1.2; +https://openai.com/gptbot)"
216.73.216.147 - - [07/Nov/2025:00:36:43 +0000] "GET /entity/442056281.htm HTTP/1.1" 301 5 "-" "Mozilla/5.0 AppleWebKit/537.36 (KHTML, like Gecko; compatible; ClaudeBot/1.0; +claudebot@anthropic.com)"
216.73.216.147 - - [07/Nov/2025:00:36:44 +0000] "GET /entity/442056281.htm/ HTTP/1.1" 200 45435 "https://datainsightnow.com/entity/442056281.htm" "Mozilla/5.0 AppleWebKit/537.36 (KHTML, like Gecko; compatible; ClaudeBot/1.0; +claudebot@anthropic.com)"
57.141.0.40 - - [07/Nov/2025:00:36:45 +0000] "GET /2025/03/06/page/39/?fileloc=//sys/class/pci_bus/0000:00/device/0000:00:02.1/subsystem/devices/0000:05:00.0/driver/0000:05:00.0/consistent_dma_mask_bits&path=//sys/class/pci_bus/0000:00/device/0000:00:02.1/subsystem/devices/0000:05:00.0/driver/0000:05:00.0 HTTP/1.1" 200 262209 "-" "meta-externalagent/1.1 (+https://developers.facebook.com/docs/sharing/webmasters/crawler)"
57.141.0.64 - - [07/Nov/2025:00:36:45 +0000] "GET /2025/03/07/page/6/?path=//sys/class/pci_bus/0000:04/device/driver/0000:00:02.7/driver/0000:00:03.2/0000:00:03.2:pcie002/driver/0000:00:03.1:pcie002 HTTP/1.1" 200 262209 "-" "meta-externalagent/1.1 (+https://developers.facebook.com/docs/sharing/webmasters/crawler)"
216.73.216.147 - - [07/Nov/2025:00:36:46 +0000] "GET /entity/601733664.htm HTTP/1.1" 301 5 "-" "Mozilla/5.0 AppleWebKit/537.36 (KHTML, like Gecko; compatible; ClaudeBot/1.0; +claudebot@anthropic.com)"
57.141.0.50 - - [07/Nov/2025:00:36:47 +0000] "GET /2025/03/07/page/6/?fileloc=//sys/class/pci_bus/0000:07/subsystem/0000:0b/subsystem/0000:10/subsystem/0000:0d/device/driver/0000:00:02.6/current_link_speed&path=//sys/class/pci_bus/0000:07/subsystem/0000:0b/subsystem/0000:10/subsystem/0000:0d/device/driver/0000:00:02.6 HTTP/1.1" 200 262264 "-" "meta-externalagent/1.1 (+https://developers.facebook.com/docs/sharing/webmasters/crawler)"
216.73.216.147 - - [07/Nov/2025:00:36:47 +0000] "GET /entity/601733664.htm/ HTTP/1.1" 200 45435 "https://datainsightnow.com/entity/601733664.htm" "Mozilla/5.0 AppleWebKit/537.36 (KHTML, like Gecko; compatible; ClaudeBot/1.0; +claudebot@anthropic.com)"
85.208.96.200 - - [07/Nov/2025:00:36:48 +0000] "GET /?p=40903 HTTP/1.1" 200 42755 "-" "Mozilla/5.0 (compatible; SemrushBot/7~bl; +http://www.semrush.com/bot.html)"
57.141.0.13 - - [07/Nov/2025:00:36:48 +0000] "GET /2025/03/13/?fileloc=//sys/class/pci_bus/0000:00/subsystem/0000:0d/subsystem/0000:0f/device/local_cpulist&path=//sys/class/pci_bus/0000:00/subsystem/0000:0d/subsystem/0000:0f/device HTTP/1.1" 200 262264 "-" "meta-externalagent/1.1 (+https://developers.facebook.com/docs/sharing/webmasters/crawler)"
57.141.0.65 - - [07/Nov/2025:00:36:49 +0000] "GET /2025/03/07/page/6/?fileloc=//sys/class/pci_bus/0000:0e/subsystem/0000:12/subsystem/0000:07/device/driver/0000:00:02.0/aer_dev_nonfatal&path=//sys/class/pci_bus/0000:0e/subsystem/0000:12/subsystem/0000:07/device/driver/0000:00:02.0 HTTP/1.1" 200 262209 "-" "meta-externalagent/1.1 (+https://developers.facebook.com/docs/sharing/webmasters/crawler)"
216.73.216.147 - - [07/Nov/2025:00:36:49 +0000] "GET /entity/442103423.htm HTTP/1.1" 301 5 "-" "Mozilla/5.0 AppleWebKit/537.36 (KHTML, like Gecko; compatible; ClaudeBot/1.0; +claudebot@anthropic.com)"
57.141.0.19 - - [07/Nov/2025:00:36:50 +0000] "GET /2025/03/06/page/39/?path=//sys/class/pci_bus/0000:04/subsystem/0000:10/device/driver/0000:00:02.0/subsystem/devices/0000:00:1f.3 HTTP/1.1" 200 262215 "-" "meta-externalagent/1.1 (+https://developers.facebook.com/docs/sharing/webmasters/crawler)"
66.135.21.75 - - [07/Nov/2025:00:36:50 +0000] "POST /wp-cron.php?doing_wp_cron=1762475810.3718810081481933593750 HTTP/1.1" 200 31 "-" "WordPress/6.3.1; https://datainsightnow.com"
74.7.227.154 - - [07/Nov/2025:00:36:50 +0000] "GET /entity/171979620.htm HTTP/1.1" 301 5 "-" "Mozilla/5.0 AppleWebKit/537.36 (KHTML, like Gecko; compatible; GPTBot/1.2; +https://openai.com/gptbot)"
216.73.216.147 - - [07/Nov/2025:00:36:50 +0000] "GET /entity/442103423.htm/ HTTP/1.1" 200 45435 "https://datainsightnow.com/entity/442103423.htm" "Mozilla/5.0 AppleWebKit/537.36 (KHTML, like Gecko; compatible; ClaudeBot/1.0; +claudebot@anthropic.com)"
74.7.227.154 - - [07/Nov/2025:00:36:51 +0000] "GET /entity/171979620.htm/ HTTP/1.1" 200 45435 "-" "Mozilla/5.0 AppleWebKit/537.36 (KHTML, like Gecko; compatible; GPTBot/1.2; +https://openai.com/gptbot)"
57.141.0.54 - - [07/Nov/2025:00:36:51 +0000] "GET /karamba-spielsaal-erfahrungen-angeschlossen-testbericht-werfen-sie-einen-blick-auf-den-link-within-2025-pro-teutonia/?fileloc=//sys/class/pci_bus/0000:04/subsystem/0000:09/device/driver/0000:00:02.4/subsystem/devices/0000:00:02.6/resource0&path=//sys/class/pci_bus/0000:04/subsystem/0000:09/device/driver/0000:00:02.4/subsystem/devices/0000:00:02.6 HTTP/1.1" 200 262264 "-" "meta-externalagent/1.1 (+https://developers.facebook.com/docs/sharing/webmasters/crawler)"
57.141.0.55 - - [07/Nov/2025:00:36:51 +0000] "GET /karamba-spielsaal-erfahrungen-angeschlossen-testbericht-werfen-sie-einen-blick-auf-den-link-within-2025-pro-teutonia/?fileloc=//sys/class/pci_bus/0000:0d/subsystem/0000:01/subsystem/0000:04/subsystem/0000:03/subsystem/0000:02/device/resource0&path=//sys/class/pci_bus/0000:0d/subsystem/0000:01/subsystem/0000:04/subsystem/0000:03/subsystem/0000:02/device HTTP/1.1" 200 262209 "-" "meta-externalagent/1.1 (+https://developers.facebook.com/docs/sharing/webmasters/crawler)"
114.119.159.33 - - [07/Nov/2025:00:36:52 +0000] "GET /zodiac-kasino-erfahrungen-2024-480-bonus-80-freispiele?path=//sys/dev/char/4:61/subsystem/tty31/subsystem/console HTTP/1.1" 301 5 "https://datainsightnow.com/zodiac-kasino-erfahrungen-2024-480-bonus-80-freispiele/?path=//sys/dev/char/4%3A61/subsystem/tty31/subsystem" "Mozilla/5.0 (Linux; Android 7.0;) AppleWebKit/537.36 (KHTML, like Gecko) Mobile Safari/537.36 (compatible; PetalBot;+https://webmaster.petalsearch.com/site/petalbot)"
216.73.216.147 - - [07/Nov/2025:00:36:52 +0000] "GET /entity/442074154.htm HTTP/1.1" 301 5 "-" "Mozilla/5.0 AppleWebKit/537.36 (KHTML, like Gecko; compatible; ClaudeBot/1.0; +claudebot@anthropic.com)"
74.7.227.154 - - [07/Nov/2025:00:36:53 +0000] "GET /entity/172163263.htm HTTP/1.1" 301 5 "-" "Mozilla/5.0 AppleWebKit/537.36 (KHTML, like Gecko; compatible; GPTBot/1.2; +https://openai.com/gptbot)"
57.141.0.7 - - [07/Nov/2025:00:36:53 +0000] "GET /karamba-spielsaal-erfahrungen-angeschlossen-testbericht-werfen-sie-einen-blick-auf-den-link-within-2025-pro-teutonia/?path=//sys/class/pci_bus/0000:11/subsystem/0000:0d/subsystem/0000:0d/device/pci_bus/0000:0d/device/subsystem/drivers/snd_hda_intel HTTP/1.1" 200 262264 "-" "meta-externalagent/1.1 (+https://developers.facebook.com/docs/sharing/webmasters/crawler)"
217.113.194.214 - - [07/Nov/2025:00:36:54 +0000] "GET /about/?fileloc=/opt/wpsites/datainsightnow.com/wp-includes/theme-compat/embed-content.php&path=/opt/wpsites/datainsightnow.com/wp-includes/theme-compat HTTP/1.1" 200 45435 "-" "Mozilla/5.0 (compatible; Barkrowler/0.9; +https://babbar.tech/crawler)"
216.73.216.147 - - [07/Nov/2025:00:36:54 +0000] "GET /entity/442074154.htm/ HTTP/1.1" 200 45435 "https://datainsightnow.com/entity/442074154.htm" "Mozilla/5.0 AppleWebKit/537.36 (KHTML, like Gecko; compatible; ClaudeBot/1.0; +claudebot@anthropic.com)"
74.7.227.154 - - [07/Nov/2025:00:36:55 +0000] "GET /entity/172163263.htm/ HTTP/1.1" 200 45435 "-" "Mozilla/5.0 AppleWebKit/537.36 (KHTML, like Gecko; compatible; GPTBot/1.2; +https://openai.com/gptbot)"
114.119.159.33 - - [07/Nov/2025:00:36:55 +0000] "GET /zodiac-kasino-erfahrungen-2024-480-bonus-80-freispiele/?path=//sys/dev/char/4:61/subsystem/tty31/subsystem/console HTTP/1.1" 200 45436 "https://datainsightnow.com/zodiac-kasino-erfahrungen-2024-480-bonus-80-freispiele/?path=//sys/dev/char/4%3A61/subsystem/tty31/subsystem" "Mozilla/5.0 (Linux; Android 7.0;) AppleWebKit/537.36 (KHTML, like Gecko) Mobile Safari/537.36 (compatible; PetalBot;+https://webmaster.petalsearch.com/site/petalbot)"
57.141.0.18 - - [07/Nov/2025:00:36:55 +0000] "GET /2025/03/07/page/6/?fileloc=//sys/class/pci_bus/0000:06/subsystem/0000:0f/subsystem/0000:0f/device/driver/0000:00:02.6/resource0&path=//sys/class/pci_bus/0000:06/subsystem/0000:0f/subsystem/0000:0f/device/driver/0000:00:02.6 HTTP/1.1" 200 262209 "-" "meta-externalagent/1.1 (+https://developers.facebook.com/docs/sharing/webmasters/crawler)"
216.73.216.147 - - [07/Nov/2025:00:36:55 +0000] "GET /entity/353624355.htm HTTP/1.1" 301 5 "-" "Mozilla/5.0 AppleWebKit/537.36 (KHTML, like Gecko; compatible; ClaudeBot/1.0; +claudebot@anthropic.com)"
216.73.216.147 - - [07/Nov/2025:00:36:56 +0000] "GET /entity/353624355.htm/ HTTP/1.1" 200 45435 "https://datainsightnow.com/entity/353624355.htm" "Mozilla/5.0 AppleWebKit/537.36 (KHTML, like Gecko; compatible; ClaudeBot/1.0; +claudebot@anthropic.com)"
216.73.216.147 - - [07/Nov/2025:00:36:58 +0000] "GET /entity/353614770.htm HTTP/1.1" 301 5 "-" "Mozilla/5.0 AppleWebKit/537.36 (KHTML, like Gecko; compatible; ClaudeBot/1.0; +claudebot@anthropic.com)"
57.141.0.41 - - [07/Nov/2025:00:36:58 +0000] "GET /karamba-spielsaal-erfahrungen-angeschlossen-testbericht-werfen-sie-einen-blick-auf-den-link-within-2025-pro-teutonia/?fileloc=//sys/class/pci_bus/0000:06/subsystem/0000:0c/subsystem/0000:02/subsystem/0000:00/subsystem/0000:0f/device/aer_dev_correctable&path=//sys/class/pci_bus/0000:06/subsystem/0000:0c/subsystem/0000:02/subsystem/0000:00/subsystem/0000:0f/device HTTP/1.1" 200 262264 "-" "meta-externalagent/1.1 (+https://developers.facebook.com/docs/sharing/webmasters/crawler)"
216.73.216.147 - - [07/Nov/2025:00:36:59 +0000] "GET /entity/353614770.htm/ HTTP/1.1" 200 45435 "https://datainsightnow.com/entity/353614770.htm" "Mozilla/5.0 AppleWebKit/537.36 (KHTML, like Gecko; compatible; ClaudeBot/1.0; +claudebot@anthropic.com)"
74.7.227.154 - - [07/Nov/2025:00:37:00 +0000] "GET /entity/172031420.htm HTTP/1.1" 301 5 "-" "Mozilla/5.0 AppleWebKit/537.36 (KHTML, like Gecko; compatible; GPTBot/1.2; +https://openai.com/gptbot)"
74.7.227.154 - - [07/Nov/2025:00:37:01 +0000] "GET /entity/172031420.htm/ HTTP/1.1" 200 45435 "-" "Mozilla/5.0 AppleWebKit/537.36 (KHTML, like Gecko; compatible; GPTBot/1.2; +https://openai.com/gptbot)"
216.73.216.147 - - [07/Nov/2025:00:37:01 +0000] "GET /entity/353765251.htm HTTP/1.1" 301 5 "-" "Mozilla/5.0 AppleWebKit/537.36 (KHTML, like Gecko; compatible; ClaudeBot/1.0; +claudebot@anthropic.com)"
216.73.216.147 - - [07/Nov/2025:00:37:02 +0000] "GET /entity/353765251.htm/ HTTP/1.1" 200 45435 "https://datainsightnow.com/entity/353765251.htm" "Mozilla/5.0 AppleWebKit/537.36 (KHTML, like Gecko; compatible; ClaudeBot/1.0; +claudebot@anthropic.com)"
