95.91.110.210 - - [07/Nov/2025:00:20:48 +0000] "GET /?fileloc=//usr/share/pkgconfig/resourceproto.pc&path=//usr/share/pkgconfig HTTP/1.1" 200 45435 "-" "Mozilla/5.0 (compatible; MJ12bot/v1.4.8; http://mj12bot.com/)"
216.73.216.147 - - [07/Nov/2025:00:20:48 +0000] "GET /entity/271584292.htm HTTP/1.1" 301 5 "-" "Mozilla/5.0 AppleWebKit/537.36 (KHTML, like Gecko; compatible; ClaudeBot/1.0; +claudebot@anthropic.com)"
216.73.216.147 - - [07/Nov/2025:00:20:49 +0000] "GET /entity/271584292.htm/ HTTP/1.1" 200 45435 "https://datainsightnow.com/entity/271584292.htm" "Mozilla/5.0 AppleWebKit/537.36 (KHTML, like Gecko; compatible; ClaudeBot/1.0; +claudebot@anthropic.com)"
57.141.0.1 - - [07/Nov/2025:00:20:50 +0000] "GET /karamba-spielsaal-erfahrungen-angeschlossen-testbericht-werfen-sie-einen-blick-auf-den-link-within-2025-pro-teutonia/?path=//sys/class/pci_bus/0000:01/subsystem/0000:0b/subsystem/0000:06/device/driver/0000:00:02.5/msi_irqs HTTP/1.1" 200 262209 "-" "meta-externalagent/1.1 (+https://developers.facebook.com/docs/sharing/webmasters/crawler)"
74.7.227.154 - - [07/Nov/2025:00:20:51 +0000] "GET /entity/171973404.htm HTTP/1.1" 301 5 "-" "Mozilla/5.0 AppleWebKit/537.36 (KHTML, like Gecko; compatible; GPTBot/1.2; +https://openai.com/gptbot)"
216.73.216.147 - - [07/Nov/2025:00:20:51 +0000] "GET /entity/567634236.htm HTTP/1.1" 301 5 "-" "Mozilla/5.0 AppleWebKit/537.36 (KHTML, like Gecko; compatible; ClaudeBot/1.0; +claudebot@anthropic.com)"
74.7.227.154 - - [07/Nov/2025:00:20:51 +0000] "GET /entity/171973404.htm/ HTTP/1.1" 200 45435 "-" "Mozilla/5.0 AppleWebKit/537.36 (KHTML, like Gecko; compatible; GPTBot/1.2; +https://openai.com/gptbot)"
216.73.216.147 - - [07/Nov/2025:00:20:52 +0000] "GET /entity/567634236.htm/ HTTP/1.1" 200 45435 "https://datainsightnow.com/entity/567634236.htm" "Mozilla/5.0 AppleWebKit/537.36 (KHTML, like Gecko; compatible; ClaudeBot/1.0; +claudebot@anthropic.com)"
95.91.110.210 - - [07/Nov/2025:00:20:52 +0000] "GET /?fileloc=//usr/share/pkgconfig/scrnsaverproto.pc&path=//usr/share/pkgconfig HTTP/1.1" 200 45435 "-" "Mozilla/5.0 (compatible; MJ12bot/v1.4.8; http://mj12bot.com/)"
74.7.227.154 - - [07/Nov/2025:00:20:54 +0000] "GET /entity/171966413.htm HTTP/1.1" 301 5 "-" "Mozilla/5.0 AppleWebKit/537.36 (KHTML, like Gecko; compatible; GPTBot/1.2; +https://openai.com/gptbot)"
216.73.216.147 - - [07/Nov/2025:00:20:54 +0000] "GET /entity/429312957.htm HTTP/1.1" 301 5 "-" "Mozilla/5.0 AppleWebKit/537.36 (KHTML, like Gecko; compatible; ClaudeBot/1.0; +claudebot@anthropic.com)"
74.7.227.154 - - [07/Nov/2025:00:20:55 +0000] "GET /entity/171966413.htm/ HTTP/1.1" 200 45435 "-" "Mozilla/5.0 AppleWebKit/537.36 (KHTML, like Gecko; compatible; GPTBot/1.2; +https://openai.com/gptbot)"
57.141.0.60 - - [07/Nov/2025:00:20:55 +0000] "GET /karamba-spielsaal-erfahrungen-angeschlossen-testbericht-werfen-sie-einen-blick-auf-den-link-within-2025-pro-teutonia/?fileloc=//sys/class/pci_bus/0000:0f/subsystem/0000:05/subsystem/0000:09/subsystem/0000:0c/device/driver/0000:00:03.3/max_link_speed&path=//sys/class/pci_bus/0000:0f/subsystem/0000:05/subsystem/0000:09/subsystem/0000:0c/device/driver/0000:00:03.3 HTTP/1.1" 200 262248 "-" "meta-externalagent/1.1 (+https://developers.facebook.com/docs/sharing/webmasters/crawler)"
216.73.216.147 - - [07/Nov/2025:00:20:55 +0000] "GET /entity/429312957.htm/ HTTP/1.1" 200 45435 "https://datainsightnow.com/entity/429312957.htm" "Mozilla/5.0 AppleWebKit/537.36 (KHTML, like Gecko; compatible; ClaudeBot/1.0; +claudebot@anthropic.com)"
185.191.171.16 - - [07/Nov/2025:00:20:56 +0000] "GET /?p=40413 HTTP/1.1" 200 43869 "-" "Mozilla/5.0 (compatible; SemrushBot/7~bl; +http://www.semrush.com/bot.html)"
57.141.0.52 - - [07/Nov/2025:00:20:57 +0000] "GET /karamba-spielsaal-erfahrungen-angeschlossen-testbericht-werfen-sie-einen-blick-auf-den-link-within-2025-pro-teutonia/?fileloc=//sys/class/pci_bus/0000:06/subsystem/0000:0f/subsystem/0000:0a/subsystem/0000:09/subsystem/0000:0f/uevent&path=//sys/class/pci_bus/0000:06/subsystem/0000:0f/subsystem/0000:0a/subsystem/0000:09/subsystem/0000:0f HTTP/1.1" 200 262264 "-" "meta-externalagent/1.1 (+https://developers.facebook.com/docs/sharing/webmasters/crawler)"
95.91.110.210 - - [07/Nov/2025:00:20:57 +0000] "GET /?fileloc=//usr/share/pkgconfig/shared-mime-info.pc&path=//usr/share/pkgconfig HTTP/1.1" 200 45435 "-" "Mozilla/5.0 (compatible; MJ12bot/v1.4.8; http://mj12bot.com/)"
74.7.227.154 - - [07/Nov/2025:00:20:57 +0000] "GET /entity/172145641.htm HTTP/1.1" 301 5 "-" "Mozilla/5.0 AppleWebKit/537.36 (KHTML, like Gecko; compatible; GPTBot/1.2; +https://openai.com/gptbot)"
216.73.216.147 - - [07/Nov/2025:00:20:57 +0000] "GET /entity/871054294.htm HTTP/1.1" 301 5 "-" "Mozilla/5.0 AppleWebKit/537.36 (KHTML, like Gecko; compatible; ClaudeBot/1.0; +claudebot@anthropic.com)"
74.7.227.154 - - [07/Nov/2025:00:20:58 +0000] "GET /entity/172145641.htm/ HTTP/1.1" 200 45435 "-" "Mozilla/5.0 AppleWebKit/537.36 (KHTML, like Gecko; compatible; GPTBot/1.2; +https://openai.com/gptbot)"
216.73.216.147 - - [07/Nov/2025:00:20:58 +0000] "GET /entity/871054294.htm/ HTTP/1.1" 200 45435 "https://datainsightnow.com/entity/871054294.htm" "Mozilla/5.0 AppleWebKit/537.36 (KHTML, like Gecko; compatible; ClaudeBot/1.0; +claudebot@anthropic.com)"
57.141.0.50 - - [07/Nov/2025:00:20:58 +0000] "GET /karamba-spielsaal-erfahrungen-angeschlossen-testbericht-werfen-sie-einen-blick-auf-den-link-within-2025-pro-teutonia/?fileloc=//sys/class/pci_bus/0000:06/subsystem/0000:05/subsystem/0000:04/subsystem/0000:0d/device/subsystem/devices/0000:00:03.4/modalias&path=//sys/class/pci_bus/0000:06/subsystem/0000:05/subsystem/0000:04/subsystem/0000:0d/device/subsystem/devices/0000:00:03.4 HTTP/1.1" 200 262209 "-" "meta-externalagent/1.1 (+https://developers.facebook.com/docs/sharing/webmasters/crawler)"
74.7.227.154 - - [07/Nov/2025:00:21:00 +0000] "GET /entity/172141246.htm HTTP/1.1" 301 5 "-" "Mozilla/5.0 AppleWebKit/537.36 (KHTML, like Gecko; compatible; GPTBot/1.2; +https://openai.com/gptbot)"
216.73.216.147 - - [07/Nov/2025:00:21:00 +0000] "GET /entity/522633253.htm HTTP/1.1" 301 5 "-" "Mozilla/5.0 AppleWebKit/537.36 (KHTML, like Gecko; compatible; ClaudeBot/1.0; +claudebot@anthropic.com)"
217.113.194.214 - - [07/Nov/2025:00:21:01 +0000] "GET /register/?fileloc=/opt/wpsites/datainsightnow.com/wp-includes/class-wp-http-ixr-client.php&path=/opt/wpsites/datainsightnow.com/wp-includes HTTP/1.1" 200 45435 "-" "Mozilla/5.0 (compatible; Barkrowler/0.9; +https://babbar.tech/crawler)"
57.141.0.69 - - [07/Nov/2025:00:21:01 +0000] "GET /2025/03/06/page/39/?fileloc=//sys/class/pci_bus/0000:0b/subsystem/0000:00/subsystem/0000:11/subsystem/0000:05/subsystem/0000:04/device/numa_node&path=//sys/class/pci_bus/0000:0b/subsystem/0000:00/subsystem/0000:11/subsystem/0000:05/subsystem/0000:04/device HTTP/1.1" 200 262248 "-" "meta-externalagent/1.1 (+https://developers.facebook.com/docs/sharing/webmasters/crawler)"
74.7.227.154 - - [07/Nov/2025:00:21:02 +0000] "GET /entity/172141246.htm/ HTTP/1.1" 200 45435 "-" "Mozilla/5.0 AppleWebKit/537.36 (KHTML, like Gecko; compatible; GPTBot/1.2; +https://openai.com/gptbot)"
95.91.110.210 - - [07/Nov/2025:00:21:03 +0000] "GET /?fileloc=//usr/share/pkgconfig/systemd.pc&path=//usr/share/pkgconfig HTTP/1.1" 200 45435 "-" "Mozilla/5.0 (compatible; MJ12bot/v1.4.8; http://mj12bot.com/)"
216.73.216.147 - - [07/Nov/2025:00:21:03 +0000] "GET /entity/522633253.htm/ HTTP/1.1" 200 45435 "https://datainsightnow.com/entity/522633253.htm" "Mozilla/5.0 AppleWebKit/537.36 (KHTML, like Gecko; compatible; ClaudeBot/1.0; +claudebot@anthropic.com)"
57.141.0.9 - - [07/Nov/2025:00:21:03 +0000] "GET /2025/03/13/?fileloc=//sys/class/pci_bus/0000:0d/subsystem/0000:0c/subsystem/0000:03/device/firmware_node/device:1c/path&path=//sys/class/pci_bus/0000:0d/subsystem/0000:0c/subsystem/0000:03/device/firmware_node/device:1c HTTP/1.1" 200 262264 "-" "meta-externalagent/1.1 (+https://developers.facebook.com/docs/sharing/webmasters/crawler)"
57.141.0.31 - - [07/Nov/2025:00:21:04 +0000] "GET /karamba-spielsaal-erfahrungen-angeschlossen-testbericht-werfen-sie-einen-blick-auf-den-link-within-2025-pro-teutonia/?path=//sys/class/pci_bus/0000:04/device/driver/0000:00:02.0/driver/0000:00:03.0/subsystem/drivers/virtio-pci HTTP/1.1" 200 262248 "-" "meta-externalagent/1.1 (+https://developers.facebook.com/docs/sharing/webmasters/crawler)"
57.141.0.20 - - [07/Nov/2025:00:21:04 +0000] "GET /karamba-spielsaal-erfahrungen-angeschlossen-testbericht-werfen-sie-einen-blick-auf-den-link-within-2025-pro-teutonia/?path=//sys/class/pci_bus/0000:06/subsystem/0000:04/subsystem/0000:07/subsystem/0000:0b/subsystem/0000:0f/device/subsystem HTTP/1.1" 200 262264 "-" "meta-externalagent/1.1 (+https://developers.facebook.com/docs/sharing/webmasters/crawler)"
57.141.0.2 - - [07/Nov/2025:00:21:04 +0000] "GET /2025/03/07/page/6/?fileloc=//sys/class/pci_bus/0000:11/subsystem/0000:06/device/subsystem/devices/0000:00:04.1/driver/0000:00:02.0/max_link_width&path=//sys/class/pci_bus/0000:11/subsystem/0000:06/device/subsystem/devices/0000:00:04.1/driver/0000:00:02.0 HTTP/1.1" 200 262209 "-" "meta-externalagent/1.1 (+https://developers.facebook.com/docs/sharing/webmasters/crawler)"
74.7.227.154 - - [07/Nov/2025:00:21:06 +0000] "GET /entity/172190452.htm HTTP/1.1" 301 5 "-" "Mozilla/5.0 AppleWebKit/537.36 (KHTML, like Gecko; compatible; GPTBot/1.2; +https://openai.com/gptbot)"
216.73.216.147 - - [07/Nov/2025:00:21:06 +0000] "GET /entity/778426058.htm HTTP/1.1" 301 5 "-" "Mozilla/5.0 AppleWebKit/537.36 (KHTML, like Gecko; compatible; ClaudeBot/1.0; +claudebot@anthropic.com)"
74.7.227.154 - - [07/Nov/2025:00:21:07 +0000] "GET /entity/172190452.htm/ HTTP/1.1" 200 45435 "-" "Mozilla/5.0 AppleWebKit/537.36 (KHTML, like Gecko; compatible; GPTBot/1.2; +https://openai.com/gptbot)"
216.73.216.147 - - [07/Nov/2025:00:21:07 +0000] "GET /entity/778426058.htm/ HTTP/1.1" 200 45435 "https://datainsightnow.com/entity/778426058.htm" "Mozilla/5.0 AppleWebKit/537.36 (KHTML, like Gecko; compatible; ClaudeBot/1.0; +claudebot@anthropic.com)"
95.91.110.210 - - [07/Nov/2025:00:21:08 +0000] "GET /?fileloc=//usr/share/pkgconfig/udev.pc&path=//usr/share/pkgconfig HTTP/1.1" 200 45435 "-" "Mozilla/5.0 (compatible; MJ12bot/v1.4.8; http://mj12bot.com/)"
185.191.171.3 - - [07/Nov/2025:00:21:08 +0000] "GET /?p=13995 HTTP/1.1" 200 43554 "-" "Mozilla/5.0 (compatible; SemrushBot/7~bl; +http://www.semrush.com/bot.html)"
74.7.227.154 - - [07/Nov/2025:00:21:09 +0000] "GET /entity/171981692.htm HTTP/1.1" 301 5 "-" "Mozilla/5.0 AppleWebKit/537.36 (KHTML, like Gecko; compatible; GPTBot/1.2; +https://openai.com/gptbot)"
216.73.216.147 - - [07/Nov/2025:00:21:09 +0000] "GET /entity/522534058.htm HTTP/1.1" 301 5 "-" "Mozilla/5.0 AppleWebKit/537.36 (KHTML, like Gecko; compatible; ClaudeBot/1.0; +claudebot@anthropic.com)"
57.141.0.33 - - [07/Nov/2025:00:21:09 +0000] "GET /2025/03/07/page/6/?fileloc=//sys/class/pci_bus/0000:03/subsystem/0000:0b/subsystem/0000:13/subsystem/0000:0b/device/driver/0000:00:03.7/rescan&path=//sys/class/pci_bus/0000:03/subsystem/0000:0b/subsystem/0000:13/subsystem/0000:0b/device/driver/0000:00:03.7 HTTP/1.1" 200 262216 "-" "meta-externalagent/1.1 (+https://developers.facebook.com/docs/sharing/webmasters/crawler)"
74.7.227.154 - - [07/Nov/2025:00:21:10 +0000] "GET /entity/171981692.htm/ HTTP/1.1" 200 45435 "-" "Mozilla/5.0 AppleWebKit/537.36 (KHTML, like Gecko; compatible; GPTBot/1.2; +https://openai.com/gptbot)"
216.73.216.147 - - [07/Nov/2025:00:21:10 +0000] "GET /entity/522534058.htm/ HTTP/1.1" 200 45435 "https://datainsightnow.com/entity/522534058.htm" "Mozilla/5.0 AppleWebKit/537.36 (KHTML, like Gecko; compatible; ClaudeBot/1.0; +claudebot@anthropic.com)"
57.141.0.38 - - [07/Nov/2025:00:21:11 +0000] "GET /2025/03/07/page/6/?fileloc=//sys/class/pci_bus/0000:05/subsystem/0000:0b/subsystem/0000:04/subsystem/0000:11/device/subsystem/devices/0000:00:02.2/power/wakeup_expire_count&path=//sys/class/pci_bus/0000:05/subsystem/0000:0b/subsystem/0000:04/subsystem/0000:11/device/subsystem/devices/0000:00:02.2/power HTTP/1.1" 200 262264 "-" "meta-externalagent/1.1 (+https://developers.facebook.com/docs/sharing/webmasters/crawler)"
57.141.0.24 - - [07/Nov/2025:00:21:11 +0000] "GET /2025/03/13/?fileloc=//sys/class/pci_bus/0000:13/subsystem/0000:11/device/driver/0000:00:02.3/driver/0000:00:04.0/subordinate_bus_number&path=//sys/class/pci_bus/0000:13/subsystem/0000:11/device/driver/0000:00:02.3/driver/0000:00:04.0 HTTP/1.1" 200 262209 "-" "meta-externalagent/1.1 (+https://developers.facebook.com/docs/sharing/webmasters/crawler)"
95.91.110.210 - - [07/Nov/2025:00:21:12 +0000] "GET /?fileloc=//usr/share/pkgconfig/videoproto.pc&path=//usr/share/pkgconfig HTTP/1.1" 200 45435 "-" "Mozilla/5.0 (compatible; MJ12bot/v1.4.8; http://mj12bot.com/)"
216.73.216.147 - - [07/Nov/2025:00:21:12 +0000] "GET /entity/5851587.htm HTTP/1.1" 301 5 "-" "Mozilla/5.0 AppleWebKit/537.36 (KHTML, like Gecko; compatible; ClaudeBot/1.0; +claudebot@anthropic.com)"
216.73.216.147 - - [07/Nov/2025:00:21:13 +0000] "GET /entity/5851587.htm/ HTTP/1.1" 200 45435 "https://datainsightnow.com/entity/5851587.htm" "Mozilla/5.0 AppleWebKit/537.36 (KHTML, like Gecko; compatible; ClaudeBot/1.0; +claudebot@anthropic.com)"
74.7.227.154 - - [07/Nov/2025:00:21:14 +0000] "GET /entity/172050592.htm HTTP/1.1" 301 5 "-" "Mozilla/5.0 AppleWebKit/537.36 (KHTML, like Gecko; compatible; GPTBot/1.2; +https://openai.com/gptbot)"
74.7.227.154 - - [07/Nov/2025:00:21:15 +0000] "GET /entity/172050592.htm/ HTTP/1.1" 200 45435 "-" "Mozilla/5.0 AppleWebKit/537.36 (KHTML, like Gecko; compatible; GPTBot/1.2; +https://openai.com/gptbot)"
57.141.0.27 - - [07/Nov/2025:00:21:15 +0000] "GET /2025/03/06/page/39/?fileloc=//sys/class/pci_bus/0000:0e/device/driver/0000:00:02.2/driver/0000:00:03.0/driver/0000:00:02.2/power/wakeup_max_time_ms&path=//sys/class/pci_bus/0000:0e/device/driver/0000:00:02.2/driver/0000:00:03.0/driver/0000:00:02.2/power HTTP/1.1" 200 262209 "-" "meta-externalagent/1.1 (+https://developers.facebook.com/docs/sharing/webmasters/crawler)"
216.73.216.147 - - [07/Nov/2025:00:21:15 +0000] "GET /entity/778337735.htm HTTP/1.1" 301 5 "-" "Mozilla/5.0 AppleWebKit/537.36 (KHTML, like Gecko; compatible; ClaudeBot/1.0; +claudebot@anthropic.com)"
216.73.216.147 - - [07/Nov/2025:00:21:16 +0000] "GET /entity/778337735.htm/ HTTP/1.1" 200 45435 "https://datainsightnow.com/entity/778337735.htm" "Mozilla/5.0 AppleWebKit/537.36 (KHTML, like Gecko; compatible; ClaudeBot/1.0; +claudebot@anthropic.com)"
95.91.110.210 - - [07/Nov/2025:00:21:16 +0000] "GET /?fileloc=//usr/share/pkgconfig/xcmiscproto.pc&path=//usr/share/pkgconfig HTTP/1.1" 200 45435 "-" "Mozilla/5.0 (compatible; MJ12bot/v1.4.8; http://mj12bot.com/)"
57.141.0.37 - - [07/Nov/2025:00:21:17 +0000] "GET /karamba-spielsaal-erfahrungen-angeschlossen-testbericht-werfen-sie-einen-blick-auf-den-link-within-2025-pro-teutonia/?path=//sys/class/pci_bus/0000:07/device/pci_bus/0000:07/subsystem/0000:0e/subsystem/0000:03/subsystem/0000:00/device/0000:00:02.7 HTTP/1.1" 200 262209 "-" "meta-externalagent/1.1 (+https://developers.facebook.com/docs/sharing/webmasters/crawler)"
74.7.227.154 - - [07/Nov/2025:00:21:17 +0000] "GET /entity/171993871.htm HTTP/1.1" 301 5 "-" "Mozilla/5.0 AppleWebKit/537.36 (KHTML, like Gecko; compatible; GPTBot/1.2; +https://openai.com/gptbot)"
74.7.227.154 - - [07/Nov/2025:00:21:17 +0000] "GET /entity/171993871.htm/ HTTP/1.1" 200 45435 "-" "Mozilla/5.0 AppleWebKit/537.36 (KHTML, like Gecko; compatible; GPTBot/1.2; +https://openai.com/gptbot)"
216.73.216.147 - - [07/Nov/2025:00:21:18 +0000] "GET /entity/144559033.htm HTTP/1.1" 301 5 "-" "Mozilla/5.0 AppleWebKit/537.36 (KHTML, like Gecko; compatible; ClaudeBot/1.0; +claudebot@anthropic.com)"
216.73.216.147 - - [07/Nov/2025:00:21:19 +0000] "GET /entity/144559033.htm/ HTTP/1.1" 200 45435 "https://datainsightnow.com/entity/144559033.htm" "Mozilla/5.0 AppleWebKit/537.36 (KHTML, like Gecko; compatible; ClaudeBot/1.0; +claudebot@anthropic.com)"
74.7.227.154 - - [07/Nov/2025:00:21:20 +0000] "GET /entity/172139425.htm HTTP/1.1" 301 5 "-" "Mozilla/5.0 AppleWebKit/537.36 (KHTML, like Gecko; compatible; GPTBot/1.2; +https://openai.com/gptbot)"
95.91.110.210 - - [07/Nov/2025:00:21:20 +0000] "GET /?fileloc=//usr/share/pkgconfig/xextproto.pc&path=//usr/share/pkgconfig HTTP/1.1" 200 45435 "-" "Mozilla/5.0 (compatible; MJ12bot/v1.4.8; http://mj12bot.com/)"
217.113.194.55 - - [07/Nov/2025:00:21:21 +0000] "GET /register/?fileloc=/opt/wpsites/datainsightnow.com/wp-includes/class-wp-user-meta-session-tokens.php&path=/opt/wpsites/datainsightnow.com/wp-includes HTTP/1.1" 200 45435 "-" "Mozilla/5.0 (compatible; Barkrowler/0.9; +https://babbar.tech/crawler)"
216.73.216.147 - - [07/Nov/2025:00:21:21 +0000] "GET /entity/461068953.htm HTTP/1.1" 301 5 "-" "Mozilla/5.0 AppleWebKit/537.36 (KHTML, like Gecko; compatible; ClaudeBot/1.0; +claudebot@anthropic.com)"
74.7.227.154 - - [07/Nov/2025:00:21:22 +0000] "GET /entity/172139425.htm/ HTTP/1.1" 200 45435 "-" "Mozilla/5.0 AppleWebKit/537.36 (KHTML, like Gecko; compatible; GPTBot/1.2; +https://openai.com/gptbot)"
57.141.0.58 - - [07/Nov/2025:00:21:22 +0000] "GET /2025/03/07/page/6/?path=//sys/class/pci_bus/0000:09/subsystem/0000:0a/device/0000:00:03.0:pcie010/subsystem/devices/0000:00:03.7:pcie001/driver HTTP/1.1" 200 262264 "-" "meta-externalagent/1.1 (+https://developers.facebook.com/docs/sharing/webmasters/crawler)"
216.73.216.147 - - [07/Nov/2025:00:21:22 +0000] "GET /entity/461068953.htm/ HTTP/1.1" 200 45435 "https://datainsightnow.com/entity/461068953.htm" "Mozilla/5.0 AppleWebKit/537.36 (KHTML, like Gecko; compatible; ClaudeBot/1.0; +claudebot@anthropic.com)"
74.7.227.154 - - [07/Nov/2025:00:21:24 +0000] "GET /entity/172126742.htm HTTP/1.1" 301 5 "-" "Mozilla/5.0 AppleWebKit/537.36 (KHTML, like Gecko; compatible; GPTBot/1.2; +https://openai.com/gptbot)"
74.7.227.154 - - [07/Nov/2025:00:21:24 +0000] "GET /entity/172126742.htm/ HTTP/1.1" 200 45435 "-" "Mozilla/5.0 AppleWebKit/537.36 (KHTML, like Gecko; compatible; GPTBot/1.2; +https://openai.com/gptbot)"
216.73.216.147 - - [07/Nov/2025:00:21:24 +0000] "GET /entity/815442850.htm HTTP/1.1" 301 5 "-" "Mozilla/5.0 AppleWebKit/537.36 (KHTML, like Gecko; compatible; ClaudeBot/1.0; +claudebot@anthropic.com)"
40.77.167.76 - - [07/Nov/2025:00:21:24 +0000] "GET /745046389?entity=0742170022 HTTP/1.1" 200 29006 "-" "Mozilla/5.0 AppleWebKit/537.36 (KHTML, like Gecko; compatible; bingbot/2.0; +http://www.bing.com/bingbot.htm) Chrome/116.0.1938.76 Safari/537.36"
95.91.110.210 - - [07/Nov/2025:00:21:25 +0000] "GET /?fileloc=//usr/share/pkgconfig/xf86bigfontproto.pc&path=//usr/share/pkgconfig HTTP/1.1" 200 45435 "-" "Mozilla/5.0 (compatible; MJ12bot/v1.4.8; http://mj12bot.com/)"
216.73.216.147 - - [07/Nov/2025:00:21:25 +0000] "GET /entity/815442850.htm/ HTTP/1.1" 200 45435 "https://datainsightnow.com/entity/815442850.htm" "Mozilla/5.0 AppleWebKit/537.36 (KHTML, like Gecko; compatible; ClaudeBot/1.0; +claudebot@anthropic.com)"
57.141.0.29 - - [07/Nov/2025:00:21:26 +0000] "GET /2025/03/07/page/6/?fileloc=//sys/class/pci_bus/0000:05/subsystem/0000:0c/device/driver/0000:00:02.3/driver/0000:00:03.1/0000:00:03.1:pcie001/driver/uevent&path=//sys/class/pci_bus/0000:05/subsystem/0000:0c/device/driver/0000:00:02.3/driver/0000:00:03.1/0000:00:03.1:pcie001/driver HTTP/1.1" 200 262264 "-" "meta-externalagent/1.1 (+https://developers.facebook.com/docs/sharing/webmasters/crawler)"
57.141.0.60 - - [07/Nov/2025:00:21:26 +0000] "GET /2025/03/07/page/6/?path=//sys/class/pci_bus/0000:05/subsystem/0000:11/subsystem/0000:0b/device/driver/0000:00:02.1/0000:00:02.1:pcie001/driver/0000:00:04.0:pcie001 HTTP/1.1" 200 262209 "-" "meta-externalagent/1.1 (+https://developers.facebook.com/docs/sharing/webmasters/crawler)"
57.141.0.29 - - [07/Nov/2025:00:21:26 +0000] "GET /karamba-spielsaal-erfahrungen-angeschlossen-testbericht-werfen-sie-einen-blick-auf-den-link-within-2025-pro-teutonia/?path=//sys/class/pci_bus/0000:0f/device/driver/0000:00:02.3/driver/0000:00:02.1/driver/0000:00:02.5 HTTP/1.1" 200 262217 "-" "meta-externalagent/1.1 (+https://developers.facebook.com/docs/sharing/webmasters/crawler)"
57.141.0.30 - - [07/Nov/2025:00:21:27 +0000] "GET /karamba-spielsaal-erfahrungen-angeschlossen-testbericht-werfen-sie-einen-blick-auf-den-link-within-2025-pro-teutonia/?fileloc=//sys/class/pci_bus/0000:06/subsystem/0000:01/device/driver/0000:00:03.1/0000:00:03.1:pcie001/driver/0000:00:03.7:pcie001/uevent&path=//sys/class/pci_bus/0000:06/subsystem/0000:01/device/driver/0000:00:03.1/0000:00:03.1:pcie001/driver/0000:00:03.7:pcie001 HTTP/1.1" 200 262209 "-" "meta-externalagent/1.1 (+https://developers.facebook.com/docs/sharing/webmasters/crawler)"
216.73.216.147 - - [07/Nov/2025:00:21:27 +0000] "GET /entity/270030290.htm HTTP/1.1" 301 5 "-" "Mozilla/5.0 AppleWebKit/537.36 (KHTML, like Gecko; compatible; ClaudeBot/1.0; +claudebot@anthropic.com)"
216.73.216.147 - - [07/Nov/2025:00:21:28 +0000] "GET /entity/270030290.htm/ HTTP/1.1" 200 45435 "https://datainsightnow.com/entity/270030290.htm" "Mozilla/5.0 AppleWebKit/537.36 (KHTML, like Gecko; compatible; ClaudeBot/1.0; +claudebot@anthropic.com)"
57.141.0.61 - - [07/Nov/2025:00:21:29 +0000] "GET /2025/03/07/page/6/?fileloc=//sys/class/pci_bus/0000:05/subsystem/0000:06/subsystem/0000:10/device/driver/0000:00:02.4/subsystem/devices/0000:00:02.4/local_cpus&path=//sys/class/pci_bus/0000:05/subsystem/0000:06/subsystem/0000:10/device/driver/0000:00:02.4/subsystem/devices/0000:00:02.4 HTTP/1.1" 200 262209 "-" "meta-externalagent/1.1 (+https://developers.facebook.com/docs/sharing/webmasters/crawler)"
185.191.171.12 - - [07/Nov/2025:00:21:29 +0000] "GET /?p=32541 HTTP/1.1" 200 42176 "-" "Mozilla/5.0 (compatible; SemrushBot/7~bl; +http://www.semrush.com/bot.html)"
57.141.0.72 - - [07/Nov/2025:00:21:29 +0000] "GET /karamba-spielsaal-erfahrungen-angeschlossen-testbericht-werfen-sie-einen-blick-auf-den-link-within-2025-pro-teutonia/?fileloc=//sys/class/pci_bus/0000:01/subsystem/0000:0b/subsystem/0000:02/device/driver/0000:00:03.5/driver/0000:00:03.1/d3cold_allowed&path=//sys/class/pci_bus/0000:01/subsystem/0000:0b/subsystem/0000:02/device/driver/0000:00:03.5/driver/0000:00:03.1 HTTP/1.1" 200 262209 "-" "meta-externalagent/1.1 (+https://developers.facebook.com/docs/sharing/webmasters/crawler)"
57.141.0.39 - - [07/Nov/2025:00:21:30 +0000] "GET /karamba-spielsaal-erfahrungen-angeschlossen-testbericht-werfen-sie-einen-blick-auf-den-link-within-2025-pro-teutonia/?path=//sys/class/pci_bus/0000:06/subsystem/0000:0f/subsystem/0000:13/subsystem/0000:08/subsystem/0000:0b/subsystem/0000:09 HTTP/1.1" 200 262264 "-" "meta-externalagent/1.1 (+https://developers.facebook.com/docs/sharing/webmasters/crawler)"
95.91.110.210 - - [07/Nov/2025:00:21:30 +0000] "GET /?fileloc=//usr/share/pkgconfig/xf86dgaproto.pc&path=//usr/share/pkgconfig HTTP/1.1" 200 45435 "-" "Mozilla/5.0 (compatible; MJ12bot/v1.4.8; http://mj12bot.com/)"
57.141.0.20 - - [07/Nov/2025:00:21:30 +0000] "GET /karamba-spielsaal-erfahrungen-angeschlossen-testbericht-werfen-sie-einen-blick-auf-den-link-within-2025-pro-teutonia/?fileloc=//sys/class/pci_bus/0000:06/subsystem/0000:08/device/subsystem/drivers/pcieport/0000:00:03.4/driver/0000:00:02.0/0000:01:00.0/dma_mask_bits&path=//sys/class/pci_bus/0000:06/subsystem/0000:08/device/subsystem/drivers/pcieport/0000:00:03.4/driver/0000:00:02.0/0000:01:00.0 HTTP/1.1" 200 262264 "-" "meta-externalagent/1.1 (+https://developers.facebook.com/docs/sharing/webmasters/crawler)"
74.7.227.154 - - [07/Nov/2025:00:21:30 +0000] "GET /entity/172017952.htm HTTP/1.1" 301 5 "-" "Mozilla/5.0 AppleWebKit/537.36 (KHTML, like Gecko; compatible; GPTBot/1.2; +https://openai.com/gptbot)"
216.73.216.147 - - [07/Nov/2025:00:21:30 +0000] "GET /entity/76544607.htm HTTP/1.1" 301 5 "-" "Mozilla/5.0 AppleWebKit/537.36 (KHTML, like Gecko; compatible; ClaudeBot/1.0; +claudebot@anthropic.com)"
74.7.227.154 - - [07/Nov/2025:00:21:32 +0000] "GET /entity/172017952.htm/ HTTP/1.1" 200 45435 "-" "Mozilla/5.0 AppleWebKit/537.36 (KHTML, like Gecko; compatible; GPTBot/1.2; +https://openai.com/gptbot)"
216.73.216.147 - - [07/Nov/2025:00:21:32 +0000] "GET /entity/76544607.htm/ HTTP/1.1" 200 45435 "https://datainsightnow.com/entity/76544607.htm" "Mozilla/5.0 AppleWebKit/537.36 (KHTML, like Gecko; compatible; ClaudeBot/1.0; +claudebot@anthropic.com)"
57.141.0.33 - - [07/Nov/2025:00:21:32 +0000] "GET /karamba-spielsaal-erfahrungen-angeschlossen-testbericht-werfen-sie-einen-blick-auf-den-link-within-2025-pro-teutonia/?path=//sys/class/pci_bus/0000:06/subsystem/0000:0b/subsystem/0000:0c/subsystem/0000:06/device/driver/0000:00:02.1/msi_irqs HTTP/1.1" 200 262264 "-" "meta-externalagent/1.1 (+https://developers.facebook.com/docs/sharing/webmasters/crawler)"
57.141.0.33 - - [07/Nov/2025:00:21:32 +0000] "GET /karamba-spielsaal-erfahrungen-angeschlossen-testbericht-werfen-sie-einen-blick-auf-den-link-within-2025-pro-teutonia/?fileloc=//sys/class/pci_bus/0000:0c/subsystem/0000:05/device/driver/0000:00:03.2/driver/0000:00:02.3/d3cold_allowed&path=//sys/class/pci_bus/0000:0c/subsystem/0000:05/device/driver/0000:00:03.2/driver/0000:00:02.3 HTTP/1.1" 200 262209 "-" "meta-externalagent/1.1 (+https://developers.facebook.com/docs/sharing/webmasters/crawler)"
57.141.0.14 - - [07/Nov/2025:00:21:33 +0000] "GET /2025/03/07/page/6/?fileloc=//sys/class/pci_bus/0000:12/subsystem/0000:00/subsystem/0000:0f/subsystem/0000:07/subsystem/0000:07/cpuaffinity&path=//sys/class/pci_bus/0000:12/subsystem/0000:00/subsystem/0000:0f/subsystem/0000:07/subsystem/0000:07 HTTP/1.1" 200 262264 "-" "meta-externalagent/1.1 (+https://developers.facebook.com/docs/sharing/webmasters/crawler)"
57.141.0.36 - - [07/Nov/2025:00:21:33 +0000] "GET /karamba-spielsaal-erfahrungen-angeschlossen-testbericht-werfen-sie-einen-blick-auf-den-link-within-2025-pro-teutonia/?fileloc=//sys/class/pci_bus/0000:0e/subsystem/0000:01/subsystem/0000:09/subsystem/0000:04/subsystem/0000:0c/device/revision&path=//sys/class/pci_bus/0000:0e/subsystem/0000:01/subsystem/0000:09/subsystem/0000:04/subsystem/0000:0c/device HTTP/1.1" 200 262209 "-" "meta-externalagent/1.1 (+https://developers.facebook.com/docs/sharing/webmasters/crawler)"
57.141.0.40 - - [07/Nov/2025:00:21:33 +0000] "GET /karamba-spielsaal-erfahrungen-angeschlossen-testbericht-werfen-sie-einen-blick-auf-den-link-within-2025-pro-teutonia/?path=//sys/class/pci_bus/0000:0d/subsystem/0000:05/device/0000:00:02.3:pcie002/subsystem/devices/0000:00:04.1:pcie002 HTTP/1.1" 200 262209 "-" "meta-externalagent/1.1 (+https://developers.facebook.com/docs/sharing/webmasters/crawler)"
216.73.216.147 - - [07/Nov/2025:00:21:33 +0000] "GET /entity/376060224.htm HTTP/1.1" 301 5 "-" "Mozilla/5.0 AppleWebKit/537.36 (KHTML, like Gecko; compatible; ClaudeBot/1.0; +claudebot@anthropic.com)"
66.135.21.75 - - [07/Nov/2025:00:21:33 +0000] "POST /wp-cron.php?doing_wp_cron=1762474893.9594740867614746093750 HTTP/1.1" 200 31 "-" "WordPress/6.3.1; https://datainsightnow.com"
66.135.21.75 - - [07/Nov/2025:00:21:34 +0000] "POST /wp-cron.php?doing_wp_cron=1762474894.0699911117553710937500 HTTP/1.1" 200 31 "-" "WordPress/6.3.1; https://datainsightnow.com"
74.7.227.154 - - [07/Nov/2025:00:21:34 +0000] "GET /entity/172088147.htm HTTP/1.1" 301 5 "-" "Mozilla/5.0 AppleWebKit/537.36 (KHTML, like Gecko; compatible; GPTBot/1.2; +https://openai.com/gptbot)"
57.141.0.28 - - [07/Nov/2025:00:21:34 +0000] "GET /karamba-spielsaal-erfahrungen-angeschlossen-testbericht-werfen-sie-einen-blick-auf-den-link-within-2025-pro-teutonia/?path=//sys/class/pci_bus/0000:06/subsystem/0000:0d/subsystem/0000:05/device/driver/0000:00:02.6/0000:00:02.6:pcie001/subsystem/devices/0000:00:03.0:pcie010/power HTTP/1.1" 200 262209 "-" "meta-externalagent/1.1 (+https://developers.facebook.com/docs/sharing/webmasters/crawler)"
216.73.216.147 - - [07/Nov/2025:00:21:35 +0000] "GET /entity/376060224.htm/ HTTP/1.1" 200 45435 "https://datainsightnow.com/entity/376060224.htm" "Mozilla/5.0 AppleWebKit/537.36 (KHTML, like Gecko; compatible; ClaudeBot/1.0; +claudebot@anthropic.com)"
95.91.110.210 - - [07/Nov/2025:00:21:35 +0000] "GET /?fileloc=//usr/share/pkgconfig/xf86driproto.pc&path=//usr/share/pkgconfig HTTP/1.1" 200 45435 "-" "Mozilla/5.0 (compatible; MJ12bot/v1.4.8; http://mj12bot.com/)"
74.7.227.154 - - [07/Nov/2025:00:21:35 +0000] "GET /entity/172088147.htm/ HTTP/1.1" 200 45435 "-" "Mozilla/5.0 AppleWebKit/537.36 (KHTML, like Gecko; compatible; GPTBot/1.2; +https://openai.com/gptbot)"
216.73.216.147 - - [07/Nov/2025:00:21:36 +0000] "GET /entity/76596921.htm HTTP/1.1" 301 5 "-" "Mozilla/5.0 AppleWebKit/537.36 (KHTML, like Gecko; compatible; ClaudeBot/1.0; +claudebot@anthropic.com)"
74.7.227.154 - - [07/Nov/2025:00:21:37 +0000] "GET /entity/172170505.htm HTTP/1.1" 301 5 "-" "Mozilla/5.0 AppleWebKit/537.36 (KHTML, like Gecko; compatible; GPTBot/1.2; +https://openai.com/gptbot)"
216.73.216.147 - - [07/Nov/2025:00:21:37 +0000] "GET /entity/76596921.htm/ HTTP/1.1" 200 45435 "https://datainsightnow.com/entity/76596921.htm" "Mozilla/5.0 AppleWebKit/537.36 (KHTML, like Gecko; compatible; ClaudeBot/1.0; +claudebot@anthropic.com)"
74.7.227.154 - - [07/Nov/2025:00:21:37 +0000] "GET /entity/172170505.htm/ HTTP/1.1" 200 45435 "-" "Mozilla/5.0 AppleWebKit/537.36 (KHTML, like Gecko; compatible; GPTBot/1.2; +https://openai.com/gptbot)"
198.244.168.102 - - [07/Nov/2025:00:21:39 +0000] "GET /?p=47537 HTTP/1.1" 200 40841 "-" "Mozilla/5.0 (compatible; AhrefsBot/7.0; +http://ahrefs.com/robot/)"
95.91.110.210 - - [07/Nov/2025:00:21:39 +0000] "GET /?fileloc=//usr/share/pkgconfig/xf86vidmodeproto.pc&path=//usr/share/pkgconfig HTTP/1.1" 200 45435 "-" "Mozilla/5.0 (compatible; MJ12bot/v1.4.8; http://mj12bot.com/)"
216.73.216.147 - - [07/Nov/2025:00:21:39 +0000] "GET /entity/83398783.htm HTTP/1.1" 301 5 "-" "Mozilla/5.0 AppleWebKit/537.36 (KHTML, like Gecko; compatible; ClaudeBot/1.0; +claudebot@anthropic.com)"
74.7.227.154 - - [07/Nov/2025:00:21:40 +0000] "GET /entity/172185531.htm HTTP/1.1" 301 5 "-" "Mozilla/5.0 AppleWebKit/537.36 (KHTML, like Gecko; compatible; GPTBot/1.2; +https://openai.com/gptbot)"
216.73.216.147 - - [07/Nov/2025:00:21:40 +0000] "GET /entity/83398783.htm/ HTTP/1.1" 200 45435 "https://datainsightnow.com/entity/83398783.htm" "Mozilla/5.0 AppleWebKit/537.36 (KHTML, like Gecko; compatible; ClaudeBot/1.0; +claudebot@anthropic.com)"
74.7.227.154 - - [07/Nov/2025:00:21:40 +0000] "GET /entity/172185531.htm/ HTTP/1.1" 200 45435 "-" "Mozilla/5.0 AppleWebKit/537.36 (KHTML, like Gecko; compatible; GPTBot/1.2; +https://openai.com/gptbot)"
57.141.0.13 - - [07/Nov/2025:00:21:42 +0000] "GET /2025/03/06/page/39/?path=//sys/class/pci_bus/0000:05/device/driver/0000:00:03.1/subsystem/drivers/pcieport/0000:00:02.6/driver/0000:00:02.3 HTTP/1.1" 200 262264 "-" "meta-externalagent/1.1 (+https://developers.facebook.com/docs/sharing/webmasters/crawler)"
217.113.194.213 - - [07/Nov/2025:00:21:42 +0000] "GET /register/?fileloc=/opt/wpsites/datainsightnow.com/wp-includes/class-wp-recovery-mode-cookie-service.php&path=/opt/wpsites/datainsightnow.com/wp-includes HTTP/1.1" 200 45435 "-" "Mozilla/5.0 (compatible; Barkrowler/0.9; +https://babbar.tech/crawler)"
216.73.216.147 - - [07/Nov/2025:00:21:42 +0000] "GET /entity/274792531.htm HTTP/1.1" 301 5 "-" "Mozilla/5.0 AppleWebKit/537.36 (KHTML, like Gecko; compatible; ClaudeBot/1.0; +claudebot@anthropic.com)"
216.73.216.147 - - [07/Nov/2025:00:21:43 +0000] "GET /entity/274792531.htm/ HTTP/1.1" 200 45435 "https://datainsightnow.com/entity/274792531.htm" "Mozilla/5.0 AppleWebKit/537.36 (KHTML, like Gecko; compatible; ClaudeBot/1.0; +claudebot@anthropic.com)"
57.141.0.48 - - [07/Nov/2025:00:21:44 +0000] "GET /2025/03/07/page/6/?fileloc=//sys/class/pci_bus/0000:02/device/driver/0000:00:03.0/driver/0000:00:02.7/driver/0000:00:03.1/ari_enabled&path=//sys/class/pci_bus/0000:02/device/driver/0000:00:03.0/driver/0000:00:02.7/driver/0000:00:03.1 HTTP/1.1" 200 262264 "-" "meta-externalagent/1.1 (+https://developers.facebook.com/docs/sharing/webmasters/crawler)"
57.141.0.25 - - [07/Nov/2025:00:21:44 +0000] "GET /2025/03/06/page/39/?fileloc=//sys/class/pci_bus/0000:0c/device/driver/0000:00:03.3/driver/0000:00:02.2/driver/0000:00:04.1/local_cpus&path=//sys/class/pci_bus/0000:0c/device/driver/0000:00:03.3/driver/0000:00:02.2/driver/0000:00:04.1 HTTP/1.1" 200 262264 "-" "meta-externalagent/1.1 (+https://developers.facebook.com/docs/sharing/webmasters/crawler)"
95.91.110.210 - - [07/Nov/2025:00:21:44 +0000] "GET /?fileloc=//usr/share/pkgconfig/xineramaproto.pc&path=//usr/share/pkgconfig HTTP/1.1" 200 45435 "-" "Mozilla/5.0 (compatible; MJ12bot/v1.4.8; http://mj12bot.com/)"
57.141.0.56 - - [07/Nov/2025:00:21:45 +0000] "GET /karamba-spielsaal-erfahrungen-angeschlossen-testbericht-werfen-sie-einen-blick-auf-den-link-within-2025-pro-teutonia/?fileloc=//sys/class/pci_bus/0000:06/subsystem/0000:11/subsystem/0000:0b/device/driver/0000:00:02.2/driver/0000:00:03.2/aer_rootport_total_err_fatal&path=//sys/class/pci_bus/0000:06/subsystem/0000:11/subsystem/0000:0b/device/driver/0000:00:02.2/driver/0000:00:03.2 HTTP/1.1" 200 262264 "-" "meta-externalagent/1.1 (+https://developers.facebook.com/docs/sharing/webmasters/crawler)"
57.141.0.1 - - [07/Nov/2025:00:21:45 +0000] "GET /karamba-spielsaal-erfahrungen-angeschlossen-testbericht-werfen-sie-einen-blick-auf-den-link-within-2025-pro-teutonia/?path=//sys/class/pci_bus/0000:06/subsystem/0000:11/subsystem/0000:08/subsystem/0000:07/subsystem/0000:00/subsystem/0000:01/device HTTP/1.1" 200 262217 "-" "meta-externalagent/1.1 (+https://developers.facebook.com/docs/sharing/webmasters/crawler)"
216.73.216.147 - - [07/Nov/2025:00:21:45 +0000] "GET /entity/815495164.htm HTTP/1.1" 301 5 "-" "Mozilla/5.0 AppleWebKit/537.36 (KHTML, like Gecko; compatible; ClaudeBot/1.0; +claudebot@anthropic.com)"
216.73.216.147 - - [07/Nov/2025:00:21:46 +0000] "GET /entity/815495164.htm/ HTTP/1.1" 200 45435 "https://datainsightnow.com/entity/815495164.htm" "Mozilla/5.0 AppleWebKit/537.36 (KHTML, like Gecko; compatible; ClaudeBot/1.0; +claudebot@anthropic.com)"
74.7.227.154 - - [07/Nov/2025:00:21:46 +0000] "GET /entity/172043077.htm HTTP/1.1" 301 5 "-" "Mozilla/5.0 AppleWebKit/537.36 (KHTML, like Gecko; compatible; GPTBot/1.2; +https://openai.com/gptbot)"
57.141.0.41 - - [07/Nov/2025:00:21:46 +0000] "GET /karamba-spielsaal-erfahrungen-angeschlossen-testbericht-werfen-sie-einen-blick-auf-den-link-within-2025-pro-teutonia/?fileloc=//sys/class/pci_bus/0000:06/subsystem/0000:0b/subsystem/0000:0d/subsystem/0000:0f/subsystem/0000:05/subsystem/0000:13/device/power_state&path=//sys/class/pci_bus/0000:06/subsystem/0000:0b/subsystem/0000:0d/subsystem/0000:0f/subsystem/0000:05/subsystem/0000:13/device HTTP/1.1" 200 262264 "-" "meta-externalagent/1.1 (+https://developers.facebook.com/docs/sharing/webmasters/crawler)"
74.7.227.154 - - [07/Nov/2025:00:21:47 +0000] "GET /entity/172043077.htm/ HTTP/1.1" 200 45435 "-" "Mozilla/5.0 AppleWebKit/537.36 (KHTML, like Gecko; compatible; GPTBot/1.2; +https://openai.com/gptbot)"
216.73.216.147 - - [07/Nov/2025:00:21:48 +0000] "GET /entity/815551118.htm HTTP/1.1" 301 5 "-" "Mozilla/5.0 AppleWebKit/537.36 (KHTML, like Gecko; compatible; ClaudeBot/1.0; +claudebot@anthropic.com)"
74.7.227.154 - - [07/Nov/2025:00:21:49 +0000] "GET /entity/172006303.htm HTTP/1.1" 301 5 "-" "Mozilla/5.0 AppleWebKit/537.36 (KHTML, like Gecko; compatible; GPTBot/1.2; +https://openai.com/gptbot)"
95.91.110.210 - - [07/Nov/2025:00:21:49 +0000] "GET /?fileloc=//usr/share/pkgconfig/xkeyboard-config.pc&path=//usr/share/pkgconfig HTTP/1.1" 200 45435 "-" "Mozilla/5.0 (compatible; MJ12bot/v1.4.8; http://mj12bot.com/)"
57.141.0.18 - - [07/Nov/2025:00:21:50 +0000] "GET /2025/03/07/page/6/?fileloc=//sys/class/pci_bus/0000:04/subsystem/0000:0c/device/subsystem/drivers/ohci-pci/remove_id&path=//sys/class/pci_bus/0000:04/subsystem/0000:0c/device/subsystem/drivers/ohci-pci HTTP/1.1" 200 262215 "-" "meta-externalagent/1.1 (+https://developers.facebook.com/docs/sharing/webmasters/crawler)"
216.73.216.147 - - [07/Nov/2025:00:21:50 +0000] "GET /entity/815551118.htm/ HTTP/1.1" 200 45435 "https://datainsightnow.com/entity/815551118.htm" "Mozilla/5.0 AppleWebKit/537.36 (KHTML, like Gecko; compatible; ClaudeBot/1.0; +claudebot@anthropic.com)"
74.7.227.154 - - [07/Nov/2025:00:21:50 +0000] "GET /entity/172006303.htm/ HTTP/1.1" 200 45435 "-" "Mozilla/5.0 AppleWebKit/537.36 (KHTML, like Gecko; compatible; GPTBot/1.2; +https://openai.com/gptbot)"
66.135.21.75 - - [07/Nov/2025:00:21:51 +0000] "POST /wp-cron.php?doing_wp_cron=1762474911.7217140197753906250000 HTTP/1.1" 200 31 "-" "WordPress/6.3.1; https://datainsightnow.com"
216.73.216.147 - - [07/Nov/2025:00:21:51 +0000] "GET /entity/522576785.htm HTTP/1.1" 301 5 "-" "Mozilla/5.0 AppleWebKit/537.36 (KHTML, like Gecko; compatible; ClaudeBot/1.0; +claudebot@anthropic.com)"
74.7.227.154 - - [07/Nov/2025:00:21:52 +0000] "GET /entity/172167921.htm HTTP/1.1" 301 5 "-" "Mozilla/5.0 AppleWebKit/537.36 (KHTML, like Gecko; compatible; GPTBot/1.2; +https://openai.com/gptbot)"
216.73.216.147 - - [07/Nov/2025:00:21:52 +0000] "GET /entity/522576785.htm/ HTTP/1.1" 200 45435 "https://datainsightnow.com/entity/522576785.htm" "Mozilla/5.0 AppleWebKit/537.36 (KHTML, like Gecko; compatible; ClaudeBot/1.0; +claudebot@anthropic.com)"
74.7.227.154 - - [07/Nov/2025:00:21:52 +0000] "GET /entity/172167921.htm/ HTTP/1.1" 200 45435 "-" "Mozilla/5.0 AppleWebKit/537.36 (KHTML, like Gecko; compatible; GPTBot/1.2; +https://openai.com/gptbot)"
57.141.0.67 - - [07/Nov/2025:00:21:53 +0000] "GET /karamba-spielsaal-erfahrungen-angeschlossen-testbericht-werfen-sie-einen-blick-auf-den-link-within-2025-pro-teutonia/?fileloc=//sys/class/pci_bus/0000:08/subsystem/0000:02/subsystem/0000:05/device/driver/0000:00:03.6/subordinate_bus_number&path=//sys/class/pci_bus/0000:08/subsystem/0000:02/subsystem/0000:05/device/driver/0000:00:03.6 HTTP/1.1" 200 262209 "-" "meta-externalagent/1.1 (+https://developers.facebook.com/docs/sharing/webmasters/crawler)"
95.91.110.210 - - [07/Nov/2025:00:21:54 +0000] "GET /?fileloc=//usr/share/pkgconfig/xorg-sgml-doctools.pc&path=//usr/share/pkgconfig HTTP/1.1" 200 45435 "-" "Mozilla/5.0 (compatible; MJ12bot/v1.4.8; http://mj12bot.com/)"
216.73.216.147 - - [07/Nov/2025:00:21:54 +0000] "GET /entity/854564031.htm HTTP/1.1" 301 5 "-" "Mozilla/5.0 AppleWebKit/537.36 (KHTML, like Gecko; compatible; ClaudeBot/1.0; +claudebot@anthropic.com)"
74.7.227.154 - - [07/Nov/2025:00:21:54 +0000] "GET /entity/172067166.htm HTTP/1.1" 301 5 "-" "Mozilla/5.0 AppleWebKit/537.36 (KHTML, like Gecko; compatible; GPTBot/1.2; +https://openai.com/gptbot)"
216.73.216.147 - - [07/Nov/2025:00:21:55 +0000] "GET /entity/854564031.htm/ HTTP/1.1" 200 45435 "https://datainsightnow.com/entity/854564031.htm" "Mozilla/5.0 AppleWebKit/537.36 (KHTML, like Gecko; compatible; ClaudeBot/1.0; +claudebot@anthropic.com)"
74.7.227.154 - - [07/Nov/2025:00:21:55 +0000] "GET /entity/172067166.htm/ HTTP/1.1" 200 45435 "-" "Mozilla/5.0 AppleWebKit/537.36 (KHTML, like Gecko; compatible; GPTBot/1.2; +https://openai.com/gptbot)"
57.141.0.32 - - [07/Nov/2025:00:21:57 +0000] "GET /karamba-spielsaal-erfahrungen-angeschlossen-testbericht-werfen-sie-einen-blick-auf-den-link-within-2025-pro-teutonia/?fileloc=//sys/class/pci_bus/0000:08/device/driver/0000:00:04.0/driver/0000:00:02.7/driver/0000:00:02.6/subsystem/resource_alignment&path=//sys/class/pci_bus/0000:08/device/driver/0000:00:04.0/driver/0000:00:02.7/driver/0000:00:02.6/subsystem HTTP/1.1" 200 262264 "-" "meta-externalagent/1.1 (+https://developers.facebook.com/docs/sharing/webmasters/crawler)"
216.73.216.147 - - [07/Nov/2025:00:21:57 +0000] "GET /entity/815339774.htm HTTP/1.1" 301 5 "-" "Mozilla/5.0 AppleWebKit/537.36 (KHTML, like Gecko; compatible; ClaudeBot/1.0; +claudebot@anthropic.com)"
74.7.227.154 - - [07/Nov/2025:00:21:58 +0000] "GET /entity/172004231.htm HTTP/1.1" 301 5 "-" "Mozilla/5.0 AppleWebKit/537.36 (KHTML, like Gecko; compatible; GPTBot/1.2; +https://openai.com/gptbot)"
216.73.216.147 - - [07/Nov/2025:00:21:58 +0000] "GET /entity/815339774.htm/ HTTP/1.1" 200 45435 "https://datainsightnow.com/entity/815339774.htm" "Mozilla/5.0 AppleWebKit/537.36 (KHTML, like Gecko; compatible; ClaudeBot/1.0; +claudebot@anthropic.com)"
95.91.110.210 - - [07/Nov/2025:00:21:59 +0000] "GET /?fileloc=//usr/share/pkgconfig/xproto.pc&path=//usr/share/pkgconfig HTTP/1.1" 200 45435 "-" "Mozilla/5.0 (compatible; MJ12bot/v1.4.8; http://mj12bot.com/)"
74.7.227.154 - - [07/Nov/2025:00:21:59 +0000] "GET /entity/172004231.htm/ HTTP/1.1" 200 45435 "-" "Mozilla/5.0 AppleWebKit/537.36 (KHTML, like Gecko; compatible; GPTBot/1.2; +https://openai.com/gptbot)"
114.119.159.33 - - [07/Nov/2025:00:21:59 +0000] "GET /zwischenraumtaste-wars-pharaos-riches-bonus-ohne-einzahlung-online-slot-spielautomat-gebuhrenfrei-angeschlossen-vortragen/?fileloc=/opt/wpsites/datainsightnow.com/wp-includes/comment.php&path=/opt/wpsites/datainsightnow.com/wp-includes HTTP/1.1" 200 45436 "https://datainsightnow.com/zwischenraumtaste-wars-pharaos-riches-bonus-ohne-einzahlung-online-slot-spielautomat-gebuhrenfrei-angeschlossen-vortragen/?path=/opt/wpsites/datainsightnow.com/wp-includes" "Mozilla/5.0 (Linux; Android 7.0;) AppleWebKit/537.36 (KHTML, like Gecko) Mobile Safari/537.36 (compatible; PetalBot;+https://webmaster.petalsearch.com/site/petalbot)"
216.73.216.147 - - [07/Nov/2025:00:22:00 +0000] "GET /entity/276381484.htm HTTP/1.1" 301 5 "-" "Mozilla/5.0 AppleWebKit/537.36 (KHTML, like Gecko; compatible; ClaudeBot/1.0; +claudebot@anthropic.com)"
216.73.216.147 - - [07/Nov/2025:00:22:01 +0000] "GET /entity/276381484.htm/ HTTP/1.1" 200 45435 "https://datainsightnow.com/entity/276381484.htm" "Mozilla/5.0 AppleWebKit/537.36 (KHTML, like Gecko; compatible; ClaudeBot/1.0; +claudebot@anthropic.com)"
74.7.227.154 - - [07/Nov/2025:00:22:01 +0000] "GET /entity/172041790.htm HTTP/1.1" 301 5 "-" "Mozilla/5.0 AppleWebKit/537.36 (KHTML, like Gecko; compatible; GPTBot/1.2; +https://openai.com/gptbot)"
57.141.0.8 - - [07/Nov/2025:00:22:02 +0000] "GET /2025/03/05/page/6/?fileloc=//sys/class/pci_bus/0000:0e/subsystem/0000:0e/subsystem/0000:04/device/0000:00:02.2:pcie002/uevent&path=//sys/class/pci_bus/0000:0e/subsystem/0000:0e/subsystem/0000:04/device/0000:00:02.2:pcie002 HTTP/1.1" 200 262264 "-" "meta-externalagent/1.1 (+https://developers.facebook.com/docs/sharing/webmasters/crawler)"
74.7.227.154 - - [07/Nov/2025:00:22:02 +0000] "GET /entity/172041790.htm/ HTTP/1.1" 200 45435 "-" "Mozilla/5.0 AppleWebKit/537.36 (KHTML, like Gecko; compatible; GPTBot/1.2; +https://openai.com/gptbot)"
217.113.194.56 - - [07/Nov/2025:00:22:02 +0000] "GET /register/?fileloc=/opt/wpsites/datainsightnow.com/wp-includes/class-wp-recovery-mode-key-service.php&path=/opt/wpsites/datainsightnow.com/wp-includes HTTP/1.1" 200 45435 "-" "Mozilla/5.0 (compatible; Barkrowler/0.9; +https://babbar.tech/crawler)"
95.91.110.210 - - [07/Nov/2025:00:22:03 +0000] "GET /?fileloc=//usr/share/pkgconfig/xtrans.pc&path=//usr/share/pkgconfig HTTP/1.1" 200 45435 "-" "Mozilla/5.0 (compatible; MJ12bot/v1.4.8; http://mj12bot.com/)"
216.73.216.147 - - [07/Nov/2025:00:22:03 +0000] "GET /entity/238345268.htm HTTP/1.1" 301 5 "-" "Mozilla/5.0 AppleWebKit/537.36 (KHTML, like Gecko; compatible; ClaudeBot/1.0; +claudebot@anthropic.com)"
216.73.216.147 - - [07/Nov/2025:00:22:04 +0000] "GET /entity/238345268.htm/ HTTP/1.1" 200 45435 "https://datainsightnow.com/entity/238345268.htm" "Mozilla/5.0 AppleWebKit/537.36 (KHTML, like Gecko; compatible; ClaudeBot/1.0; +claudebot@anthropic.com)"
74.7.227.154 - - [07/Nov/2025:00:22:06 +0000] "GET /entity/172162478.htm HTTP/1.1" 301 5 "-" "Mozilla/5.0 AppleWebKit/537.36 (KHTML, like Gecko; compatible; GPTBot/1.2; +https://openai.com/gptbot)"
74.7.227.154 - - [07/Nov/2025:00:22:06 +0000] "GET /entity/172162478.htm/ HTTP/1.1" 200 45435 "-" "Mozilla/5.0 AppleWebKit/537.36 (KHTML, like Gecko; compatible; GPTBot/1.2; +https://openai.com/gptbot)"
216.73.216.147 - - [07/Nov/2025:00:22:06 +0000] "GET /entity/684052411.htm HTTP/1.1" 301 5 "-" "Mozilla/5.0 AppleWebKit/537.36 (KHTML, like Gecko; compatible; ClaudeBot/1.0; +claudebot@anthropic.com)"
57.141.0.43 - - [07/Nov/2025:00:22:07 +0000] "GET /karamba-spielsaal-erfahrungen-angeschlossen-testbericht-werfen-sie-einen-blick-auf-den-link-within-2025-pro-teutonia/?path=//sys/class/pci_bus/0000:06/subsystem/0000:00/device/0000:00:02.4/driver/0000:00:02.5/subsystem/devices/0000:00:02.3/link HTTP/1.1" 200 262209 "-" "meta-externalagent/1.1 (+https://developers.facebook.com/docs/sharing/webmasters/crawler)"
216.73.216.147 - - [07/Nov/2025:00:22:07 +0000] "GET /entity/684052411.htm/ HTTP/1.1" 200 45435 "https://datainsightnow.com/entity/684052411.htm" "Mozilla/5.0 AppleWebKit/537.36 (KHTML, like Gecko; compatible; ClaudeBot/1.0; +claudebot@anthropic.com)"
74.7.227.154 - - [07/Nov/2025:00:22:07 +0000] "GET /entity/172084003.htm HTTP/1.1" 301 5 "-" "Mozilla/5.0 AppleWebKit/537.36 (KHTML, like Gecko; compatible; GPTBot/1.2; +https://openai.com/gptbot)"
95.91.110.210 - - [07/Nov/2025:00:22:07 +0000] "GET /?fileloc=//usr/share/pkgconfig/xwaylandproto.pc&path=//usr/share/pkgconfig HTTP/1.1" 200 45435 "-" "Mozilla/5.0 (compatible; MJ12bot/v1.4.8; http://mj12bot.com/)"
74.7.227.154 - - [07/Nov/2025:00:22:08 +0000] "GET /entity/172084003.htm/ HTTP/1.1" 200 45435 "-" "Mozilla/5.0 AppleWebKit/537.36 (KHTML, like Gecko; compatible; GPTBot/1.2; +https://openai.com/gptbot)"
57.141.0.7 - - [07/Nov/2025:00:22:09 +0000] "GET /best-on-line-poker-sites-inside-the-2025/?fileloc=//sbin/tcplife-bpfcc&path=//sbin HTTP/1.1" 200 262255 "-" "meta-externalagent/1.1 (+https://developers.facebook.com/docs/sharing/webmasters/crawler)"
216.73.216.147 - - [07/Nov/2025:00:22:09 +0000] "GET /entity/379522536.htm HTTP/1.1" 301 5 "-" "Mozilla/5.0 AppleWebKit/537.36 (KHTML, like Gecko; compatible; ClaudeBot/1.0; +claudebot@anthropic.com)"
216.73.216.147 - - [07/Nov/2025:00:22:10 +0000] "GET /entity/379522536.htm/ HTTP/1.1" 200 45435 "https://datainsightnow.com/entity/379522536.htm" "Mozilla/5.0 AppleWebKit/537.36 (KHTML, like Gecko; compatible; ClaudeBot/1.0; +claudebot@anthropic.com)"
57.141.0.64 - - [07/Nov/2025:00:22:10 +0000] "GET /2025/03/07/page/6/?fileloc=//sys/class/pci_bus/0000:03/subsystem/0000:00/subsystem/0000:09/subsystem/0000:05/subsystem/0000:00/power/async&path=//sys/class/pci_bus/0000:03/subsystem/0000:00/subsystem/0000:09/subsystem/0000:05/subsystem/0000:00/power HTTP/1.1" 200 262209 "-" "meta-externalagent/1.1 (+https://developers.facebook.com/docs/sharing/webmasters/crawler)"
57.141.0.43 - - [07/Nov/2025:00:22:11 +0000] "GET /karamba-spielsaal-erfahrungen-angeschlossen-testbericht-werfen-sie-einen-blick-auf-den-link-within-2025-pro-teutonia/?path=//sys/class/pci_bus/0000:0d/subsystem/0000:04/subsystem/0000:0d/subsystem/0000:0a/device/driver/0000:00:02.0/0000:00:02.0:pcie001 HTTP/1.1" 200 262264 "-" "meta-externalagent/1.1 (+https://developers.facebook.com/docs/sharing/webmasters/crawler)"
95.91.110.210 - - [07/Nov/2025:00:22:12 +0000] "GET /?fileloc=//usr/share/ufw/after.init&path=//usr/share/ufw HTTP/1.1" 200 45435 "-" "Mozilla/5.0 (compatible; MJ12bot/v1.4.8; http://mj12bot.com/)"
216.73.216.147 - - [07/Nov/2025:00:22:12 +0000] "GET /entity/269856756.htm HTTP/1.1" 301 5 "-" "Mozilla/5.0 AppleWebKit/537.36 (KHTML, like Gecko; compatible; ClaudeBot/1.0; +claudebot@anthropic.com)"
57.141.0.9 - - [07/Nov/2025:00:22:12 +0000] "GET /2025/03/07/page/6/?fileloc=//sys/class/pci_bus/0000:05/subsystem/0000:02/subsystem/0000:0b/subsystem/0000:0e/device/driver/0000:00:03.4/aer_rootport_total_err_fatal&path=//sys/class/pci_bus/0000:05/subsystem/0000:02/subsystem/0000:0b/subsystem/0000:0e/device/driver/0000:00:03.4 HTTP/1.1" 200 262209 "-" "meta-externalagent/1.1 (+https://developers.facebook.com/docs/sharing/webmasters/crawler)"
216.73.216.147 - - [07/Nov/2025:00:22:13 +0000] "GET /entity/269856756.htm/ HTTP/1.1" 200 45435 "https://datainsightnow.com/entity/269856756.htm" "Mozilla/5.0 AppleWebKit/537.36 (KHTML, like Gecko; compatible; ClaudeBot/1.0; +claudebot@anthropic.com)"
74.7.227.154 - - [07/Nov/2025:00:22:14 +0000] "GET /entity/172168957.htm HTTP/1.1" 301 5 "-" "Mozilla/5.0 AppleWebKit/537.36 (KHTML, like Gecko; compatible; GPTBot/1.2; +https://openai.com/gptbot)"
74.7.227.154 - - [07/Nov/2025:00:22:15 +0000] "GET /entity/172168957.htm/ HTTP/1.1" 200 45435 "-" "Mozilla/5.0 AppleWebKit/537.36 (KHTML, like Gecko; compatible; GPTBot/1.2; +https://openai.com/gptbot)"
216.73.216.147 - - [07/Nov/2025:00:22:15 +0000] "GET /entity/684182688.htm HTTP/1.1" 301 5 "-" "Mozilla/5.0 AppleWebKit/537.36 (KHTML, like Gecko; compatible; ClaudeBot/1.0; +claudebot@anthropic.com)"
57.141.0.14 - - [07/Nov/2025:00:22:16 +0000] "GET /2025/03/07/page/6/?fileloc=//sys/class/pci_bus/0000:0d/subsystem/0000:00/subsystem/0000:07/subsystem/0000:12/device/subordinate_bus_number&path=//sys/class/pci_bus/0000:0d/subsystem/0000:00/subsystem/0000:07/subsystem/0000:12/device HTTP/1.1" 200 262215 "-" "meta-externalagent/1.1 (+https://developers.facebook.com/docs/sharing/webmasters/crawler)"
66.249.65.98 - - [07/Nov/2025:00:22:16 +0000] "GET /?path=//sys/class/wakeup/wakeup0/subsystem/wakeup3/subsystem/wakeup20/device/physical_node/subsystem/devices/0000:00:02.4/subsystem/slots/0-6 HTTP/1.1" 200 45436 "-" "Mozilla/5.0 (Linux; Android 6.0.1; Nexus 5X Build/MMB29P) AppleWebKit/537.36 (KHTML, like Gecko) Chrome/141.0.7390.122 Mobile Safari/537.36 (compatible; Googlebot/2.1; +http://www.google.com/bot.html)"
95.91.110.210 - - [07/Nov/2025:00:22:17 +0000] "GET /?fileloc=//usr/share/ufw/after.rules&path=//usr/share/ufw HTTP/1.1" 200 45435 "-" "Mozilla/5.0 (compatible; MJ12bot/v1.4.8; http://mj12bot.com/)"
216.73.216.147 - - [07/Nov/2025:00:22:17 +0000] "GET /entity/684182688.htm/ HTTP/1.1" 200 45435 "https://datainsightnow.com/entity/684182688.htm" "Mozilla/5.0 AppleWebKit/537.36 (KHTML, like Gecko; compatible; ClaudeBot/1.0; +claudebot@anthropic.com)"
