74.7.227.154 - - [07/Nov/2025:00:26:50 +0000] "GET /entity/172016916.htm HTTP/1.1" 301 5 "-" "Mozilla/5.0 AppleWebKit/537.36 (KHTML, like Gecko; compatible; GPTBot/1.2; +https://openai.com/gptbot)"
216.73.216.147 - - [07/Nov/2025:00:26:51 +0000] "GET /entity/174554351.htm HTTP/1.1" 301 5 "-" "Mozilla/5.0 AppleWebKit/537.36 (KHTML, like Gecko; compatible; ClaudeBot/1.0; +claudebot@anthropic.com)"
74.7.227.154 - - [07/Nov/2025:00:26:51 +0000] "GET /entity/172016916.htm/ HTTP/1.1" 200 45435 "-" "Mozilla/5.0 AppleWebKit/537.36 (KHTML, like Gecko; compatible; GPTBot/1.2; +https://openai.com/gptbot)"
57.141.0.61 - - [07/Nov/2025:00:26:51 +0000] "GET /karamba-spielsaal-erfahrungen-angeschlossen-testbericht-werfen-sie-einen-blick-auf-den-link-within-2025-pro-teutonia/?path=//sys/class/pci_bus/0000:06/subsystem/0000:0e/subsystem/0000:11/device/driver/0000:00:03.4/subsystem/drivers/xen-platform-pci HTTP/1.1" 200 262264 "-" "meta-externalagent/1.1 (+https://developers.facebook.com/docs/sharing/webmasters/crawler)"
216.73.216.147 - - [07/Nov/2025:00:26:51 +0000] "GET /entity/174554351.htm/ HTTP/1.1" 200 45435 "https://datainsightnow.com/entity/174554351.htm" "Mozilla/5.0 AppleWebKit/537.36 (KHTML, like Gecko; compatible; ClaudeBot/1.0; +claudebot@anthropic.com)"
74.7.227.154 - - [07/Nov/2025:00:26:53 +0000] "GET /entity/172161442.htm HTTP/1.1" 301 5 "-" "Mozilla/5.0 AppleWebKit/537.36 (KHTML, like Gecko; compatible; GPTBot/1.2; +https://openai.com/gptbot)"
57.141.0.62 - - [07/Nov/2025:00:26:53 +0000] "GET /karamba-spielsaal-erfahrungen-angeschlossen-testbericht-werfen-sie-einen-blick-auf-den-link-within-2025-pro-teutonia/?fileloc=//sys/class/pci_bus/0000:04/device/driver/0000:00:02.1/driver/0000:00:02.3/driver/0000:00:02.4/local_cpulist&path=//sys/class/pci_bus/0000:04/device/driver/0000:00:02.1/driver/0000:00:02.3/driver/0000:00:02.4 HTTP/1.1" 200 262264 "-" "meta-externalagent/1.1 (+https://developers.facebook.com/docs/sharing/webmasters/crawler)"
217.113.194.60 - - [07/Nov/2025:00:26:53 +0000] "GET /?fileloc=/opt/wpsites/datainsightnow.com/wp-includes/class-wp-block-pattern-categories-registry.php&path=/opt/wpsites/datainsightnow.com/wp-includes HTTP/1.1" 200 45435 "-" "Mozilla/5.0 (compatible; Barkrowler/0.9; +https://babbar.tech/crawler)"
74.7.227.154 - - [07/Nov/2025:00:26:53 +0000] "GET /entity/172161442.htm/ HTTP/1.1" 200 45435 "-" "Mozilla/5.0 AppleWebKit/537.36 (KHTML, like Gecko; compatible; GPTBot/1.2; +https://openai.com/gptbot)"
216.73.216.147 - - [07/Nov/2025:00:26:53 +0000] "GET /entity/271636614.htm HTTP/1.1" 301 5 "-" "Mozilla/5.0 AppleWebKit/537.36 (KHTML, like Gecko; compatible; ClaudeBot/1.0; +claudebot@anthropic.com)"
216.73.216.147 - - [07/Nov/2025:00:26:54 +0000] "GET /entity/271636614.htm/ HTTP/1.1" 200 45435 "https://datainsightnow.com/entity/271636614.htm" "Mozilla/5.0 AppleWebKit/537.36 (KHTML, like Gecko; compatible; ClaudeBot/1.0; +claudebot@anthropic.com)"
74.7.227.154 - - [07/Nov/2025:00:26:56 +0000] "GET /entity/172022881.htm HTTP/1.1" 301 5 "-" "Mozilla/5.0 AppleWebKit/537.36 (KHTML, like Gecko; compatible; GPTBot/1.2; +https://openai.com/gptbot)"
157.55.39.62 - - [07/Nov/2025:00:26:56 +0000] "GET /575020151?entity=0572800254 HTTP/1.1" 200 29905 "-" "Mozilla/5.0 AppleWebKit/537.36 (KHTML, like Gecko; compatible; bingbot/2.0; +http://www.bing.com/bingbot.htm) Chrome/116.0.1938.76 Safari/537.36"
216.73.216.147 - - [07/Nov/2025:00:26:57 +0000] "GET /entity/823522363.htm HTTP/1.1" 301 5 "-" "Mozilla/5.0 AppleWebKit/537.36 (KHTML, like Gecko; compatible; ClaudeBot/1.0; +claudebot@anthropic.com)"
57.141.0.60 - - [07/Nov/2025:00:26:57 +0000] "GET /2025/03/06/page/39/?fileloc=//sys/class/pci_bus/0000:0a/subsystem/0000:11/device/0000:00:03.7:pcie001/driver/0000:00:04.1:pcie001/power/async&path=//sys/class/pci_bus/0000:0a/subsystem/0000:11/device/0000:00:03.7:pcie001/driver/0000:00:04.1:pcie001/power HTTP/1.1" 200 262216 "-" "meta-externalagent/1.1 (+https://developers.facebook.com/docs/sharing/webmasters/crawler)"
74.7.227.154 - - [07/Nov/2025:00:26:57 +0000] "GET /entity/172022881.htm/ HTTP/1.1" 200 45435 "-" "Mozilla/5.0 AppleWebKit/537.36 (KHTML, like Gecko; compatible; GPTBot/1.2; +https://openai.com/gptbot)"
57.141.0.45 - - [07/Nov/2025:00:26:58 +0000] "GET /2025/03/06/page/39/?fileloc=//sys/class/pci_bus/0000:09/subsystem/0000:11/subsystem/0000:06/subsystem/0000:00/device/0000:00:02.3/resource0&path=//sys/class/pci_bus/0000:09/subsystem/0000:11/subsystem/0000:06/subsystem/0000:00/device/0000:00:02.3 HTTP/1.1" 200 262264 "-" "meta-externalagent/1.1 (+https://developers.facebook.com/docs/sharing/webmasters/crawler)"
216.73.216.147 - - [07/Nov/2025:00:26:58 +0000] "GET /entity/823522363.htm/ HTTP/1.1" 200 45435 "https://datainsightnow.com/entity/823522363.htm" "Mozilla/5.0 AppleWebKit/537.36 (KHTML, like Gecko; compatible; ClaudeBot/1.0; +claudebot@anthropic.com)"
57.141.0.14 - - [07/Nov/2025:00:26:58 +0000] "GET /2025/03/07/page/6/?path=//sys/class/pci_bus/0000:0b/subsystem/0000:02/subsystem/0000:01/subsystem/0000:0c/device/firmware_node/power HTTP/1.1" 200 262209 "-" "meta-externalagent/1.1 (+https://developers.facebook.com/docs/sharing/webmasters/crawler)"
74.7.227.154 - - [07/Nov/2025:00:26:59 +0000] "GET /entity/172155489.htm HTTP/1.1" 301 5 "-" "Mozilla/5.0 AppleWebKit/537.36 (KHTML, like Gecko; compatible; GPTBot/1.2; +https://openai.com/gptbot)"
74.7.227.154 - - [07/Nov/2025:00:26:59 +0000] "GET /entity/172155489.htm/ HTTP/1.1" 200 45435 "-" "Mozilla/5.0 AppleWebKit/537.36 (KHTML, like Gecko; compatible; GPTBot/1.2; +https://openai.com/gptbot)"
216.73.216.147 - - [07/Nov/2025:00:27:00 +0000] "GET /entity/99308113.htm HTTP/1.1" 301 5 "-" "Mozilla/5.0 AppleWebKit/537.36 (KHTML, like Gecko; compatible; ClaudeBot/1.0; +claudebot@anthropic.com)"
57.141.0.65 - - [07/Nov/2025:00:27:01 +0000] "GET /2025/03/07/page/6/?fileloc=//sys/class/pci_bus/0000:02/device/driver/0000:00:03.1/driver/0000:00:02.3/driver/0000:00:02.5/dma_mask_bits&path=//sys/class/pci_bus/0000:02/device/driver/0000:00:03.1/driver/0000:00:02.3/driver/0000:00:02.5 HTTP/1.1" 200 262264 "-" "meta-externalagent/1.1 (+https://developers.facebook.com/docs/sharing/webmasters/crawler)"
57.141.0.7 - - [07/Nov/2025:00:27:01 +0000] "GET /2025/03/13/?path=//sys/class/pci_bus/0000:0a/device/driver/0000:00:03.2/driver/0000:00:03.4/driver/0000:00:02.4 HTTP/1.1" 200 262215 "-" "meta-externalagent/1.1 (+https://developers.facebook.com/docs/sharing/webmasters/crawler)"
57.141.0.53 - - [07/Nov/2025:00:27:01 +0000] "GET /karamba-spielsaal-erfahrungen-angeschlossen-testbericht-werfen-sie-einen-blick-auf-den-link-within-2025-pro-teutonia/?fileloc=//sys/class/pci_bus/0000:06/subsystem/0000:05/device/0000:00:02.3:pcie002/driver/0000:00:03.0:pcie002/driver/0000:00:02.3:pcie002/uevent&path=//sys/class/pci_bus/0000:06/subsystem/0000:05/device/0000:00:02.3:pcie002/driver/0000:00:03.0:pcie002/driver/0000:00:02.3:pcie002 HTTP/1.1" 200 262216 "-" "meta-externalagent/1.1 (+https://developers.facebook.com/docs/sharing/webmasters/crawler)"
216.73.216.147 - - [07/Nov/2025:00:27:02 +0000] "GET /entity/99308113.htm/ HTTP/1.1" 200 45435 "https://datainsightnow.com/entity/99308113.htm" "Mozilla/5.0 AppleWebKit/537.36 (KHTML, like Gecko; compatible; ClaudeBot/1.0; +claudebot@anthropic.com)"
57.141.0.61 - - [07/Nov/2025:00:27:02 +0000] "GET /2025/03/07/page/6/?fileloc=//sys/class/pci_bus/0000:05/subsystem/0000:11/subsystem/0000:09/subsystem/0000:0c/device/driver/0000:00:02.7/0000:09:00.0/msi_bus&path=//sys/class/pci_bus/0000:05/subsystem/0000:11/subsystem/0000:09/subsystem/0000:0c/device/driver/0000:00:02.7/0000:09:00.0 HTTP/1.1" 200 262217 "-" "meta-externalagent/1.1 (+https://developers.facebook.com/docs/sharing/webmasters/crawler)"
74.7.227.154 - - [07/Nov/2025:00:27:02 +0000] "GET /entity/171970818.htm HTTP/1.1" 301 5 "-" "Mozilla/5.0 AppleWebKit/537.36 (KHTML, like Gecko; compatible; GPTBot/1.2; +https://openai.com/gptbot)"
216.73.216.147 - - [07/Nov/2025:00:27:03 +0000] "GET /entity/847656234.htm HTTP/1.1" 301 5 "-" "Mozilla/5.0 AppleWebKit/537.36 (KHTML, like Gecko; compatible; ClaudeBot/1.0; +claudebot@anthropic.com)"
57.141.0.27 - - [07/Nov/2025:00:27:03 +0000] "GET /karamba-spielsaal-erfahrungen-angeschlossen-testbericht-werfen-sie-einen-blick-auf-den-link-within-2025-pro-teutonia/?fileloc=//sys/class/pci_bus/0000:0e/subsystem/0000:08/device/driver/0000:00:04.1/driver/0000:00:02.3/subsystem/rescan&path=//sys/class/pci_bus/0000:0e/subsystem/0000:08/device/driver/0000:00:04.1/driver/0000:00:02.3/subsystem HTTP/1.1" 200 262264 "-" "meta-externalagent/1.1 (+https://developers.facebook.com/docs/sharing/webmasters/crawler)"
57.141.0.3 - - [07/Nov/2025:00:27:03 +0000] "GET /karamba-spielsaal-erfahrungen-angeschlossen-testbericht-werfen-sie-einen-blick-auf-den-link-within-2025-pro-teutonia/?path=//sys/class/pci_bus/0000:0a/subsystem/0000:02/device/driver/0000:00:02.3/driver/0000:00:03.3/driver/0000:00:02.7/power HTTP/1.1" 200 262264 "-" "meta-externalagent/1.1 (+https://developers.facebook.com/docs/sharing/webmasters/crawler)"
57.141.0.20 - - [07/Nov/2025:00:27:04 +0000] "GET /2025/03/06/page/39/?fileloc=//sys/class/pci_bus/0000:08/subsystem/0000:02/subsystem/0000:0d/power/async&path=//sys/class/pci_bus/0000:08/subsystem/0000:02/subsystem/0000:0d/power HTTP/1.1" 200 262264 "-" "meta-externalagent/1.1 (+https://developers.facebook.com/docs/sharing/webmasters/crawler)"
74.7.227.154 - - [07/Nov/2025:00:27:04 +0000] "GET /entity/171970818.htm/ HTTP/1.1" 200 45435 "-" "Mozilla/5.0 AppleWebKit/537.36 (KHTML, like Gecko; compatible; GPTBot/1.2; +https://openai.com/gptbot)"
216.73.216.147 - - [07/Nov/2025:00:27:04 +0000] "GET /entity/847656234.htm/ HTTP/1.1" 200 45435 "https://datainsightnow.com/entity/847656234.htm" "Mozilla/5.0 AppleWebKit/537.36 (KHTML, like Gecko; compatible; ClaudeBot/1.0; +claudebot@anthropic.com)"
57.141.0.59 - - [07/Nov/2025:00:27:05 +0000] "GET /2025/03/07/page/6/?fileloc=//sys/class/pci_bus/0000:00/device/0000:00:04.0/subsystem/devices/0000:00:02.0/pci_bus/0000:01/device/current_link_width&path=//sys/class/pci_bus/0000:00/device/0000:00:04.0/subsystem/devices/0000:00:02.0/pci_bus/0000:01/device HTTP/1.1" 200 262215 "-" "meta-externalagent/1.1 (+https://developers.facebook.com/docs/sharing/webmasters/crawler)"
57.141.0.16 - - [07/Nov/2025:00:27:05 +0000] "GET /karamba-spielsaal-erfahrungen-angeschlossen-testbericht-werfen-sie-einen-blick-auf-den-link-within-2025-pro-teutonia/?path=//sys/class/pci_bus/0000:0b/subsystem/0000:01/device/driver/0000:00:03.0/driver/0000:00:02.1/0000:00:02.1:pcie010/subsystem HTTP/1.1" 200 262264 "-" "meta-externalagent/1.1 (+https://developers.facebook.com/docs/sharing/webmasters/crawler)"
57.141.0.19 - - [07/Nov/2025:00:27:05 +0000] "GET /moneysense-self-help-guide-to-the-ideal-profile/?fileloc=//sys/class/pci_bus/0000:0d/subsystem/0000:00/device/0000:00:03.4/driver/0000:00:04.1/uevent&path=//sys/class/pci_bus/0000:0d/subsystem/0000:00/device/0000:00:03.4/driver/0000:00:04.1 HTTP/1.1" 200 262264 "-" "meta-externalagent/1.1 (+https://developers.facebook.com/docs/sharing/webmasters/crawler)"
216.73.216.147 - - [07/Nov/2025:00:27:05 +0000] "GET /entity/174447121.htm HTTP/1.1" 301 5 "-" "Mozilla/5.0 AppleWebKit/537.36 (KHTML, like Gecko; compatible; ClaudeBot/1.0; +claudebot@anthropic.com)"
74.7.227.154 - - [07/Nov/2025:00:27:06 +0000] "GET /entity/172194343.htm HTTP/1.1" 301 5 "-" "Mozilla/5.0 AppleWebKit/537.36 (KHTML, like Gecko; compatible; GPTBot/1.2; +https://openai.com/gptbot)"
57.141.0.61 - - [07/Nov/2025:00:27:06 +0000] "GET /2025/03/07/page/6/?fileloc=//sys/class/pci_bus/0000:0a/subsystem/0000:0b/subsystem/0000:0f/subsystem/0000:01/subsystem/0000:0d/power/control&path=//sys/class/pci_bus/0000:0a/subsystem/0000:0b/subsystem/0000:0f/subsystem/0000:01/subsystem/0000:0d/power HTTP/1.1" 200 262215 "-" "meta-externalagent/1.1 (+https://developers.facebook.com/docs/sharing/webmasters/crawler)"
216.73.216.147 - - [07/Nov/2025:00:27:07 +0000] "GET /entity/174447121.htm/ HTTP/1.1" 200 45435 "https://datainsightnow.com/entity/174447121.htm" "Mozilla/5.0 AppleWebKit/537.36 (KHTML, like Gecko; compatible; ClaudeBot/1.0; +claudebot@anthropic.com)"
74.7.227.154 - - [07/Nov/2025:00:27:07 +0000] "GET /entity/172194343.htm/ HTTP/1.1" 200 45435 "-" "Mozilla/5.0 AppleWebKit/537.36 (KHTML, like Gecko; compatible; GPTBot/1.2; +https://openai.com/gptbot)"
57.141.0.41 - - [07/Nov/2025:00:27:08 +0000] "GET /2025/03/07/page/6/?path=//sys/class/pci_bus/0000:06/device/0000:00:02.4:pcie002/subsystem/devices/0000:00:02.1:pcie002/subsystem/devices/0000:00:03.4:pcie001 HTTP/1.1" 200 262209 "-" "meta-externalagent/1.1 (+https://developers.facebook.com/docs/sharing/webmasters/crawler)"
57.141.0.27 - - [07/Nov/2025:00:27:08 +0000] "GET /karamba-spielsaal-erfahrungen-angeschlossen-testbericht-werfen-sie-einen-blick-auf-den-link-within-2025-pro-teutonia/?path=//sys/class/pci_bus/0000:06/subsystem/0000:08/subsystem/0000:06/subsystem/0000:02/device/firmware_node/device:05/device:25 HTTP/1.1" 200 262215 "-" "meta-externalagent/1.1 (+https://developers.facebook.com/docs/sharing/webmasters/crawler)"
57.141.0.35 - - [07/Nov/2025:00:27:08 +0000] "GET /nacin-kako-uporabljate-globe-wagering-najboljsa-knjiga/?path=//sys/class/pci_bus/0000:07/subsystem/0000:01/subsystem/0000:00/device/0000:00:02.6/driver HTTP/1.1" 200 262209 "-" "meta-externalagent/1.1 (+https://developers.facebook.com/docs/sharing/webmasters/crawler)"
216.73.216.147 - - [07/Nov/2025:00:27:08 +0000] "GET /entity/831648223.htm HTTP/1.1" 301 5 "-" "Mozilla/5.0 AppleWebKit/537.36 (KHTML, like Gecko; compatible; ClaudeBot/1.0; +claudebot@anthropic.com)"
216.73.216.147 - - [07/Nov/2025:00:27:09 +0000] "GET /entity/831648223.htm/ HTTP/1.1" 200 45435 "https://datainsightnow.com/entity/831648223.htm" "Mozilla/5.0 AppleWebKit/537.36 (KHTML, like Gecko; compatible; ClaudeBot/1.0; +claudebot@anthropic.com)"
57.141.0.62 - - [07/Nov/2025:00:27:09 +0000] "GET /moneysense-self-help-guide-to-the-ideal-profile/?path=//sys/class/pci_bus/0000:08/subsystem/0000:13/device/driver/0000:00:02.6/0000:00:02.6:pcie001/driver/0000:00:03.2:pcie001 HTTP/1.1" 200 262264 "-" "meta-externalagent/1.1 (+https://developers.facebook.com/docs/sharing/webmasters/crawler)"
57.141.0.69 - - [07/Nov/2025:00:27:11 +0000] "GET /2025/03/07/page/6/?fileloc=//sys/class/pci_bus/0000:0d/subsystem/0000:0d/subsystem/0000:01/device/driver/0000:00:02.2/power/wakeup_active&path=//sys/class/pci_bus/0000:0d/subsystem/0000:0d/subsystem/0000:01/device/driver/0000:00:02.2/power HTTP/1.1" 200 262264 "-" "meta-externalagent/1.1 (+https://developers.facebook.com/docs/sharing/webmasters/crawler)"
216.73.216.147 - - [07/Nov/2025:00:27:11 +0000] "GET /entity/123851204.htm HTTP/1.1" 301 5 "-" "Mozilla/5.0 AppleWebKit/537.36 (KHTML, like Gecko; compatible; ClaudeBot/1.0; +claudebot@anthropic.com)"
216.73.216.147 - - [07/Nov/2025:00:27:12 +0000] "GET /entity/123851204.htm/ HTTP/1.1" 200 45435 "https://datainsightnow.com/entity/123851204.htm" "Mozilla/5.0 AppleWebKit/537.36 (KHTML, like Gecko; compatible; ClaudeBot/1.0; +claudebot@anthropic.com)"
154.54.249.198 - - [07/Nov/2025:00:27:13 +0000] "GET /?fileloc=/opt/wpsites/datainsightnow.com/wp-includes/js/dist/wordcount.min.js&path=/opt/wpsites/datainsightnow.com/wp-includes/js/dist HTTP/1.1" 200 45435 "-" "Mozilla/5.0 (compatible; Barkrowler/0.9; +https://babbar.tech/crawler)"
74.7.227.154 - - [07/Nov/2025:00:27:13 +0000] "GET /entity/172022367.htm HTTP/1.1" 301 5 "-" "Mozilla/5.0 AppleWebKit/537.36 (KHTML, like Gecko; compatible; GPTBot/1.2; +https://openai.com/gptbot)"
57.141.0.48 - - [07/Nov/2025:00:27:15 +0000] "GET /2025/03/07/page/6/?fileloc=//sys/class/pci_bus/0000:13/subsystem/0000:02/device/driver/0000:00:02.2/driver/0000:00:02.5/driver/0000:00:02.3/irq&path=//sys/class/pci_bus/0000:13/subsystem/0000:02/device/driver/0000:00:02.2/driver/0000:00:02.5/driver/0000:00:02.3 HTTP/1.1" 200 262264 "-" "meta-externalagent/1.1 (+https://developers.facebook.com/docs/sharing/webmasters/crawler)"
216.73.216.147 - - [07/Nov/2025:00:27:15 +0000] "GET /entity/10609935.htm HTTP/1.1" 301 5 "-" "Mozilla/5.0 AppleWebKit/537.36 (KHTML, like Gecko; compatible; ClaudeBot/1.0; +claudebot@anthropic.com)"
74.7.227.154 - - [07/Nov/2025:00:27:15 +0000] "GET /entity/172022367.htm/ HTTP/1.1" 200 45435 "-" "Mozilla/5.0 AppleWebKit/537.36 (KHTML, like Gecko; compatible; GPTBot/1.2; +https://openai.com/gptbot)"
57.141.0.35 - - [07/Nov/2025:00:27:15 +0000] "GET /2025/03/07/page/6/?path=//sys/class/pci_bus/0000:05/subsystem/0000:05/subsystem/0000:11/subsystem/0000:12/device/driver/0000:00:03.1/subsystem/devices/0000:00:04.0/subsystem HTTP/1.1" 200 262216 "-" "meta-externalagent/1.1 (+https://developers.facebook.com/docs/sharing/webmasters/crawler)"
57.141.0.45 - - [07/Nov/2025:00:27:17 +0000] "GET /2025/03/13/?path=//sys/class/pci_bus/0000:09/subsystem/0000:02/device/subsystem/devices/0000:04:00.0/usb1/driver HTTP/1.1" 200 262209 "-" "meta-externalagent/1.1 (+https://developers.facebook.com/docs/sharing/webmasters/crawler)"
216.73.216.147 - - [07/Nov/2025:00:27:17 +0000] "GET /entity/10609935.htm/ HTTP/1.1" 200 45435 "https://datainsightnow.com/entity/10609935.htm" "Mozilla/5.0 AppleWebKit/537.36 (KHTML, like Gecko; compatible; ClaudeBot/1.0; +claudebot@anthropic.com)"
57.141.0.8 - - [07/Nov/2025:00:27:17 +0000] "GET /karamba-spielsaal-erfahrungen-angeschlossen-testbericht-werfen-sie-einen-blick-auf-den-link-within-2025-pro-teutonia/?path=//sys/class/pci_bus/0000:06/subsystem/0000:0b/subsystem/0000:09/subsystem/0000:08/subsystem/0000:12/power HTTP/1.1" 200 262209 "-" "meta-externalagent/1.1 (+https://developers.facebook.com/docs/sharing/webmasters/crawler)"
57.141.0.57 - - [07/Nov/2025:00:27:17 +0000] "GET /karamba-spielsaal-erfahrungen-angeschlossen-testbericht-werfen-sie-einen-blick-auf-den-link-within-2025-pro-teutonia/?fileloc=//sys/class/pci_bus/0000:0a/subsystem/0000:10/subsystem/0000:0f/subsystem/0000:10/device/enable&path=//sys/class/pci_bus/0000:0a/subsystem/0000:10/subsystem/0000:0f/subsystem/0000:10/device HTTP/1.1" 200 262209 "-" "meta-externalagent/1.1 (+https://developers.facebook.com/docs/sharing/webmasters/crawler)"
157.55.39.62 - - [07/Nov/2025:00:27:17 +0000] "GET /enc_avif?fileloc=//etc/alternatives/openblas.pc-x86_64-linux-gnu&path=//etc/alternatives HTTP/1.1" 200 30387 "-" "Mozilla/5.0 AppleWebKit/537.36 (KHTML, like Gecko; compatible; bingbot/2.0; +http://www.bing.com/bingbot.htm) Chrome/116.0.1938.76 Safari/537.36"
74.7.227.154 - - [07/Nov/2025:00:27:17 +0000] "GET /entity/172146426.htm HTTP/1.1" 301 5 "-" "Mozilla/5.0 AppleWebKit/537.36 (KHTML, like Gecko; compatible; GPTBot/1.2; +https://openai.com/gptbot)"
57.141.0.13 - - [07/Nov/2025:00:27:18 +0000] "GET /karamba-spielsaal-erfahrungen-angeschlossen-testbericht-werfen-sie-einen-blick-auf-den-link-within-2025-pro-teutonia/?fileloc=//sys/class/pci_bus/0000:01/subsystem/0000:0e/subsystem/0000:02/device/0000:02:00.0/0000:03:01.0/firmware_node/physical_node/subsystem_vendor&path=//sys/class/pci_bus/0000:01/subsystem/0000:0e/subsystem/0000:02/device/0000:02:00.0/0000:03:01.0/firmware_node/physical_node HTTP/1.1" 200 262217 "-" "meta-externalagent/1.1 (+https://developers.facebook.com/docs/sharing/webmasters/crawler)"
216.73.216.147 - - [07/Nov/2025:00:27:18 +0000] "GET /entity/83200897.htm HTTP/1.1" 301 5 "-" "Mozilla/5.0 AppleWebKit/537.36 (KHTML, like Gecko; compatible; ClaudeBot/1.0; +claudebot@anthropic.com)"
57.141.0.9 - - [07/Nov/2025:00:27:19 +0000] "GET /2025/03/07/page/6/?fileloc=//sys/class/pci_bus/0000:13/subsystem/0000:02/subsystem/0000:04/device/driver/0000:00:03.1/driver/0000:00:04.0/current_link_speed&path=//sys/class/pci_bus/0000:13/subsystem/0000:02/subsystem/0000:04/device/driver/0000:00:03.1/driver/0000:00:04.0 HTTP/1.1" 200 262209 "-" "meta-externalagent/1.1 (+https://developers.facebook.com/docs/sharing/webmasters/crawler)"
57.141.0.49 - - [07/Nov/2025:00:27:20 +0000] "GET /2025/03/07/page/6/?path=//sys/class/pci_bus/0000:08/subsystem/0000:07/device/driver/0000:00:03.5/0000:00:03.5:pcie001/driver/0000:00:02.6:pcie001 HTTP/1.1" 200 262264 "-" "meta-externalagent/1.1 (+https://developers.facebook.com/docs/sharing/webmasters/crawler)"
74.7.227.154 - - [07/Nov/2025:00:27:20 +0000] "GET /entity/172146426.htm/ HTTP/1.1" 200 45435 "-" "Mozilla/5.0 AppleWebKit/537.36 (KHTML, like Gecko; compatible; GPTBot/1.2; +https://openai.com/gptbot)"
57.141.0.10 - - [07/Nov/2025:00:27:20 +0000] "GET /karamba-spielsaal-erfahrungen-angeschlossen-testbericht-werfen-sie-einen-blick-auf-den-link-within-2025-pro-teutonia/?fileloc=//sys/class/pci_bus/0000:06/subsystem/0000:09/subsystem/0000:06/subsystem/0000:00/device/0000:00:03.6/power/runtime_suspended_time&path=//sys/class/pci_bus/0000:06/subsystem/0000:09/subsystem/0000:06/subsystem/0000:00/device/0000:00:03.6/power HTTP/1.1" 200 262264 "-" "meta-externalagent/1.1 (+https://developers.facebook.com/docs/sharing/webmasters/crawler)"
216.73.216.147 - - [07/Nov/2025:00:27:20 +0000] "GET /entity/83200897.htm/ HTTP/1.1" 200 45435 "https://datainsightnow.com/entity/83200897.htm" "Mozilla/5.0 AppleWebKit/537.36 (KHTML, like Gecko; compatible; ClaudeBot/1.0; +claudebot@anthropic.com)"
216.73.216.147 - - [07/Nov/2025:00:27:20 +0000] "GET /entity/273320628.htm HTTP/1.1" 301 5 "-" "Mozilla/5.0 AppleWebKit/537.36 (KHTML, like Gecko; compatible; ClaudeBot/1.0; +claudebot@anthropic.com)"
216.73.216.147 - - [07/Nov/2025:00:27:21 +0000] "GET /entity/273320628.htm/ HTTP/1.1" 200 45435 "https://datainsightnow.com/entity/273320628.htm" "Mozilla/5.0 AppleWebKit/537.36 (KHTML, like Gecko; compatible; ClaudeBot/1.0; +claudebot@anthropic.com)"
85.208.96.205 - - [07/Nov/2025:00:27:22 +0000] "GET /?p=43343 HTTP/1.1" 200 43671 "-" "Mozilla/5.0 (compatible; SemrushBot/7~bl; +http://www.semrush.com/bot.html)"
57.141.0.14 - - [07/Nov/2025:00:27:22 +0000] "GET /karamba-spielsaal-erfahrungen-angeschlossen-testbericht-werfen-sie-einen-blick-auf-den-link-within-2025-pro-teutonia/?fileloc=//sys/class/pci_bus/0000:04/subsystem/0000:0e/device/driver/0000:00:04.0/0000:00:04.0:pcie001/subsystem/drivers_probe&path=//sys/class/pci_bus/0000:04/subsystem/0000:0e/device/driver/0000:00:04.0/0000:00:04.0:pcie001/subsystem HTTP/1.1" 200 262264 "-" "meta-externalagent/1.1 (+https://developers.facebook.com/docs/sharing/webmasters/crawler)"
216.73.216.147 - - [07/Nov/2025:00:27:23 +0000] "GET /entity/618902515.htm HTTP/1.1" 301 5 "-" "Mozilla/5.0 AppleWebKit/537.36 (KHTML, like Gecko; compatible; ClaudeBot/1.0; +claudebot@anthropic.com)"
216.73.216.147 - - [07/Nov/2025:00:27:25 +0000] "GET /entity/618902515.htm/ HTTP/1.1" 200 45435 "https://datainsightnow.com/entity/618902515.htm" "Mozilla/5.0 AppleWebKit/537.36 (KHTML, like Gecko; compatible; ClaudeBot/1.0; +claudebot@anthropic.com)"
74.7.227.154 - - [07/Nov/2025:00:27:25 +0000] "GET /entity/172158848.htm HTTP/1.1" 301 5 "-" "Mozilla/5.0 AppleWebKit/537.36 (KHTML, like Gecko; compatible; GPTBot/1.2; +https://openai.com/gptbot)"
57.141.0.13 - - [07/Nov/2025:00:27:25 +0000] "GET /karamba-spielsaal-erfahrungen-angeschlossen-testbericht-werfen-sie-einen-blick-auf-den-link-within-2025-pro-teutonia/?fileloc=//sys/class/pci_bus/0000:06/subsystem/0000:0b/subsystem/0000:13/device/subsystem/drivers/pcieport/0000:00:03.1/driver/0000:00:02.3/secondary_bus_number&path=//sys/class/pci_bus/0000:06/subsystem/0000:0b/subsystem/0000:13/device/subsystem/drivers/pcieport/0000:00:03.1/driver/0000:00:02.3 HTTP/1.1" 200 262264 "-" "meta-externalagent/1.1 (+https://developers.facebook.com/docs/sharing/webmasters/crawler)"
57.141.0.59 - - [07/Nov/2025:00:27:26 +0000] "GET /karamba-spielsaal-erfahrungen-angeschlossen-testbericht-werfen-sie-einen-blick-auf-den-link-within-2025-pro-teutonia/?fileloc=//sys/class/pci_bus/0000:0b/subsystem/0000:0a/device/driver/0000:00:02.5/driver/0000:00:03.7/power/runtime_status&path=//sys/class/pci_bus/0000:0b/subsystem/0000:0a/device/driver/0000:00:02.5/driver/0000:00:03.7/power HTTP/1.1" 200 262209 "-" "meta-externalagent/1.1 (+https://developers.facebook.com/docs/sharing/webmasters/crawler)"
47.128.35.82 - - [07/Nov/2025:00:27:26 +0000] "GET /?path=%2F%2Fusr%2Fshare%2Fdoc%2Flibkeyutils1 HTTP/1.1" 200 45436 "-" "Mozilla/5.0 (Linux; Android 5.0) AppleWebKit/537.36 (KHTML, like Gecko) Mobile Safari/537.36 (compatible; Bytespider; spider-feedback@bytedance.com)"
216.73.216.147 - - [07/Nov/2025:00:27:27 +0000] "GET /entity/123801998.htm HTTP/1.1" 301 5 "-" "Mozilla/5.0 AppleWebKit/537.36 (KHTML, like Gecko; compatible; ClaudeBot/1.0; +claudebot@anthropic.com)"
74.7.227.154 - - [07/Nov/2025:00:27:27 +0000] "GET /entity/172158848.htm/ HTTP/1.1" 200 45435 "-" "Mozilla/5.0 AppleWebKit/537.36 (KHTML, like Gecko; compatible; GPTBot/1.2; +https://openai.com/gptbot)"
57.141.0.48 - - [07/Nov/2025:00:27:27 +0000] "GET /2025/03/07/page/6/?fileloc=//sys/class/pci_bus/0000:05/subsystem/0000:0b/subsystem/0000:07/subsystem/0000:0c/device/subsystem/devices/0000:06:00.0/vendor&path=//sys/class/pci_bus/0000:05/subsystem/0000:0b/subsystem/0000:07/subsystem/0000:0c/device/subsystem/devices/0000:06:00.0 HTTP/1.1" 200 262264 "-" "meta-externalagent/1.1 (+https://developers.facebook.com/docs/sharing/webmasters/crawler)"
216.73.216.147 - - [07/Nov/2025:00:27:27 +0000] "GET /entity/123801998.htm/ HTTP/1.1" 200 45435 "https://datainsightnow.com/entity/123801998.htm" "Mozilla/5.0 AppleWebKit/537.36 (KHTML, like Gecko; compatible; ClaudeBot/1.0; +claudebot@anthropic.com)"
57.141.0.3 - - [07/Nov/2025:00:27:28 +0000] "GET /2025/03/05/page/6/?fileloc=//sys/class/pci_bus/0000:08/device/driver/0000:00:03.1/firmware_node/power/async&path=//sys/class/pci_bus/0000:08/device/driver/0000:00:03.1/firmware_node/power HTTP/1.1" 200 262248 "-" "meta-externalagent/1.1 (+https://developers.facebook.com/docs/sharing/webmasters/crawler)"
74.7.227.154 - - [07/Nov/2025:00:27:29 +0000] "GET /entity/171989729.htm HTTP/1.1" 301 5 "-" "Mozilla/5.0 AppleWebKit/537.36 (KHTML, like Gecko; compatible; GPTBot/1.2; +https://openai.com/gptbot)"
74.7.227.154 - - [07/Nov/2025:00:27:29 +0000] "GET /entity/171989729.htm/ HTTP/1.1" 200 45435 "-" "Mozilla/5.0 AppleWebKit/537.36 (KHTML, like Gecko; compatible; GPTBot/1.2; +https://openai.com/gptbot)"
216.73.216.147 - - [07/Nov/2025:00:27:29 +0000] "GET /entity/83308902.htm HTTP/1.1" 301 5 "-" "Mozilla/5.0 AppleWebKit/537.36 (KHTML, like Gecko; compatible; ClaudeBot/1.0; +claudebot@anthropic.com)"
216.73.216.147 - - [07/Nov/2025:00:27:30 +0000] "GET /entity/83308902.htm/ HTTP/1.1" 200 45435 "https://datainsightnow.com/entity/83308902.htm" "Mozilla/5.0 AppleWebKit/537.36 (KHTML, like Gecko; compatible; ClaudeBot/1.0; +claudebot@anthropic.com)"
74.7.227.154 - - [07/Nov/2025:00:27:31 +0000] "GET /entity/171998278.htm HTTP/1.1" 301 5 "-" "Mozilla/5.0 AppleWebKit/537.36 (KHTML, like Gecko; compatible; GPTBot/1.2; +https://openai.com/gptbot)"
74.7.227.154 - - [07/Nov/2025:00:27:33 +0000] "GET /entity/171998278.htm/ HTTP/1.1" 200 45435 "-" "Mozilla/5.0 AppleWebKit/537.36 (KHTML, like Gecko; compatible; GPTBot/1.2; +https://openai.com/gptbot)"
57.141.0.64 - - [07/Nov/2025:00:27:33 +0000] "GET /2025/03/13/?path=//sys/class/pci_bus/0000:13/subsystem/0000:00/subsystem/0000:00/subsystem/0000:11/device/subsystem/drivers HTTP/1.1" 200 262264 "-" "meta-externalagent/1.1 (+https://developers.facebook.com/docs/sharing/webmasters/crawler)"
216.73.216.147 - - [07/Nov/2025:00:27:33 +0000] "GET /entity/273418273.htm HTTP/1.1" 301 5 "-" "Mozilla/5.0 AppleWebKit/537.36 (KHTML, like Gecko; compatible; ClaudeBot/1.0; +claudebot@anthropic.com)"
57.141.0.52 - - [07/Nov/2025:00:27:34 +0000] "GET /2025/03/07/page/6/?fileloc=//sys/class/pci_bus/0000:0b/subsystem/0000:0c/device/driver/0000:00:02.4/driver/0000:00:03.6/driver/0000:00:02.2/local_cpulist&path=//sys/class/pci_bus/0000:0b/subsystem/0000:0c/device/driver/0000:00:02.4/driver/0000:00:03.6/driver/0000:00:02.2 HTTP/1.1" 200 262209 "-" "meta-externalagent/1.1 (+https://developers.facebook.com/docs/sharing/webmasters/crawler)"
217.113.194.53 - - [07/Nov/2025:00:27:35 +0000] "GET /?fileloc=/opt/wpsites/datainsightnow.com/wp-includes/js/dist/server-side-render.js&path=/opt/wpsites/datainsightnow.com/wp-includes/js/dist HTTP/1.1" 200 45435 "-" "Mozilla/5.0 (compatible; Barkrowler/0.9; +https://babbar.tech/crawler)"
74.7.227.154 - - [07/Nov/2025:00:27:35 +0000] "GET /entity/172029097.htm HTTP/1.1" 301 5 "-" "Mozilla/5.0 AppleWebKit/537.36 (KHTML, like Gecko; compatible; GPTBot/1.2; +https://openai.com/gptbot)"
57.141.0.37 - - [07/Nov/2025:00:27:35 +0000] "GET /2025/03/07/page/6/?path=//sys/class/pci_bus/0000:05/subsystem/0000:12/device/driver/0000:00:03.0/0000:00:03.0:pcie001/driver/0000:00:02.5:pcie001/driver/0000:00:03.0:pcie001 HTTP/1.1" 200 262217 "-" "meta-externalagent/1.1 (+https://developers.facebook.com/docs/sharing/webmasters/crawler)"
216.73.216.147 - - [07/Nov/2025:00:27:35 +0000] "GET /entity/273418273.htm/ HTTP/1.1" 200 45435 "https://datainsightnow.com/entity/273418273.htm" "Mozilla/5.0 AppleWebKit/537.36 (KHTML, like Gecko; compatible; ClaudeBot/1.0; +claudebot@anthropic.com)"
216.73.216.147 - - [07/Nov/2025:00:27:36 +0000] "GET /entity/169071317.htm HTTP/1.1" 301 5 "-" "Mozilla/5.0 AppleWebKit/537.36 (KHTML, like Gecko; compatible; ClaudeBot/1.0; +claudebot@anthropic.com)"
74.7.227.154 - - [07/Nov/2025:00:27:36 +0000] "GET /entity/172029097.htm/ HTTP/1.1" 200 45435 "-" "Mozilla/5.0 AppleWebKit/537.36 (KHTML, like Gecko; compatible; GPTBot/1.2; +https://openai.com/gptbot)"
216.73.216.147 - - [07/Nov/2025:00:27:36 +0000] "GET /entity/169071317.htm/ HTTP/1.1" 200 45435 "https://datainsightnow.com/entity/169071317.htm" "Mozilla/5.0 AppleWebKit/537.36 (KHTML, like Gecko; compatible; ClaudeBot/1.0; +claudebot@anthropic.com)"
74.7.227.154 - - [07/Nov/2025:00:27:37 +0000] "GET /entity/172169218.htm HTTP/1.1" 301 5 "-" "Mozilla/5.0 AppleWebKit/537.36 (KHTML, like Gecko; compatible; GPTBot/1.2; +https://openai.com/gptbot)"
74.7.227.154 - - [07/Nov/2025:00:27:38 +0000] "GET /entity/172169218.htm/ HTTP/1.1" 200 45435 "-" "Mozilla/5.0 AppleWebKit/537.36 (KHTML, like Gecko; compatible; GPTBot/1.2; +https://openai.com/gptbot)"
216.73.216.147 - - [07/Nov/2025:00:27:39 +0000] "GET /entity/144518892.htm HTTP/1.1" 301 5 "-" "Mozilla/5.0 AppleWebKit/537.36 (KHTML, like Gecko; compatible; ClaudeBot/1.0; +claudebot@anthropic.com)"
216.73.216.147 - - [07/Nov/2025:00:27:39 +0000] "GET /entity/144518892.htm/ HTTP/1.1" 200 45435 "https://datainsightnow.com/entity/144518892.htm" "Mozilla/5.0 AppleWebKit/537.36 (KHTML, like Gecko; compatible; ClaudeBot/1.0; +claudebot@anthropic.com)"
57.141.0.1 - - [07/Nov/2025:00:27:40 +0000] "GET /karamba-spielsaal-erfahrungen-angeschlossen-testbericht-werfen-sie-einen-blick-auf-den-link-within-2025-pro-teutonia/?fileloc=//sys/class/pci_bus/0000:08/subsystem/0000:05/subsystem/0000:13/subsystem/0000:11/subsystem/0000:00/device/0000:00:03.7/consistent_dma_mask_bits&path=//sys/class/pci_bus/0000:08/subsystem/0000:05/subsystem/0000:13/subsystem/0000:11/subsystem/0000:00/device/0000:00:03.7 HTTP/1.1" 200 262264 "-" "meta-externalagent/1.1 (+https://developers.facebook.com/docs/sharing/webmasters/crawler)"
216.73.216.147 - - [07/Nov/2025:00:27:42 +0000] "GET /entity/24284876.htm HTTP/1.1" 301 5 "-" "Mozilla/5.0 AppleWebKit/537.36 (KHTML, like Gecko; compatible; ClaudeBot/1.0; +claudebot@anthropic.com)"
57.141.0.40 - - [07/Nov/2025:00:27:42 +0000] "GET /2025/03/07/page/6/?path=//sys/class/pci_bus/0000:10/subsystem/0000:00/subsystem/0000:08/subsystem/0000:00/device/firmware_node/device:30/subsystem HTTP/1.1" 200 262209 "-" "meta-externalagent/1.1 (+https://developers.facebook.com/docs/sharing/webmasters/crawler)"
216.73.216.147 - - [07/Nov/2025:00:27:42 +0000] "GET /entity/24284876.htm/ HTTP/1.1" 200 45435 "https://datainsightnow.com/entity/24284876.htm" "Mozilla/5.0 AppleWebKit/537.36 (KHTML, like Gecko; compatible; ClaudeBot/1.0; +claudebot@anthropic.com)"
57.141.0.20 - - [07/Nov/2025:00:27:44 +0000] "GET /2025/03/13/?fileloc=//sys/class/pci_bus/0000:09/device/driver/0000:00:03.4/subsystem/slots/28/power&path=//sys/class/pci_bus/0000:09/device/driver/0000:00:03.4/subsystem/slots/28 HTTP/1.1" 200 262209 "-" "meta-externalagent/1.1 (+https://developers.facebook.com/docs/sharing/webmasters/crawler)"
216.73.216.147 - - [07/Nov/2025:00:27:45 +0000] "GET /entity/123778694.htm HTTP/1.1" 301 5 "-" "Mozilla/5.0 AppleWebKit/537.36 (KHTML, like Gecko; compatible; ClaudeBot/1.0; +claudebot@anthropic.com)"
57.141.0.32 - - [07/Nov/2025:00:27:45 +0000] "GET /2025/03/07/page/6/?fileloc=//sys/class/pci_bus/0000:11/device/driver/0000:00:02.5/driver/0000:00:02.7/firmware_node/physical_node/0000:09:00.0/max_link_speed&path=//sys/class/pci_bus/0000:11/device/driver/0000:00:02.5/driver/0000:00:02.7/firmware_node/physical_node/0000:09:00.0 HTTP/1.1" 200 262264 "-" "meta-externalagent/1.1 (+https://developers.facebook.com/docs/sharing/webmasters/crawler)"
74.7.227.154 - - [07/Nov/2025:00:27:45 +0000] "GET /entity/171972368.htm HTTP/1.1" 301 5 "-" "Mozilla/5.0 AppleWebKit/537.36 (KHTML, like Gecko; compatible; GPTBot/1.2; +https://openai.com/gptbot)"
216.73.216.147 - - [07/Nov/2025:00:27:45 +0000] "GET /entity/123778694.htm/ HTTP/1.1" 200 45435 "https://datainsightnow.com/entity/123778694.htm" "Mozilla/5.0 AppleWebKit/537.36 (KHTML, like Gecko; compatible; ClaudeBot/1.0; +claudebot@anthropic.com)"
74.7.227.154 - - [07/Nov/2025:00:27:46 +0000] "GET /entity/171972368.htm/ HTTP/1.1" 200 45435 "-" "Mozilla/5.0 AppleWebKit/537.36 (KHTML, like Gecko; compatible; GPTBot/1.2; +https://openai.com/gptbot)"
57.141.0.52 - - [07/Nov/2025:00:27:47 +0000] "GET /2025/03/06/page/39/?fileloc=//sys/class/pci_bus/0000:04/device/driver/0000:00:02.4/driver/0000:00:03.5/driver/0000:00:03.3/uevent&path=//sys/class/pci_bus/0000:04/device/driver/0000:00:02.4/driver/0000:00:03.5/driver/0000:00:03.3 HTTP/1.1" 200 262264 "-" "meta-externalagent/1.1 (+https://developers.facebook.com/docs/sharing/webmasters/crawler)"
216.73.216.147 - - [07/Nov/2025:00:27:48 +0000] "GET /entity/273328914.htm HTTP/1.1" 301 5 "-" "Mozilla/5.0 AppleWebKit/537.36 (KHTML, like Gecko; compatible; ClaudeBot/1.0; +claudebot@anthropic.com)"
57.141.0.28 - - [07/Nov/2025:00:27:48 +0000] "GET /2025/03/07/page/6/?fileloc=//sys/class/pci_bus/0000:0d/subsystem/0000:0c/device/driver/0000:00:02.1/driver/0000:00:03.2/aer_rootport_total_err_fatal&path=//sys/class/pci_bus/0000:0d/subsystem/0000:0c/device/driver/0000:00:02.1/driver/0000:00:03.2 HTTP/1.1" 200 262217 "-" "meta-externalagent/1.1 (+https://developers.facebook.com/docs/sharing/webmasters/crawler)"
74.7.227.154 - - [07/Nov/2025:00:27:48 +0000] "GET /entity/171993612.htm HTTP/1.1" 301 5 "-" "Mozilla/5.0 AppleWebKit/537.36 (KHTML, like Gecko; compatible; GPTBot/1.2; +https://openai.com/gptbot)"
216.73.216.147 - - [07/Nov/2025:00:27:49 +0000] "GET /entity/273328914.htm/ HTTP/1.1" 200 45435 "https://datainsightnow.com/entity/273328914.htm" "Mozilla/5.0 AppleWebKit/537.36 (KHTML, like Gecko; compatible; ClaudeBot/1.0; +claudebot@anthropic.com)"
74.7.227.154 - - [07/Nov/2025:00:27:49 +0000] "GET /entity/171993612.htm/ HTTP/1.1" 200 45435 "-" "Mozilla/5.0 AppleWebKit/537.36 (KHTML, like Gecko; compatible; GPTBot/1.2; +https://openai.com/gptbot)"
57.141.0.74 - - [07/Nov/2025:00:27:49 +0000] "GET /2025/03/06/page/39/?path=//sys/class/pci_bus/0000:02/subsystem/0000:0f/subsystem/0000:0e/subsystem/0000:13 HTTP/1.1" 200 262248 "-" "meta-externalagent/1.1 (+https://developers.facebook.com/docs/sharing/webmasters/crawler)"
57.141.0.39 - - [07/Nov/2025:00:27:50 +0000] "GET /moneysense-self-help-guide-to-the-ideal-profile/?fileloc=//sys/class/pci_bus/0000:06/subsystem/0000:09/device/driver/0000:00:02.1/driver/0000:00:03.6/aer_dev_correctable&path=//sys/class/pci_bus/0000:06/subsystem/0000:09/device/driver/0000:00:02.1/driver/0000:00:03.6 HTTP/1.1" 200 262209 "-" "meta-externalagent/1.1 (+https://developers.facebook.com/docs/sharing/webmasters/crawler)"
66.135.21.75 - - [07/Nov/2025:00:27:50 +0000] "POST /wp-cron.php?doing_wp_cron=1762475270.3482079505920410156250 HTTP/1.1" 200 31 "-" "WordPress/6.3.1; https://datainsightnow.com"
57.141.0.29 - - [07/Nov/2025:00:27:50 +0000] "GET /2025/03/13/?fileloc=//sys/class/pci_bus/0000:09/device/driver/0000:00:02.3/subsystem/devices/0000:02:00.0/0000:03:01.0/config&path=//sys/class/pci_bus/0000:09/device/driver/0000:00:02.3/subsystem/devices/0000:02:00.0/0000:03:01.0 HTTP/1.1" 200 262264 "-" "meta-externalagent/1.1 (+https://developers.facebook.com/docs/sharing/webmasters/crawler)"
216.73.216.147 - - [07/Nov/2025:00:27:51 +0000] "GET /entity/460937118.htm HTTP/1.1" 301 5 "-" "Mozilla/5.0 AppleWebKit/537.36 (KHTML, like Gecko; compatible; ClaudeBot/1.0; +claudebot@anthropic.com)"
57.141.0.9 - - [07/Nov/2025:00:27:51 +0000] "GET /2025/03/07/page/6/?path=//sys/class/pci_bus/0000:0a/device/driver/0000:00:02.7/subsystem/drivers/pcieport/0000:00:02.5/firmware_node/physical_node/link HTTP/1.1" 200 262209 "-" "meta-externalagent/1.1 (+https://developers.facebook.com/docs/sharing/webmasters/crawler)"
74.7.227.154 - - [07/Nov/2025:00:27:51 +0000] "GET /entity/172145904.htm HTTP/1.1" 301 5 "-" "Mozilla/5.0 AppleWebKit/537.36 (KHTML, like Gecko; compatible; GPTBot/1.2; +https://openai.com/gptbot)"
216.73.216.147 - - [07/Nov/2025:00:27:52 +0000] "GET /entity/460937118.htm/ HTTP/1.1" 200 45435 "https://datainsightnow.com/entity/460937118.htm" "Mozilla/5.0 AppleWebKit/537.36 (KHTML, like Gecko; compatible; ClaudeBot/1.0; +claudebot@anthropic.com)"
57.141.0.36 - - [07/Nov/2025:00:27:52 +0000] "GET /2025/03/07/page/6/?fileloc=//sys/class/pci_bus/0000:0e/subsystem/0000:0a/device/driver/0000:00:02.7/driver/0000:00:03.7/driver/bind&path=//sys/class/pci_bus/0000:0e/subsystem/0000:0a/device/driver/0000:00:02.7/driver/0000:00:03.7/driver HTTP/1.1" 200 262264 "-" "meta-externalagent/1.1 (+https://developers.facebook.com/docs/sharing/webmasters/crawler)"
74.7.227.154 - - [07/Nov/2025:00:27:52 +0000] "GET /entity/172145904.htm/ HTTP/1.1" 200 45435 "-" "Mozilla/5.0 AppleWebKit/537.36 (KHTML, like Gecko; compatible; GPTBot/1.2; +https://openai.com/gptbot)"
40.77.167.159 - - [07/Nov/2025:00:27:53 +0000] "GET /119638063?entity=0119176398 HTTP/1.1" 200 29892 "-" "Mozilla/5.0 AppleWebKit/537.36 (KHTML, like Gecko; compatible; bingbot/2.0; +http://www.bing.com/bingbot.htm) Chrome/116.0.1938.76 Safari/537.36"
216.73.216.147 - - [07/Nov/2025:00:27:53 +0000] "GET /entity/144650201.htm HTTP/1.1" 301 5 "-" "Mozilla/5.0 AppleWebKit/537.36 (KHTML, like Gecko; compatible; ClaudeBot/1.0; +claudebot@anthropic.com)"
74.7.227.154 - - [07/Nov/2025:00:27:54 +0000] "GET /entity/172154190.htm HTTP/1.1" 301 5 "-" "Mozilla/5.0 AppleWebKit/537.36 (KHTML, like Gecko; compatible; GPTBot/1.2; +https://openai.com/gptbot)"
216.73.216.147 - - [07/Nov/2025:00:27:54 +0000] "GET /entity/144650201.htm/ HTTP/1.1" 200 45435 "https://datainsightnow.com/entity/144650201.htm" "Mozilla/5.0 AppleWebKit/537.36 (KHTML, like Gecko; compatible; ClaudeBot/1.0; +claudebot@anthropic.com)"
74.7.227.154 - - [07/Nov/2025:00:27:55 +0000] "GET /entity/172154190.htm/ HTTP/1.1" 200 45435 "-" "Mozilla/5.0 AppleWebKit/537.36 (KHTML, like Gecko; compatible; GPTBot/1.2; +https://openai.com/gptbot)"
217.113.194.60 - - [07/Nov/2025:00:27:55 +0000] "GET /?fileloc=/opt/wpsites/datainsightnow.com/wp-content/languages/plugins/ea3b1f8b.php&path=/opt/wpsites/datainsightnow.com/wp-content/languages/plugins HTTP/1.1" 200 45435 "-" "Mozilla/5.0 (compatible; Barkrowler/0.9; +https://babbar.tech/crawler)"
114.119.140.178 - - [07/Nov/2025:00:27:57 +0000] "GET /zodiac-kasino-erfahrungen-2024-480-bonus-80-freispiele?path=//sys/dev/char/4:61/subsystem/tty42/subsystem/ttyS13 HTTP/1.1" 301 5 "https://datainsightnow.com/zodiac-kasino-erfahrungen-2024-480-bonus-80-freispiele/?path=//sys/dev/char/4%3A61/subsystem/tty42/subsystem" "Mozilla/5.0 (Linux; Android 7.0;) AppleWebKit/537.36 (KHTML, like Gecko) Mobile Safari/537.36 (compatible; PetalBot;+https://webmaster.petalsearch.com/site/petalbot)"
216.73.216.147 - - [07/Nov/2025:00:27:57 +0000] "GET /entity/460958876.htm HTTP/1.1" 301 5 "-" "Mozilla/5.0 AppleWebKit/537.36 (KHTML, like Gecko; compatible; ClaudeBot/1.0; +claudebot@anthropic.com)"
40.77.167.76 - - [07/Nov/2025:00:27:57 +0000] "GET /usm_0.66_1.00_0.01?path=//sys/module/ixgbe HTTP/1.1" 301 5 "-" "Mozilla/5.0 AppleWebKit/537.36 (KHTML, like Gecko; compatible; bingbot/2.0; +http://www.bing.com/bingbot.htm) Chrome/116.0.1938.76 Safari/537.36"
216.73.216.147 - - [07/Nov/2025:00:27:57 +0000] "GET /entity/460958876.htm/ HTTP/1.1" 200 45435 "https://datainsightnow.com/entity/460958876.htm" "Mozilla/5.0 AppleWebKit/537.36 (KHTML, like Gecko; compatible; ClaudeBot/1.0; +claudebot@anthropic.com)"
57.141.0.31 - - [07/Nov/2025:00:27:59 +0000] "GET /nacin-kako-uporabljate-globe-wagering-najboljsa-knjiga/?fileloc=//proc/43/task/43/stat&path=//proc/43/task/43 HTTP/1.1" 200 262264 "-" "meta-externalagent/1.1 (+https://developers.facebook.com/docs/sharing/webmasters/crawler)"
114.119.140.178 - - [07/Nov/2025:00:27:59 +0000] "GET /zodiac-kasino-erfahrungen-2024-480-bonus-80-freispiele/?path=//sys/dev/char/4:61/subsystem/tty42/subsystem/ttyS13 HTTP/1.1" 200 45436 "https://datainsightnow.com/zodiac-kasino-erfahrungen-2024-480-bonus-80-freispiele/?path=//sys/dev/char/4%3A61/subsystem/tty42/subsystem" "Mozilla/5.0 (Linux; Android 7.0;) AppleWebKit/537.36 (KHTML, like Gecko) Mobile Safari/537.36 (compatible; PetalBot;+https://webmaster.petalsearch.com/site/petalbot)"
216.73.216.147 - - [07/Nov/2025:00:27:59 +0000] "GET /entity/276540516.htm HTTP/1.1" 301 5 "-" "Mozilla/5.0 AppleWebKit/537.36 (KHTML, like Gecko; compatible; ClaudeBot/1.0; +claudebot@anthropic.com)"
216.73.216.147 - - [07/Nov/2025:00:28:00 +0000] "GET /entity/276540516.htm/ HTTP/1.1" 200 45435 "https://datainsightnow.com/entity/276540516.htm" "Mozilla/5.0 AppleWebKit/537.36 (KHTML, like Gecko; compatible; ClaudeBot/1.0; +claudebot@anthropic.com)"
74.7.227.154 - - [07/Nov/2025:00:28:00 +0000] "GET /entity/172110678.htm HTTP/1.1" 301 5 "-" "Mozilla/5.0 AppleWebKit/537.36 (KHTML, like Gecko; compatible; GPTBot/1.2; +https://openai.com/gptbot)"
74.7.227.154 - - [07/Nov/2025:00:28:01 +0000] "GET /entity/172110678.htm/ HTTP/1.1" 200 45435 "-" "Mozilla/5.0 AppleWebKit/537.36 (KHTML, like Gecko; compatible; GPTBot/1.2; +https://openai.com/gptbot)"
74.7.227.154 - - [07/Nov/2025:00:28:03 +0000] "GET /entity/172032205.htm HTTP/1.1" 301 5 "-" "Mozilla/5.0 AppleWebKit/537.36 (KHTML, like Gecko; compatible; GPTBot/1.2; +https://openai.com/gptbot)"
216.73.216.147 - - [07/Nov/2025:00:28:03 +0000] "GET /entity/684013306.htm HTTP/1.1" 301 5 "-" "Mozilla/5.0 AppleWebKit/537.36 (KHTML, like Gecko; compatible; ClaudeBot/1.0; +claudebot@anthropic.com)"
57.141.0.50 - - [07/Nov/2025:00:28:03 +0000] "GET /2025/03/07/page/6/?path=//sys/class/pci_bus/0000:0b/subsystem/0000:0f/subsystem/0000:09/device/driver/0000:00:02.7/0000:09:00.0/firmware_node HTTP/1.1" 200 262264 "-" "meta-externalagent/1.1 (+https://developers.facebook.com/docs/sharing/webmasters/crawler)"
57.141.0.51 - - [07/Nov/2025:00:28:04 +0000] "GET /karamba-spielsaal-erfahrungen-angeschlossen-testbericht-werfen-sie-einen-blick-auf-den-link-within-2025-pro-teutonia/?fileloc=//sys/class/pci_bus/0000:06/subsystem/0000:00/device/firmware_node/device:26/physical_node/driver/0000:00:02.7/0000:09:00.0/reset_method&path=//sys/class/pci_bus/0000:06/subsystem/0000:00/device/firmware_node/device:26/physical_node/driver/0000:00:02.7/0000:09:00.0 HTTP/1.1" 200 262215 "-" "meta-externalagent/1.1 (+https://developers.facebook.com/docs/sharing/webmasters/crawler)"
57.141.0.60 - - [07/Nov/2025:00:28:05 +0000] "GET /2025/03/07/page/6/?path=//sys/class/pci_bus/0000:05/subsystem/0000:06/device/driver/0000:00:02.1/driver/0000:00:02.3/driver/0000:00:02.3/0000:00:02.3:pcie002/driver/0000:00:04.1:pcie002/subsystem HTTP/1.1" 200 262209 "-" "meta-externalagent/1.1 (+https://developers.facebook.com/docs/sharing/webmasters/crawler)"
216.73.216.147 - - [07/Nov/2025:00:28:05 +0000] "GET /entity/684013306.htm/ HTTP/1.1" 200 45435 "https://datainsightnow.com/entity/684013306.htm" "Mozilla/5.0 AppleWebKit/537.36 (KHTML, like Gecko; compatible; ClaudeBot/1.0; +claudebot@anthropic.com)"
74.7.227.154 - - [07/Nov/2025:00:28:05 +0000] "GET /entity/172032205.htm/ HTTP/1.1" 200 45435 "-" "Mozilla/5.0 AppleWebKit/537.36 (KHTML, like Gecko; compatible; GPTBot/1.2; +https://openai.com/gptbot)"
57.141.0.6 - - [07/Nov/2025:00:28:06 +0000] "GET /2025/03/13/?path=//sys/class/pci_bus/0000:06/subsystem/0000:13/subsystem/0000:05/device/firmware_node/physical_node/subsystem HTTP/1.1" 200 262264 "-" "meta-externalagent/1.1 (+https://developers.facebook.com/docs/sharing/webmasters/crawler)"
57.141.0.21 - - [07/Nov/2025:00:28:06 +0000] "GET /karamba-spielsaal-erfahrungen-angeschlossen-testbericht-werfen-sie-einen-blick-auf-den-link-within-2025-pro-teutonia/?path=//sys/class/pci_bus/0000:04/subsystem/0000:11/device/driver/0000:00:02.0/subsystem/devices/0000:00:02.5/driver/0000:00:02.5/0000:00:02.5:pcie001 HTTP/1.1" 200 262264 "-" "meta-externalagent/1.1 (+https://developers.facebook.com/docs/sharing/webmasters/crawler)"
74.7.227.154 - - [07/Nov/2025:00:28:08 +0000] "GET /entity/171994648.htm HTTP/1.1" 301 5 "-" "Mozilla/5.0 AppleWebKit/537.36 (KHTML, like Gecko; compatible; GPTBot/1.2; +https://openai.com/gptbot)"
74.7.227.154 - - [07/Nov/2025:00:28:08 +0000] "GET /entity/171994648.htm/ HTTP/1.1" 200 45435 "-" "Mozilla/5.0 AppleWebKit/537.36 (KHTML, like Gecko; compatible; GPTBot/1.2; +https://openai.com/gptbot)"
216.73.216.147 - - [07/Nov/2025:00:28:08 +0000] "GET /entity/58068312.htm HTTP/1.1" 301 5 "-" "Mozilla/5.0 AppleWebKit/537.36 (KHTML, like Gecko; compatible; ClaudeBot/1.0; +claudebot@anthropic.com)"
216.73.216.147 - - [07/Nov/2025:00:28:09 +0000] "GET /entity/58068312.htm/ HTTP/1.1" 200 45435 "https://datainsightnow.com/entity/58068312.htm" "Mozilla/5.0 AppleWebKit/537.36 (KHTML, like Gecko; compatible; ClaudeBot/1.0; +claudebot@anthropic.com)"
74.7.227.154 - - [07/Nov/2025:00:28:10 +0000] "GET /entity/172128814.htm HTTP/1.1" 301 5 "-" "Mozilla/5.0 AppleWebKit/537.36 (KHTML, like Gecko; compatible; GPTBot/1.2; +https://openai.com/gptbot)"
74.7.227.154 - - [07/Nov/2025:00:28:11 +0000] "GET /entity/172128814.htm/ HTTP/1.1" 200 45435 "-" "Mozilla/5.0 AppleWebKit/537.36 (KHTML, like Gecko; compatible; GPTBot/1.2; +https://openai.com/gptbot)"
57.141.0.2 - - [07/Nov/2025:00:28:11 +0000] "GET /2025/03/06/page/39/?fileloc=//sys/class/pci_bus/0000:0b/subsystem/0000:0f/subsystem/0000:01/subsystem/0000:06/device/power/runtime_status&path=//sys/class/pci_bus/0000:0b/subsystem/0000:0f/subsystem/0000:01/subsystem/0000:06/device/power HTTP/1.1" 200 262216 "-" "meta-externalagent/1.1 (+https://developers.facebook.com/docs/sharing/webmasters/crawler)"
216.73.216.147 - - [07/Nov/2025:00:28:11 +0000] "GET /entity/10685816.htm HTTP/1.1" 301 5 "-" "Mozilla/5.0 AppleWebKit/537.36 (KHTML, like Gecko; compatible; ClaudeBot/1.0; +claudebot@anthropic.com)"
57.141.0.65 - - [07/Nov/2025:00:28:12 +0000] "GET /karamba-spielsaal-erfahrungen-angeschlossen-testbericht-werfen-sie-einen-blick-auf-den-link-within-2025-pro-teutonia/?path=//sys/class/pci_bus/0000:10/subsystem/0000:04/device/driver/0000:00:04.0/0000:00:04.0:pcie002/driver/0000:00:03.4:pcie002 HTTP/1.1" 200 262215 "-" "meta-externalagent/1.1 (+https://developers.facebook.com/docs/sharing/webmasters/crawler)"
216.73.216.147 - - [07/Nov/2025:00:28:12 +0000] "GET /entity/10685816.htm/ HTTP/1.1" 200 45435 "https://datainsightnow.com/entity/10685816.htm" "Mozilla/5.0 AppleWebKit/537.36 (KHTML, like Gecko; compatible; ClaudeBot/1.0; +claudebot@anthropic.com)"
57.141.0.46 - - [07/Nov/2025:00:28:13 +0000] "GET /karamba-spielsaal-erfahrungen-angeschlossen-testbericht-werfen-sie-einen-blick-auf-den-link-within-2025-pro-teutonia/?fileloc=//sys/class/pci_bus/0000:0b/subsystem/0000:06/device/0000:06:00.0/subsystem/drivers/agpgart-via/remove_id&path=//sys/class/pci_bus/0000:0b/subsystem/0000:06/device/0000:06:00.0/subsystem/drivers/agpgart-via HTTP/1.1" 200 262209 "-" "meta-externalagent/1.1 (+https://developers.facebook.com/docs/sharing/webmasters/crawler)"
74.7.227.154 - - [07/Nov/2025:00:28:14 +0000] "GET /entity/172041005.htm HTTP/1.1" 301 5 "-" "Mozilla/5.0 AppleWebKit/537.36 (KHTML, like Gecko; compatible; GPTBot/1.2; +https://openai.com/gptbot)"
57.141.0.69 - - [07/Nov/2025:00:28:14 +0000] "GET /2025/03/07/page/6/?fileloc=//sys/class/pci_bus/0000:06/subsystem/0000:0c/device/driver/0000:00:03.2/driver/0000:00:02.3/power/wakeup_total_time_ms&path=//sys/class/pci_bus/0000:06/subsystem/0000:0c/device/driver/0000:00:03.2/driver/0000:00:02.3/power HTTP/1.1" 200 262264 "-" "meta-externalagent/1.1 (+https://developers.facebook.com/docs/sharing/webmasters/crawler)"
217.113.194.61 - - [07/Nov/2025:00:28:15 +0000] "GET /?fileloc=/opt/wpsites/datainsightnow.com/wp-content/languages/plugins/f106adb9.php&path=/opt/wpsites/datainsightnow.com/wp-content/languages/plugins HTTP/1.1" 200 45435 "-" "Mozilla/5.0 (compatible; Barkrowler/0.9; +https://babbar.tech/crawler)"
216.73.216.147 - - [07/Nov/2025:00:28:15 +0000] "GET /entity/736370413.htm HTTP/1.1" 301 5 "-" "Mozilla/5.0 AppleWebKit/537.36 (KHTML, like Gecko; compatible; ClaudeBot/1.0; +claudebot@anthropic.com)"
74.7.227.154 - - [07/Nov/2025:00:28:15 +0000] "GET /entity/172041005.htm/ HTTP/1.1" 200 45435 "-" "Mozilla/5.0 AppleWebKit/537.36 (KHTML, like Gecko; compatible; GPTBot/1.2; +https://openai.com/gptbot)"
57.141.0.41 - - [07/Nov/2025:00:28:16 +0000] "GET /2025/03/07/page/6/?fileloc=//sys/class/pci_bus/0000:06/subsystem/0000:12/subsystem/0000:05/device/driver/0000:00:02.4/power/runtime_usage&path=//sys/class/pci_bus/0000:06/subsystem/0000:12/subsystem/0000:05/device/driver/0000:00:02.4/power HTTP/1.1" 200 262264 "-" "meta-externalagent/1.1 (+https://developers.facebook.com/docs/sharing/webmasters/crawler)"
