74.7.227.154 - - [07/Nov/2025:00:52:21 +0000] "GET /entity/172193307.htm HTTP/1.1" 301 5 "-" "Mozilla/5.0 AppleWebKit/537.36 (KHTML, like Gecko; compatible; GPTBot/1.2; +https://openai.com/gptbot)"
57.141.0.46 - - [07/Nov/2025:00:52:21 +0000] "GET /2025/03/06/page/39/?fileloc=//sys/class/pci_bus/0000:01/subsystem/0000:05/subsystem/0000:05/device/firmware_node/uevent&path=//sys/class/pci_bus/0000:01/subsystem/0000:05/subsystem/0000:05/device/firmware_node HTTP/1.1" 200 262216 "-" "meta-externalagent/1.1 (+https://developers.facebook.com/docs/sharing/webmasters/crawler)"
57.141.0.31 - - [07/Nov/2025:00:52:22 +0000] "GET /2025/03/06/page/39/?fileloc=//sys/class/pci_bus/0000:0b/subsystem/0000:13/subsystem/0000:13/subsystem/0000:11/subsystem/0000:0f/uevent&path=//sys/class/pci_bus/0000:0b/subsystem/0000:13/subsystem/0000:13/subsystem/0000:11/subsystem/0000:0f HTTP/1.1" 200 262209 "-" "meta-externalagent/1.1 (+https://developers.facebook.com/docs/sharing/webmasters/crawler)"
57.141.0.63 - - [07/Nov/2025:00:52:22 +0000] "GET /2025/03/07/page/6/?fileloc=//sys/class/pci_bus/0000:05/subsystem/0000:02/subsystem/0000:06/subsystem/0000:02/device/subsystem/devices/0000:04:00.0/config&path=//sys/class/pci_bus/0000:05/subsystem/0000:02/subsystem/0000:06/subsystem/0000:02/device/subsystem/devices/0000:04:00.0 HTTP/1.1" 200 262209 "-" "meta-externalagent/1.1 (+https://developers.facebook.com/docs/sharing/webmasters/crawler)"
85.208.96.211 - - [07/Nov/2025:00:52:22 +0000] "GET /?p=26883 HTTP/1.1" 200 43563 "-" "Mozilla/5.0 (compatible; SemrushBot/7~bl; +http://www.semrush.com/bot.html)"
216.73.216.147 - - [07/Nov/2025:00:52:23 +0000] "GET /entity/5797193.htm/ HTTP/1.1" 200 45435 "https://datainsightnow.com/entity/5797193.htm" "Mozilla/5.0 AppleWebKit/537.36 (KHTML, like Gecko; compatible; ClaudeBot/1.0; +claudebot@anthropic.com)"
74.7.227.154 - - [07/Nov/2025:00:52:23 +0000] "GET /entity/172193307.htm/ HTTP/1.1" 200 45435 "-" "Mozilla/5.0 AppleWebKit/537.36 (KHTML, like Gecko; compatible; GPTBot/1.2; +https://openai.com/gptbot)"
216.73.216.147 - - [07/Nov/2025:00:52:24 +0000] "GET /entity/89072431.htm HTTP/1.1" 301 5 "-" "Mozilla/5.0 AppleWebKit/537.36 (KHTML, like Gecko; compatible; ClaudeBot/1.0; +claudebot@anthropic.com)"
57.141.0.60 - - [07/Nov/2025:00:52:24 +0000] "GET /2025/03/07/page/6/?fileloc=//sys/class/pci_bus/0000:03/subsystem/0000:09/subsystem/0000:06/device/0000:06:00.0/resource4_wc&path=//sys/class/pci_bus/0000:03/subsystem/0000:09/subsystem/0000:06/device/0000:06:00.0 HTTP/1.1" 200 262209 "-" "meta-externalagent/1.1 (+https://developers.facebook.com/docs/sharing/webmasters/crawler)"
57.141.0.55 - - [07/Nov/2025:00:52:25 +0000] "GET /2025/03/07/page/6/?fileloc=//sys/class/pci_bus/0000:0b/subsystem/0000:09/subsystem/0000:04/subsystem/0000:00/device/0000:00:02.1/resource&path=//sys/class/pci_bus/0000:0b/subsystem/0000:09/subsystem/0000:04/subsystem/0000:00/device/0000:00:02.1 HTTP/1.1" 200 262264 "-" "meta-externalagent/1.1 (+https://developers.facebook.com/docs/sharing/webmasters/crawler)"
57.141.0.4 - - [07/Nov/2025:00:52:25 +0000] "GET /karamba-spielsaal-erfahrungen-angeschlossen-testbericht-werfen-sie-einen-blick-auf-den-link-within-2025-pro-teutonia/?path=//sys/class/pci_bus/0000:06/subsystem/0000:0f/device/driver/0000:00:02.5/subsystem/drivers/snd_hda_intel/0000:00:1b.0 HTTP/1.1" 200 262264 "-" "meta-externalagent/1.1 (+https://developers.facebook.com/docs/sharing/webmasters/crawler)"
216.73.216.147 - - [07/Nov/2025:00:52:26 +0000] "GET /entity/89072431.htm/ HTTP/1.1" 200 45435 "https://datainsightnow.com/entity/89072431.htm" "Mozilla/5.0 AppleWebKit/537.36 (KHTML, like Gecko; compatible; ClaudeBot/1.0; +claudebot@anthropic.com)"
74.7.227.154 - - [07/Nov/2025:00:52:26 +0000] "GET /entity/171991287.htm HTTP/1.1" 301 5 "-" "Mozilla/5.0 AppleWebKit/537.36 (KHTML, like Gecko; compatible; GPTBot/1.2; +https://openai.com/gptbot)"
57.141.0.8 - - [07/Nov/2025:00:52:26 +0000] "GET /2025/03/07/page/6/?path=//sys/class/pci_bus/0000:0f/subsystem/0000:10/device/firmware_node/physical_node/driver/0000:00:03.0/driver/0000:00:03.7/driver HTTP/1.1" 200 262264 "-" "meta-externalagent/1.1 (+https://developers.facebook.com/docs/sharing/webmasters/crawler)"
216.73.216.147 - - [07/Nov/2025:00:52:27 +0000] "GET /entity/839852821.htm HTTP/1.1" 301 5 "-" "Mozilla/5.0 AppleWebKit/537.36 (KHTML, like Gecko; compatible; ClaudeBot/1.0; +claudebot@anthropic.com)"
57.141.0.44 - - [07/Nov/2025:00:52:27 +0000] "GET /2025/03/07/page/6/?path=//sys/class/pci_bus/0000:05/subsystem/0000:08/subsystem/0000:13/device/firmware_node/subsystem/devices/device:0e HTTP/1.1" 200 262216 "-" "meta-externalagent/1.1 (+https://developers.facebook.com/docs/sharing/webmasters/crawler)"
57.141.0.8 - - [07/Nov/2025:00:52:28 +0000] "GET /karamba-spielsaal-erfahrungen-angeschlossen-testbericht-werfen-sie-einen-blick-auf-den-link-within-2025-pro-teutonia/?path=//sys/class/pci_bus/0000:06/subsystem/0000:00/device/firmware_node/subsystem/devices/device:45/subsystem/devices/PNP0C0F:0e/power HTTP/1.1" 200 262215 "-" "meta-externalagent/1.1 (+https://developers.facebook.com/docs/sharing/webmasters/crawler)"
74.7.227.154 - - [07/Nov/2025:00:52:28 +0000] "GET /entity/171991287.htm/ HTTP/1.1" 200 45435 "-" "Mozilla/5.0 AppleWebKit/537.36 (KHTML, like Gecko; compatible; GPTBot/1.2; +https://openai.com/gptbot)"
57.141.0.62 - - [07/Nov/2025:00:52:28 +0000] "GET /2025/03/07/page/6/?fileloc=//sys/class/pci_bus/0000:13/device/driver/0000:00:03.1/driver/0000:00:03.7/subsystem/devices/0000:07:00.0/max_link_speed&path=//sys/class/pci_bus/0000:13/device/driver/0000:00:03.1/driver/0000:00:03.7/subsystem/devices/0000:07:00.0 HTTP/1.1" 200 262209 "-" "meta-externalagent/1.1 (+https://developers.facebook.com/docs/sharing/webmasters/crawler)"
85.208.96.204 - - [07/Nov/2025:00:52:28 +0000] "GET /?p=20163 HTTP/1.1" 200 41409 "-" "Mozilla/5.0 (compatible; SemrushBot/7~bl; +http://www.semrush.com/bot.html)"
216.73.216.147 - - [07/Nov/2025:00:52:29 +0000] "GET /entity/839852821.htm/ HTTP/1.1" 200 45435 "https://datainsightnow.com/entity/839852821.htm" "Mozilla/5.0 AppleWebKit/537.36 (KHTML, like Gecko; compatible; ClaudeBot/1.0; +claudebot@anthropic.com)"
217.113.194.56 - - [07/Nov/2025:00:52:29 +0000] "GET /privacy/?fileloc=//lib/x86_64-linux-gnu/xtables/libxt_connlabel.so&path=//lib/x86_64-linux-gnu/xtables HTTP/1.1" 200 45435 "-" "Mozilla/5.0 (compatible; Barkrowler/0.9; +https://babbar.tech/crawler)"
216.73.216.147 - - [07/Nov/2025:00:52:30 +0000] "GET /entity/53799217.htm HTTP/1.1" 301 5 "-" "Mozilla/5.0 AppleWebKit/537.36 (KHTML, like Gecko; compatible; ClaudeBot/1.0; +claudebot@anthropic.com)"
57.141.0.31 - - [07/Nov/2025:00:52:30 +0000] "GET /2025/03/07/page/6/?path=//sys/class/pci_bus/0000:06/device/0000:00:02.4:pcie002/driver/0000:00:02.7:pcie002/subsystem/devices/0000:00:03.1:pcie010 HTTP/1.1" 200 262215 "-" "meta-externalagent/1.1 (+https://developers.facebook.com/docs/sharing/webmasters/crawler)"
216.73.216.147 - - [07/Nov/2025:00:52:31 +0000] "GET /entity/53799217.htm/ HTTP/1.1" 200 45435 "https://datainsightnow.com/entity/53799217.htm" "Mozilla/5.0 AppleWebKit/537.36 (KHTML, like Gecko; compatible; ClaudeBot/1.0; +claudebot@anthropic.com)"
57.141.0.15 - - [07/Nov/2025:00:52:31 +0000] "GET /2025/03/07/page/6/?path=//sys/class/pci_bus/0000:05/subsystem/0000:0f/subsystem/0000:00/subsystem/0000:01/subsystem/0000:07/subsystem HTTP/1.1" 200 262264 "-" "meta-externalagent/1.1 (+https://developers.facebook.com/docs/sharing/webmasters/crawler)"
57.141.0.23 - - [07/Nov/2025:00:52:32 +0000] "GET /2025/03/07/page/6/?fileloc=//sys/class/pci_bus/0000:05/subsystem/0000:05/subsystem/0000:01/device/driver/0000:00:03.6/driver/0000:00:02.4/power_state&path=//sys/class/pci_bus/0000:05/subsystem/0000:05/subsystem/0000:01/device/driver/0000:00:03.6/driver/0000:00:02.4 HTTP/1.1" 200 262209 "-" "meta-externalagent/1.1 (+https://developers.facebook.com/docs/sharing/webmasters/crawler)"
216.73.216.147 - - [07/Nov/2025:00:52:33 +0000] "GET /entity/90193124.htm HTTP/1.1" 301 5 "-" "Mozilla/5.0 AppleWebKit/537.36 (KHTML, like Gecko; compatible; ClaudeBot/1.0; +claudebot@anthropic.com)"
216.73.216.147 - - [07/Nov/2025:00:52:33 +0000] "GET /entity/90193124.htm/ HTTP/1.1" 200 45435 "https://datainsightnow.com/entity/90193124.htm" "Mozilla/5.0 AppleWebKit/537.36 (KHTML, like Gecko; compatible; ClaudeBot/1.0; +claudebot@anthropic.com)"
74.7.227.154 - - [07/Nov/2025:00:52:33 +0000] "GET /entity/172151596.htm HTTP/1.1" 301 5 "-" "Mozilla/5.0 AppleWebKit/537.36 (KHTML, like Gecko; compatible; GPTBot/1.2; +https://openai.com/gptbot)"
185.191.171.18 - - [07/Nov/2025:00:52:34 +0000] "GET /robots.txt HTTP/1.1" 200 109 "-" "Mozilla/5.0 (compatible; SemrushBot/7~bl; +http://www.semrush.com/bot.html)"
74.7.227.154 - - [07/Nov/2025:00:52:34 +0000] "GET /entity/172151596.htm/ HTTP/1.1" 200 45435 "-" "Mozilla/5.0 AppleWebKit/537.36 (KHTML, like Gecko; compatible; GPTBot/1.2; +https://openai.com/gptbot)"
185.191.171.8 - - [07/Nov/2025:00:52:35 +0000] "GET /?p=47721 HTTP/1.1" 200 43405 "-" "Mozilla/5.0 (compatible; SemrushBot/7~bl; +http://www.semrush.com/bot.html)"
57.141.0.49 - - [07/Nov/2025:00:52:35 +0000] "GET /karamba-spielsaal-erfahrungen-angeschlossen-testbericht-werfen-sie-einen-blick-auf-den-link-within-2025-pro-teutonia/?fileloc=//sys/class/pci_bus/0000:0b/subsystem/0000:0b/subsystem/0000:0c/device/subsystem/devices/0000:00:02.5/current_link_speed&path=//sys/class/pci_bus/0000:0b/subsystem/0000:0b/subsystem/0000:0c/device/subsystem/devices/0000:00:02.5 HTTP/1.1" 200 262209 "-" "meta-externalagent/1.1 (+https://developers.facebook.com/docs/sharing/webmasters/crawler)"
74.7.227.154 - - [07/Nov/2025:00:52:36 +0000] "GET /entity/171995943.htm HTTP/1.1" 301 5 "-" "Mozilla/5.0 AppleWebKit/537.36 (KHTML, like Gecko; compatible; GPTBot/1.2; +https://openai.com/gptbot)"
216.73.216.147 - - [07/Nov/2025:00:52:36 +0000] "GET /entity/624551823.htm HTTP/1.1" 301 5 "-" "Mozilla/5.0 AppleWebKit/537.36 (KHTML, like Gecko; compatible; ClaudeBot/1.0; +claudebot@anthropic.com)"
91.224.90.83 - - [07/Nov/2025:00:52:36 +0000] "GET /xmlrpc.php HTTP/1.1" 405 53 "http://datainsightnow.com" "Mozilla/5.0 (Windows NT 10.0; Win64; x64) AppleWebKit/537.36 (KHTML, like Gecko) Chrome/113.0.5672.93 Safari/537.36"
74.7.227.154 - - [07/Nov/2025:00:52:36 +0000] "GET /entity/171995943.htm/ HTTP/1.1" 200 45435 "-" "Mozilla/5.0 AppleWebKit/537.36 (KHTML, like Gecko; compatible; GPTBot/1.2; +https://openai.com/gptbot)"
216.73.216.147 - - [07/Nov/2025:00:52:37 +0000] "GET /entity/624551823.htm/ HTTP/1.1" 200 45435 "https://datainsightnow.com/entity/624551823.htm" "Mozilla/5.0 AppleWebKit/537.36 (KHTML, like Gecko; compatible; ClaudeBot/1.0; +claudebot@anthropic.com)"
57.141.0.25 - - [07/Nov/2025:00:52:38 +0000] "GET /2025/03/07/page/6/?path=//sys/class/pci_bus/0000:08/device/driver/0000:00:03.1/subsystem/drivers/pcieport/0000:00:03.5 HTTP/1.1" 200 262215 "-" "meta-externalagent/1.1 (+https://developers.facebook.com/docs/sharing/webmasters/crawler)"
74.7.227.154 - - [07/Nov/2025:00:52:38 +0000] "GET /entity/172089183.htm HTTP/1.1" 301 5 "-" "Mozilla/5.0 AppleWebKit/537.36 (KHTML, like Gecko; compatible; GPTBot/1.2; +https://openai.com/gptbot)"
216.73.216.147 - - [07/Nov/2025:00:52:39 +0000] "GET /entity/123642456.htm HTTP/1.1" 301 5 "-" "Mozilla/5.0 AppleWebKit/537.36 (KHTML, like Gecko; compatible; ClaudeBot/1.0; +claudebot@anthropic.com)"
74.7.227.154 - - [07/Nov/2025:00:52:39 +0000] "GET /entity/172089183.htm/ HTTP/1.1" 200 45435 "-" "Mozilla/5.0 AppleWebKit/537.36 (KHTML, like Gecko; compatible; GPTBot/1.2; +https://openai.com/gptbot)"
216.73.216.147 - - [07/Nov/2025:00:52:39 +0000] "GET /entity/123642456.htm/ HTTP/1.1" 200 45435 "https://datainsightnow.com/entity/123642456.htm" "Mozilla/5.0 AppleWebKit/537.36 (KHTML, like Gecko; compatible; ClaudeBot/1.0; +claudebot@anthropic.com)"
74.7.227.154 - - [07/Nov/2025:00:52:41 +0000] "GET /entity/172069501.htm HTTP/1.1" 301 5 "-" "Mozilla/5.0 AppleWebKit/537.36 (KHTML, like Gecko; compatible; GPTBot/1.2; +https://openai.com/gptbot)"
216.73.216.147 - - [07/Nov/2025:00:52:42 +0000] "GET /entity/123762379.htm HTTP/1.1" 301 5 "-" "Mozilla/5.0 AppleWebKit/537.36 (KHTML, like Gecko; compatible; ClaudeBot/1.0; +claudebot@anthropic.com)"
74.7.227.154 - - [07/Nov/2025:00:52:43 +0000] "GET /entity/172069501.htm/ HTTP/1.1" 200 45435 "-" "Mozilla/5.0 AppleWebKit/537.36 (KHTML, like Gecko; compatible; GPTBot/1.2; +https://openai.com/gptbot)"
57.141.0.52 - - [07/Nov/2025:00:52:43 +0000] "GET /karamba-spielsaal-erfahrungen-angeschlossen-testbericht-werfen-sie-einen-blick-auf-den-link-within-2025-pro-teutonia/?fileloc=//sys/class/pci_bus/0000:02/device/driver/0000:00:02.3/driver/0000:00:02.4/subsystem/devices/0000:07:00.0/power/wakeup&path=//sys/class/pci_bus/0000:02/device/driver/0000:00:02.3/driver/0000:00:02.4/subsystem/devices/0000:07:00.0/power HTTP/1.1" 200 262264 "-" "meta-externalagent/1.1 (+https://developers.facebook.com/docs/sharing/webmasters/crawler)"
216.73.216.147 - - [07/Nov/2025:00:52:44 +0000] "GET /entity/123762379.htm/ HTTP/1.1" 200 45435 "https://datainsightnow.com/entity/123762379.htm" "Mozilla/5.0 AppleWebKit/537.36 (KHTML, like Gecko; compatible; ClaudeBot/1.0; +claudebot@anthropic.com)"
57.141.0.35 - - [07/Nov/2025:00:52:44 +0000] "GET /2025/03/07/page/6/?fileloc=//sys/class/pci_bus/0000:09/device/driver/0000:00:02.4/driver/0000:00:03.1/pci_bus/0000:0b/device/modalias&path=//sys/class/pci_bus/0000:09/device/driver/0000:00:02.4/driver/0000:00:03.1/pci_bus/0000:0b/device HTTP/1.1" 200 262209 "-" "meta-externalagent/1.1 (+https://developers.facebook.com/docs/sharing/webmasters/crawler)"
57.141.0.24 - - [07/Nov/2025:00:52:44 +0000] "GET /2025/03/07/page/6/?path=//sys/class/pci_bus/0000:0b/subsystem/0000:03/subsystem/0000:02/subsystem/0000:06/subsystem/0000:11/subsystem/0000:03 HTTP/1.1" 200 262209 "-" "meta-externalagent/1.1 (+https://developers.facebook.com/docs/sharing/webmasters/crawler)"
74.7.227.154 - - [07/Nov/2025:00:52:44 +0000] "GET /entity/171982477.htm HTTP/1.1" 301 5 "-" "Mozilla/5.0 AppleWebKit/537.36 (KHTML, like Gecko; compatible; GPTBot/1.2; +https://openai.com/gptbot)"
216.73.216.147 - - [07/Nov/2025:00:52:45 +0000] "GET /entity/578639150.htm HTTP/1.1" 301 5 "-" "Mozilla/5.0 AppleWebKit/537.36 (KHTML, like Gecko; compatible; ClaudeBot/1.0; +claudebot@anthropic.com)"
74.7.227.154 - - [07/Nov/2025:00:52:45 +0000] "GET /entity/171982477.htm/ HTTP/1.1" 200 45435 "-" "Mozilla/5.0 AppleWebKit/537.36 (KHTML, like Gecko; compatible; GPTBot/1.2; +https://openai.com/gptbot)"
216.73.216.147 - - [07/Nov/2025:00:52:45 +0000] "GET /entity/578639150.htm/ HTTP/1.1" 200 45435 "https://datainsightnow.com/entity/578639150.htm" "Mozilla/5.0 AppleWebKit/537.36 (KHTML, like Gecko; compatible; ClaudeBot/1.0; +claudebot@anthropic.com)"
57.141.0.55 - - [07/Nov/2025:00:52:47 +0000] "GET /2025/03/07/page/6/?path=//sys/class/pci_bus/0000:05/subsystem/0000:11/subsystem/0000:0d/device/driver/0000:00:02.1/driver/0000:00:03.3/subsystem/devices/0000:00:1f.3 HTTP/1.1" 200 262264 "-" "meta-externalagent/1.1 (+https://developers.facebook.com/docs/sharing/webmasters/crawler)"
57.141.0.5 - - [07/Nov/2025:00:52:47 +0000] "GET /2025/03/07/page/6/?fileloc=//sys/class/pci_bus/0000:09/subsystem/0000:0b/subsystem/0000:04/subsystem/0000:02/subsystem/0000:07/device/rescan&path=//sys/class/pci_bus/0000:09/subsystem/0000:0b/subsystem/0000:04/subsystem/0000:02/subsystem/0000:07/device HTTP/1.1" 200 262209 "-" "meta-externalagent/1.1 (+https://developers.facebook.com/docs/sharing/webmasters/crawler)"
216.73.216.147 - - [07/Nov/2025:00:52:48 +0000] "GET /entity/831447492.htm HTTP/1.1" 301 5 "-" "Mozilla/5.0 AppleWebKit/537.36 (KHTML, like Gecko; compatible; ClaudeBot/1.0; +claudebot@anthropic.com)"
74.7.227.154 - - [07/Nov/2025:00:52:48 +0000] "GET /entity/172128029.htm HTTP/1.1" 301 5 "-" "Mozilla/5.0 AppleWebKit/537.36 (KHTML, like Gecko; compatible; GPTBot/1.2; +https://openai.com/gptbot)"
216.73.216.147 - - [07/Nov/2025:00:52:49 +0000] "GET /entity/831447492.htm/ HTTP/1.1" 200 45435 "https://datainsightnow.com/entity/831447492.htm" "Mozilla/5.0 AppleWebKit/537.36 (KHTML, like Gecko; compatible; ClaudeBot/1.0; +claudebot@anthropic.com)"
74.7.227.154 - - [07/Nov/2025:00:52:49 +0000] "GET /entity/172128029.htm/ HTTP/1.1" 200 45435 "-" "Mozilla/5.0 AppleWebKit/537.36 (KHTML, like Gecko; compatible; GPTBot/1.2; +https://openai.com/gptbot)"
217.113.194.56 - - [07/Nov/2025:00:52:50 +0000] "GET /privacy/?fileloc=//lib/x86_64-linux-gnu/xtables/libxt_REDIRECT.so&path=//lib/x86_64-linux-gnu/xtables HTTP/1.1" 200 45435 "-" "Mozilla/5.0 (compatible; Barkrowler/0.9; +https://babbar.tech/crawler)"
57.141.0.37 - - [07/Nov/2025:00:52:50 +0000] "GET /2025/03/07/page/6/?fileloc=//sys/class/pci_bus/0000:05/subsystem/0000:11/subsystem/0000:02/device/0000:00:02.1:pcie002/driver/0000:00:02.2:pcie002/power/async&path=//sys/class/pci_bus/0000:05/subsystem/0000:11/subsystem/0000:02/device/0000:00:02.1:pcie002/driver/0000:00:02.2:pcie002/power HTTP/1.1" 200 262248 "-" "meta-externalagent/1.1 (+https://developers.facebook.com/docs/sharing/webmasters/crawler)"
66.135.21.75 - - [07/Nov/2025:00:52:50 +0000] "POST /wp-cron.php?doing_wp_cron=1762476770.4166181087493896484375 HTTP/1.1" 200 31 "-" "WordPress/6.3.1; https://datainsightnow.com"
57.141.0.68 - - [07/Nov/2025:00:52:50 +0000] "GET /karamba-spielsaal-erfahrungen-angeschlossen-testbericht-werfen-sie-einen-blick-auf-den-link-within-2025-pro-teutonia/?path=//sys/class/pci_bus/0000:06/subsystem/0000:00/device/0000:00:02.4/driver/0000:00:02.4/subsystem/devices/0000:00:03.7/msi_irqs HTTP/1.1" 200 262264 "-" "meta-externalagent/1.1 (+https://developers.facebook.com/docs/sharing/webmasters/crawler)"
216.73.216.147 - - [07/Nov/2025:00:52:51 +0000] "GET /entity/10615115.htm HTTP/1.1" 301 5 "-" "Mozilla/5.0 AppleWebKit/537.36 (KHTML, like Gecko; compatible; ClaudeBot/1.0; +claudebot@anthropic.com)"
57.141.0.68 - - [07/Nov/2025:00:52:51 +0000] "GET /karamba-spielsaal-erfahrungen-angeschlossen-testbericht-werfen-sie-einen-blick-auf-den-link-within-2025-pro-teutonia/?fileloc=//sys/class/pci_bus/0000:06/subsystem/0000:05/subsystem/0000:13/device/driver/0000:00:03.1/subsystem/slots/6/attention&path=//sys/class/pci_bus/0000:06/subsystem/0000:05/subsystem/0000:13/device/driver/0000:00:03.1/subsystem/slots/6 HTTP/1.1" 200 262264 "-" "meta-externalagent/1.1 (+https://developers.facebook.com/docs/sharing/webmasters/crawler)"
216.73.216.147 - - [07/Nov/2025:00:52:52 +0000] "GET /entity/10615115.htm/ HTTP/1.1" 200 45435 "https://datainsightnow.com/entity/10615115.htm" "Mozilla/5.0 AppleWebKit/537.36 (KHTML, like Gecko; compatible; ClaudeBot/1.0; +claudebot@anthropic.com)"
57.141.0.73 - - [07/Nov/2025:00:52:52 +0000] "GET /karamba-spielsaal-erfahrungen-angeschlossen-testbericht-werfen-sie-einen-blick-auf-den-link-within-2025-pro-teutonia/?path=//sys/class/pci_bus/0000:07/subsystem/0000:06/device/driver/0000:00:02.5/subsystem/slots/0-7 HTTP/1.1" 200 262209 "-" "meta-externalagent/1.1 (+https://developers.facebook.com/docs/sharing/webmasters/crawler)"
57.141.0.63 - - [07/Nov/2025:00:52:53 +0000] "GET /2025/03/07/page/6/?fileloc=//sys/class/pci_bus/0000:0a/subsystem/0000:0b/subsystem/0000:05/device/driver/0000:00:04.1/device&path=//sys/class/pci_bus/0000:0a/subsystem/0000:0b/subsystem/0000:05/device/driver/0000:00:04.1 HTTP/1.1" 200 262264 "-" "meta-externalagent/1.1 (+https://developers.facebook.com/docs/sharing/webmasters/crawler)"
216.73.216.147 - - [07/Nov/2025:00:52:54 +0000] "GET /entity/567652109.htm HTTP/1.1" 301 5 "-" "Mozilla/5.0 AppleWebKit/537.36 (KHTML, like Gecko; compatible; ClaudeBot/1.0; +claudebot@anthropic.com)"
216.73.216.147 - - [07/Nov/2025:00:52:54 +0000] "GET /entity/567652109.htm/ HTTP/1.1" 200 45435 "https://datainsightnow.com/entity/567652109.htm" "Mozilla/5.0 AppleWebKit/537.36 (KHTML, like Gecko; compatible; ClaudeBot/1.0; +claudebot@anthropic.com)"
57.141.0.43 - - [07/Nov/2025:00:52:55 +0000] "GET /2025/03/07/page/6/?path=//sys/class/pci_bus/0000:0e/subsystem/0000:05/subsystem/0000:0b/subsystem/0000:0c/device/driver HTTP/1.1" 200 262209 "-" "meta-externalagent/1.1 (+https://developers.facebook.com/docs/sharing/webmasters/crawler)"
74.7.227.154 - - [07/Nov/2025:00:52:55 +0000] "GET /entity/172156525.htm HTTP/1.1" 301 5 "-" "Mozilla/5.0 AppleWebKit/537.36 (KHTML, like Gecko; compatible; GPTBot/1.2; +https://openai.com/gptbot)"
185.191.171.14 - - [07/Nov/2025:00:52:55 +0000] "GET /?p=13983 HTTP/1.1" 200 41524 "-" "Mozilla/5.0 (compatible; SemrushBot/7~bl; +http://www.semrush.com/bot.html)"
57.141.0.40 - - [07/Nov/2025:00:52:56 +0000] "GET /karamba-spielsaal-erfahrungen-angeschlossen-testbericht-werfen-sie-einen-blick-auf-den-link-within-2025-pro-teutonia/?path=//sys/class/pci_bus/0000:0a/device/driver/0000:00:02.0/driver/0000:00:02.4/0000:00:02.4:pcie001/driver/0000:00:02.0:pcie001/power HTTP/1.1" 200 262264 "-" "meta-externalagent/1.1 (+https://developers.facebook.com/docs/sharing/webmasters/crawler)"
57.141.0.15 - - [07/Nov/2025:00:52:56 +0000] "GET /2025/03/07/page/6/?fileloc=//sys/class/pci_bus/0000:05/subsystem/0000:06/subsystem/0000:0c/device/driver/0000:00:02.7/driver/0000:00:02.3/modalias&path=//sys/class/pci_bus/0000:05/subsystem/0000:06/subsystem/0000:0c/device/driver/0000:00:02.7/driver/0000:00:02.3 HTTP/1.1" 200 262264 "-" "meta-externalagent/1.1 (+https://developers.facebook.com/docs/sharing/webmasters/crawler)"
216.73.216.147 - - [07/Nov/2025:00:52:57 +0000] "GET /entity/584047855.htm HTTP/1.1" 301 5 "-" "Mozilla/5.0 AppleWebKit/537.36 (KHTML, like Gecko; compatible; ClaudeBot/1.0; +claudebot@anthropic.com)"
74.7.227.154 - - [07/Nov/2025:00:52:57 +0000] "GET /entity/172156525.htm/ HTTP/1.1" 200 45435 "-" "Mozilla/5.0 AppleWebKit/537.36 (KHTML, like Gecko; compatible; GPTBot/1.2; +https://openai.com/gptbot)"
57.141.0.45 - - [07/Nov/2025:00:52:57 +0000] "GET /karamba-spielsaal-erfahrungen-angeschlossen-testbericht-werfen-sie-einen-blick-auf-den-link-within-2025-pro-teutonia/?path=//sys/class/pci_bus/0000:02/device/driver/0000:00:02.3/subsystem/devices/0000:00:04.0/0000:00:04.0:pcie002/driver/0000:00:04.0:pcie002/subsystem HTTP/1.1" 200 262248 "-" "meta-externalagent/1.1 (+https://developers.facebook.com/docs/sharing/webmasters/crawler)"
57.141.0.61 - - [07/Nov/2025:00:52:57 +0000] "GET /karamba-spielsaal-erfahrungen-angeschlossen-testbericht-werfen-sie-einen-blick-auf-den-link-within-2025-pro-teutonia/?fileloc=//sys/class/pci_bus/0000:00/subsystem/0000:0a/subsystem/0000:06/device/driver/0000:00:03.6/driver/0000:00:03.0/driver_override&path=//sys/class/pci_bus/0000:00/subsystem/0000:0a/subsystem/0000:06/device/driver/0000:00:03.6/driver/0000:00:03.0 HTTP/1.1" 200 262215 "-" "meta-externalagent/1.1 (+https://developers.facebook.com/docs/sharing/webmasters/crawler)"
216.73.216.147 - - [07/Nov/2025:00:52:58 +0000] "GET /entity/584047855.htm/ HTTP/1.1" 200 45435 "https://datainsightnow.com/entity/584047855.htm" "Mozilla/5.0 AppleWebKit/537.36 (KHTML, like Gecko; compatible; ClaudeBot/1.0; +claudebot@anthropic.com)"
216.73.216.147 - - [07/Nov/2025:00:53:00 +0000] "GET /entity/683985324.htm HTTP/1.1" 301 5 "-" "Mozilla/5.0 AppleWebKit/537.36 (KHTML, like Gecko; compatible; ClaudeBot/1.0; +claudebot@anthropic.com)"
216.73.216.147 - - [07/Nov/2025:00:53:00 +0000] "GET /entity/683985324.htm/ HTTP/1.1" 200 45435 "https://datainsightnow.com/entity/683985324.htm" "Mozilla/5.0 AppleWebKit/537.36 (KHTML, like Gecko; compatible; ClaudeBot/1.0; +claudebot@anthropic.com)"
74.7.227.154 - - [07/Nov/2025:00:53:00 +0000] "GET /entity/172038933.htm HTTP/1.1" 301 5 "-" "Mozilla/5.0 AppleWebKit/537.36 (KHTML, like Gecko; compatible; GPTBot/1.2; +https://openai.com/gptbot)"
57.141.0.12 - - [07/Nov/2025:00:53:01 +0000] "GET /karamba-spielsaal-erfahrungen-angeschlossen-testbericht-werfen-sie-einen-blick-auf-den-link-within-2025-pro-teutonia/?fileloc=//sys/class/pci_bus/0000:06/subsystem/0000:0d/subsystem/0000:0f/device/driver/0000:00:03.0/broken_parity_status&path=//sys/class/pci_bus/0000:06/subsystem/0000:0d/subsystem/0000:0f/device/driver/0000:00:03.0 HTTP/1.1" 200 262209 "-" "meta-externalagent/1.1 (+https://developers.facebook.com/docs/sharing/webmasters/crawler)"
74.7.227.154 - - [07/Nov/2025:00:53:01 +0000] "GET /entity/172038933.htm/ HTTP/1.1" 200 45435 "-" "Mozilla/5.0 AppleWebKit/537.36 (KHTML, like Gecko; compatible; GPTBot/1.2; +https://openai.com/gptbot)"
57.141.0.10 - - [07/Nov/2025:00:53:02 +0000] "GET /2025/03/06/page/39/?fileloc=//sys/class/pci_bus/0000:05/device/driver/0000:00:02.1/driver/0000:00:03.5/driver/0000:00:04.0/secondary_bus_number&path=//sys/class/pci_bus/0000:05/device/driver/0000:00:02.1/driver/0000:00:03.5/driver/0000:00:04.0 HTTP/1.1" 200 262248 "-" "meta-externalagent/1.1 (+https://developers.facebook.com/docs/sharing/webmasters/crawler)"
57.141.0.70 - - [07/Nov/2025:00:53:02 +0000] "GET /karamba-spielsaal-erfahrungen-angeschlossen-testbericht-werfen-sie-einen-blick-auf-den-link-within-2025-pro-teutonia/?fileloc=//sys/class/pci_bus/0000:0e/subsystem/0000:01/subsystem/0000:01/subsystem/0000:05/rescan&path=//sys/class/pci_bus/0000:0e/subsystem/0000:01/subsystem/0000:01/subsystem/0000:05 HTTP/1.1" 200 262264 "-" "meta-externalagent/1.1 (+https://developers.facebook.com/docs/sharing/webmasters/crawler)"
216.73.216.147 - - [07/Nov/2025:00:53:03 +0000] "GET /entity/10522652.htm HTTP/1.1" 301 5 "-" "Mozilla/5.0 AppleWebKit/537.36 (KHTML, like Gecko; compatible; ClaudeBot/1.0; +claudebot@anthropic.com)"
74.7.227.154 - - [07/Nov/2025:00:53:03 +0000] "GET /entity/172168172.htm HTTP/1.1" 301 5 "-" "Mozilla/5.0 AppleWebKit/537.36 (KHTML, like Gecko; compatible; GPTBot/1.2; +https://openai.com/gptbot)"
216.73.216.147 - - [07/Nov/2025:00:53:04 +0000] "GET /entity/10522652.htm/ HTTP/1.1" 200 45435 "https://datainsightnow.com/entity/10522652.htm" "Mozilla/5.0 AppleWebKit/537.36 (KHTML, like Gecko; compatible; ClaudeBot/1.0; +claudebot@anthropic.com)"
74.7.227.154 - - [07/Nov/2025:00:53:04 +0000] "GET /entity/172168172.htm/ HTTP/1.1" 200 45435 "-" "Mozilla/5.0 AppleWebKit/537.36 (KHTML, like Gecko; compatible; GPTBot/1.2; +https://openai.com/gptbot)"
216.73.216.147 - - [07/Nov/2025:00:53:06 +0000] "GET /entity/260509964.htm HTTP/1.1" 301 5 "-" "Mozilla/5.0 AppleWebKit/537.36 (KHTML, like Gecko; compatible; ClaudeBot/1.0; +claudebot@anthropic.com)"
74.7.227.154 - - [07/Nov/2025:00:53:06 +0000] "GET /entity/172138138.htm HTTP/1.1" 301 5 "-" "Mozilla/5.0 AppleWebKit/537.36 (KHTML, like Gecko; compatible; GPTBot/1.2; +https://openai.com/gptbot)"
216.73.216.147 - - [07/Nov/2025:00:53:06 +0000] "GET /entity/260509964.htm/ HTTP/1.1" 200 45435 "https://datainsightnow.com/entity/260509964.htm" "Mozilla/5.0 AppleWebKit/537.36 (KHTML, like Gecko; compatible; ClaudeBot/1.0; +claudebot@anthropic.com)"
74.7.227.154 - - [07/Nov/2025:00:53:07 +0000] "GET /entity/172138138.htm/ HTTP/1.1" 200 45435 "-" "Mozilla/5.0 AppleWebKit/537.36 (KHTML, like Gecko; compatible; GPTBot/1.2; +https://openai.com/gptbot)"
85.208.96.194 - - [07/Nov/2025:00:53:07 +0000] "GET /?p=17688 HTTP/1.1" 200 42644 "-" "Mozilla/5.0 (compatible; SemrushBot/7~bl; +http://www.semrush.com/bot.html)"
57.141.0.54 - - [07/Nov/2025:00:53:08 +0000] "GET /karamba-spielsaal-erfahrungen-angeschlossen-testbericht-werfen-sie-einen-blick-auf-den-link-within-2025-pro-teutonia/?fileloc=//sys/class/pci_bus/0000:08/subsystem/0000:05/subsystem/0000:05/device/driver/0000:00:02.3/driver/uevent&path=//sys/class/pci_bus/0000:08/subsystem/0000:05/subsystem/0000:05/device/driver/0000:00:02.3/driver HTTP/1.1" 200 262264 "-" "meta-externalagent/1.1 (+https://developers.facebook.com/docs/sharing/webmasters/crawler)"
57.141.0.31 - - [07/Nov/2025:00:53:08 +0000] "GET /2025/03/07/page/6/?path=//sys/class/pci_bus/0000:05/subsystem/0000:11/device/driver/0000:00:02.3/subsystem/devices/0000:00:03.6/subsystem/drivers/agpgart-intel HTTP/1.1" 200 262248 "-" "meta-externalagent/1.1 (+https://developers.facebook.com/docs/sharing/webmasters/crawler)"
216.73.216.147 - - [07/Nov/2025:00:53:09 +0000] "GET /entity/123812882.htm HTTP/1.1" 301 5 "-" "Mozilla/5.0 AppleWebKit/537.36 (KHTML, like Gecko; compatible; ClaudeBot/1.0; +claudebot@anthropic.com)"
157.55.39.53 - - [07/Nov/2025:00:53:09 +0000] "GET /king-of-macedonia-harbors/ HTTP/1.1" 200 30363 "-" "Mozilla/5.0 AppleWebKit/537.36 (KHTML, like Gecko; compatible; bingbot/2.0; +http://www.bing.com/bingbot.htm) Chrome/116.0.1938.76 Safari/537.36"
114.119.153.242 - - [07/Nov/2025:00:53:09 +0000] "GET /zodiac-kasino-erfahrungen-2024-480-bonus-80-freispiele?path=//sys/dev/char/4:56/subsystem/tty19/subsystem/tty61 HTTP/1.1" 301 5 "https://datainsightnow.com/zodiac-kasino-erfahrungen-2024-480-bonus-80-freispiele/?path=//sys/dev/char/4%3A56/subsystem/tty19/subsystem" "Mozilla/5.0 (Linux; Android 7.0;) AppleWebKit/537.36 (KHTML, like Gecko) Mobile Safari/537.36 (compatible; PetalBot;+https://webmaster.petalsearch.com/site/petalbot)"
57.141.0.72 - - [07/Nov/2025:00:53:09 +0000] "GET /2025/03/13/?fileloc=//sys/class/pci_bus/0000:02/subsystem/0000:04/subsystem/0000:12/subsystem/0000:00/device/0000:00:03.7/max_link_width&path=//sys/class/pci_bus/0000:02/subsystem/0000:04/subsystem/0000:12/subsystem/0000:00/device/0000:00:03.7 HTTP/1.1" 200 262215 "-" "meta-externalagent/1.1 (+https://developers.facebook.com/docs/sharing/webmasters/crawler)"
74.7.227.154 - - [07/Nov/2025:00:53:09 +0000] "GET /entity/171967198.htm HTTP/1.1" 301 5 "-" "Mozilla/5.0 AppleWebKit/537.36 (KHTML, like Gecko; compatible; GPTBot/1.2; +https://openai.com/gptbot)"
216.73.216.147 - - [07/Nov/2025:00:53:10 +0000] "GET /entity/123812882.htm/ HTTP/1.1" 200 45435 "https://datainsightnow.com/entity/123812882.htm" "Mozilla/5.0 AppleWebKit/537.36 (KHTML, like Gecko; compatible; ClaudeBot/1.0; +claudebot@anthropic.com)"
57.141.0.25 - - [07/Nov/2025:00:53:11 +0000] "GET /karamba-spielsaal-erfahrungen-angeschlossen-testbericht-werfen-sie-einen-blick-auf-den-link-within-2025-pro-teutonia/?path=//sys/class/pci_bus/0000:0a/subsystem/0000:02/device/0000:00:02.1:pcie001/driver/0000:00:02.1:pcie001/subsystem/devices/0000:00:03.0:pcie002/power HTTP/1.1" 200 262264 "-" "meta-externalagent/1.1 (+https://developers.facebook.com/docs/sharing/webmasters/crawler)"
217.113.194.53 - - [07/Nov/2025:00:53:11 +0000] "GET /privacy/?fileloc=//var/lib/ucf/cache/:etc:php:8.3:mods-available:ftp.ini&path=//var/lib/ucf/cache HTTP/1.1" 200 45435 "-" "Mozilla/5.0 (compatible; Barkrowler/0.9; +https://babbar.tech/crawler)"
74.7.227.154 - - [07/Nov/2025:00:53:11 +0000] "GET /entity/171967198.htm/ HTTP/1.1" 200 45435 "-" "Mozilla/5.0 AppleWebKit/537.36 (KHTML, like Gecko; compatible; GPTBot/1.2; +https://openai.com/gptbot)"
114.119.153.242 - - [07/Nov/2025:00:53:11 +0000] "GET /zodiac-kasino-erfahrungen-2024-480-bonus-80-freispiele/?path=//sys/dev/char/4:56/subsystem/tty19/subsystem/tty61 HTTP/1.1" 200 45436 "https://datainsightnow.com/zodiac-kasino-erfahrungen-2024-480-bonus-80-freispiele/?path=//sys/dev/char/4%3A56/subsystem/tty19/subsystem" "Mozilla/5.0 (Linux; Android 7.0;) AppleWebKit/537.36 (KHTML, like Gecko) Mobile Safari/537.36 (compatible; PetalBot;+https://webmaster.petalsearch.com/site/petalbot)"
216.73.216.147 - - [07/Nov/2025:00:53:12 +0000] "GET /entity/10562803.htm HTTP/1.1" 301 5 "-" "Mozilla/5.0 AppleWebKit/537.36 (KHTML, like Gecko; compatible; ClaudeBot/1.0; +claudebot@anthropic.com)"
216.73.216.147 - - [07/Nov/2025:00:53:12 +0000] "GET /entity/10562803.htm/ HTTP/1.1" 200 45435 "https://datainsightnow.com/entity/10562803.htm" "Mozilla/5.0 AppleWebKit/537.36 (KHTML, like Gecko; compatible; ClaudeBot/1.0; +claudebot@anthropic.com)"
74.7.227.154 - - [07/Nov/2025:00:53:14 +0000] "GET /entity/172042041.htm HTTP/1.1" 301 5 "-" "Mozilla/5.0 AppleWebKit/537.36 (KHTML, like Gecko; compatible; GPTBot/1.2; +https://openai.com/gptbot)"
74.7.227.154 - - [07/Nov/2025:00:53:14 +0000] "GET /entity/172042041.htm/ HTTP/1.1" 200 45435 "-" "Mozilla/5.0 AppleWebKit/537.36 (KHTML, like Gecko; compatible; GPTBot/1.2; +https://openai.com/gptbot)"
216.73.216.147 - - [07/Nov/2025:00:53:15 +0000] "GET /entity/736240138.htm HTTP/1.1" 301 5 "-" "Mozilla/5.0 AppleWebKit/537.36 (KHTML, like Gecko; compatible; ClaudeBot/1.0; +claudebot@anthropic.com)"
216.73.216.147 - - [07/Nov/2025:00:53:15 +0000] "GET /entity/736240138.htm/ HTTP/1.1" 200 45435 "https://datainsightnow.com/entity/736240138.htm" "Mozilla/5.0 AppleWebKit/537.36 (KHTML, like Gecko; compatible; ClaudeBot/1.0; +claudebot@anthropic.com)"
57.141.0.43 - - [07/Nov/2025:00:53:15 +0000] "GET /2025/03/06/page/39/?fileloc=//sys/class/pci_bus/0000:0f/device/driver/0000:00:02.7/driver/0000:00:02.1/driver/0000:00:03.5/remove&path=//sys/class/pci_bus/0000:0f/device/driver/0000:00:02.7/driver/0000:00:02.1/driver/0000:00:03.5 HTTP/1.1" 200 262264 "-" "meta-externalagent/1.1 (+https://developers.facebook.com/docs/sharing/webmasters/crawler)"
74.7.227.154 - - [07/Nov/2025:00:53:16 +0000] "GET /entity/172172063.htm HTTP/1.1" 301 5 "-" "Mozilla/5.0 AppleWebKit/537.36 (KHTML, like Gecko; compatible; GPTBot/1.2; +https://openai.com/gptbot)"
74.7.227.154 - - [07/Nov/2025:00:53:16 +0000] "GET /entity/172172063.htm/ HTTP/1.1" 200 45435 "-" "Mozilla/5.0 AppleWebKit/537.36 (KHTML, like Gecko; compatible; GPTBot/1.2; +https://openai.com/gptbot)"
57.141.0.7 - - [07/Nov/2025:00:53:17 +0000] "GET /2025/03/07/page/6/?fileloc=//sys/class/pci_bus/0000:00/subsystem/0000:07/subsystem/0000:00/subsystem/0000:0e/device/aer_rootport_total_err_cor&path=//sys/class/pci_bus/0000:00/subsystem/0000:07/subsystem/0000:00/subsystem/0000:0e/device HTTP/1.1" 200 262264 "-" "meta-externalagent/1.1 (+https://developers.facebook.com/docs/sharing/webmasters/crawler)"
216.73.216.147 - - [07/Nov/2025:00:53:18 +0000] "GET /entity/89087449.htm HTTP/1.1" 301 5 "-" "Mozilla/5.0 AppleWebKit/537.36 (KHTML, like Gecko; compatible; ClaudeBot/1.0; +claudebot@anthropic.com)"
85.208.96.212 - - [07/Nov/2025:00:53:18 +0000] "GET /?p=10685 HTTP/1.1" 200 42285 "-" "Mozilla/5.0 (compatible; SemrushBot/7~bl; +http://www.semrush.com/bot.html)"
52.167.144.25 - - [07/Nov/2025:00:53:18 +0000] "GET /4405855?entity=0004389102 HTTP/1.1" 200 30901 "-" "Mozilla/5.0 AppleWebKit/537.36 (KHTML, like Gecko; compatible; bingbot/2.0; +http://www.bing.com/bingbot.htm) Chrome/116.0.1938.76 Safari/537.36"
216.73.216.147 - - [07/Nov/2025:00:53:18 +0000] "GET /entity/89087449.htm/ HTTP/1.1" 200 45435 "https://datainsightnow.com/entity/89087449.htm" "Mozilla/5.0 AppleWebKit/537.36 (KHTML, like Gecko; compatible; ClaudeBot/1.0; +claudebot@anthropic.com)"
74.7.227.154 - - [07/Nov/2025:00:53:19 +0000] "GET /entity/172072095.htm HTTP/1.1" 301 5 "-" "Mozilla/5.0 AppleWebKit/537.36 (KHTML, like Gecko; compatible; GPTBot/1.2; +https://openai.com/gptbot)"
74.7.227.154 - - [07/Nov/2025:00:53:19 +0000] "GET /entity/172072095.htm/ HTTP/1.1" 200 45435 "-" "Mozilla/5.0 AppleWebKit/537.36 (KHTML, like Gecko; compatible; GPTBot/1.2; +https://openai.com/gptbot)"
216.73.216.147 - - [07/Nov/2025:00:53:21 +0000] "GET /entity/695680216.htm HTTP/1.1" 301 5 "-" "Mozilla/5.0 AppleWebKit/537.36 (KHTML, like Gecko; compatible; ClaudeBot/1.0; +claudebot@anthropic.com)"
216.73.216.147 - - [07/Nov/2025:00:53:21 +0000] "GET /entity/695680216.htm/ HTTP/1.1" 200 45435 "https://datainsightnow.com/entity/695680216.htm" "Mozilla/5.0 AppleWebKit/537.36 (KHTML, like Gecko; compatible; ClaudeBot/1.0; +claudebot@anthropic.com)"
57.141.0.24 - - [07/Nov/2025:00:53:22 +0000] "GET /karamba-spielsaal-erfahrungen-angeschlossen-testbericht-werfen-sie-einen-blick-auf-den-link-within-2025-pro-teutonia/?fileloc=//sys/class/pci_bus/0000:06/subsystem/0000:03/subsystem/0000:04/subsystem/0000:12/device/power/autosuspend_delay_ms&path=//sys/class/pci_bus/0000:06/subsystem/0000:03/subsystem/0000:04/subsystem/0000:12/device/power HTTP/1.1" 200 262264 "-" "meta-externalagent/1.1 (+https://developers.facebook.com/docs/sharing/webmasters/crawler)"
74.7.227.154 - - [07/Nov/2025:00:53:23 +0000] "GET /entity/172172840.htm HTTP/1.1" 301 5 "-" "Mozilla/5.0 AppleWebKit/537.36 (KHTML, like Gecko; compatible; GPTBot/1.2; +https://openai.com/gptbot)"
185.191.171.15 - - [07/Nov/2025:00:53:23 +0000] "GET /?p=22155 HTTP/1.1" 200 41740 "-" "Mozilla/5.0 (compatible; SemrushBot/7~bl; +http://www.semrush.com/bot.html)"
57.141.0.69 - - [07/Nov/2025:00:53:24 +0000] "GET /2025/03/06/page/39/?fileloc=//sys/class/pci_bus/0000:05/subsystem/0000:11/device/driver/0000:00:02.7/aer_rootport_total_err_cor&path=//sys/class/pci_bus/0000:05/subsystem/0000:11/device/driver/0000:00:02.7 HTTP/1.1" 200 262209 "-" "meta-externalagent/1.1 (+https://developers.facebook.com/docs/sharing/webmasters/crawler)"
216.73.216.147 - - [07/Nov/2025:00:53:24 +0000] "GET /entity/123713938.htm HTTP/1.1" 301 5 "-" "Mozilla/5.0 AppleWebKit/537.36 (KHTML, like Gecko; compatible; ClaudeBot/1.0; +claudebot@anthropic.com)"
57.141.0.51 - - [07/Nov/2025:00:53:24 +0000] "GET /nacin-kako-uporabljate-globe-wagering-najboljsa-knjiga/?path=//sys/dev/char/4:85/subsystem/tty8/subsystem/tty18/subsystem/tty34 HTTP/1.1" 200 262215 "-" "meta-externalagent/1.1 (+https://developers.facebook.com/docs/sharing/webmasters/crawler)"
74.7.227.154 - - [07/Nov/2025:00:53:24 +0000] "GET /entity/172172840.htm/ HTTP/1.1" 200 45435 "-" "Mozilla/5.0 AppleWebKit/537.36 (KHTML, like Gecko; compatible; GPTBot/1.2; +https://openai.com/gptbot)"
57.141.0.51 - - [07/Nov/2025:00:53:25 +0000] "GET /karamba-spielsaal-erfahrungen-angeschlossen-testbericht-werfen-sie-einen-blick-auf-den-link-within-2025-pro-teutonia/?fileloc=//sys/class/pci_bus/0000:04/device/driver/0000:00:03.4/firmware_node/subsystem/devices/device:44/physical_node/driver/0000:00:04.1/subsystem_device&path=//sys/class/pci_bus/0000:04/device/driver/0000:00:03.4/firmware_node/subsystem/devices/device:44/physical_node/driver/0000:00:04.1 HTTP/1.1" 200 262209 "-" "meta-externalagent/1.1 (+https://developers.facebook.com/docs/sharing/webmasters/crawler)"
216.73.216.147 - - [07/Nov/2025:00:53:25 +0000] "GET /entity/123713938.htm/ HTTP/1.1" 200 45435 "https://datainsightnow.com/entity/123713938.htm" "Mozilla/5.0 AppleWebKit/537.36 (KHTML, like Gecko; compatible; ClaudeBot/1.0; +claudebot@anthropic.com)"
57.141.0.10 - - [07/Nov/2025:00:53:25 +0000] "GET /2025/03/13/?fileloc=//sys/class/pci_bus/0000:00/device/0000:00:03.5/driver/0000:00:02.4/subsystem/devices/0000:03:01.0/remove&path=//sys/class/pci_bus/0000:00/device/0000:00:03.5/driver/0000:00:02.4/subsystem/devices/0000:03:01.0 HTTP/1.1" 200 262264 "-" "meta-externalagent/1.1 (+https://developers.facebook.com/docs/sharing/webmasters/crawler)"
74.7.227.154 - - [07/Nov/2025:00:53:26 +0000] "GET /entity/172020295.htm HTTP/1.1" 301 5 "-" "Mozilla/5.0 AppleWebKit/537.36 (KHTML, like Gecko; compatible; GPTBot/1.2; +https://openai.com/gptbot)"
74.7.227.154 - - [07/Nov/2025:00:53:26 +0000] "GET /entity/172020295.htm/ HTTP/1.1" 200 45435 "-" "Mozilla/5.0 AppleWebKit/537.36 (KHTML, like Gecko; compatible; GPTBot/1.2; +https://openai.com/gptbot)"
216.73.216.147 - - [07/Nov/2025:00:53:27 +0000] "GET /entity/123725595.htm HTTP/1.1" 301 5 "-" "Mozilla/5.0 AppleWebKit/537.36 (KHTML, like Gecko; compatible; ClaudeBot/1.0; +claudebot@anthropic.com)"
216.73.216.147 - - [07/Nov/2025:00:53:27 +0000] "GET /entity/123725595.htm/ HTTP/1.1" 200 45435 "https://datainsightnow.com/entity/123725595.htm" "Mozilla/5.0 AppleWebKit/537.36 (KHTML, like Gecko; compatible; ClaudeBot/1.0; +claudebot@anthropic.com)"
216.73.216.147 - - [07/Nov/2025:00:53:30 +0000] "GET /entity/831648486.htm HTTP/1.1" 301 5 "-" "Mozilla/5.0 AppleWebKit/537.36 (KHTML, like Gecko; compatible; ClaudeBot/1.0; +claudebot@anthropic.com)"
74.7.227.154 - - [07/Nov/2025:00:53:30 +0000] "GET /entity/172172326.htm HTTP/1.1" 301 5 "-" "Mozilla/5.0 AppleWebKit/537.36 (KHTML, like Gecko; compatible; GPTBot/1.2; +https://openai.com/gptbot)"
57.141.0.73 - - [07/Nov/2025:00:53:31 +0000] "GET /karamba-spielsaal-erfahrungen-angeschlossen-testbericht-werfen-sie-einen-blick-auf-den-link-within-2025-pro-teutonia/?fileloc=//sys/class/pci_bus/0000:06/subsystem/0000:0b/subsystem/0000:11/subsystem/0000:04/subsystem/0000:0f/device/class&path=//sys/class/pci_bus/0000:06/subsystem/0000:0b/subsystem/0000:11/subsystem/0000:04/subsystem/0000:0f/device HTTP/1.1" 200 262209 "-" "meta-externalagent/1.1 (+https://developers.facebook.com/docs/sharing/webmasters/crawler)"
216.73.216.147 - - [07/Nov/2025:00:53:31 +0000] "GET /entity/831648486.htm/ HTTP/1.1" 200 45435 "https://datainsightnow.com/entity/831648486.htm" "Mozilla/5.0 AppleWebKit/537.36 (KHTML, like Gecko; compatible; ClaudeBot/1.0; +claudebot@anthropic.com)"
74.7.227.154 - - [07/Nov/2025:00:53:31 +0000] "GET /entity/172172326.htm/ HTTP/1.1" 200 45435 "-" "Mozilla/5.0 AppleWebKit/537.36 (KHTML, like Gecko; compatible; GPTBot/1.2; +https://openai.com/gptbot)"
217.113.194.59 - - [07/Nov/2025:00:53:32 +0000] "GET /register/?fileloc=//sys/kernel/slab/kmalloc-rnd-07-192/trace&path=//sys/kernel/slab/kmalloc-rnd-07-192 HTTP/1.1" 200 45435 "-" "Mozilla/5.0 (compatible; Barkrowler/0.9; +https://babbar.tech/crawler)"
57.141.0.21 - - [07/Nov/2025:00:53:32 +0000] "GET /2025/03/06/page/39/?path=//sys/class/pci_bus/0000:03/subsystem/0000:09/subsystem/0000:0d/subsystem/0000:02/device/subsystem/drivers HTTP/1.1" 200 262217 "-" "meta-externalagent/1.1 (+https://developers.facebook.com/docs/sharing/webmasters/crawler)"
216.73.216.147 - - [07/Nov/2025:00:53:33 +0000] "GET /entity/567550320.htm HTTP/1.1" 301 5 "-" "Mozilla/5.0 AppleWebKit/537.36 (KHTML, like Gecko; compatible; ClaudeBot/1.0; +claudebot@anthropic.com)"
74.7.227.154 - - [07/Nov/2025:00:53:33 +0000] "GET /entity/172116121.htm HTTP/1.1" 301 5 "-" "Mozilla/5.0 AppleWebKit/537.36 (KHTML, like Gecko; compatible; GPTBot/1.2; +https://openai.com/gptbot)"
216.73.216.147 - - [07/Nov/2025:00:53:33 +0000] "GET /entity/567550320.htm/ HTTP/1.1" 200 45435 "https://datainsightnow.com/entity/567550320.htm" "Mozilla/5.0 AppleWebKit/537.36 (KHTML, like Gecko; compatible; ClaudeBot/1.0; +claudebot@anthropic.com)"
74.7.227.154 - - [07/Nov/2025:00:53:34 +0000] "GET /entity/172116121.htm/ HTTP/1.1" 200 45435 "-" "Mozilla/5.0 AppleWebKit/537.36 (KHTML, like Gecko; compatible; GPTBot/1.2; +https://openai.com/gptbot)"
57.141.0.45 - - [07/Nov/2025:00:53:36 +0000] "GET /2025/03/13/?fileloc=//sys/class/pci_bus/0000:0c/subsystem/0000:00/subsystem/0000:00/device/0000:00:04.0/msi_bus&path=//sys/class/pci_bus/0000:0c/subsystem/0000:00/subsystem/0000:00/device/0000:00:04.0 HTTP/1.1" 200 262209 "-" "meta-externalagent/1.1 (+https://developers.facebook.com/docs/sharing/webmasters/crawler)"
216.73.216.147 - - [07/Nov/2025:00:53:37 +0000] "GET /entity/72286123.htm HTTP/1.1" 301 5 "-" "Mozilla/5.0 AppleWebKit/537.36 (KHTML, like Gecko; compatible; ClaudeBot/1.0; +claudebot@anthropic.com)"
74.7.227.154 - - [07/Nov/2025:00:53:37 +0000] "GET /entity/172131137.htm HTTP/1.1" 301 5 "-" "Mozilla/5.0 AppleWebKit/537.36 (KHTML, like Gecko; compatible; GPTBot/1.2; +https://openai.com/gptbot)"
57.141.0.52 - - [07/Nov/2025:00:53:38 +0000] "GET /karamba-spielsaal-erfahrungen-angeschlossen-testbericht-werfen-sie-einen-blick-auf-den-link-within-2025-pro-teutonia/?fileloc=//sys/class/pci_bus/0000:06/subsystem/0000:08/subsystem/0000:11/subsystem/0000:02/device/0000:02:00.0/subsystem/uevent&path=//sys/class/pci_bus/0000:06/subsystem/0000:08/subsystem/0000:11/subsystem/0000:02/device/0000:02:00.0/subsystem HTTP/1.1" 200 262264 "-" "meta-externalagent/1.1 (+https://developers.facebook.com/docs/sharing/webmasters/crawler)"
216.73.216.147 - - [07/Nov/2025:00:53:38 +0000] "GET /entity/72286123.htm/ HTTP/1.1" 200 45435 "https://datainsightnow.com/entity/72286123.htm" "Mozilla/5.0 AppleWebKit/537.36 (KHTML, like Gecko; compatible; ClaudeBot/1.0; +claudebot@anthropic.com)"
74.7.227.154 - - [07/Nov/2025:00:53:38 +0000] "GET /entity/172131137.htm/ HTTP/1.1" 200 45435 "-" "Mozilla/5.0 AppleWebKit/537.36 (KHTML, like Gecko; compatible; GPTBot/1.2; +https://openai.com/gptbot)"
216.73.216.147 - - [07/Nov/2025:00:53:39 +0000] "GET /entity/731755284.htm HTTP/1.1" 301 5 "-" "Mozilla/5.0 AppleWebKit/537.36 (KHTML, like Gecko; compatible; ClaudeBot/1.0; +claudebot@anthropic.com)"
74.7.227.154 - - [07/Nov/2025:00:53:40 +0000] "GET /entity/172127515.htm HTTP/1.1" 301 5 "-" "Mozilla/5.0 AppleWebKit/537.36 (KHTML, like Gecko; compatible; GPTBot/1.2; +https://openai.com/gptbot)"
216.73.216.147 - - [07/Nov/2025:00:53:40 +0000] "GET /entity/731755284.htm/ HTTP/1.1" 200 45435 "https://datainsightnow.com/entity/731755284.htm" "Mozilla/5.0 AppleWebKit/537.36 (KHTML, like Gecko; compatible; ClaudeBot/1.0; +claudebot@anthropic.com)"
74.7.227.154 - - [07/Nov/2025:00:53:40 +0000] "GET /entity/172127515.htm/ HTTP/1.1" 200 45435 "-" "Mozilla/5.0 AppleWebKit/537.36 (KHTML, like Gecko; compatible; GPTBot/1.2; +https://openai.com/gptbot)"
185.191.171.16 - - [07/Nov/2025:00:53:41 +0000] "GET /?p=32327 HTTP/1.1" 200 42356 "-" "Mozilla/5.0 (compatible; SemrushBot/7~bl; +http://www.semrush.com/bot.html)"
216.73.216.147 - - [07/Nov/2025:00:53:42 +0000] "GET /entity/683972892.htm HTTP/1.1" 301 5 "-" "Mozilla/5.0 AppleWebKit/537.36 (KHTML, like Gecko; compatible; ClaudeBot/1.0; +claudebot@anthropic.com)"
74.7.227.154 - - [07/Nov/2025:00:53:43 +0000] "GET /entity/172017701.htm HTTP/1.1" 301 5 "-" "Mozilla/5.0 AppleWebKit/537.36 (KHTML, like Gecko; compatible; GPTBot/1.2; +https://openai.com/gptbot)"
216.73.216.147 - - [07/Nov/2025:00:53:43 +0000] "GET /entity/683972892.htm/ HTTP/1.1" 200 45435 "https://datainsightnow.com/entity/683972892.htm" "Mozilla/5.0 AppleWebKit/537.36 (KHTML, like Gecko; compatible; ClaudeBot/1.0; +claudebot@anthropic.com)"
74.7.227.154 - - [07/Nov/2025:00:53:43 +0000] "GET /entity/172017701.htm/ HTTP/1.1" 200 45435 "-" "Mozilla/5.0 AppleWebKit/537.36 (KHTML, like Gecko; compatible; GPTBot/1.2; +https://openai.com/gptbot)"
57.141.0.57 - - [07/Nov/2025:00:53:44 +0000] "GET /2025/03/07/page/6/?path=//sys/class/pci_bus/0000:0e/subsystem/0000:05/device/driver/0000:00:02.7/driver/0000:00:03.1/0000:00:03.1:pcie001/driver/0000:00:03.1:pcie001 HTTP/1.1" 200 262264 "-" "meta-externalagent/1.1 (+https://developers.facebook.com/docs/sharing/webmasters/crawler)"
57.141.0.42 - - [07/Nov/2025:00:53:45 +0000] "GET /2025/03/06/page/39/?fileloc=//sys/class/pci_bus/0000:0b/subsystem/0000:02/device/subsystem/devices/0000:02:00.0/firmware_node/power/runtime_suspended_time&path=//sys/class/pci_bus/0000:0b/subsystem/0000:02/device/subsystem/devices/0000:02:00.0/firmware_node/power HTTP/1.1" 200 262264 "-" "meta-externalagent/1.1 (+https://developers.facebook.com/docs/sharing/webmasters/crawler)"
216.73.216.147 - - [07/Nov/2025:00:53:45 +0000] "GET /entity/58134877.htm HTTP/1.1" 301 5 "-" "Mozilla/5.0 AppleWebKit/537.36 (KHTML, like Gecko; compatible; ClaudeBot/1.0; +claudebot@anthropic.com)"
57.141.0.47 - - [07/Nov/2025:00:53:46 +0000] "GET /2025/03/07/page/6/?fileloc=//sys/class/pci_bus/0000:06/subsystem/0000:0f/device/subsystem/devices/0000:04:00.0/subsystem/devices/0000:00:00.0/modalias&path=//sys/class/pci_bus/0000:06/subsystem/0000:0f/device/subsystem/devices/0000:04:00.0/subsystem/devices/0000:00:00.0 HTTP/1.1" 200 262264 "-" "meta-externalagent/1.1 (+https://developers.facebook.com/docs/sharing/webmasters/crawler)"
74.7.227.154 - - [07/Nov/2025:00:53:46 +0000] "GET /entity/172192271.htm HTTP/1.1" 301 5 "-" "Mozilla/5.0 AppleWebKit/537.36 (KHTML, like Gecko; compatible; GPTBot/1.2; +https://openai.com/gptbot)"
216.73.216.147 - - [07/Nov/2025:00:53:47 +0000] "GET /entity/58134877.htm/ HTTP/1.1" 200 45435 "https://datainsightnow.com/entity/58134877.htm" "Mozilla/5.0 AppleWebKit/537.36 (KHTML, like Gecko; compatible; ClaudeBot/1.0; +claudebot@anthropic.com)"
57.141.0.75 - - [07/Nov/2025:00:53:47 +0000] "GET /2025/03/07/page/6/?path=//sys/class/pci_bus/0000:12/subsystem/0000:0c/device/driver/0000:00:02.3/driver/0000:00:02.1/driver/0000:00:03.2 HTTP/1.1" 200 262264 "-" "meta-externalagent/1.1 (+https://developers.facebook.com/docs/sharing/webmasters/crawler)"
57.141.0.54 - - [07/Nov/2025:00:53:48 +0000] "GET /2025/03/07/page/6/?fileloc=//sys/class/pci_bus/0000:03/subsystem/0000:01/subsystem/0000:0a/device/driver/0000:00:02.0/remove&path=//sys/class/pci_bus/0000:03/subsystem/0000:01/subsystem/0000:0a/device/driver/0000:00:02.0 HTTP/1.1" 200 262264 "-" "meta-externalagent/1.1 (+https://developers.facebook.com/docs/sharing/webmasters/crawler)"
74.7.227.154 - - [07/Nov/2025:00:53:48 +0000] "GET /entity/172192271.htm/ HTTP/1.1" 200 45435 "-" "Mozilla/5.0 AppleWebKit/537.36 (KHTML, like Gecko; compatible; GPTBot/1.2; +https://openai.com/gptbot)"
57.141.0.25 - - [07/Nov/2025:00:53:48 +0000] "GET /moneysense-self-help-guide-to-the-ideal-profile/?fileloc=//sys/class/pci_bus/0000:02/subsystem/0000:0d/subsystem/0000:0b/device/driver/0000:00:03.6/subsystem_device&path=//sys/class/pci_bus/0000:02/subsystem/0000:0d/subsystem/0000:0b/device/driver/0000:00:03.6 HTTP/1.1" 200 262215 "-" "meta-externalagent/1.1 (+https://developers.facebook.com/docs/sharing/webmasters/crawler)"
216.73.216.147 - - [07/Nov/2025:00:53:48 +0000] "GET /entity/171596310.htm HTTP/1.1" 301 5 "-" "Mozilla/5.0 AppleWebKit/537.36 (KHTML, like Gecko; compatible; ClaudeBot/1.0; +claudebot@anthropic.com)"
216.73.216.147 - - [07/Nov/2025:00:53:49 +0000] "GET /entity/171596310.htm/ HTTP/1.1" 200 45435 "https://datainsightnow.com/entity/171596310.htm" "Mozilla/5.0 AppleWebKit/537.36 (KHTML, like Gecko; compatible; ClaudeBot/1.0; +claudebot@anthropic.com)"
66.135.21.75 - - [07/Nov/2025:00:53:50 +0000] "POST /wp-cron.php?doing_wp_cron=1762476830.0820438861846923828125 HTTP/1.1" 200 31 "-" "WordPress/6.3.1; https://datainsightnow.com"
74.7.227.154 - - [07/Nov/2025:00:53:50 +0000] "GET /entity/172122337.htm HTTP/1.1" 301 5 "-" "Mozilla/5.0 AppleWebKit/537.36 (KHTML, like Gecko; compatible; GPTBot/1.2; +https://openai.com/gptbot)"
