57.141.0.51 - - [07/Nov/2025:00:38:28 +0000] "GET /karamba-spielsaal-erfahrungen-angeschlossen-testbericht-werfen-sie-einen-blick-auf-den-link-within-2025-pro-teutonia/?path=//sys/class/pci_bus/0000:07/subsystem/0000:02/subsystem/0000:06/subsystem/0000:07/subsystem/0000:09/device/0000:00:02.7:pcie001/subsystem HTTP/1.1" 200 262209 "-" "meta-externalagent/1.1 (+https://developers.facebook.com/docs/sharing/webmasters/crawler)"
216.73.216.147 - - [07/Nov/2025:00:38:28 +0000] "GET /entity/601690411.htm HTTP/1.1" 301 5 "-" "Mozilla/5.0 AppleWebKit/537.36 (KHTML, like Gecko; compatible; ClaudeBot/1.0; +claudebot@anthropic.com)"
216.73.216.147 - - [07/Nov/2025:00:38:29 +0000] "GET /entity/601690411.htm/ HTTP/1.1" 200 45435 "https://datainsightnow.com/entity/601690411.htm" "Mozilla/5.0 AppleWebKit/537.36 (KHTML, like Gecko; compatible; ClaudeBot/1.0; +claudebot@anthropic.com)"
74.7.227.154 - - [07/Nov/2025:00:38:29 +0000] "GET /entity/172076490.htm HTTP/1.1" 301 5 "-" "Mozilla/5.0 AppleWebKit/537.36 (KHTML, like Gecko; compatible; GPTBot/1.2; +https://openai.com/gptbot)"
57.141.0.65 - - [07/Nov/2025:00:38:29 +0000] "GET /2025/03/07/page/6/?path=//sys/class/pci_bus/0000:03/subsystem/0000:0a/device/driver/0000:00:04.0/driver/0000:00:02.1 HTTP/1.1" 200 262264 "-" "meta-externalagent/1.1 (+https://developers.facebook.com/docs/sharing/webmasters/crawler)"
74.7.227.154 - - [07/Nov/2025:00:38:30 +0000] "GET /entity/172076490.htm/ HTTP/1.1" 200 45435 "-" "Mozilla/5.0 AppleWebKit/537.36 (KHTML, like Gecko; compatible; GPTBot/1.2; +https://openai.com/gptbot)"
57.141.0.52 - - [07/Nov/2025:00:38:30 +0000] "GET /2025/03/07/page/6/?path=//sys/class/pci_bus/0000:05/subsystem/0000:0c/subsystem/0000:0f/subsystem/0000:0e/subsystem/0000:04/subsystem/0000:06 HTTP/1.1" 200 262264 "-" "meta-externalagent/1.1 (+https://developers.facebook.com/docs/sharing/webmasters/crawler)"
57.141.0.72 - - [07/Nov/2025:00:38:31 +0000] "GET /2025/03/07/page/6/?path=//sys/class/pci_bus/0000:04/subsystem/0000:08/subsystem/0000:07/subsystem/0000:11 HTTP/1.1" 200 262264 "-" "meta-externalagent/1.1 (+https://developers.facebook.com/docs/sharing/webmasters/crawler)"
216.73.216.147 - - [07/Nov/2025:00:38:31 +0000] "GET /entity/353743234.htm HTTP/1.1" 301 5 "-" "Mozilla/5.0 AppleWebKit/537.36 (KHTML, like Gecko; compatible; ClaudeBot/1.0; +claudebot@anthropic.com)"
216.73.216.147 - - [07/Nov/2025:00:38:32 +0000] "GET /entity/353743234.htm/ HTTP/1.1" 200 45435 "https://datainsightnow.com/entity/353743234.htm" "Mozilla/5.0 AppleWebKit/537.36 (KHTML, like Gecko; compatible; ClaudeBot/1.0; +claudebot@anthropic.com)"
74.7.227.154 - - [07/Nov/2025:00:38:32 +0000] "GET /entity/172028834.htm HTTP/1.1" 301 5 "-" "Mozilla/5.0 AppleWebKit/537.36 (KHTML, like Gecko; compatible; GPTBot/1.2; +https://openai.com/gptbot)"
74.7.227.154 - - [07/Nov/2025:00:38:33 +0000] "GET /entity/172028834.htm/ HTTP/1.1" 200 45435 "-" "Mozilla/5.0 AppleWebKit/537.36 (KHTML, like Gecko; compatible; GPTBot/1.2; +https://openai.com/gptbot)"
216.73.216.147 - - [07/Nov/2025:00:38:34 +0000] "GET /entity/442077776.htm HTTP/1.1" 301 5 "-" "Mozilla/5.0 AppleWebKit/537.36 (KHTML, like Gecko; compatible; ClaudeBot/1.0; +claudebot@anthropic.com)"
216.73.216.147 - - [07/Nov/2025:00:38:35 +0000] "GET /entity/442077776.htm/ HTTP/1.1" 200 45435 "https://datainsightnow.com/entity/442077776.htm" "Mozilla/5.0 AppleWebKit/537.36 (KHTML, like Gecko; compatible; ClaudeBot/1.0; +claudebot@anthropic.com)"
74.7.227.154 - - [07/Nov/2025:00:38:35 +0000] "GET /entity/171988693.htm HTTP/1.1" 301 5 "-" "Mozilla/5.0 AppleWebKit/537.36 (KHTML, like Gecko; compatible; GPTBot/1.2; +https://openai.com/gptbot)"
74.7.227.154 - - [07/Nov/2025:00:38:36 +0000] "GET /entity/171988693.htm/ HTTP/1.1" 200 45435 "-" "Mozilla/5.0 AppleWebKit/537.36 (KHTML, like Gecko; compatible; GPTBot/1.2; +https://openai.com/gptbot)"
216.73.216.147 - - [07/Nov/2025:00:38:37 +0000] "GET /entity/353564791.htm HTTP/1.1" 301 5 "-" "Mozilla/5.0 AppleWebKit/537.36 (KHTML, like Gecko; compatible; ClaudeBot/1.0; +claudebot@anthropic.com)"
216.73.216.147 - - [07/Nov/2025:00:38:38 +0000] "GET /entity/353564791.htm/ HTTP/1.1" 200 45435 "https://datainsightnow.com/entity/353564791.htm" "Mozilla/5.0 AppleWebKit/537.36 (KHTML, like Gecko; compatible; ClaudeBot/1.0; +claudebot@anthropic.com)"
216.73.216.147 - - [07/Nov/2025:00:38:38 +0000] "GET /robots.txt HTTP/1.1" 200 109 "-" "Mozilla/5.0 AppleWebKit/537.36 (KHTML, like Gecko; compatible; ClaudeBot/1.0; +claudebot@anthropic.com)"
74.7.227.154 - - [07/Nov/2025:00:38:38 +0000] "GET /entity/172125184.htm HTTP/1.1" 301 5 "-" "Mozilla/5.0 AppleWebKit/537.36 (KHTML, like Gecko; compatible; GPTBot/1.2; +https://openai.com/gptbot)"
74.7.227.154 - - [07/Nov/2025:00:38:39 +0000] "GET /entity/172125184.htm/ HTTP/1.1" 200 45435 "-" "Mozilla/5.0 AppleWebKit/537.36 (KHTML, like Gecko; compatible; GPTBot/1.2; +https://openai.com/gptbot)"
57.141.0.64 - - [07/Nov/2025:00:38:40 +0000] "GET /2025/03/13/?fileloc=//sys/class/pci_bus/0000:08/subsystem/0000:11/device/driver/0000:00:03.0/driver/0000:00:02.6/aer_dev_correctable&path=//sys/class/pci_bus/0000:08/subsystem/0000:11/device/driver/0000:00:03.0/driver/0000:00:02.6 HTTP/1.1" 200 262264 "-" "meta-externalagent/1.1 (+https://developers.facebook.com/docs/sharing/webmasters/crawler)"
216.73.216.147 - - [07/Nov/2025:00:38:40 +0000] "GET /entity/442025723.htm HTTP/1.1" 301 5 "-" "Mozilla/5.0 AppleWebKit/537.36 (KHTML, like Gecko; compatible; ClaudeBot/1.0; +claudebot@anthropic.com)"
216.73.216.147 - - [07/Nov/2025:00:38:41 +0000] "GET /entity/442025723.htm/ HTTP/1.1" 200 45435 "https://datainsightnow.com/entity/442025723.htm" "Mozilla/5.0 AppleWebKit/537.36 (KHTML, like Gecko; compatible; ClaudeBot/1.0; +claudebot@anthropic.com)"
74.7.227.154 - - [07/Nov/2025:00:38:41 +0000] "GET /entity/172092032.htm HTTP/1.1" 301 5 "-" "Mozilla/5.0 AppleWebKit/537.36 (KHTML, like Gecko; compatible; GPTBot/1.2; +https://openai.com/gptbot)"
74.7.227.154 - - [07/Nov/2025:00:38:42 +0000] "GET /entity/172092032.htm/ HTTP/1.1" 200 45435 "-" "Mozilla/5.0 AppleWebKit/537.36 (KHTML, like Gecko; compatible; GPTBot/1.2; +https://openai.com/gptbot)"
57.141.0.3 - - [07/Nov/2025:00:38:43 +0000] "GET /2025/03/07/page/6/?path=//sys/class/pci_bus/0000:04/subsystem/0000:0b/device/driver/0000:00:02.3/driver/0000:00:04.0/driver/0000:00:02.7 HTTP/1.1" 200 262216 "-" "meta-externalagent/1.1 (+https://developers.facebook.com/docs/sharing/webmasters/crawler)"
217.113.194.54 - - [07/Nov/2025:00:38:43 +0000] "GET /about/?fileloc=/opt/wpsites/datainsightnow.com/wp-includes/assets/script-loader-packages.min.php&path=/opt/wpsites/datainsightnow.com/wp-includes/assets HTTP/1.1" 200 45435 "-" "Mozilla/5.0 (compatible; Barkrowler/0.9; +https://babbar.tech/crawler)"
57.141.0.67 - - [07/Nov/2025:00:38:44 +0000] "GET /2025/03/07/page/6/?fileloc=//sys/class/pci_bus/0000:01/subsystem/0000:00/device/0000:00:02.7/driver/0000:00:04.0/driver/0000:00:03.4/driver/0000:00:02.0/device&path=//sys/class/pci_bus/0000:01/subsystem/0000:00/device/0000:00:02.7/driver/0000:00:04.0/driver/0000:00:03.4/driver/0000:00:02.0 HTTP/1.1" 200 262264 "-" "meta-externalagent/1.1 (+https://developers.facebook.com/docs/sharing/webmasters/crawler)"
74.7.227.154 - - [07/Nov/2025:00:38:45 +0000] "GET /entity/172018988.htm HTTP/1.1" 301 5 "-" "Mozilla/5.0 AppleWebKit/537.36 (KHTML, like Gecko; compatible; GPTBot/1.2; +https://openai.com/gptbot)"
74.7.227.154 - - [07/Nov/2025:00:38:45 +0000] "GET /entity/172018988.htm/ HTTP/1.1" 200 45435 "-" "Mozilla/5.0 AppleWebKit/537.36 (KHTML, like Gecko; compatible; GPTBot/1.2; +https://openai.com/gptbot)"
185.191.171.12 - - [07/Nov/2025:00:38:46 +0000] "GET /?p=10293 HTTP/1.1" 200 41330 "-" "Mozilla/5.0 (compatible; SemrushBot/7~bl; +http://www.semrush.com/bot.html)"
216.73.216.147 - - [07/Nov/2025:00:38:46 +0000] "GET /entity/269927726.htm HTTP/1.1" 301 5 "-" "Mozilla/5.0 AppleWebKit/537.36 (KHTML, like Gecko; compatible; ClaudeBot/1.0; +claudebot@anthropic.com)"
111.225.149.185 - - [07/Nov/2025:00:38:46 +0000] "GET /robots.txt HTTP/1.1" 200 109 "-" "Mozilla/5.0 (Linux; Android 5.0) AppleWebKit/537.36 (KHTML, like Gecko) Mobile Safari/537.36 (compatible; Bytespider; https://zhanzhang.toutiao.com/)"
216.73.216.147 - - [07/Nov/2025:00:38:47 +0000] "GET /entity/269927726.htm/ HTTP/1.1" 200 45435 "https://datainsightnow.com/entity/269927726.htm" "Mozilla/5.0 AppleWebKit/537.36 (KHTML, like Gecko; compatible; ClaudeBot/1.0; +claudebot@anthropic.com)"
57.141.0.6 - - [07/Nov/2025:00:38:48 +0000] "GET /karamba-spielsaal-erfahrungen-angeschlossen-testbericht-werfen-sie-einen-blick-auf-den-link-within-2025-pro-teutonia/?path=//sys/class/pci_bus/0000:04/subsystem/0000:06/subsystem/0000:00/subsystem/0000:00/device/0000:00:1f.0/subsystem/slots/7 HTTP/1.1" 200 262264 "-" "meta-externalagent/1.1 (+https://developers.facebook.com/docs/sharing/webmasters/crawler)"
57.141.0.27 - - [07/Nov/2025:00:38:48 +0000] "GET /2025/03/07/page/6/?path=//sys/class/pci_bus/0000:06/device/driver/0000:00:02.0/0000:00:02.0:pcie001/subsystem/devices/0000:00:03.2:pcie010/power HTTP/1.1" 200 262248 "-" "meta-externalagent/1.1 (+https://developers.facebook.com/docs/sharing/webmasters/crawler)"
74.7.227.154 - - [07/Nov/2025:00:38:48 +0000] "GET /entity/172070274.htm HTTP/1.1" 301 5 "-" "Mozilla/5.0 AppleWebKit/537.36 (KHTML, like Gecko; compatible; GPTBot/1.2; +https://openai.com/gptbot)"
216.73.216.147 - - [07/Nov/2025:00:38:49 +0000] "GET /entity/578603675.htm HTTP/1.1" 301 5 "-" "Mozilla/5.0 AppleWebKit/537.36 (KHTML, like Gecko; compatible; ClaudeBot/1.0; +claudebot@anthropic.com)"
74.7.227.154 - - [07/Nov/2025:00:38:49 +0000] "GET /entity/172070274.htm/ HTTP/1.1" 200 45435 "-" "Mozilla/5.0 AppleWebKit/537.36 (KHTML, like Gecko; compatible; GPTBot/1.2; +https://openai.com/gptbot)"
57.141.0.65 - - [07/Nov/2025:00:38:50 +0000] "GET /2025/03/06/page/39/?fileloc=//sys/class/pci_bus/0000:06/device/0000:00:02.4:pcie002/driver/0000:00:02.4:pcie002/driver/0000:00:03.6:pcie002/power/async&path=//sys/class/pci_bus/0000:06/device/0000:00:02.4:pcie002/driver/0000:00:02.4:pcie002/driver/0000:00:03.6:pcie002/power HTTP/1.1" 200 262264 "-" "meta-externalagent/1.1 (+https://developers.facebook.com/docs/sharing/webmasters/crawler)"
216.73.216.147 - - [07/Nov/2025:00:38:50 +0000] "GET /entity/578603675.htm/ HTTP/1.1" 200 45435 "https://datainsightnow.com/entity/578603675.htm" "Mozilla/5.0 AppleWebKit/537.36 (KHTML, like Gecko; compatible; ClaudeBot/1.0; +claudebot@anthropic.com)"
66.135.21.75 - - [07/Nov/2025:00:38:51 +0000] "POST /wp-cron.php?doing_wp_cron=1762475931.4667611122131347656250 HTTP/1.1" 200 31 "-" "WordPress/6.3.1; https://datainsightnow.com"
74.7.227.154 - - [07/Nov/2025:00:38:51 +0000] "GET /entity/172135030.htm HTTP/1.1" 301 5 "-" "Mozilla/5.0 AppleWebKit/537.36 (KHTML, like Gecko; compatible; GPTBot/1.2; +https://openai.com/gptbot)"
57.141.0.54 - - [07/Nov/2025:00:38:52 +0000] "GET /2025/03/07/page/6/?fileloc=//sys/class/pci_bus/0000:01/subsystem/0000:0c/subsystem/0000:03/device/firmware_node/device:1f/eject&path=//sys/class/pci_bus/0000:01/subsystem/0000:0c/subsystem/0000:03/device/firmware_node/device:1f HTTP/1.1" 200 262215 "-" "meta-externalagent/1.1 (+https://developers.facebook.com/docs/sharing/webmasters/crawler)"
57.141.0.42 - - [07/Nov/2025:00:38:52 +0000] "GET /karamba-spielsaal-erfahrungen-angeschlossen-testbericht-werfen-sie-einen-blick-auf-den-link-within-2025-pro-teutonia/?fileloc=//sys/class/pci_bus/0000:06/subsystem/0000:0c/subsystem/0000:13/subsystem/0000:07/device/firmware_node/physical_node/consistent_dma_mask_bits&path=//sys/class/pci_bus/0000:06/subsystem/0000:0c/subsystem/0000:13/subsystem/0000:07/device/firmware_node/physical_node HTTP/1.1" 200 262209 "-" "meta-externalagent/1.1 (+https://developers.facebook.com/docs/sharing/webmasters/crawler)"
216.73.216.147 - - [07/Nov/2025:00:38:52 +0000] "GET /entity/442130871.htm HTTP/1.1" 301 5 "-" "Mozilla/5.0 AppleWebKit/537.36 (KHTML, like Gecko; compatible; ClaudeBot/1.0; +claudebot@anthropic.com)"
74.7.227.154 - - [07/Nov/2025:00:38:52 +0000] "GET /entity/172135030.htm/ HTTP/1.1" 200 45435 "-" "Mozilla/5.0 AppleWebKit/537.36 (KHTML, like Gecko; compatible; GPTBot/1.2; +https://openai.com/gptbot)"
216.73.216.147 - - [07/Nov/2025:00:38:53 +0000] "GET /entity/442130871.htm/ HTTP/1.1" 200 45435 "https://datainsightnow.com/entity/442130871.htm" "Mozilla/5.0 AppleWebKit/537.36 (KHTML, like Gecko; compatible; ClaudeBot/1.0; +claudebot@anthropic.com)"
74.7.227.154 - - [07/Nov/2025:00:38:54 +0000] "GET /entity/172097471.htm HTTP/1.1" 301 5 "-" "Mozilla/5.0 AppleWebKit/537.36 (KHTML, like Gecko; compatible; GPTBot/1.2; +https://openai.com/gptbot)"
74.7.227.154 - - [07/Nov/2025:00:38:55 +0000] "GET /entity/172097471.htm/ HTTP/1.1" 200 45435 "-" "Mozilla/5.0 AppleWebKit/537.36 (KHTML, like Gecko; compatible; GPTBot/1.2; +https://openai.com/gptbot)"
216.73.216.147 - - [07/Nov/2025:00:38:55 +0000] "GET /entity/601772257.htm HTTP/1.1" 301 5 "-" "Mozilla/5.0 AppleWebKit/537.36 (KHTML, like Gecko; compatible; ClaudeBot/1.0; +claudebot@anthropic.com)"
216.73.216.147 - - [07/Nov/2025:00:38:56 +0000] "GET /entity/601772257.htm/ HTTP/1.1" 200 45435 "https://datainsightnow.com/entity/601772257.htm" "Mozilla/5.0 AppleWebKit/537.36 (KHTML, like Gecko; compatible; ClaudeBot/1.0; +claudebot@anthropic.com)"
74.7.227.154 - - [07/Nov/2025:00:38:57 +0000] "GET /entity/172124146.htm HTTP/1.1" 301 5 "-" "Mozilla/5.0 AppleWebKit/537.36 (KHTML, like Gecko; compatible; GPTBot/1.2; +https://openai.com/gptbot)"
74.7.227.154 - - [07/Nov/2025:00:38:58 +0000] "GET /entity/172124146.htm/ HTTP/1.1" 200 45435 "-" "Mozilla/5.0 AppleWebKit/537.36 (KHTML, like Gecko; compatible; GPTBot/1.2; +https://openai.com/gptbot)"
216.73.216.147 - - [07/Nov/2025:00:38:58 +0000] "GET /entity/601686006.htm HTTP/1.1" 301 5 "-" "Mozilla/5.0 AppleWebKit/537.36 (KHTML, like Gecko; compatible; ClaudeBot/1.0; +claudebot@anthropic.com)"
57.141.0.61 - - [07/Nov/2025:00:38:59 +0000] "GET /2025/03/06/page/39/?path=//sys/class/pci_bus/0000:0e/subsystem/0000:08/subsystem/0000:0d/subsystem/0000:0b/subsystem/0000:08 HTTP/1.1" 200 262217 "-" "meta-externalagent/1.1 (+https://developers.facebook.com/docs/sharing/webmasters/crawler)"
216.73.216.147 - - [07/Nov/2025:00:38:59 +0000] "GET /entity/601686006.htm/ HTTP/1.1" 200 45435 "https://datainsightnow.com/entity/601686006.htm" "Mozilla/5.0 AppleWebKit/537.36 (KHTML, like Gecko; compatible; ClaudeBot/1.0; +claudebot@anthropic.com)"
198.244.168.170 - - [07/Nov/2025:00:39:00 +0000] "GET /?p=44469 HTTP/1.1" 200 42677 "-" "Mozilla/5.0 (compatible; AhrefsBot/7.0; +http://ahrefs.com/robot/)"
74.7.227.154 - - [07/Nov/2025:00:39:00 +0000] "GET /entity/172076753.htm HTTP/1.1" 301 5 "-" "Mozilla/5.0 AppleWebKit/537.36 (KHTML, like Gecko; compatible; GPTBot/1.2; +https://openai.com/gptbot)"
74.7.227.154 - - [07/Nov/2025:00:39:01 +0000] "GET /entity/172076753.htm/ HTTP/1.1" 200 45435 "-" "Mozilla/5.0 AppleWebKit/537.36 (KHTML, like Gecko; compatible; GPTBot/1.2; +https://openai.com/gptbot)"
216.73.216.147 - - [07/Nov/2025:00:39:01 +0000] "GET /entity/601680053.htm HTTP/1.1" 301 5 "-" "Mozilla/5.0 AppleWebKit/537.36 (KHTML, like Gecko; compatible; ClaudeBot/1.0; +claudebot@anthropic.com)"
57.141.0.45 - - [07/Nov/2025:00:39:01 +0000] "GET /karamba-spielsaal-erfahrungen-angeschlossen-testbericht-werfen-sie-einen-blick-auf-den-link-within-2025-pro-teutonia/?fileloc=//sys/class/pci_bus/0000:06/subsystem/0000:13/subsystem/0000:0c/device/driver/0000:00:03.3/subsystem/devices/0000:00:02.1/modalias&path=//sys/class/pci_bus/0000:06/subsystem/0000:13/subsystem/0000:0c/device/driver/0000:00:03.3/subsystem/devices/0000:00:02.1 HTTP/1.1" 200 262264 "-" "meta-externalagent/1.1 (+https://developers.facebook.com/docs/sharing/webmasters/crawler)"
57.141.0.42 - - [07/Nov/2025:00:39:02 +0000] "GET /2025/03/13/?fileloc=//sys/class/pci_bus/0000:0b/subsystem/0000:0d/subsystem/0000:0d/device/subsystem/devices/0000:01:00.0/subsystem/uevent&path=//sys/class/pci_bus/0000:0b/subsystem/0000:0d/subsystem/0000:0d/device/subsystem/devices/0000:01:00.0/subsystem HTTP/1.1" 200 262264 "-" "meta-externalagent/1.1 (+https://developers.facebook.com/docs/sharing/webmasters/crawler)"
216.73.216.147 - - [07/Nov/2025:00:39:02 +0000] "GET /entity/601680053.htm/ HTTP/1.1" 200 45435 "https://datainsightnow.com/entity/601680053.htm" "Mozilla/5.0 AppleWebKit/537.36 (KHTML, like Gecko; compatible; ClaudeBot/1.0; +claudebot@anthropic.com)"
57.141.0.27 - - [07/Nov/2025:00:39:02 +0000] "GET /karamba-spielsaal-erfahrungen-angeschlossen-testbericht-werfen-sie-einen-blick-auf-den-link-within-2025-pro-teutonia/?fileloc=//sys/class/pci_bus/0000:02/subsystem/0000:04/device/driver/0000:00:02.6/subsystem/devices/0000:05:00.0/enable&path=//sys/class/pci_bus/0000:02/subsystem/0000:04/device/driver/0000:00:02.6/subsystem/devices/0000:05:00.0 HTTP/1.1" 200 262217 "-" "meta-externalagent/1.1 (+https://developers.facebook.com/docs/sharing/webmasters/crawler)"
217.113.194.213 - - [07/Nov/2025:00:39:03 +0000] "GET /about/?fileloc=/opt/wpsites/datainsightnow.com/wp-includes/php-compat/readonly.php&path=/opt/wpsites/datainsightnow.com/wp-includes/php-compat HTTP/1.1" 200 45435 "-" "Mozilla/5.0 (compatible; Barkrowler/0.9; +https://babbar.tech/crawler)"
57.141.0.52 - - [07/Nov/2025:00:39:04 +0000] "GET /2025/03/07/page/6/?fileloc=//sys/class/pci_bus/0000:05/subsystem/0000:00/device/0000:00:02.4/driver/0000:00:02.2/subsystem/devices/0000:02:00.0/class&path=//sys/class/pci_bus/0000:05/subsystem/0000:00/device/0000:00:02.4/driver/0000:00:02.2/subsystem/devices/0000:02:00.0 HTTP/1.1" 200 262215 "-" "meta-externalagent/1.1 (+https://developers.facebook.com/docs/sharing/webmasters/crawler)"
74.7.227.154 - - [07/Nov/2025:00:39:04 +0000] "GET /entity/172053959.htm HTTP/1.1" 301 5 "-" "Mozilla/5.0 AppleWebKit/537.36 (KHTML, like Gecko; compatible; GPTBot/1.2; +https://openai.com/gptbot)"
216.73.216.147 - - [07/Nov/2025:00:39:04 +0000] "GET /entity/353632643.htm HTTP/1.1" 301 5 "-" "Mozilla/5.0 AppleWebKit/537.36 (KHTML, like Gecko; compatible; ClaudeBot/1.0; +claudebot@anthropic.com)"
57.141.0.32 - - [07/Nov/2025:00:39:05 +0000] "GET /karamba-spielsaal-erfahrungen-angeschlossen-testbericht-werfen-sie-einen-blick-auf-den-link-within-2025-pro-teutonia/?fileloc=//sys/class/pci_bus/0000:06/subsystem/0000:13/subsystem/0000:12/subsystem/0000:08/device/driver/0000:00:04.0/resource&path=//sys/class/pci_bus/0000:06/subsystem/0000:13/subsystem/0000:12/subsystem/0000:08/device/driver/0000:00:04.0 HTTP/1.1" 200 262209 "-" "meta-externalagent/1.1 (+https://developers.facebook.com/docs/sharing/webmasters/crawler)"
57.141.0.71 - - [07/Nov/2025:00:39:05 +0000] "GET /karamba-spielsaal-erfahrungen-angeschlossen-testbericht-werfen-sie-einen-blick-auf-den-link-within-2025-pro-teutonia/?fileloc=//sys/class/pci_bus/0000:0b/subsystem/0000:0b/subsystem/0000:06/subsystem/0000:0f/subsystem/0000:01/cpuaffinity&path=//sys/class/pci_bus/0000:0b/subsystem/0000:0b/subsystem/0000:06/subsystem/0000:0f/subsystem/0000:01 HTTP/1.1" 200 262216 "-" "meta-externalagent/1.1 (+https://developers.facebook.com/docs/sharing/webmasters/crawler)"
57.141.0.24 - - [07/Nov/2025:00:39:06 +0000] "GET /karamba-spielsaal-erfahrungen-angeschlossen-testbericht-werfen-sie-einen-blick-auf-den-link-within-2025-pro-teutonia/?fileloc=//sys/class/pci_bus/0000:0e/subsystem/0000:0f/subsystem/0000:06/subsystem/0000:10/rescan&path=//sys/class/pci_bus/0000:0e/subsystem/0000:0f/subsystem/0000:06/subsystem/0000:10 HTTP/1.1" 200 262209 "-" "meta-externalagent/1.1 (+https://developers.facebook.com/docs/sharing/webmasters/crawler)"
74.7.227.154 - - [07/Nov/2025:00:39:06 +0000] "GET /entity/172053959.htm/ HTTP/1.1" 200 45435 "-" "Mozilla/5.0 AppleWebKit/537.36 (KHTML, like Gecko; compatible; GPTBot/1.2; +https://openai.com/gptbot)"
216.73.216.147 - - [07/Nov/2025:00:39:07 +0000] "GET /entity/353632643.htm/ HTTP/1.1" 200 45435 "https://datainsightnow.com/entity/353632643.htm" "Mozilla/5.0 AppleWebKit/537.36 (KHTML, like Gecko; compatible; ClaudeBot/1.0; +claudebot@anthropic.com)"
57.141.0.21 - - [07/Nov/2025:00:39:07 +0000] "GET /2025/03/07/page/6/?fileloc=//sys/class/pci_bus/0000:01/subsystem/0000:0f/subsystem/0000:06/subsystem/0000:13/power/runtime_suspended_time&path=//sys/class/pci_bus/0000:01/subsystem/0000:0f/subsystem/0000:06/subsystem/0000:13/power HTTP/1.1" 200 262264 "-" "meta-externalagent/1.1 (+https://developers.facebook.com/docs/sharing/webmasters/crawler)"
57.141.0.33 - - [07/Nov/2025:00:39:07 +0000] "GET /karamba-spielsaal-erfahrungen-angeschlossen-testbericht-werfen-sie-einen-blick-auf-den-link-within-2025-pro-teutonia/?path=//sys/class/pci_bus/0000:04/device/driver/0000:00:02.0/driver/0000:00:03.0/driver/0000:00:02.7/driver/0000:00:02.4/firmware_node HTTP/1.1" 200 262209 "-" "meta-externalagent/1.1 (+https://developers.facebook.com/docs/sharing/webmasters/crawler)"
216.73.216.147 - - [07/Nov/2025:00:39:07 +0000] "GET /entity/601693519.htm HTTP/1.1" 301 5 "-" "Mozilla/5.0 AppleWebKit/537.36 (KHTML, like Gecko; compatible; ClaudeBot/1.0; +claudebot@anthropic.com)"
57.141.0.42 - - [07/Nov/2025:00:39:08 +0000] "GET /storm-goddess-cadillac-jack-position-remark-demonstration-march-2025/?fileloc=//lib/git-core/git-ls-remote&path=//lib/git-core HTTP/1.1" 200 262209 "-" "meta-externalagent/1.1 (+https://developers.facebook.com/docs/sharing/webmasters/crawler)"
57.141.0.15 - - [07/Nov/2025:00:39:08 +0000] "GET /moneysense-self-help-guide-to-the-ideal-profile/?path=//sys/class/pci_bus/0000:08/subsystem/0000:03/subsystem/0000:00/device/0000:00:03.6/subsystem/devices/0000:00:02.5 HTTP/1.1" 200 262264 "-" "meta-externalagent/1.1 (+https://developers.facebook.com/docs/sharing/webmasters/crawler)"
216.73.216.147 - - [07/Nov/2025:00:39:08 +0000] "GET /entity/601693519.htm/ HTTP/1.1" 200 45435 "https://datainsightnow.com/entity/601693519.htm" "Mozilla/5.0 AppleWebKit/537.36 (KHTML, like Gecko; compatible; ClaudeBot/1.0; +claudebot@anthropic.com)"
57.141.0.40 - - [07/Nov/2025:00:39:08 +0000] "GET /karamba-spielsaal-erfahrungen-angeschlossen-testbericht-werfen-sie-einen-blick-auf-den-link-within-2025-pro-teutonia/?fileloc=//sys/class/pci_bus/0000:04/subsystem/0000:06/device/driver/0000:00:04.0/driver/0000:00:02.3/subsystem_vendor&path=//sys/class/pci_bus/0000:04/subsystem/0000:06/device/driver/0000:00:04.0/driver/0000:00:02.3 HTTP/1.1" 200 262215 "-" "meta-externalagent/1.1 (+https://developers.facebook.com/docs/sharing/webmasters/crawler)"
216.73.216.147 - - [07/Nov/2025:00:39:10 +0000] "GET /entity/353715264.htm HTTP/1.1" 301 5 "-" "Mozilla/5.0 AppleWebKit/537.36 (KHTML, like Gecko; compatible; ClaudeBot/1.0; +claudebot@anthropic.com)"
57.141.0.22 - - [07/Nov/2025:00:39:11 +0000] "GET /2025/03/07/page/6/?path=//sys/class/pci_bus/0000:03/device/subsystem/devices/0000:00:03.1/0000:00:03.1:pcie001/driver/0000:00:03.2:pcie001/subsystem/devices/0000:00:03.5:pcie001 HTTP/1.1" 200 262209 "-" "meta-externalagent/1.1 (+https://developers.facebook.com/docs/sharing/webmasters/crawler)"
216.73.216.147 - - [07/Nov/2025:00:39:11 +0000] "GET /entity/353715264.htm/ HTTP/1.1" 200 45435 "https://datainsightnow.com/entity/353715264.htm" "Mozilla/5.0 AppleWebKit/537.36 (KHTML, like Gecko; compatible; ClaudeBot/1.0; +claudebot@anthropic.com)"
74.7.227.154 - - [07/Nov/2025:00:39:12 +0000] "GET /entity/172067951.htm HTTP/1.1" 301 5 "-" "Mozilla/5.0 AppleWebKit/537.36 (KHTML, like Gecko; compatible; GPTBot/1.2; +https://openai.com/gptbot)"
74.7.227.154 - - [07/Nov/2025:00:39:12 +0000] "GET /entity/172067951.htm/ HTTP/1.1" 200 45435 "-" "Mozilla/5.0 AppleWebKit/537.36 (KHTML, like Gecko; compatible; GPTBot/1.2; +https://openai.com/gptbot)"
57.141.0.70 - - [07/Nov/2025:00:39:13 +0000] "GET /2025/03/07/page/6/?path=//sys/class/pci_bus/0000:06/subsystem/0000:0c/subsystem/0000:11/subsystem/0000:11/subsystem/0000:00 HTTP/1.1" 200 262209 "-" "meta-externalagent/1.1 (+https://developers.facebook.com/docs/sharing/webmasters/crawler)"
216.73.216.147 - - [07/Nov/2025:00:39:13 +0000] "GET /entity/441934806.htm HTTP/1.1" 301 5 "-" "Mozilla/5.0 AppleWebKit/537.36 (KHTML, like Gecko; compatible; ClaudeBot/1.0; +claudebot@anthropic.com)"
216.73.216.147 - - [07/Nov/2025:00:39:14 +0000] "GET /entity/441934806.htm/ HTTP/1.1" 200 45435 "https://datainsightnow.com/entity/441934806.htm" "Mozilla/5.0 AppleWebKit/537.36 (KHTML, like Gecko; compatible; ClaudeBot/1.0; +claudebot@anthropic.com)"
74.7.227.154 - - [07/Nov/2025:00:39:14 +0000] "GET /entity/172178793.htm HTTP/1.1" 301 5 "-" "Mozilla/5.0 AppleWebKit/537.36 (KHTML, like Gecko; compatible; GPTBot/1.2; +https://openai.com/gptbot)"
74.7.227.154 - - [07/Nov/2025:00:39:15 +0000] "GET /entity/172178793.htm/ HTTP/1.1" 200 45435 "-" "Mozilla/5.0 AppleWebKit/537.36 (KHTML, like Gecko; compatible; GPTBot/1.2; +https://openai.com/gptbot)"
57.141.0.72 - - [07/Nov/2025:00:39:16 +0000] "GET /moneysense-self-help-guide-to-the-ideal-profile/?path=//sys/class/pci_bus/0000:04/device/driver/0000:00:02.6/pci_bus/0000:08/subsystem/0000:09 HTTP/1.1" 200 262209 "-" "meta-externalagent/1.1 (+https://developers.facebook.com/docs/sharing/webmasters/crawler)"
57.141.0.42 - - [07/Nov/2025:00:39:16 +0000] "GET /2025/03/07/page/6/?fileloc=//sys/class/pci_bus/0000:0b/subsystem/0000:0f/subsystem/0000:12/device/subsystem/devices/0000:00:02.3/ari_enabled&path=//sys/class/pci_bus/0000:0b/subsystem/0000:0f/subsystem/0000:12/device/subsystem/devices/0000:00:02.3 HTTP/1.1" 200 262216 "-" "meta-externalagent/1.1 (+https://developers.facebook.com/docs/sharing/webmasters/crawler)"
216.73.216.147 - - [07/Nov/2025:00:39:16 +0000] "GET /entity/601714492.htm HTTP/1.1" 301 5 "-" "Mozilla/5.0 AppleWebKit/537.36 (KHTML, like Gecko; compatible; ClaudeBot/1.0; +claudebot@anthropic.com)"
57.141.0.18 - - [07/Nov/2025:00:39:16 +0000] "GET /2025/03/07/page/6/?fileloc=//sys/class/pci_bus/0000:03/subsystem/0000:0f/subsystem/0000:0c/device/subsystem/devices/0000:00:02.1/msi_bus&path=//sys/class/pci_bus/0000:03/subsystem/0000:0f/subsystem/0000:0c/device/subsystem/devices/0000:00:02.1 HTTP/1.1" 200 262215 "-" "meta-externalagent/1.1 (+https://developers.facebook.com/docs/sharing/webmasters/crawler)"
216.73.216.147 - - [07/Nov/2025:00:39:17 +0000] "GET /entity/601714492.htm/ HTTP/1.1" 200 45435 "https://datainsightnow.com/entity/601714492.htm" "Mozilla/5.0 AppleWebKit/537.36 (KHTML, like Gecko; compatible; ClaudeBot/1.0; +claudebot@anthropic.com)"
57.141.0.2 - - [07/Nov/2025:00:39:18 +0000] "GET /2025/03/05/page/6/?fileloc=//sys/class/pci_bus/0000:05/device/subsystem/slots/26/address&path=//sys/class/pci_bus/0000:05/device/subsystem/slots/26 HTTP/1.1" 200 262255 "-" "meta-externalagent/1.1 (+https://developers.facebook.com/docs/sharing/webmasters/crawler)"
57.141.0.11 - - [07/Nov/2025:00:39:18 +0000] "GET /moneysense-self-help-guide-to-the-ideal-profile/?path=//sys/class/pci_bus/0000:11/device/driver/0000:00:03.2/driver/0000:00:02.7/driver/0000:00:02.1/msi_irqs HTTP/1.1" 200 262264 "-" "meta-externalagent/1.1 (+https://developers.facebook.com/docs/sharing/webmasters/crawler)"
74.7.227.154 - - [07/Nov/2025:00:39:18 +0000] "GET /entity/172009152.htm HTTP/1.1" 301 5 "-" "Mozilla/5.0 AppleWebKit/537.36 (KHTML, like Gecko; compatible; GPTBot/1.2; +https://openai.com/gptbot)"
74.7.227.154 - - [07/Nov/2025:00:39:19 +0000] "GET /entity/172009152.htm/ HTTP/1.1" 200 45435 "-" "Mozilla/5.0 AppleWebKit/537.36 (KHTML, like Gecko; compatible; GPTBot/1.2; +https://openai.com/gptbot)"
216.73.216.147 - - [07/Nov/2025:00:39:19 +0000] "GET /entity/601734959.htm HTTP/1.1" 301 5 "-" "Mozilla/5.0 AppleWebKit/537.36 (KHTML, like Gecko; compatible; ClaudeBot/1.0; +claudebot@anthropic.com)"
185.191.171.14 - - [07/Nov/2025:00:39:20 +0000] "GET /?p=13717 HTTP/1.1" 200 42506 "-" "Mozilla/5.0 (compatible; SemrushBot/7~bl; +http://www.semrush.com/bot.html)"
216.73.216.147 - - [07/Nov/2025:00:39:20 +0000] "GET /entity/601734959.htm/ HTTP/1.1" 200 45435 "https://datainsightnow.com/entity/601734959.htm" "Mozilla/5.0 AppleWebKit/537.36 (KHTML, like Gecko; compatible; ClaudeBot/1.0; +claudebot@anthropic.com)"
57.141.0.14 - - [07/Nov/2025:00:39:20 +0000] "GET /2025/03/07/page/6/?fileloc=//sys/class/pci_bus/0000:05/subsystem/0000:01/subsystem/0000:0c/device/pci_bus/0000:0c/device/driver/0000:00:02.2/aer_rootport_total_err_fatal&path=//sys/class/pci_bus/0000:05/subsystem/0000:01/subsystem/0000:0c/device/pci_bus/0000:0c/device/driver/0000:00:02.2 HTTP/1.1" 200 262209 "-" "meta-externalagent/1.1 (+https://developers.facebook.com/docs/sharing/webmasters/crawler)"
74.7.227.154 - - [07/Nov/2025:00:39:20 +0000] "GET /entity/172013296.htm HTTP/1.1" 301 5 "-" "Mozilla/5.0 AppleWebKit/537.36 (KHTML, like Gecko; compatible; GPTBot/1.2; +https://openai.com/gptbot)"
74.7.227.154 - - [07/Nov/2025:00:39:21 +0000] "GET /entity/172013296.htm/ HTTP/1.1" 200 45435 "-" "Mozilla/5.0 AppleWebKit/537.36 (KHTML, like Gecko; compatible; GPTBot/1.2; +https://openai.com/gptbot)"
57.141.0.31 - - [07/Nov/2025:00:39:22 +0000] "GET /karamba-spielsaal-erfahrungen-angeschlossen-testbericht-werfen-sie-einen-blick-auf-den-link-within-2025-pro-teutonia/?fileloc=//sys/class/pci_bus/0000:0e/subsystem/0000:01/subsystem/0000:01/subsystem/0000:04/subsystem/0000:0e/subsystem/0000:04/cpuaffinity&path=//sys/class/pci_bus/0000:0e/subsystem/0000:01/subsystem/0000:01/subsystem/0000:04/subsystem/0000:0e/subsystem/0000:04 HTTP/1.1" 200 262264 "-" "meta-externalagent/1.1 (+https://developers.facebook.com/docs/sharing/webmasters/crawler)"
216.73.216.147 - - [07/Nov/2025:00:39:22 +0000] "GET /entity/353750749.htm HTTP/1.1" 301 5 "-" "Mozilla/5.0 AppleWebKit/537.36 (KHTML, like Gecko; compatible; ClaudeBot/1.0; +claudebot@anthropic.com)"
57.141.0.42 - - [07/Nov/2025:00:39:23 +0000] "GET /2025/03/07/page/6/?fileloc=//sys/class/pci_bus/0000:05/subsystem/0000:02/subsystem/0000:10/subsystem/0000:10/device/driver/0000:00:03.6/aer_dev_fatal&path=//sys/class/pci_bus/0000:05/subsystem/0000:02/subsystem/0000:10/subsystem/0000:10/device/driver/0000:00:03.6 HTTP/1.1" 200 262209 "-" "meta-externalagent/1.1 (+https://developers.facebook.com/docs/sharing/webmasters/crawler)"
57.141.0.70 - - [07/Nov/2025:00:39:23 +0000] "GET /karamba-spielsaal-erfahrungen-angeschlossen-testbericht-werfen-sie-einen-blick-auf-den-link-within-2025-pro-teutonia/?path=//sys/class/pci_bus/0000:05/device/0000:00:02.3:pcie001/driver/0000:00:02.0:pcie001/subsystem/drivers/aer/0000:00:03.2:pcie002 HTTP/1.1" 200 262264 "-" "meta-externalagent/1.1 (+https://developers.facebook.com/docs/sharing/webmasters/crawler)"
57.141.0.63 - - [07/Nov/2025:00:39:24 +0000] "GET /karamba-spielsaal-erfahrungen-angeschlossen-testbericht-werfen-sie-einen-blick-auf-den-link-within-2025-pro-teutonia/?fileloc=//sys/class/pci_bus/0000:04/subsystem/0000:02/device/driver/0000:00:03.6/subsystem/drivers_probe&path=//sys/class/pci_bus/0000:04/subsystem/0000:02/device/driver/0000:00:03.6/subsystem HTTP/1.1" 200 262264 "-" "meta-externalagent/1.1 (+https://developers.facebook.com/docs/sharing/webmasters/crawler)"
74.7.227.154 - - [07/Nov/2025:00:39:24 +0000] "GET /entity/172091255.htm HTTP/1.1" 301 5 "-" "Mozilla/5.0 AppleWebKit/537.36 (KHTML, like Gecko; compatible; GPTBot/1.2; +https://openai.com/gptbot)"
216.73.216.147 - - [07/Nov/2025:00:39:25 +0000] "GET /entity/353750749.htm/ HTTP/1.1" 200 45435 "https://datainsightnow.com/entity/353750749.htm" "Mozilla/5.0 AppleWebKit/537.36 (KHTML, like Gecko; compatible; ClaudeBot/1.0; +claudebot@anthropic.com)"
57.141.0.13 - - [07/Nov/2025:00:39:25 +0000] "GET /2025/03/05/page/6/?path=//sys/class/pci_bus/0000:03/subsystem/0000:01/device/0000:01:00.0/driver HTTP/1.1" 200 262209 "-" "meta-externalagent/1.1 (+https://developers.facebook.com/docs/sharing/webmasters/crawler)"
217.113.194.53 - - [07/Nov/2025:00:39:25 +0000] "GET /about/?fileloc=/opt/wpsites/datainsightnow.com/wp-includes/PHPMailer/Exception.php&path=/opt/wpsites/datainsightnow.com/wp-includes/PHPMailer HTTP/1.1" 200 45435 "-" "Mozilla/5.0 (compatible; Barkrowler/0.9; +https://babbar.tech/crawler)"
216.73.216.147 - - [07/Nov/2025:00:39:25 +0000] "GET /entity/601749726.htm HTTP/1.1" 301 5 "-" "Mozilla/5.0 AppleWebKit/537.36 (KHTML, like Gecko; compatible; ClaudeBot/1.0; +claudebot@anthropic.com)"
57.141.0.37 - - [07/Nov/2025:00:39:26 +0000] "GET /karamba-spielsaal-erfahrungen-angeschlossen-testbericht-werfen-sie-einen-blick-auf-den-link-within-2025-pro-teutonia/?path=//sys/class/pci_bus/0000:08/subsystem/0000:0f/subsystem/0000:12/device/driver/0000:00:04.0/driver/0000:00:04.1/link HTTP/1.1" 200 262264 "-" "meta-externalagent/1.1 (+https://developers.facebook.com/docs/sharing/webmasters/crawler)"
74.7.227.154 - - [07/Nov/2025:00:39:27 +0000] "GET /entity/172091255.htm/ HTTP/1.1" 200 45435 "-" "Mozilla/5.0 AppleWebKit/537.36 (KHTML, like Gecko; compatible; GPTBot/1.2; +https://openai.com/gptbot)"
57.141.0.61 - - [07/Nov/2025:00:39:27 +0000] "GET /karamba-spielsaal-erfahrungen-angeschlossen-testbericht-werfen-sie-einen-blick-auf-den-link-within-2025-pro-teutonia/?path=//sys/class/pci_bus/0000:06/subsystem/0000:0d/subsystem/0000:00/subsystem/0000:00/subsystem/0000:05/subsystem/0000:02 HTTP/1.1" 200 262264 "-" "meta-externalagent/1.1 (+https://developers.facebook.com/docs/sharing/webmasters/crawler)"
66.249.65.100 - - [07/Nov/2025:00:39:27 +0000] "GET /600788057?entity=0598468670 HTTP/1.1" 200 29912 "-" "Mozilla/5.0 (Linux; Android 6.0.1; Nexus 5X Build/MMB29P) AppleWebKit/537.36 (KHTML, like Gecko) Chrome/141.0.7390.122 Mobile Safari/537.36 (compatible; Googlebot/2.1; +http://www.google.com/bot.html)"
57.141.0.46 - - [07/Nov/2025:00:39:27 +0000] "GET /2025/03/07/page/6/?path=//sys/class/pci_bus/0000:0e/subsystem/0000:12/device/driver/0000:00:02.7/driver/0000:00:03.3/0000:00:03.3:pcie010/power HTTP/1.1" 200 262209 "-" "meta-externalagent/1.1 (+https://developers.facebook.com/docs/sharing/webmasters/crawler)"
57.141.0.32 - - [07/Nov/2025:00:39:28 +0000] "GET /2025/03/13/?fileloc=//sys/class/pci_bus/0000:10/subsystem/0000:0d/device/driver/0000:00:02.3/0000:05:00.0/class&path=//sys/class/pci_bus/0000:10/subsystem/0000:0d/device/driver/0000:00:02.3/0000:05:00.0 HTTP/1.1" 200 262264 "-" "meta-externalagent/1.1 (+https://developers.facebook.com/docs/sharing/webmasters/crawler)"
216.73.216.147 - - [07/Nov/2025:00:39:28 +0000] "GET /entity/601749726.htm/ HTTP/1.1" 200 45435 "https://datainsightnow.com/entity/601749726.htm" "Mozilla/5.0 AppleWebKit/537.36 (KHTML, like Gecko; compatible; ClaudeBot/1.0; +claudebot@anthropic.com)"
57.141.0.54 - - [07/Nov/2025:00:39:28 +0000] "GET /karamba-spielsaal-erfahrungen-angeschlossen-testbericht-werfen-sie-einen-blick-auf-den-link-within-2025-pro-teutonia/?fileloc=//sys/class/pci_bus/0000:0b/subsystem/0000:0f/device/driver/0000:00:03.5/driver/0000:00:02.1/driver/0000:00:04.1/aer_dev_nonfatal&path=//sys/class/pci_bus/0000:0b/subsystem/0000:0f/device/driver/0000:00:03.5/driver/0000:00:02.1/driver/0000:00:04.1 HTTP/1.1" 200 262209 "-" "meta-externalagent/1.1 (+https://developers.facebook.com/docs/sharing/webmasters/crawler)"
74.7.227.154 - - [07/Nov/2025:00:39:28 +0000] "GET /entity/172062771.htm HTTP/1.1" 301 5 "-" "Mozilla/5.0 AppleWebKit/537.36 (KHTML, like Gecko; compatible; GPTBot/1.2; +https://openai.com/gptbot)"
216.73.216.147 - - [07/Nov/2025:00:39:28 +0000] "GET /entity/442140719.htm HTTP/1.1" 301 5 "-" "Mozilla/5.0 AppleWebKit/537.36 (KHTML, like Gecko; compatible; ClaudeBot/1.0; +claudebot@anthropic.com)"
216.73.216.147 - - [07/Nov/2025:00:39:29 +0000] "GET /entity/442140719.htm/ HTTP/1.1" 200 45435 "https://datainsightnow.com/entity/442140719.htm" "Mozilla/5.0 AppleWebKit/537.36 (KHTML, like Gecko; compatible; ClaudeBot/1.0; +claudebot@anthropic.com)"
74.7.227.154 - - [07/Nov/2025:00:39:29 +0000] "GET /entity/172062771.htm/ HTTP/1.1" 200 45435 "-" "Mozilla/5.0 AppleWebKit/537.36 (KHTML, like Gecko; compatible; GPTBot/1.2; +https://openai.com/gptbot)"
57.141.0.33 - - [07/Nov/2025:00:39:31 +0000] "GET /2025/03/07/page/6/?path=//sys/class/pci_bus/0000:05/subsystem/0000:10/device/driver/0000:00:03.6/driver/0000:00:03.7/0000:00:03.7:pcie001/subsystem/devices HTTP/1.1" 200 262264 "-" "meta-externalagent/1.1 (+https://developers.facebook.com/docs/sharing/webmasters/crawler)"
216.73.216.147 - - [07/Nov/2025:00:39:31 +0000] "GET /entity/601690925.htm HTTP/1.1" 301 5 "-" "Mozilla/5.0 AppleWebKit/537.36 (KHTML, like Gecko; compatible; ClaudeBot/1.0; +claudebot@anthropic.com)"
57.141.0.61 - - [07/Nov/2025:00:39:32 +0000] "GET /karamba-spielsaal-erfahrungen-angeschlossen-testbericht-werfen-sie-einen-blick-auf-den-link-within-2025-pro-teutonia/?path=//sys/class/pci_bus/0000:06/subsystem/0000:0d/subsystem/0000:06/device/pci_bus/0000:06/subsystem/0000:0e/subsystem HTTP/1.1" 200 262209 "-" "meta-externalagent/1.1 (+https://developers.facebook.com/docs/sharing/webmasters/crawler)"
216.73.216.147 - - [07/Nov/2025:00:39:32 +0000] "GET /entity/601690925.htm/ HTTP/1.1" 200 45435 "https://datainsightnow.com/entity/601690925.htm" "Mozilla/5.0 AppleWebKit/537.36 (KHTML, like Gecko; compatible; ClaudeBot/1.0; +claudebot@anthropic.com)"
216.73.216.147 - - [07/Nov/2025:00:39:34 +0000] "GET /entity/442145377.htm HTTP/1.1" 301 5 "-" "Mozilla/5.0 AppleWebKit/537.36 (KHTML, like Gecko; compatible; ClaudeBot/1.0; +claudebot@anthropic.com)"
185.191.171.6 - - [07/Nov/2025:00:39:35 +0000] "GET /?p=22236 HTTP/1.1" 200 43172 "-" "Mozilla/5.0 (compatible; SemrushBot/7~bl; +http://www.semrush.com/bot.html)"
216.73.216.147 - - [07/Nov/2025:00:39:35 +0000] "GET /entity/442145377.htm/ HTTP/1.1" 200 45435 "https://datainsightnow.com/entity/442145377.htm" "Mozilla/5.0 AppleWebKit/537.36 (KHTML, like Gecko; compatible; ClaudeBot/1.0; +claudebot@anthropic.com)"
74.7.227.154 - - [07/Nov/2025:00:39:36 +0000] "GET /entity/172131400.htm HTTP/1.1" 301 5 "-" "Mozilla/5.0 AppleWebKit/537.36 (KHTML, like Gecko; compatible; GPTBot/1.2; +https://openai.com/gptbot)"
74.7.227.154 - - [07/Nov/2025:00:39:36 +0000] "GET /entity/172131400.htm/ HTTP/1.1" 200 45435 "-" "Mozilla/5.0 AppleWebKit/537.36 (KHTML, like Gecko; compatible; GPTBot/1.2; +https://openai.com/gptbot)"
57.141.0.26 - - [07/Nov/2025:00:39:36 +0000] "GET /karamba-spielsaal-erfahrungen-angeschlossen-testbericht-werfen-sie-einen-blick-auf-den-link-within-2025-pro-teutonia/?path=//sys/class/pci_bus/0000:0f/device/driver/0000:00:02.3/firmware_node/physical_node/driver/0000:00:02.3/subsystem HTTP/1.1" 200 262209 "-" "meta-externalagent/1.1 (+https://developers.facebook.com/docs/sharing/webmasters/crawler)"
216.73.216.147 - - [07/Nov/2025:00:39:37 +0000] "GET /entity/601802823.htm HTTP/1.1" 301 5 "-" "Mozilla/5.0 AppleWebKit/537.36 (KHTML, like Gecko; compatible; ClaudeBot/1.0; +claudebot@anthropic.com)"
216.73.216.147 - - [07/Nov/2025:00:39:38 +0000] "GET /entity/601802823.htm/ HTTP/1.1" 200 45435 "https://datainsightnow.com/entity/601802823.htm" "Mozilla/5.0 AppleWebKit/537.36 (KHTML, like Gecko; compatible; ClaudeBot/1.0; +claudebot@anthropic.com)"
74.7.227.154 - - [07/Nov/2025:00:39:38 +0000] "GET /entity/172120787.htm HTTP/1.1" 301 5 "-" "Mozilla/5.0 AppleWebKit/537.36 (KHTML, like Gecko; compatible; GPTBot/1.2; +https://openai.com/gptbot)"
74.7.227.154 - - [07/Nov/2025:00:39:39 +0000] "GET /entity/172120787.htm/ HTTP/1.1" 200 45435 "-" "Mozilla/5.0 AppleWebKit/537.36 (KHTML, like Gecko; compatible; GPTBot/1.2; +https://openai.com/gptbot)"
57.141.0.30 - - [07/Nov/2025:00:39:40 +0000] "GET /karamba-spielsaal-erfahrungen-angeschlossen-testbericht-werfen-sie-einen-blick-auf-den-link-within-2025-pro-teutonia/?path=//sys/class/pci_bus/0000:06/subsystem/0000:0e/subsystem/0000:00/device/0000:00:04.0/firmware_node/physical_node/link HTTP/1.1" 200 262209 "-" "meta-externalagent/1.1 (+https://developers.facebook.com/docs/sharing/webmasters/crawler)"
216.73.216.147 - - [07/Nov/2025:00:39:40 +0000] "GET /entity/601682898.htm HTTP/1.1" 301 5 "-" "Mozilla/5.0 AppleWebKit/537.36 (KHTML, like Gecko; compatible; ClaudeBot/1.0; +claudebot@anthropic.com)"
216.73.216.147 - - [07/Nov/2025:00:39:41 +0000] "GET /entity/601682898.htm/ HTTP/1.1" 200 45435 "https://datainsightnow.com/entity/601682898.htm" "Mozilla/5.0 AppleWebKit/537.36 (KHTML, like Gecko; compatible; ClaudeBot/1.0; +claudebot@anthropic.com)"
74.7.227.154 - - [07/Nov/2025:00:39:41 +0000] "GET /entity/172139174.htm HTTP/1.1" 301 5 "-" "Mozilla/5.0 AppleWebKit/537.36 (KHTML, like Gecko; compatible; GPTBot/1.2; +https://openai.com/gptbot)"
185.191.171.1 - - [07/Nov/2025:00:39:41 +0000] "GET /?p=14857 HTTP/1.1" 200 50905 "-" "Mozilla/5.0 (compatible; SemrushBot/7~bl; +http://www.semrush.com/bot.html)"
57.141.0.46 - - [07/Nov/2025:00:39:42 +0000] "GET /2025/03/07/page/6/?fileloc=//sys/class/pci_bus/0000:0c/subsystem/0000:06/subsystem/0000:04/device/driver/0000:00:03.0/msi_bus&path=//sys/class/pci_bus/0000:0c/subsystem/0000:06/subsystem/0000:04/device/driver/0000:00:03.0 HTTP/1.1" 200 262215 "-" "meta-externalagent/1.1 (+https://developers.facebook.com/docs/sharing/webmasters/crawler)"
74.7.227.154 - - [07/Nov/2025:00:39:42 +0000] "GET /entity/172139174.htm/ HTTP/1.1" 200 45435 "-" "Mozilla/5.0 AppleWebKit/537.36 (KHTML, like Gecko; compatible; GPTBot/1.2; +https://openai.com/gptbot)"
216.73.216.147 - - [07/Nov/2025:00:39:43 +0000] "GET /entity/353725883.htm HTTP/1.1" 301 5 "-" "Mozilla/5.0 AppleWebKit/537.36 (KHTML, like Gecko; compatible; ClaudeBot/1.0; +claudebot@anthropic.com)"
57.141.0.56 - - [07/Nov/2025:00:39:43 +0000] "GET /2025/03/07/page/6/?fileloc=//sys/class/pci_bus/0000:07/subsystem/0000:09/subsystem/0000:0c/subsystem/0000:06/device/driver_override&path=//sys/class/pci_bus/0000:07/subsystem/0000:09/subsystem/0000:0c/subsystem/0000:06/device HTTP/1.1" 200 262209 "-" "meta-externalagent/1.1 (+https://developers.facebook.com/docs/sharing/webmasters/crawler)"
74.7.227.154 - - [07/Nov/2025:00:39:44 +0000] "GET /entity/172174135.htm HTTP/1.1" 301 5 "-" "Mozilla/5.0 AppleWebKit/537.36 (KHTML, like Gecko; compatible; GPTBot/1.2; +https://openai.com/gptbot)"
216.73.216.147 - - [07/Nov/2025:00:39:44 +0000] "GET /entity/353725883.htm/ HTTP/1.1" 200 45435 "https://datainsightnow.com/entity/353725883.htm" "Mozilla/5.0 AppleWebKit/537.36 (KHTML, like Gecko; compatible; ClaudeBot/1.0; +claudebot@anthropic.com)"
74.7.227.154 - - [07/Nov/2025:00:39:44 +0000] "GET /entity/172174135.htm/ HTTP/1.1" 200 45435 "-" "Mozilla/5.0 AppleWebKit/537.36 (KHTML, like Gecko; compatible; GPTBot/1.2; +https://openai.com/gptbot)"
217.113.194.54 - - [07/Nov/2025:00:39:46 +0000] "GET /about/?fileloc=/opt/wpsites/datainsightnow.com/wp-includes/js/dist/shortcode.min.js&path=/opt/wpsites/datainsightnow.com/wp-includes/js/dist HTTP/1.1" 200 45435 "-" "Mozilla/5.0 (compatible; Barkrowler/0.9; +https://babbar.tech/crawler)"
216.73.216.147 - - [07/Nov/2025:00:39:46 +0000] "GET /entity/601649234.htm HTTP/1.1" 301 5 "-" "Mozilla/5.0 AppleWebKit/537.36 (KHTML, like Gecko; compatible; ClaudeBot/1.0; +claudebot@anthropic.com)"
57.141.0.15 - - [07/Nov/2025:00:39:47 +0000] "GET /karamba-spielsaal-erfahrungen-angeschlossen-testbericht-werfen-sie-einen-blick-auf-den-link-within-2025-pro-teutonia/?fileloc=//sys/class/pci_bus/0000:02/subsystem/0000:0e/device/driver/0000:00:02.0/driver/0000:00:02.7/driver_override&path=//sys/class/pci_bus/0000:02/subsystem/0000:0e/device/driver/0000:00:02.0/driver/0000:00:02.7 HTTP/1.1" 200 262209 "-" "meta-externalagent/1.1 (+https://developers.facebook.com/docs/sharing/webmasters/crawler)"
216.73.216.147 - - [07/Nov/2025:00:39:47 +0000] "GET /entity/601649234.htm/ HTTP/1.1" 200 45435 "https://datainsightnow.com/entity/601649234.htm" "Mozilla/5.0 AppleWebKit/537.36 (KHTML, like Gecko; compatible; ClaudeBot/1.0; +claudebot@anthropic.com)"
74.7.227.154 - - [07/Nov/2025:00:39:47 +0000] "GET /entity/172083230.htm HTTP/1.1" 301 5 "-" "Mozilla/5.0 AppleWebKit/537.36 (KHTML, like Gecko; compatible; GPTBot/1.2; +https://openai.com/gptbot)"
85.208.96.212 - - [07/Nov/2025:00:39:48 +0000] "GET /?p=42623 HTTP/1.1" 200 42845 "-" "Mozilla/5.0 (compatible; SemrushBot/7~bl; +http://www.semrush.com/bot.html)"
74.7.227.154 - - [07/Nov/2025:00:39:48 +0000] "GET /entity/172083230.htm/ HTTP/1.1" 200 45435 "-" "Mozilla/5.0 AppleWebKit/537.36 (KHTML, like Gecko; compatible; GPTBot/1.2; +https://openai.com/gptbot)"
57.141.0.25 - - [07/Nov/2025:00:39:49 +0000] "GET /2025/03/07/page/6/?fileloc=//sys/class/pci_bus/0000:02/subsystem/0000:0f/subsystem/0000:06/subsystem/0000:11/device/vendor&path=//sys/class/pci_bus/0000:02/subsystem/0000:0f/subsystem/0000:06/subsystem/0000:11/device HTTP/1.1" 200 262264 "-" "meta-externalagent/1.1 (+https://developers.facebook.com/docs/sharing/webmasters/crawler)"
57.141.0.65 - - [07/Nov/2025:00:39:49 +0000] "GET /2025/03/07/page/6/?fileloc=//sys/class/pci_bus/0000:0a/device/driver/0000:00:02.0/0000:00:02.0:pcie001/driver/0000:00:02.3:pcie001/subsystem/devices/0000:00:03.4:pcie001/uevent&path=//sys/class/pci_bus/0000:0a/device/driver/0000:00:02.0/0000:00:02.0:pcie001/driver/0000:00:02.3:pcie001/subsystem/devices/0000:00:03.4:pcie001 HTTP/1.1" 200 262209 "-" "meta-externalagent/1.1 (+https://developers.facebook.com/docs/sharing/webmasters/crawler)"
52.167.144.198 - - [07/Nov/2025:00:39:49 +0000] "GET /627120581?entity=0624699526 HTTP/1.1" 200 30108 "-" "Mozilla/5.0 AppleWebKit/537.36 (KHTML, like Gecko; compatible; bingbot/2.0; +http://www.bing.com/bingbot.htm) Chrome/116.0.1938.76 Safari/537.36"
57.141.0.70 - - [07/Nov/2025:00:39:49 +0000] "GET /karamba-spielsaal-erfahrungen-angeschlossen-testbericht-werfen-sie-einen-blick-auf-den-link-within-2025-pro-teutonia/?fileloc=//sys/class/pci_bus/0000:0f/subsystem/0000:01/subsystem/0000:01/subsystem/0000:00/device/0000:00:04.0/driver/0000:00:03.5/local_cpulist&path=//sys/class/pci_bus/0000:0f/subsystem/0000:01/subsystem/0000:01/subsystem/0000:00/device/0000:00:04.0/driver/0000:00:03.5 HTTP/1.1" 200 262248 "-" "meta-externalagent/1.1 (+https://developers.facebook.com/docs/sharing/webmasters/crawler)"
216.73.216.147 - - [07/Nov/2025:00:39:49 +0000] "GET /entity/601779248.htm HTTP/1.1" 301 5 "-" "Mozilla/5.0 AppleWebKit/537.36 (KHTML, like Gecko; compatible; ClaudeBot/1.0; +claudebot@anthropic.com)"
57.141.0.36 - - [07/Nov/2025:00:39:49 +0000] "GET /2025/03/07/page/6/?fileloc=//sys/class/pci_bus/0000:03/device/firmware_node/subsystem/devices/device:39/subsystem/devices/device:0e/adr&path=//sys/class/pci_bus/0000:03/device/firmware_node/subsystem/devices/device:39/subsystem/devices/device:0e HTTP/1.1" 200 262216 "-" "meta-externalagent/1.1 (+https://developers.facebook.com/docs/sharing/webmasters/crawler)"
74.7.227.154 - - [07/Nov/2025:00:39:50 +0000] "GET /entity/172090219.htm HTTP/1.1" 301 5 "-" "Mozilla/5.0 AppleWebKit/537.36 (KHTML, like Gecko; compatible; GPTBot/1.2; +https://openai.com/gptbot)"
66.135.21.75 - - [07/Nov/2025:00:39:50 +0000] "POST /wp-cron.php?doing_wp_cron=1762475990.4735300540924072265625 HTTP/1.1" 200 31 "-" "WordPress/6.3.1; https://datainsightnow.com"
216.73.216.147 - - [07/Nov/2025:00:39:50 +0000] "GET /entity/601779248.htm/ HTTP/1.1" 200 45435 "https://datainsightnow.com/entity/601779248.htm" "Mozilla/5.0 AppleWebKit/537.36 (KHTML, like Gecko; compatible; ClaudeBot/1.0; +claudebot@anthropic.com)"
57.141.0.55 - - [07/Nov/2025:00:39:50 +0000] "GET /2025/03/07/page/6/?fileloc=//sys/class/pci_bus/0000:11/device/subsystem/drivers/pcieport/0000:00:02.0/subsystem_vendor&path=//sys/class/pci_bus/0000:11/device/subsystem/drivers/pcieport/0000:00:02.0 HTTP/1.1" 200 262209 "-" "meta-externalagent/1.1 (+https://developers.facebook.com/docs/sharing/webmasters/crawler)"
57.141.0.50 - - [07/Nov/2025:00:39:51 +0000] "GET /karamba-spielsaal-erfahrungen-angeschlossen-testbericht-werfen-sie-einen-blick-auf-den-link-within-2025-pro-teutonia/?fileloc=//sys/class/pci_bus/0000:06/subsystem/0000:00/subsystem/0000:06/subsystem/0000:02/subsystem/0000:04/subsystem/0000:0d/power/runtime_usage&path=//sys/class/pci_bus/0000:06/subsystem/0000:00/subsystem/0000:06/subsystem/0000:02/subsystem/0000:04/subsystem/0000:0d/power HTTP/1.1" 200 262264 "-" "meta-externalagent/1.1 (+https://developers.facebook.com/docs/sharing/webmasters/crawler)"
74.7.227.154 - - [07/Nov/2025:00:39:51 +0000] "GET /entity/172090219.htm/ HTTP/1.1" 200 45435 "-" "Mozilla/5.0 AppleWebKit/537.36 (KHTML, like Gecko; compatible; GPTBot/1.2; +https://openai.com/gptbot)"
216.73.216.147 - - [07/Nov/2025:00:39:52 +0000] "GET /entity/441975473.htm HTTP/1.1" 301 5 "-" "Mozilla/5.0 AppleWebKit/537.36 (KHTML, like Gecko; compatible; ClaudeBot/1.0; +claudebot@anthropic.com)"
216.73.216.147 - - [07/Nov/2025:00:39:53 +0000] "GET /entity/441975473.htm/ HTTP/1.1" 200 45435 "https://datainsightnow.com/entity/441975473.htm" "Mozilla/5.0 AppleWebKit/537.36 (KHTML, like Gecko; compatible; ClaudeBot/1.0; +claudebot@anthropic.com)"
114.119.137.141 - - [07/Nov/2025:00:39:53 +0000] "GET /zodiac-kasino-erfahrungen-2024-480-bonus-80-freispiele?path=//sys/dev/char/4:57/subsystem/tty61 HTTP/1.1" 301 5 "https://datainsightnow.com/zodiac-kasino-erfahrungen-2024-480-bonus-80-freispiele/?path=//sys/dev/char/4%3A57/subsystem" "Mozilla/5.0 (Linux; Android 7.0;) AppleWebKit/537.36 (KHTML, like Gecko) Mobile Safari/537.36 (compatible; PetalBot;+https://webmaster.petalsearch.com/site/petalbot)"
185.191.171.13 - - [07/Nov/2025:00:39:53 +0000] "GET /?p=28669 HTTP/1.1" 200 44073 "-" "Mozilla/5.0 (compatible; SemrushBot/7~bl; +http://www.semrush.com/bot.html)"
74.7.227.154 - - [07/Nov/2025:00:39:53 +0000] "GET /entity/172129328.htm HTTP/1.1" 301 5 "-" "Mozilla/5.0 AppleWebKit/537.36 (KHTML, like Gecko; compatible; GPTBot/1.2; +https://openai.com/gptbot)"
74.7.227.154 - - [07/Nov/2025:00:39:54 +0000] "GET /entity/172129328.htm/ HTTP/1.1" 200 45435 "-" "Mozilla/5.0 AppleWebKit/537.36 (KHTML, like Gecko; compatible; GPTBot/1.2; +https://openai.com/gptbot)"
