216.73.216.147 - - [07/Nov/2025:00:29:56 +0000] "GET /entity/276365169.htm/ HTTP/1.1" 200 45435 "https://datainsightnow.com/entity/276365169.htm" "Mozilla/5.0 AppleWebKit/537.36 (KHTML, like Gecko; compatible; ClaudeBot/1.0; +claudebot@anthropic.com)"
57.141.0.48 - - [07/Nov/2025:00:29:56 +0000] "GET /2025/03/07/page/6/?path=//sys/class/pci_bus/0000:05/subsystem/0000:0a/device/driver/0000:00:02.2/driver/0000:00:02.5/driver/0000:00:02.0 HTTP/1.1" 200 262264 "-" "meta-externalagent/1.1 (+https://developers.facebook.com/docs/sharing/webmasters/crawler)"
57.141.0.40 - - [07/Nov/2025:00:29:57 +0000] "GET /karamba-spielsaal-erfahrungen-angeschlossen-testbericht-werfen-sie-einen-blick-auf-den-link-within-2025-pro-teutonia/?fileloc=//sys/class/pci_bus/0000:09/subsystem/0000:06/device/driver/0000:00:02.4/subsystem/devices/0000:00:02.5/resource0&path=//sys/class/pci_bus/0000:09/subsystem/0000:06/device/driver/0000:00:02.4/subsystem/devices/0000:00:02.5 HTTP/1.1" 200 262264 "-" "meta-externalagent/1.1 (+https://developers.facebook.com/docs/sharing/webmasters/crawler)"
57.141.0.28 - - [07/Nov/2025:00:29:57 +0000] "GET /2025/03/07/page/6/?path=//sys/class/pci_bus/0000:0a/subsystem/0000:0d/subsystem/0000:12/subsystem/0000:08/device/driver/0000:00:04.1 HTTP/1.1" 200 262215 "-" "meta-externalagent/1.1 (+https://developers.facebook.com/docs/sharing/webmasters/crawler)"
57.141.0.29 - - [07/Nov/2025:00:29:57 +0000] "GET /2025/03/07/page/6/?fileloc=//sys/class/pci_bus/0000:11/subsystem/0000:06/subsystem/0000:04/subsystem/0000:04/subsystem/0000:07/device/msi_bus&path=//sys/class/pci_bus/0000:11/subsystem/0000:06/subsystem/0000:04/subsystem/0000:04/subsystem/0000:07/device HTTP/1.1" 200 262215 "-" "meta-externalagent/1.1 (+https://developers.facebook.com/docs/sharing/webmasters/crawler)"
217.113.194.57 - - [07/Nov/2025:00:29:58 +0000] "GET /contact/?fileloc=/opt/wpsites/datainsightnow.com/wp-includes/block-patterns/query-grid-posts.php&path=/opt/wpsites/datainsightnow.com/wp-includes/block-patterns HTTP/1.1" 200 45435 "-" "Mozilla/5.0 (compatible; Barkrowler/0.9; +https://babbar.tech/crawler)"
74.7.227.154 - - [07/Nov/2025:00:29:59 +0000] "GET /entity/172128292.htm HTTP/1.1" 301 5 "-" "Mozilla/5.0 AppleWebKit/537.36 (KHTML, like Gecko; compatible; GPTBot/1.2; +https://openai.com/gptbot)"
216.73.216.147 - - [07/Nov/2025:00:29:59 +0000] "GET /entity/840003041.htm HTTP/1.1" 301 5 "-" "Mozilla/5.0 AppleWebKit/537.36 (KHTML, like Gecko; compatible; ClaudeBot/1.0; +claudebot@anthropic.com)"
74.7.227.154 - - [07/Nov/2025:00:30:00 +0000] "GET /entity/172128292.htm/ HTTP/1.1" 200 45435 "-" "Mozilla/5.0 AppleWebKit/537.36 (KHTML, like Gecko; compatible; GPTBot/1.2; +https://openai.com/gptbot)"
216.73.216.147 - - [07/Nov/2025:00:30:00 +0000] "GET /entity/840003041.htm/ HTTP/1.1" 200 45435 "https://datainsightnow.com/entity/840003041.htm" "Mozilla/5.0 AppleWebKit/537.36 (KHTML, like Gecko; compatible; ClaudeBot/1.0; +claudebot@anthropic.com)"
74.7.227.154 - - [07/Nov/2025:00:30:02 +0000] "GET /entity/171996206.htm HTTP/1.1" 301 5 "-" "Mozilla/5.0 AppleWebKit/537.36 (KHTML, like Gecko; compatible; GPTBot/1.2; +https://openai.com/gptbot)"
216.73.216.147 - - [07/Nov/2025:00:30:02 +0000] "GET /entity/815462795.htm HTTP/1.1" 301 5 "-" "Mozilla/5.0 AppleWebKit/537.36 (KHTML, like Gecko; compatible; ClaudeBot/1.0; +claudebot@anthropic.com)"
74.7.227.154 - - [07/Nov/2025:00:30:02 +0000] "GET /entity/171996206.htm/ HTTP/1.1" 200 45435 "-" "Mozilla/5.0 AppleWebKit/537.36 (KHTML, like Gecko; compatible; GPTBot/1.2; +https://openai.com/gptbot)"
85.208.96.210 - - [07/Nov/2025:00:30:03 +0000] "GET /?p=10109 HTTP/1.1" 200 42690 "-" "Mozilla/5.0 (compatible; SemrushBot/7~bl; +http://www.semrush.com/bot.html)"
216.73.216.147 - - [07/Nov/2025:00:30:03 +0000] "GET /entity/815462795.htm/ HTTP/1.1" 200 45435 "https://datainsightnow.com/entity/815462795.htm" "Mozilla/5.0 AppleWebKit/537.36 (KHTML, like Gecko; compatible; ClaudeBot/1.0; +claudebot@anthropic.com)"
74.7.227.154 - - [07/Nov/2025:00:30:05 +0000] "GET /entity/172155226.htm HTTP/1.1" 301 5 "-" "Mozilla/5.0 AppleWebKit/537.36 (KHTML, like Gecko; compatible; GPTBot/1.2; +https://openai.com/gptbot)"
216.73.216.147 - - [07/Nov/2025:00:30:05 +0000] "GET /entity/684195118.htm HTTP/1.1" 301 5 "-" "Mozilla/5.0 AppleWebKit/537.36 (KHTML, like Gecko; compatible; ClaudeBot/1.0; +claudebot@anthropic.com)"
74.7.227.154 - - [07/Nov/2025:00:30:06 +0000] "GET /entity/172155226.htm/ HTTP/1.1" 200 45435 "-" "Mozilla/5.0 AppleWebKit/537.36 (KHTML, like Gecko; compatible; GPTBot/1.2; +https://openai.com/gptbot)"
216.73.216.147 - - [07/Nov/2025:00:30:06 +0000] "GET /entity/684195118.htm/ HTTP/1.1" 200 45435 "https://datainsightnow.com/entity/684195118.htm" "Mozilla/5.0 AppleWebKit/537.36 (KHTML, like Gecko; compatible; ClaudeBot/1.0; +claudebot@anthropic.com)"
74.7.227.154 - - [07/Nov/2025:00:30:08 +0000] "GET /entity/172121301.htm HTTP/1.1" 301 5 "-" "Mozilla/5.0 AppleWebKit/537.36 (KHTML, like Gecko; compatible; GPTBot/1.2; +https://openai.com/gptbot)"
74.7.227.154 - - [07/Nov/2025:00:30:08 +0000] "GET /entity/172121301.htm/ HTTP/1.1" 200 45435 "-" "Mozilla/5.0 AppleWebKit/537.36 (KHTML, like Gecko; compatible; GPTBot/1.2; +https://openai.com/gptbot)"
216.73.216.147 - - [07/Nov/2025:00:30:08 +0000] "GET /entity/840195476.htm HTTP/1.1" 301 5 "-" "Mozilla/5.0 AppleWebKit/537.36 (KHTML, like Gecko; compatible; ClaudeBot/1.0; +claudebot@anthropic.com)"
216.73.216.147 - - [07/Nov/2025:00:30:09 +0000] "GET /entity/840195476.htm/ HTTP/1.1" 200 45435 "https://datainsightnow.com/entity/840195476.htm" "Mozilla/5.0 AppleWebKit/537.36 (KHTML, like Gecko; compatible; ClaudeBot/1.0; +claudebot@anthropic.com)"
74.7.227.154 - - [07/Nov/2025:00:30:11 +0000] "GET /entity/172185272.htm HTTP/1.1" 301 5 "-" "Mozilla/5.0 AppleWebKit/537.36 (KHTML, like Gecko; compatible; GPTBot/1.2; +https://openai.com/gptbot)"
216.73.216.147 - - [07/Nov/2025:00:30:11 +0000] "GET /entity/840258419.htm HTTP/1.1" 301 5 "-" "Mozilla/5.0 AppleWebKit/537.36 (KHTML, like Gecko; compatible; ClaudeBot/1.0; +claudebot@anthropic.com)"
74.7.227.154 - - [07/Nov/2025:00:30:11 +0000] "GET /entity/172185272.htm/ HTTP/1.1" 200 45435 "-" "Mozilla/5.0 AppleWebKit/537.36 (KHTML, like Gecko; compatible; GPTBot/1.2; +https://openai.com/gptbot)"
216.73.216.147 - - [07/Nov/2025:00:30:12 +0000] "GET /entity/840258419.htm/ HTTP/1.1" 200 45435 "https://datainsightnow.com/entity/840258419.htm" "Mozilla/5.0 AppleWebKit/537.36 (KHTML, like Gecko; compatible; ClaudeBot/1.0; +claudebot@anthropic.com)"
57.141.0.58 - - [07/Nov/2025:00:30:12 +0000] "GET /karamba-spielsaal-erfahrungen-angeschlossen-testbericht-werfen-sie-einen-blick-auf-den-link-within-2025-pro-teutonia/?fileloc=//sys/class/pci_bus/0000:04/device/driver/0000:00:04.0/driver/0000:00:03.7/driver/0000:00:02.0/driver/0000:00:03.6/subsystem_device&path=//sys/class/pci_bus/0000:04/device/driver/0000:00:04.0/driver/0000:00:03.7/driver/0000:00:02.0/driver/0000:00:03.6 HTTP/1.1" 200 262264 "-" "meta-externalagent/1.1 (+https://developers.facebook.com/docs/sharing/webmasters/crawler)"
57.141.0.32 - - [07/Nov/2025:00:30:13 +0000] "GET /karamba-spielsaal-erfahrungen-angeschlossen-testbericht-werfen-sie-einen-blick-auf-den-link-within-2025-pro-teutonia/?fileloc=//sys/class/pci_bus/0000:0d/subsystem/0000:0b/subsystem/0000:0e/subsystem/0000:13/uevent&path=//sys/class/pci_bus/0000:0d/subsystem/0000:0b/subsystem/0000:0e/subsystem/0000:13 HTTP/1.1" 200 262209 "-" "meta-externalagent/1.1 (+https://developers.facebook.com/docs/sharing/webmasters/crawler)"
216.73.216.147 - - [07/Nov/2025:00:30:14 +0000] "GET /entity/815552668.htm HTTP/1.1" 301 5 "-" "Mozilla/5.0 AppleWebKit/537.36 (KHTML, like Gecko; compatible; ClaudeBot/1.0; +claudebot@anthropic.com)"
216.73.216.147 - - [07/Nov/2025:00:30:15 +0000] "GET /entity/815552668.htm/ HTTP/1.1" 200 45435 "https://datainsightnow.com/entity/815552668.htm" "Mozilla/5.0 AppleWebKit/537.36 (KHTML, like Gecko; compatible; ClaudeBot/1.0; +claudebot@anthropic.com)"
217.113.194.214 - - [07/Nov/2025:00:30:17 +0000] "GET /contact/?fileloc=/opt/wpsites/gsudice.dataconn.net/wp-includes/class-wp-site-query.php&path=/opt/wpsites/gsudice.dataconn.net/wp-includes HTTP/1.1" 200 45435 "-" "Mozilla/5.0 (compatible; Barkrowler/0.9; +https://babbar.tech/crawler)"
216.73.216.147 - - [07/Nov/2025:00:30:17 +0000] "GET /entity/182723462.htm HTTP/1.1" 301 5 "-" "Mozilla/5.0 AppleWebKit/537.36 (KHTML, like Gecko; compatible; ClaudeBot/1.0; +claudebot@anthropic.com)"
216.73.216.147 - - [07/Nov/2025:00:30:18 +0000] "GET /entity/182723462.htm/ HTTP/1.1" 200 45435 "https://datainsightnow.com/entity/182723462.htm" "Mozilla/5.0 AppleWebKit/537.36 (KHTML, like Gecko; compatible; ClaudeBot/1.0; +claudebot@anthropic.com)"
74.7.227.154 - - [07/Nov/2025:00:30:18 +0000] "GET /entity/172023403.htm HTTP/1.1" 301 5 "-" "Mozilla/5.0 AppleWebKit/537.36 (KHTML, like Gecko; compatible; GPTBot/1.2; +https://openai.com/gptbot)"
74.7.227.154 - - [07/Nov/2025:00:30:19 +0000] "GET /entity/172023403.htm/ HTTP/1.1" 200 45435 "-" "Mozilla/5.0 AppleWebKit/537.36 (KHTML, like Gecko; compatible; GPTBot/1.2; +https://openai.com/gptbot)"
57.141.0.73 - - [07/Nov/2025:00:30:20 +0000] "GET /2025/03/07/page/6/?fileloc=//sys/class/pci_bus/0000:05/subsystem/0000:0d/subsystem/0000:06/subsystem/0000:05/device/subordinate_bus_number&path=//sys/class/pci_bus/0000:05/subsystem/0000:0d/subsystem/0000:06/subsystem/0000:05/device HTTP/1.1" 200 262255 "-" "meta-externalagent/1.1 (+https://developers.facebook.com/docs/sharing/webmasters/crawler)"
57.141.0.21 - - [07/Nov/2025:00:30:20 +0000] "GET /karamba-spielsaal-erfahrungen-angeschlossen-testbericht-werfen-sie-einen-blick-auf-den-link-within-2025-pro-teutonia/?fileloc=//sys/class/pci_bus/0000:07/subsystem/0000:06/device/driver/0000:00:02.4/subsystem/devices/0000:00:02.3/0000:05:00.0/modalias&path=//sys/class/pci_bus/0000:07/subsystem/0000:06/device/driver/0000:00:02.4/subsystem/devices/0000:00:02.3/0000:05:00.0 HTTP/1.1" 200 262215 "-" "meta-externalagent/1.1 (+https://developers.facebook.com/docs/sharing/webmasters/crawler)"
216.73.216.147 - - [07/Nov/2025:00:30:20 +0000] "GET /entity/840225267.htm HTTP/1.1" 301 5 "-" "Mozilla/5.0 AppleWebKit/537.36 (KHTML, like Gecko; compatible; ClaudeBot/1.0; +claudebot@anthropic.com)"
216.73.216.147 - - [07/Nov/2025:00:30:21 +0000] "GET /entity/840225267.htm/ HTTP/1.1" 200 45435 "https://datainsightnow.com/entity/840225267.htm" "Mozilla/5.0 AppleWebKit/537.36 (KHTML, like Gecko; compatible; ClaudeBot/1.0; +claudebot@anthropic.com)"
74.7.227.154 - - [07/Nov/2025:00:30:21 +0000] "GET /entity/172060177.htm HTTP/1.1" 301 5 "-" "Mozilla/5.0 AppleWebKit/537.36 (KHTML, like Gecko; compatible; GPTBot/1.2; +https://openai.com/gptbot)"
74.7.227.154 - - [07/Nov/2025:00:30:21 +0000] "GET /entity/172060177.htm/ HTTP/1.1" 200 45435 "-" "Mozilla/5.0 AppleWebKit/537.36 (KHTML, like Gecko; compatible; GPTBot/1.2; +https://openai.com/gptbot)"
57.141.0.6 - - [07/Nov/2025:00:30:22 +0000] "GET /2025/03/06/page/39/?path=//sys/class/pci_bus/0000:0b/subsystem/0000:00/subsystem/0000:00/device/0000:00:03.0/0000:00:03.0:pcie001/driver/0000:00:03.0:pcie001 HTTP/1.1" 200 262264 "-" "meta-externalagent/1.1 (+https://developers.facebook.com/docs/sharing/webmasters/crawler)"
74.7.227.154 - - [07/Nov/2025:00:30:23 +0000] "GET /entity/172041527.htm HTTP/1.1" 301 5 "-" "Mozilla/5.0 AppleWebKit/537.36 (KHTML, like Gecko; compatible; GPTBot/1.2; +https://openai.com/gptbot)"
185.191.171.14 - - [07/Nov/2025:00:30:24 +0000] "GET /?p=14187 HTTP/1.1" 200 41966 "-" "Mozilla/5.0 (compatible; SemrushBot/7~bl; +http://www.semrush.com/bot.html)"
57.141.0.27 - - [07/Nov/2025:00:30:24 +0000] "GET /2025/03/06/page/39/?fileloc=//sys/class/pci_bus/0000:08/subsystem/0000:0d/subsystem/0000:05/device/firmware_node/physical_node/0000:05:00.0/power_state&path=//sys/class/pci_bus/0000:08/subsystem/0000:0d/subsystem/0000:05/device/firmware_node/physical_node/0000:05:00.0 HTTP/1.1" 200 262264 "-" "meta-externalagent/1.1 (+https://developers.facebook.com/docs/sharing/webmasters/crawler)"
74.7.227.154 - - [07/Nov/2025:00:30:25 +0000] "GET /entity/172041527.htm/ HTTP/1.1" 200 45435 "-" "Mozilla/5.0 AppleWebKit/537.36 (KHTML, like Gecko; compatible; GPTBot/1.2; +https://openai.com/gptbot)"
57.141.0.71 - - [07/Nov/2025:00:30:25 +0000] "GET /2025/03/07/page/6/?fileloc=//sys/class/pci_bus/0000:05/subsystem/0000:02/subsystem/0000:00/device/firmware_node/device:2c/power/runtime_active_kids&path=//sys/class/pci_bus/0000:05/subsystem/0000:02/subsystem/0000:00/device/firmware_node/device:2c/power HTTP/1.1" 200 262209 "-" "meta-externalagent/1.1 (+https://developers.facebook.com/docs/sharing/webmasters/crawler)"
216.73.216.147 - - [07/Nov/2025:00:30:25 +0000] "GET /entity/76573354.htm HTTP/1.1" 301 5 "-" "Mozilla/5.0 AppleWebKit/537.36 (KHTML, like Gecko; compatible; ClaudeBot/1.0; +claudebot@anthropic.com)"
57.141.0.8 - - [07/Nov/2025:00:30:25 +0000] "GET /karamba-spielsaal-erfahrungen-angeschlossen-testbericht-werfen-sie-einen-blick-auf-den-link-within-2025-pro-teutonia/?fileloc=//sys/class/pci_bus/0000:07/subsystem/0000:04/subsystem/0000:05/device/driver/0000:00:04.1/enable&path=//sys/class/pci_bus/0000:07/subsystem/0000:04/subsystem/0000:05/device/driver/0000:00:04.1 HTTP/1.1" 200 262209 "-" "meta-externalagent/1.1 (+https://developers.facebook.com/docs/sharing/webmasters/crawler)"
216.73.216.147 - - [07/Nov/2025:00:30:26 +0000] "GET /entity/76573354.htm/ HTTP/1.1" 200 45435 "https://datainsightnow.com/entity/76573354.htm" "Mozilla/5.0 AppleWebKit/537.36 (KHTML, like Gecko; compatible; ClaudeBot/1.0; +claudebot@anthropic.com)"
74.7.227.154 - - [07/Nov/2025:00:30:27 +0000] "GET /entity/171978584.htm HTTP/1.1" 301 5 "-" "Mozilla/5.0 AppleWebKit/537.36 (KHTML, like Gecko; compatible; GPTBot/1.2; +https://openai.com/gptbot)"
216.73.216.147 - - [07/Nov/2025:00:30:28 +0000] "GET /entity/238510775.htm HTTP/1.1" 301 5 "-" "Mozilla/5.0 AppleWebKit/537.36 (KHTML, like Gecko; compatible; ClaudeBot/1.0; +claudebot@anthropic.com)"
74.7.227.154 - - [07/Nov/2025:00:30:28 +0000] "GET /entity/171978584.htm/ HTTP/1.1" 200 45435 "-" "Mozilla/5.0 AppleWebKit/537.36 (KHTML, like Gecko; compatible; GPTBot/1.2; +https://openai.com/gptbot)"
216.73.216.147 - - [07/Nov/2025:00:30:28 +0000] "GET /entity/238510775.htm/ HTTP/1.1" 200 45435 "https://datainsightnow.com/entity/238510775.htm" "Mozilla/5.0 AppleWebKit/537.36 (KHTML, like Gecko; compatible; ClaudeBot/1.0; +claudebot@anthropic.com)"
74.7.227.154 - - [07/Nov/2025:00:30:30 +0000] "GET /entity/172103165.htm HTTP/1.1" 301 5 "-" "Mozilla/5.0 AppleWebKit/537.36 (KHTML, like Gecko; compatible; GPTBot/1.2; +https://openai.com/gptbot)"
74.7.227.154 - - [07/Nov/2025:00:30:30 +0000] "GET /entity/172103165.htm/ HTTP/1.1" 200 45435 "-" "Mozilla/5.0 AppleWebKit/537.36 (KHTML, like Gecko; compatible; GPTBot/1.2; +https://openai.com/gptbot)"
216.73.216.147 - - [07/Nov/2025:00:30:31 +0000] "GET /entity/429211951.htm HTTP/1.1" 301 5 "-" "Mozilla/5.0 AppleWebKit/537.36 (KHTML, like Gecko; compatible; ClaudeBot/1.0; +claudebot@anthropic.com)"
85.208.96.210 - - [07/Nov/2025:00:30:31 +0000] "GET /?p=47093 HTTP/1.1" 200 41649 "-" "Mozilla/5.0 (compatible; SemrushBot/7~bl; +http://www.semrush.com/bot.html)"
57.141.0.42 - - [07/Nov/2025:00:30:32 +0000] "GET /2025/03/07/page/6/?fileloc=//sys/class/pci_bus/0000:05/subsystem/0000:08/subsystem/0000:0c/subsystem/0000:12/device/subsystem/devices/0000:00:03.2/config&path=//sys/class/pci_bus/0000:05/subsystem/0000:08/subsystem/0000:0c/subsystem/0000:12/device/subsystem/devices/0000:00:03.2 HTTP/1.1" 200 262209 "-" "meta-externalagent/1.1 (+https://developers.facebook.com/docs/sharing/webmasters/crawler)"
57.141.0.63 - - [07/Nov/2025:00:30:32 +0000] "GET /karamba-spielsaal-erfahrungen-angeschlossen-testbericht-werfen-sie-einen-blick-auf-den-link-within-2025-pro-teutonia/?path=//sys/class/pci_bus/0000:0d/subsystem/0000:0f/subsystem/0000:0e/subsystem/0000:12/device HTTP/1.1" 200 262248 "-" "meta-externalagent/1.1 (+https://developers.facebook.com/docs/sharing/webmasters/crawler)"
216.73.216.147 - - [07/Nov/2025:00:30:32 +0000] "GET /entity/429211951.htm/ HTTP/1.1" 200 45435 "https://datainsightnow.com/entity/429211951.htm" "Mozilla/5.0 AppleWebKit/537.36 (KHTML, like Gecko; compatible; ClaudeBot/1.0; +claudebot@anthropic.com)"
66.135.21.75 - - [07/Nov/2025:00:30:32 +0000] "POST /wp-cron.php?doing_wp_cron=1762475432.5492610931396484375000 HTTP/1.1" 200 31 "-" "WordPress/6.3.1; https://datainsightnow.com"
57.141.0.18 - - [07/Nov/2025:00:30:34 +0000] "GET /2025/03/07/page/6/?path=//sys/class/pci_bus/0000:09/subsystem/0000:10/device/driver/0000:00:04.0/subsystem/devices/0000:00:02.1 HTTP/1.1" 200 262217 "-" "meta-externalagent/1.1 (+https://developers.facebook.com/docs/sharing/webmasters/crawler)"
57.141.0.17 - - [07/Nov/2025:00:30:34 +0000] "GET /2025/03/07/page/6/?path=//sys/class/pci_bus/0000:07/device/driver/0000:00:02.2/driver/0000:00:03.6/firmware_node/wakeup HTTP/1.1" 200 262216 "-" "meta-externalagent/1.1 (+https://developers.facebook.com/docs/sharing/webmasters/crawler)"
74.7.227.154 - - [07/Nov/2025:00:30:34 +0000] "GET /entity/171986358.htm HTTP/1.1" 301 5 "-" "Mozilla/5.0 AppleWebKit/537.36 (KHTML, like Gecko; compatible; GPTBot/1.2; +https://openai.com/gptbot)"
57.141.0.75 - - [07/Nov/2025:00:30:34 +0000] "GET /moneysense-self-help-guide-to-the-ideal-profile/?fileloc=//sys/class/pci_bus/0000:05/subsystem/0000:02/device/driver/0000:00:04.1/driver/0000:00:02.6/local_cpulist&path=//sys/class/pci_bus/0000:05/subsystem/0000:02/device/driver/0000:00:04.1/driver/0000:00:02.6 HTTP/1.1" 200 262215 "-" "meta-externalagent/1.1 (+https://developers.facebook.com/docs/sharing/webmasters/crawler)"
216.73.216.147 - - [07/Nov/2025:00:30:34 +0000] "GET /entity/94599754.htm HTTP/1.1" 301 5 "-" "Mozilla/5.0 AppleWebKit/537.36 (KHTML, like Gecko; compatible; ClaudeBot/1.0; +claudebot@anthropic.com)"
57.141.0.38 - - [07/Nov/2025:00:30:35 +0000] "GET /karamba-spielsaal-erfahrungen-angeschlossen-testbericht-werfen-sie-einen-blick-auf-den-link-within-2025-pro-teutonia/?fileloc=//sys/class/pci_bus/0000:06/subsystem/0000:0d/subsystem/0000:05/device/driver/0000:00:02.6/driver/0000:00:02.5/max_link_speed&path=//sys/class/pci_bus/0000:06/subsystem/0000:0d/subsystem/0000:05/device/driver/0000:00:02.6/driver/0000:00:02.5 HTTP/1.1" 200 262248 "-" "meta-externalagent/1.1 (+https://developers.facebook.com/docs/sharing/webmasters/crawler)"
57.141.0.14 - - [07/Nov/2025:00:30:35 +0000] "GET /moneysense-self-help-guide-to-the-ideal-profile/?fileloc=//sys/class/pci_bus/0000:08/subsystem/0000:0d/subsystem/0000:0b/subsystem/0000:06/subsystem/0000:09/rescan&path=//sys/class/pci_bus/0000:08/subsystem/0000:0d/subsystem/0000:0b/subsystem/0000:06/subsystem/0000:09 HTTP/1.1" 200 262209 "-" "meta-externalagent/1.1 (+https://developers.facebook.com/docs/sharing/webmasters/crawler)"
57.141.0.60 - - [07/Nov/2025:00:30:36 +0000] "GET /2025/03/07/page/6/?path=//sys/class/pci_bus/0000:09/subsystem/0000:05/subsystem/0000:12/subsystem/0000:0c/subsystem/0000:0b/subsystem/0000:0a HTTP/1.1" 200 262209 "-" "meta-externalagent/1.1 (+https://developers.facebook.com/docs/sharing/webmasters/crawler)"
74.7.227.154 - - [07/Nov/2025:00:30:37 +0000] "GET /entity/171986358.htm/ HTTP/1.1" 200 45435 "-" "Mozilla/5.0 AppleWebKit/537.36 (KHTML, like Gecko; compatible; GPTBot/1.2; +https://openai.com/gptbot)"
216.73.216.147 - - [07/Nov/2025:00:30:37 +0000] "GET /entity/94599754.htm/ HTTP/1.1" 200 45435 "https://datainsightnow.com/entity/94599754.htm" "Mozilla/5.0 AppleWebKit/537.36 (KHTML, like Gecko; compatible; ClaudeBot/1.0; +claudebot@anthropic.com)"
57.141.0.55 - - [07/Nov/2025:00:30:37 +0000] "GET /2025/03/07/page/6/?fileloc=//sys/class/pci_bus/0000:06/subsystem/0000:0c/subsystem/0000:02/subsystem/0000:01/device/driver/0000:00:04.0/current_link_speed&path=//sys/class/pci_bus/0000:06/subsystem/0000:0c/subsystem/0000:02/subsystem/0000:01/device/driver/0000:00:04.0 HTTP/1.1" 200 262264 "-" "meta-externalagent/1.1 (+https://developers.facebook.com/docs/sharing/webmasters/crawler)"
57.141.0.48 - - [07/Nov/2025:00:30:37 +0000] "GET /karamba-spielsaal-erfahrungen-angeschlossen-testbericht-werfen-sie-einen-blick-auf-den-link-within-2025-pro-teutonia/?fileloc=//sys/class/pci_bus/0000:02/device/driver/0000:00:03.0/driver/0000:00:02.5/0000:00:02.5:pcie002/driver/uevent&path=//sys/class/pci_bus/0000:02/device/driver/0000:00:03.0/driver/0000:00:02.5/0000:00:02.5:pcie002/driver HTTP/1.1" 200 262264 "-" "meta-externalagent/1.1 (+https://developers.facebook.com/docs/sharing/webmasters/crawler)"
217.113.194.213 - - [07/Nov/2025:00:30:38 +0000] "GET /contact/?fileloc=/opt/wpsites/gsudice.dataconn.net/wp-includes/class-wp-date-query.php&path=/opt/wpsites/gsudice.dataconn.net/wp-includes HTTP/1.1" 200 45435 "-" "Mozilla/5.0 (compatible; Barkrowler/0.9; +https://babbar.tech/crawler)"
207.46.13.78 - - [07/Nov/2025:00:30:38 +0000] "GET /enc_avif?path=//lib/valgrind HTTP/1.1" 200 29579 "-" "Mozilla/5.0 AppleWebKit/537.36 (KHTML, like Gecko; compatible; bingbot/2.0; +http://www.bing.com/bingbot.htm) Chrome/116.0.1938.76 Safari/537.36"
74.7.227.154 - - [07/Nov/2025:00:30:38 +0000] "GET /entity/172015115.htm HTTP/1.1" 301 5 "-" "Mozilla/5.0 AppleWebKit/537.36 (KHTML, like Gecko; compatible; GPTBot/1.2; +https://openai.com/gptbot)"
74.7.227.154 - - [07/Nov/2025:00:30:39 +0000] "GET /entity/172015115.htm/ HTTP/1.1" 200 45435 "-" "Mozilla/5.0 AppleWebKit/537.36 (KHTML, like Gecko; compatible; GPTBot/1.2; +https://openai.com/gptbot)"
85.208.96.193 - - [07/Nov/2025:00:30:39 +0000] "GET /?p=41973 HTTP/1.1" 200 41598 "-" "Mozilla/5.0 (compatible; SemrushBot/7~bl; +http://www.semrush.com/bot.html)"
216.73.216.147 - - [07/Nov/2025:00:30:40 +0000] "GET /entity/695664676.htm HTTP/1.1" 301 5 "-" "Mozilla/5.0 AppleWebKit/537.36 (KHTML, like Gecko; compatible; ClaudeBot/1.0; +claudebot@anthropic.com)"
216.73.216.147 - - [07/Nov/2025:00:30:40 +0000] "GET /entity/695664676.htm/ HTTP/1.1" 200 45435 "https://datainsightnow.com/entity/695664676.htm" "Mozilla/5.0 AppleWebKit/537.36 (KHTML, like Gecko; compatible; ClaudeBot/1.0; +claudebot@anthropic.com)"
74.7.227.154 - - [07/Nov/2025:00:30:41 +0000] "GET /entity/172019259.htm HTTP/1.1" 301 5 "-" "Mozilla/5.0 AppleWebKit/537.36 (KHTML, like Gecko; compatible; GPTBot/1.2; +https://openai.com/gptbot)"
57.141.0.55 - - [07/Nov/2025:00:30:41 +0000] "GET /karamba-spielsaal-erfahrungen-angeschlossen-testbericht-werfen-sie-einen-blick-auf-den-link-within-2025-pro-teutonia/?fileloc=//sys/class/pci_bus/0000:12/subsystem/0000:0d/subsystem/0000:01/subsystem/0000:0d/device/reset_subordinate&path=//sys/class/pci_bus/0000:12/subsystem/0000:0d/subsystem/0000:01/subsystem/0000:0d/device HTTP/1.1" 200 262264 "-" "meta-externalagent/1.1 (+https://developers.facebook.com/docs/sharing/webmasters/crawler)"
74.7.227.154 - - [07/Nov/2025:00:30:42 +0000] "GET /entity/172019259.htm/ HTTP/1.1" 200 45435 "-" "Mozilla/5.0 AppleWebKit/537.36 (KHTML, like Gecko; compatible; GPTBot/1.2; +https://openai.com/gptbot)"
57.141.0.73 - - [07/Nov/2025:00:30:43 +0000] "GET /2025/03/07/page/6/?fileloc=//sys/class/pci_bus/0000:0f/subsystem/0000:02/subsystem/0000:11/device/driver/0000:00:02.4/msi_irqs/28&path=//sys/class/pci_bus/0000:0f/subsystem/0000:02/subsystem/0000:11/device/driver/0000:00:02.4/msi_irqs HTTP/1.1" 200 262248 "-" "meta-externalagent/1.1 (+https://developers.facebook.com/docs/sharing/webmasters/crawler)"
57.141.0.41 - - [07/Nov/2025:00:30:43 +0000] "GET /karamba-spielsaal-erfahrungen-angeschlossen-testbericht-werfen-sie-einen-blick-auf-den-link-within-2025-pro-teutonia/?fileloc=//sys/class/pci_bus/0000:01/subsystem/0000:0b/subsystem/0000:00/subsystem/0000:08/subsystem/0000:00/device/0000:00:02.5/aer_rootport_total_err_cor&path=//sys/class/pci_bus/0000:01/subsystem/0000:0b/subsystem/0000:00/subsystem/0000:08/subsystem/0000:00/device/0000:00:02.5 HTTP/1.1" 200 262209 "-" "meta-externalagent/1.1 (+https://developers.facebook.com/docs/sharing/webmasters/crawler)"
216.73.216.147 - - [07/Nov/2025:00:30:43 +0000] "GET /entity/276390808.htm HTTP/1.1" 301 5 "-" "Mozilla/5.0 AppleWebKit/537.36 (KHTML, like Gecko; compatible; ClaudeBot/1.0; +claudebot@anthropic.com)"
57.141.0.50 - - [07/Nov/2025:00:30:44 +0000] "GET /2025/03/06/page/39/?fileloc=//sys/class/pci_bus/0000:0e/subsystem/0000:12/subsystem/0000:0e/subsystem/0000:02/cpulistaffinity&path=//sys/class/pci_bus/0000:0e/subsystem/0000:12/subsystem/0000:0e/subsystem/0000:02 HTTP/1.1" 200 262215 "-" "meta-externalagent/1.1 (+https://developers.facebook.com/docs/sharing/webmasters/crawler)"
185.191.171.2 - - [07/Nov/2025:00:30:44 +0000] "GET /?p=25248 HTTP/1.1" 200 41670 "-" "Mozilla/5.0 (compatible; SemrushBot/7~bl; +http://www.semrush.com/bot.html)"
216.73.216.147 - - [07/Nov/2025:00:30:44 +0000] "GET /entity/276390808.htm/ HTTP/1.1" 200 45435 "https://datainsightnow.com/entity/276390808.htm" "Mozilla/5.0 AppleWebKit/537.36 (KHTML, like Gecko; compatible; ClaudeBot/1.0; +claudebot@anthropic.com)"
57.141.0.49 - - [07/Nov/2025:00:30:44 +0000] "GET /2025/03/07/page/6/?fileloc=//sys/class/pci_bus/0000:02/subsystem/0000:0f/subsystem/0000:01/subsystem/0000:0f/device/current_link_speed&path=//sys/class/pci_bus/0000:02/subsystem/0000:0f/subsystem/0000:01/subsystem/0000:0f/device HTTP/1.1" 200 262264 "-" "meta-externalagent/1.1 (+https://developers.facebook.com/docs/sharing/webmasters/crawler)"
74.7.227.154 - - [07/Nov/2025:00:30:44 +0000] "GET /entity/172146163.htm HTTP/1.1" 301 5 "-" "Mozilla/5.0 AppleWebKit/537.36 (KHTML, like Gecko; compatible; GPTBot/1.2; +https://openai.com/gptbot)"
74.7.227.154 - - [07/Nov/2025:00:30:45 +0000] "GET /entity/172146163.htm/ HTTP/1.1" 200 45435 "-" "Mozilla/5.0 AppleWebKit/537.36 (KHTML, like Gecko; compatible; GPTBot/1.2; +https://openai.com/gptbot)"
216.73.216.147 - - [07/Nov/2025:00:30:46 +0000] "GET /entity/738067120.htm HTTP/1.1" 301 5 "-" "Mozilla/5.0 AppleWebKit/537.36 (KHTML, like Gecko; compatible; ClaudeBot/1.0; +claudebot@anthropic.com)"
216.73.216.147 - - [07/Nov/2025:00:30:46 +0000] "GET /entity/738067120.htm/ HTTP/1.1" 200 45435 "https://datainsightnow.com/entity/738067120.htm" "Mozilla/5.0 AppleWebKit/537.36 (KHTML, like Gecko; compatible; ClaudeBot/1.0; +claudebot@anthropic.com)"
74.7.227.154 - - [07/Nov/2025:00:30:47 +0000] "GET /entity/172081158.htm HTTP/1.1" 301 5 "-" "Mozilla/5.0 AppleWebKit/537.36 (KHTML, like Gecko; compatible; GPTBot/1.2; +https://openai.com/gptbot)"
57.141.0.67 - - [07/Nov/2025:00:30:48 +0000] "GET /2025/03/07/page/6/?path=//sys/class/pci_bus/0000:0c/subsystem/0000:0a/subsystem/0000:12/device/driver/0000:00:04.1/msi_irqs HTTP/1.1" 200 262264 "-" "meta-externalagent/1.1 (+https://developers.facebook.com/docs/sharing/webmasters/crawler)"
57.141.0.67 - - [07/Nov/2025:00:30:48 +0000] "GET /karamba-spielsaal-erfahrungen-angeschlossen-testbericht-werfen-sie-einen-blick-auf-den-link-within-2025-pro-teutonia/?path=//sys/class/pci_bus/0000:06/subsystem/0000:05/subsystem/0000:00/subsystem/0000:0f/subsystem/0000:05/subsystem HTTP/1.1" 200 262248 "-" "meta-externalagent/1.1 (+https://developers.facebook.com/docs/sharing/webmasters/crawler)"
74.7.227.154 - - [07/Nov/2025:00:30:49 +0000] "GET /entity/172081158.htm/ HTTP/1.1" 200 45435 "-" "Mozilla/5.0 AppleWebKit/537.36 (KHTML, like Gecko; compatible; GPTBot/1.2; +https://openai.com/gptbot)"
57.141.0.10 - - [07/Nov/2025:00:30:49 +0000] "GET /karamba-spielsaal-erfahrungen-angeschlossen-testbericht-werfen-sie-einen-blick-auf-den-link-within-2025-pro-teutonia/?path=//sys/class/pci_bus/0000:0b/subsystem/0000:12/subsystem/0000:0e/subsystem/0000:04/power HTTP/1.1" 200 262209 "-" "meta-externalagent/1.1 (+https://developers.facebook.com/docs/sharing/webmasters/crawler)"
216.73.216.147 - - [07/Nov/2025:00:30:49 +0000] "GET /entity/695601992.htm HTTP/1.1" 301 5 "-" "Mozilla/5.0 AppleWebKit/537.36 (KHTML, like Gecko; compatible; ClaudeBot/1.0; +claudebot@anthropic.com)"
57.141.0.29 - - [07/Nov/2025:00:30:49 +0000] "GET /2025/03/07/page/6/?fileloc=//sys/class/pci_bus/0000:03/subsystem/0000:08/subsystem/0000:0c/device/driver/0000:00:03.5/msi_bus&path=//sys/class/pci_bus/0000:03/subsystem/0000:08/subsystem/0000:0c/device/driver/0000:00:03.5 HTTP/1.1" 200 262248 "-" "meta-externalagent/1.1 (+https://developers.facebook.com/docs/sharing/webmasters/crawler)"
216.73.216.147 - - [07/Nov/2025:00:30:50 +0000] "GET /entity/695601992.htm/ HTTP/1.1" 200 45435 "https://datainsightnow.com/entity/695601992.htm" "Mozilla/5.0 AppleWebKit/537.36 (KHTML, like Gecko; compatible; ClaudeBot/1.0; +claudebot@anthropic.com)"
66.135.21.75 - - [07/Nov/2025:00:30:51 +0000] "POST /wp-cron.php?doing_wp_cron=1762475451.2650380134582519531250 HTTP/1.1" 200 31 "-" "WordPress/6.3.1; https://datainsightnow.com"
74.7.227.154 - - [07/Nov/2025:00:30:51 +0000] "GET /entity/172156011.htm HTTP/1.1" 301 5 "-" "Mozilla/5.0 AppleWebKit/537.36 (KHTML, like Gecko; compatible; GPTBot/1.2; +https://openai.com/gptbot)"
74.7.227.154 - - [07/Nov/2025:00:30:51 +0000] "GET /entity/172156011.htm/ HTTP/1.1" 200 45435 "-" "Mozilla/5.0 AppleWebKit/537.36 (KHTML, like Gecko; compatible; GPTBot/1.2; +https://openai.com/gptbot)"
216.73.216.147 - - [07/Nov/2025:00:30:52 +0000] "GET /entity/379507267.htm HTTP/1.1" 301 5 "-" "Mozilla/5.0 AppleWebKit/537.36 (KHTML, like Gecko; compatible; ClaudeBot/1.0; +claudebot@anthropic.com)"
114.119.159.33 - - [07/Nov/2025:00:30:52 +0000] "GET /zodiac-kasino-erfahrungen-2024-480-bonus-80-freispiele?path=//sys/dev/char/4:61/subsystem/tty42/subsystem/tty26 HTTP/1.1" 301 5 "https://datainsightnow.com/zodiac-kasino-erfahrungen-2024-480-bonus-80-freispiele/?path=//sys/dev/char/4%3A61/subsystem/tty42/subsystem" "Mozilla/5.0 (Linux; Android 7.0;) AppleWebKit/537.36 (KHTML, like Gecko) Mobile Safari/537.36 (compatible; PetalBot;+https://webmaster.petalsearch.com/site/petalbot)"
216.73.216.147 - - [07/Nov/2025:00:30:53 +0000] "GET /entity/379507267.htm/ HTTP/1.1" 200 45435 "https://datainsightnow.com/entity/379507267.htm" "Mozilla/5.0 AppleWebKit/537.36 (KHTML, like Gecko; compatible; ClaudeBot/1.0; +claudebot@anthropic.com)"
57.141.0.39 - - [07/Nov/2025:00:30:53 +0000] "GET /2025/03/07/page/6/?path=//sys/class/pci_bus/0000:01/subsystem/0000:0f/subsystem/0000:05/device/0000:00:02.3:pcie002/driver/0000:00:02.1:pcie002/driver HTTP/1.1" 200 262248 "-" "meta-externalagent/1.1 (+https://developers.facebook.com/docs/sharing/webmasters/crawler)"
74.7.227.154 - - [07/Nov/2025:00:30:54 +0000] "GET /entity/172061213.htm HTTP/1.1" 301 5 "-" "Mozilla/5.0 AppleWebKit/537.36 (KHTML, like Gecko; compatible; GPTBot/1.2; +https://openai.com/gptbot)"
114.119.159.33 - - [07/Nov/2025:00:30:55 +0000] "GET /zodiac-kasino-erfahrungen-2024-480-bonus-80-freispiele/?path=//sys/dev/char/4:61/subsystem/tty42/subsystem/tty26 HTTP/1.1" 200 45436 "https://datainsightnow.com/zodiac-kasino-erfahrungen-2024-480-bonus-80-freispiele/?path=//sys/dev/char/4%3A61/subsystem/tty42/subsystem" "Mozilla/5.0 (Linux; Android 7.0;) AppleWebKit/537.36 (KHTML, like Gecko) Mobile Safari/537.36 (compatible; PetalBot;+https://webmaster.petalsearch.com/site/petalbot)"
57.141.0.21 - - [07/Nov/2025:00:30:55 +0000] "GET /2025/03/07/page/6/?path=//sys/class/pci_bus/0000:05/subsystem/0000:09/subsystem/0000:08/subsystem/0000:04/subsystem/0000:01/subsystem HTTP/1.1" 200 262209 "-" "meta-externalagent/1.1 (+https://developers.facebook.com/docs/sharing/webmasters/crawler)"
57.141.0.46 - - [07/Nov/2025:00:30:55 +0000] "GET /2025/03/07/page/6/?fileloc=//sys/class/pci_bus/0000:0a/subsystem/0000:0f/subsystem/0000:11/subsystem/0000:0b/subsystem/0000:0f/cpuaffinity&path=//sys/class/pci_bus/0000:0a/subsystem/0000:0f/subsystem/0000:11/subsystem/0000:0b/subsystem/0000:0f HTTP/1.1" 200 262209 "-" "meta-externalagent/1.1 (+https://developers.facebook.com/docs/sharing/webmasters/crawler)"
216.73.216.147 - - [07/Nov/2025:00:30:55 +0000] "GET /entity/671227767.htm HTTP/1.1" 301 5 "-" "Mozilla/5.0 AppleWebKit/537.36 (KHTML, like Gecko; compatible; ClaudeBot/1.0; +claudebot@anthropic.com)"
74.7.227.154 - - [07/Nov/2025:00:30:55 +0000] "GET /entity/172061213.htm/ HTTP/1.1" 200 45435 "-" "Mozilla/5.0 AppleWebKit/537.36 (KHTML, like Gecko; compatible; GPTBot/1.2; +https://openai.com/gptbot)"
216.73.216.147 - - [07/Nov/2025:00:30:55 +0000] "GET /entity/671227767.htm/ HTTP/1.1" 200 45435 "https://datainsightnow.com/entity/671227767.htm" "Mozilla/5.0 AppleWebKit/537.36 (KHTML, like Gecko; compatible; ClaudeBot/1.0; +claudebot@anthropic.com)"
47.128.17.151 - - [07/Nov/2025:00:30:57 +0000] "GET /?path=%2F%2Fusr%2Fshare%2Fdoc%2Fpython3-urllib3 HTTP/1.1" 200 45436 "-" "Mozilla/5.0 (Linux; Android 5.0) AppleWebKit/537.36 (KHTML, like Gecko) Mobile Safari/537.36 (compatible; Bytespider; spider-feedback@bytedance.com)"
57.141.0.73 - - [07/Nov/2025:00:30:57 +0000] "GET /2025/03/07/page/6/?fileloc=//sys/class/pci_bus/0000:05/subsystem/0000:0c/subsystem/0000:04/subsystem/0000:11/subsystem/0000:0f/device/0000:00:03.5:pcie001/power/runtime_active_kids&path=//sys/class/pci_bus/0000:05/subsystem/0000:0c/subsystem/0000:04/subsystem/0000:11/subsystem/0000:0f/device/0000:00:03.5:pcie001/power HTTP/1.1" 200 262209 "-" "meta-externalagent/1.1 (+https://developers.facebook.com/docs/sharing/webmasters/crawler)"
57.141.0.35 - - [07/Nov/2025:00:30:58 +0000] "GET /karamba-spielsaal-erfahrungen-angeschlossen-testbericht-werfen-sie-einen-blick-auf-den-link-within-2025-pro-teutonia/?fileloc=//sys/class/pci_bus/0000:06/subsystem/0000:10/subsystem/0000:04/device/driver/0000:00:02.2/0000:04:00.0/resource0&path=//sys/class/pci_bus/0000:06/subsystem/0000:10/subsystem/0000:04/device/driver/0000:00:02.2/0000:04:00.0 HTTP/1.1" 200 262209 "-" "meta-externalagent/1.1 (+https://developers.facebook.com/docs/sharing/webmasters/crawler)"
216.73.216.147 - - [07/Nov/2025:00:30:58 +0000] "GET /entity/695625308.htm HTTP/1.1" 301 5 "-" "Mozilla/5.0 AppleWebKit/537.36 (KHTML, like Gecko; compatible; ClaudeBot/1.0; +claudebot@anthropic.com)"
217.113.194.60 - - [07/Nov/2025:00:30:58 +0000] "GET /contact/?fileloc=/opt/wpsites/gsudice.dataconn.net/wp-includes/class-wp-feed-cache.php&path=/opt/wpsites/gsudice.dataconn.net/wp-includes HTTP/1.1" 200 45435 "-" "Mozilla/5.0 (compatible; Barkrowler/0.9; +https://babbar.tech/crawler)"
216.73.216.147 - - [07/Nov/2025:00:30:59 +0000] "GET /entity/695625308.htm/ HTTP/1.1" 200 45435 "https://datainsightnow.com/entity/695625308.htm" "Mozilla/5.0 AppleWebKit/537.36 (KHTML, like Gecko; compatible; ClaudeBot/1.0; +claudebot@anthropic.com)"
57.141.0.57 - - [07/Nov/2025:00:30:59 +0000] "GET /2025/03/07/page/6/?path=//sys/class/pci_bus/0000:03/subsystem/0000:01/subsystem/0000:02/device/0000:02:00.0/subsystem/devices HTTP/1.1" 200 262248 "-" "meta-externalagent/1.1 (+https://developers.facebook.com/docs/sharing/webmasters/crawler)"
57.141.0.30 - - [07/Nov/2025:00:30:59 +0000] "GET /2025/03/07/page/6/?fileloc=//sys/class/pci_bus/0000:0c/device/firmware_node/subsystem/devices/device:02/physical_node/device&path=//sys/class/pci_bus/0000:0c/device/firmware_node/subsystem/devices/device:02/physical_node HTTP/1.1" 200 262216 "-" "meta-externalagent/1.1 (+https://developers.facebook.com/docs/sharing/webmasters/crawler)"
216.73.216.147 - - [07/Nov/2025:00:31:01 +0000] "GET /entity/260390573.htm HTTP/1.1" 301 5 "-" "Mozilla/5.0 AppleWebKit/537.36 (KHTML, like Gecko; compatible; ClaudeBot/1.0; +claudebot@anthropic.com)"
74.7.227.154 - - [07/Nov/2025:00:31:01 +0000] "GET /entity/172067680.htm HTTP/1.1" 301 5 "-" "Mozilla/5.0 AppleWebKit/537.36 (KHTML, like Gecko; compatible; GPTBot/1.2; +https://openai.com/gptbot)"
57.141.0.39 - - [07/Nov/2025:00:31:02 +0000] "GET /2025/03/07/page/6/?fileloc=//sys/class/pci_bus/0000:05/subsystem/0000:04/subsystem/0000:05/device/driver/0000:00:02.1/aer_dev_fatal&path=//sys/class/pci_bus/0000:05/subsystem/0000:04/subsystem/0000:05/device/driver/0000:00:02.1 HTTP/1.1" 200 262264 "-" "meta-externalagent/1.1 (+https://developers.facebook.com/docs/sharing/webmasters/crawler)"
57.141.0.17 - - [07/Nov/2025:00:31:03 +0000] "GET /moneysense-self-help-guide-to-the-ideal-profile/?fileloc=//sys/class/pci_bus/0000:05/subsystem/0000:03/subsystem/0000:13/device/driver/0000:00:03.1/current_link_width&path=//sys/class/pci_bus/0000:05/subsystem/0000:03/subsystem/0000:13/device/driver/0000:00:03.1 HTTP/1.1" 200 262264 "-" "meta-externalagent/1.1 (+https://developers.facebook.com/docs/sharing/webmasters/crawler)"
216.73.216.147 - - [07/Nov/2025:00:31:03 +0000] "GET /entity/260390573.htm/ HTTP/1.1" 200 45435 "https://datainsightnow.com/entity/260390573.htm" "Mozilla/5.0 AppleWebKit/537.36 (KHTML, like Gecko; compatible; ClaudeBot/1.0; +claudebot@anthropic.com)"
74.7.227.154 - - [07/Nov/2025:00:31:03 +0000] "GET /entity/172067680.htm/ HTTP/1.1" 200 45435 "-" "Mozilla/5.0 AppleWebKit/537.36 (KHTML, like Gecko; compatible; GPTBot/1.2; +https://openai.com/gptbot)"
57.141.0.48 - - [07/Nov/2025:00:31:03 +0000] "GET /2025/03/07/page/6/?fileloc=//sys/class/pci_bus/0000:0f/subsystem/0000:02/subsystem/0000:0c/subsystem/0000:06/subsystem/0000:05/device/driver/0000:00:02.5/uevent&path=//sys/class/pci_bus/0000:0f/subsystem/0000:02/subsystem/0000:0c/subsystem/0000:06/subsystem/0000:05/device/driver/0000:00:02.5 HTTP/1.1" 200 262264 "-" "meta-externalagent/1.1 (+https://developers.facebook.com/docs/sharing/webmasters/crawler)"
216.73.216.147 - - [07/Nov/2025:00:31:04 +0000] "GET /entity/671417357.htm HTTP/1.1" 301 5 "-" "Mozilla/5.0 AppleWebKit/537.36 (KHTML, like Gecko; compatible; ClaudeBot/1.0; +claudebot@anthropic.com)"
216.73.216.147 - - [07/Nov/2025:00:31:04 +0000] "GET /entity/671417357.htm/ HTTP/1.1" 200 45435 "https://datainsightnow.com/entity/671417357.htm" "Mozilla/5.0 AppleWebKit/537.36 (KHTML, like Gecko; compatible; ClaudeBot/1.0; +claudebot@anthropic.com)"
74.7.227.154 - - [07/Nov/2025:00:31:05 +0000] "GET /entity/172185794.htm HTTP/1.1" 301 5 "-" "Mozilla/5.0 AppleWebKit/537.36 (KHTML, like Gecko; compatible; GPTBot/1.2; +https://openai.com/gptbot)"
74.7.227.154 - - [07/Nov/2025:00:31:05 +0000] "GET /entity/172185794.htm/ HTTP/1.1" 200 45435 "-" "Mozilla/5.0 AppleWebKit/537.36 (KHTML, like Gecko; compatible; GPTBot/1.2; +https://openai.com/gptbot)"
207.46.13.78 - - [07/Nov/2025:00:31:06 +0000] "GET /7446254?entity=0007417762 HTTP/1.1" 200 29718 "-" "Mozilla/5.0 AppleWebKit/537.36 (KHTML, like Gecko; compatible; bingbot/2.0; +http://www.bing.com/bingbot.htm) Chrome/116.0.1938.76 Safari/537.36"
216.73.216.147 - - [07/Nov/2025:00:31:07 +0000] "GET /entity/737951086.htm HTTP/1.1" 301 5 "-" "Mozilla/5.0 AppleWebKit/537.36 (KHTML, like Gecko; compatible; ClaudeBot/1.0; +claudebot@anthropic.com)"
216.73.216.147 - - [07/Nov/2025:00:31:07 +0000] "GET /entity/737951086.htm/ HTTP/1.1" 200 45435 "https://datainsightnow.com/entity/737951086.htm" "Mozilla/5.0 AppleWebKit/537.36 (KHTML, like Gecko; compatible; ClaudeBot/1.0; +claudebot@anthropic.com)"
74.7.227.154 - - [07/Nov/2025:00:31:07 +0000] "GET /entity/172035835.htm HTTP/1.1" 301 5 "-" "Mozilla/5.0 AppleWebKit/537.36 (KHTML, like Gecko; compatible; GPTBot/1.2; +https://openai.com/gptbot)"
74.7.227.154 - - [07/Nov/2025:00:31:08 +0000] "GET /entity/172035835.htm/ HTTP/1.1" 200 45435 "-" "Mozilla/5.0 AppleWebKit/537.36 (KHTML, like Gecko; compatible; GPTBot/1.2; +https://openai.com/gptbot)"
57.141.0.75 - - [07/Nov/2025:00:31:08 +0000] "GET /2025/03/06/page/39/?path=//sys/class/pci_bus/0000:0e/subsystem/0000:00/subsystem/0000:11/subsystem/0000:0f/subsystem/0000:01 HTTP/1.1" 200 262209 "-" "meta-externalagent/1.1 (+https://developers.facebook.com/docs/sharing/webmasters/crawler)"
216.73.216.147 - - [07/Nov/2025:00:31:10 +0000] "GET /entity/461080347.htm HTTP/1.1" 301 5 "-" "Mozilla/5.0 AppleWebKit/537.36 (KHTML, like Gecko; compatible; ClaudeBot/1.0; +claudebot@anthropic.com)"
216.73.216.147 - - [07/Nov/2025:00:31:10 +0000] "GET /entity/461080347.htm/ HTTP/1.1" 200 45435 "https://datainsightnow.com/entity/461080347.htm" "Mozilla/5.0 AppleWebKit/537.36 (KHTML, like Gecko; compatible; ClaudeBot/1.0; +claudebot@anthropic.com)"
85.208.96.205 - - [07/Nov/2025:00:31:10 +0000] "GET /?p=14981 HTTP/1.1" 200 41829 "-" "Mozilla/5.0 (compatible; SemrushBot/7~bl; +http://www.semrush.com/bot.html)"
57.141.0.22 - - [07/Nov/2025:00:31:12 +0000] "GET /karamba-spielsaal-erfahrungen-angeschlossen-testbericht-werfen-sie-einen-blick-auf-den-link-within-2025-pro-teutonia/?path=//sys/class/pci_bus/0000:06/subsystem/0000:0d/device/pci_bus/0000:0d/subsystem/0000:10/device/driver/0000:00:02.5 HTTP/1.1" 200 262209 "-" "meta-externalagent/1.1 (+https://developers.facebook.com/docs/sharing/webmasters/crawler)"
57.141.0.5 - - [07/Nov/2025:00:31:12 +0000] "GET /moneysense-self-help-guide-to-the-ideal-profile/?fileloc=//sys/class/pci_bus/0000:00/device/0000:00:02.0/driver/0000:00:03.7/driver/0000:00:04.1/current_link_speed&path=//sys/class/pci_bus/0000:00/device/0000:00:02.0/driver/0000:00:03.7/driver/0000:00:04.1 HTTP/1.1" 200 262264 "-" "meta-externalagent/1.1 (+https://developers.facebook.com/docs/sharing/webmasters/crawler)"
216.73.216.147 - - [07/Nov/2025:00:31:13 +0000] "GET /entity/671208858.htm HTTP/1.1" 301 5 "-" "Mozilla/5.0 AppleWebKit/537.36 (KHTML, like Gecko; compatible; ClaudeBot/1.0; +claudebot@anthropic.com)"
57.141.0.25 - - [07/Nov/2025:00:31:14 +0000] "GET /2025/03/07/page/6/?path=//sys/class/pci_bus/0000:06/subsystem/0000:09/subsystem/0000:12/device/subsystem/drivers/snd_hda_intel HTTP/1.1" 200 262264 "-" "meta-externalagent/1.1 (+https://developers.facebook.com/docs/sharing/webmasters/crawler)"
216.73.216.147 - - [07/Nov/2025:00:31:14 +0000] "GET /entity/671208858.htm/ HTTP/1.1" 200 45435 "https://datainsightnow.com/entity/671208858.htm" "Mozilla/5.0 AppleWebKit/537.36 (KHTML, like Gecko; compatible; ClaudeBot/1.0; +claudebot@anthropic.com)"
57.141.0.49 - - [07/Nov/2025:00:31:14 +0000] "GET /karamba-spielsaal-erfahrungen-angeschlossen-testbericht-werfen-sie-einen-blick-auf-den-link-within-2025-pro-teutonia/?fileloc=//sys/class/pci_bus/0000:06/subsystem/0000:13/subsystem/0000:0d/subsystem/0000:02/subsystem/0000:06/device/resource0&path=//sys/class/pci_bus/0000:06/subsystem/0000:13/subsystem/0000:0d/subsystem/0000:02/subsystem/0000:06/device HTTP/1.1" 200 262264 "-" "meta-externalagent/1.1 (+https://developers.facebook.com/docs/sharing/webmasters/crawler)"
57.141.0.70 - - [07/Nov/2025:00:31:15 +0000] "GET /karamba-spielsaal-erfahrungen-angeschlossen-testbericht-werfen-sie-einen-blick-auf-den-link-within-2025-pro-teutonia/?path=//sys/class/pci_bus/0000:06/subsystem/0000:0c/subsystem/0000:02/device/driver/0000:00:02.6/driver/0000:00:03.6/0000:00:03.6:pcie002 HTTP/1.1" 200 262209 "-" "meta-externalagent/1.1 (+https://developers.facebook.com/docs/sharing/webmasters/crawler)"
74.7.227.154 - - [07/Nov/2025:00:31:15 +0000] "GET /entity/172056808.htm HTTP/1.1" 301 5 "-" "Mozilla/5.0 AppleWebKit/537.36 (KHTML, like Gecko; compatible; GPTBot/1.2; +https://openai.com/gptbot)"
74.7.227.154 - - [07/Nov/2025:00:31:15 +0000] "GET /entity/172056808.htm/ HTTP/1.1" 200 45435 "-" "Mozilla/5.0 AppleWebKit/537.36 (KHTML, like Gecko; compatible; GPTBot/1.2; +https://openai.com/gptbot)"
57.141.0.43 - - [07/Nov/2025:00:31:16 +0000] "GET /2025/03/07/page/6/?path=//sys/class/pci_bus/0000:05/subsystem/0000:01/subsystem/0000:0e/subsystem/0000:06/subsystem/0000:09/device/0000:09:00.0 HTTP/1.1" 200 262215 "-" "meta-externalagent/1.1 (+https://developers.facebook.com/docs/sharing/webmasters/crawler)"
216.73.216.147 - - [07/Nov/2025:00:31:16 +0000] "GET /entity/276559676.htm HTTP/1.1" 301 5 "-" "Mozilla/5.0 AppleWebKit/537.36 (KHTML, like Gecko; compatible; ClaudeBot/1.0; +claudebot@anthropic.com)"
216.73.216.147 - - [07/Nov/2025:00:31:16 +0000] "GET /entity/276559676.htm/ HTTP/1.1" 200 45435 "https://datainsightnow.com/entity/276559676.htm" "Mozilla/5.0 AppleWebKit/537.36 (KHTML, like Gecko; compatible; ClaudeBot/1.0; +claudebot@anthropic.com)"
57.141.0.22 - - [07/Nov/2025:00:31:17 +0000] "GET /2025/03/07/page/6/?fileloc=//sys/class/pci_bus/0000:13/subsystem/0000:09/subsystem/0000:13/device/driver/0000:00:03.2/driver/0000:00:03.2/reset_subordinate&path=//sys/class/pci_bus/0000:13/subsystem/0000:09/subsystem/0000:13/device/driver/0000:00:03.2/driver/0000:00:03.2 HTTP/1.1" 200 262264 "-" "meta-externalagent/1.1 (+https://developers.facebook.com/docs/sharing/webmasters/crawler)"
74.7.227.154 - - [07/Nov/2025:00:31:18 +0000] "GET /entity/172055772.htm HTTP/1.1" 301 5 "-" "Mozilla/5.0 AppleWebKit/537.36 (KHTML, like Gecko; compatible; GPTBot/1.2; +https://openai.com/gptbot)"
217.113.194.55 - - [07/Nov/2025:00:31:19 +0000] "GET /contact/?fileloc=/opt/wpsites/gsudice.dataconn.net/wp-includes/functions.wp-styles.php&path=/opt/wpsites/gsudice.dataconn.net/wp-includes HTTP/1.1" 200 45435 "-" "Mozilla/5.0 (compatible; Barkrowler/0.9; +https://babbar.tech/crawler)"
57.141.0.3 - - [07/Nov/2025:00:31:19 +0000] "GET /nacin-kako-uporabljate-globe-wagering-najboljsa-knjiga/?fileloc=//sys/class/pci_bus/0000:10/subsystem/0000:0d/device/driver/0000:00:02.0/msi_bus&path=//sys/class/pci_bus/0000:10/subsystem/0000:0d/device/driver/0000:00:02.0 HTTP/1.1" 200 262209 "-" "meta-externalagent/1.1 (+https://developers.facebook.com/docs/sharing/webmasters/crawler)"
57.141.0.20 - - [07/Nov/2025:00:31:19 +0000] "GET /2025/03/13/?path=//sys/class/pci_bus/0000:0f/device/driver/0000:00:03.2/driver/0000:00:04.0/driver HTTP/1.1" 200 262209 "-" "meta-externalagent/1.1 (+https://developers.facebook.com/docs/sharing/webmasters/crawler)"
216.73.216.147 - - [07/Nov/2025:00:31:19 +0000] "GET /entity/429102388.htm HTTP/1.1" 301 5 "-" "Mozilla/5.0 AppleWebKit/537.36 (KHTML, like Gecko; compatible; ClaudeBot/1.0; +claudebot@anthropic.com)"
57.141.0.68 - - [07/Nov/2025:00:31:20 +0000] "GET /karamba-spielsaal-erfahrungen-angeschlossen-testbericht-werfen-sie-einen-blick-auf-den-link-within-2025-pro-teutonia/?fileloc=//sys/class/pci_bus/0000:06/subsystem/0000:00/subsystem/0000:0c/device/driver/0000:00:02.4/driver/0000:00:03.0/ari_enabled&path=//sys/class/pci_bus/0000:06/subsystem/0000:00/subsystem/0000:0c/device/driver/0000:00:02.4/driver/0000:00:03.0 HTTP/1.1" 200 262209 "-" "meta-externalagent/1.1 (+https://developers.facebook.com/docs/sharing/webmasters/crawler)"
74.7.227.154 - - [07/Nov/2025:00:31:21 +0000] "GET /entity/172055772.htm/ HTTP/1.1" 200 45435 "-" "Mozilla/5.0 AppleWebKit/537.36 (KHTML, like Gecko; compatible; GPTBot/1.2; +https://openai.com/gptbot)"
57.141.0.66 - - [07/Nov/2025:00:31:21 +0000] "GET /2025/03/07/page/6/?fileloc=//sys/class/pci_bus/0000:05/subsystem/0000:0b/subsystem/0000:0b/subsystem/0000:09/device/firmware_node/physical_node/aer_dev_nonfatal&path=//sys/class/pci_bus/0000:05/subsystem/0000:0b/subsystem/0000:0b/subsystem/0000:09/device/firmware_node/physical_node HTTP/1.1" 200 262264 "-" "meta-externalagent/1.1 (+https://developers.facebook.com/docs/sharing/webmasters/crawler)"
216.73.216.147 - - [07/Nov/2025:00:31:21 +0000] "GET /entity/429102388.htm/ HTTP/1.1" 200 45435 "https://datainsightnow.com/entity/429102388.htm" "Mozilla/5.0 AppleWebKit/537.36 (KHTML, like Gecko; compatible; ClaudeBot/1.0; +claudebot@anthropic.com)"
57.141.0.35 - - [07/Nov/2025:00:31:21 +0000] "GET /2025/03/07/page/6/?fileloc=//sys/class/pci_bus/0000:0b/subsystem/0000:11/subsystem/0000:03/subsystem/0000:06/subsystem/0000:0f/device/driver/0000:00:02.4/local_cpus&path=//sys/class/pci_bus/0000:0b/subsystem/0000:11/subsystem/0000:03/subsystem/0000:06/subsystem/0000:0f/device/driver/0000:00:02.4 HTTP/1.1" 200 262209 "-" "meta-externalagent/1.1 (+https://developers.facebook.com/docs/sharing/webmasters/crawler)"
57.141.0.58 - - [07/Nov/2025:00:31:21 +0000] "GET /2025/03/07/page/6/?fileloc=//sys/class/pci_bus/0000:09/subsystem/0000:0b/subsystem/0000:12/device/driver/0000:00:02.3/firmware_node/physical_node/uevent&path=//sys/class/pci_bus/0000:09/subsystem/0000:0b/subsystem/0000:12/device/driver/0000:00:02.3/firmware_node/physical_node HTTP/1.1" 200 262264 "-" "meta-externalagent/1.1 (+https://developers.facebook.com/docs/sharing/webmasters/crawler)"
216.73.216.147 - - [07/Nov/2025:00:31:22 +0000] "GET /entity/695622722.htm HTTP/1.1" 301 5 "-" "Mozilla/5.0 AppleWebKit/537.36 (KHTML, like Gecko; compatible; ClaudeBot/1.0; +claudebot@anthropic.com)"
74.7.227.154 - - [07/Nov/2025:00:31:22 +0000] "GET /entity/172180351.htm HTTP/1.1" 301 5 "-" "Mozilla/5.0 AppleWebKit/537.36 (KHTML, like Gecko; compatible; GPTBot/1.2; +https://openai.com/gptbot)"
57.141.0.75 - - [07/Nov/2025:00:31:22 +0000] "GET /karamba-spielsaal-erfahrungen-angeschlossen-testbericht-werfen-sie-einen-blick-auf-den-link-within-2025-pro-teutonia/?fileloc=//sys/class/pci_bus/0000:06/subsystem/0000:04/subsystem/0000:00/device/0000:00:04.1/driver/0000:00:03.0/driver/bind&path=//sys/class/pci_bus/0000:06/subsystem/0000:04/subsystem/0000:00/device/0000:00:04.1/driver/0000:00:03.0/driver HTTP/1.1" 200 262264 "-" "meta-externalagent/1.1 (+https://developers.facebook.com/docs/sharing/webmasters/crawler)"
57.141.0.64 - - [07/Nov/2025:00:31:23 +0000] "GET /karamba-spielsaal-erfahrungen-angeschlossen-testbericht-werfen-sie-einen-blick-auf-den-link-within-2025-pro-teutonia/?fileloc=//sys/class/pci_bus/0000:06/subsystem/0000:0f/subsystem/0000:10/device/subsystem/drivers/lpc_ich/0000:00:1f.0/msi_bus&path=//sys/class/pci_bus/0000:06/subsystem/0000:0f/subsystem/0000:10/device/subsystem/drivers/lpc_ich/0000:00:1f.0 HTTP/1.1" 200 262209 "-" "meta-externalagent/1.1 (+https://developers.facebook.com/docs/sharing/webmasters/crawler)"
57.141.0.14 - - [07/Nov/2025:00:31:23 +0000] "GET /2025/03/06/page/39/?path=//sys/class/pci_bus/0000:03/subsystem/0000:0c/device/subsystem/drivers/virtio-pci/0000:05:00.0/link HTTP/1.1" 200 262217 "-" "meta-externalagent/1.1 (+https://developers.facebook.com/docs/sharing/webmasters/crawler)"
