57.141.0.58 - - [07/Nov/2025:00:15:00 +0000] "GET /2025/03/07/page/6/?fileloc=//sys/class/pci_bus/0000:01/subsystem/0000:00/subsystem/0000:0b/subsystem/0000:0c/subsystem/0000:0a/device/modalias&path=//sys/class/pci_bus/0000:01/subsystem/0000:00/subsystem/0000:0b/subsystem/0000:0c/subsystem/0000:0a/device HTTP/1.1" 200 262264 "-" "meta-externalagent/1.1 (+https://developers.facebook.com/docs/sharing/webmasters/crawler)"
217.113.194.213 - - [07/Nov/2025:00:15:00 +0000] "GET /privacy/?fileloc=/opt/wpsites/datainsightnow.com/wp-includes/blocks/table/theme-rtl.css&path=/opt/wpsites/datainsightnow.com/wp-includes/blocks/table HTTP/1.1" 200 45435 "-" "Mozilla/5.0 (compatible; Barkrowler/0.9; +https://babbar.tech/crawler)"
74.7.227.154 - - [07/Nov/2025:00:15:00 +0000] "GET /entity/172082445.htm HTTP/1.1" 301 5 "-" "Mozilla/5.0 AppleWebKit/537.36 (KHTML, like Gecko; compatible; GPTBot/1.2; +https://openai.com/gptbot)"
74.7.227.154 - - [07/Nov/2025:00:15:01 +0000] "GET /entity/172082445.htm/ HTTP/1.1" 200 45435 "-" "Mozilla/5.0 AppleWebKit/537.36 (KHTML, like Gecko; compatible; GPTBot/1.2; +https://openai.com/gptbot)"
216.73.216.147 - - [07/Nov/2025:00:15:01 +0000] "GET /entity/840255825.htm HTTP/1.1" 301 5 "-" "Mozilla/5.0 AppleWebKit/537.36 (KHTML, like Gecko; compatible; ClaudeBot/1.0; +claudebot@anthropic.com)"
216.73.216.147 - - [07/Nov/2025:00:15:02 +0000] "GET /entity/840255825.htm/ HTTP/1.1" 200 45435 "https://datainsightnow.com/entity/840255825.htm" "Mozilla/5.0 AppleWebKit/537.36 (KHTML, like Gecko; compatible; ClaudeBot/1.0; +claudebot@anthropic.com)"
74.7.227.154 - - [07/Nov/2025:00:15:03 +0000] "GET /entity/172148488.htm HTTP/1.1" 301 5 "-" "Mozilla/5.0 AppleWebKit/537.36 (KHTML, like Gecko; compatible; GPTBot/1.2; +https://openai.com/gptbot)"
74.7.227.154 - - [07/Nov/2025:00:15:04 +0000] "GET /entity/172148488.htm/ HTTP/1.1" 200 45435 "-" "Mozilla/5.0 AppleWebKit/537.36 (KHTML, like Gecko; compatible; GPTBot/1.2; +https://openai.com/gptbot)"
57.141.0.9 - - [07/Nov/2025:00:15:04 +0000] "GET /2025/03/07/page/6/?fileloc=//sys/class/pci_bus/0000:0b/device/driver/0000:00:03.7/driver/0000:00:02.5/0000:07:00.0/max_link_width&path=//sys/class/pci_bus/0000:0b/device/driver/0000:00:03.7/driver/0000:00:02.5/0000:07:00.0 HTTP/1.1" 200 262264 "-" "meta-externalagent/1.1 (+https://developers.facebook.com/docs/sharing/webmasters/crawler)"
216.73.216.147 - - [07/Nov/2025:00:15:04 +0000] "GET /entity/123697886.htm HTTP/1.1" 301 5 "-" "Mozilla/5.0 AppleWebKit/537.36 (KHTML, like Gecko; compatible; ClaudeBot/1.0; +claudebot@anthropic.com)"
216.73.216.147 - - [07/Nov/2025:00:15:04 +0000] "GET /entity/123697886.htm/ HTTP/1.1" 200 45435 "https://datainsightnow.com/entity/123697886.htm" "Mozilla/5.0 AppleWebKit/537.36 (KHTML, like Gecko; compatible; ClaudeBot/1.0; +claudebot@anthropic.com)"
157.55.39.62 - - [07/Nov/2025:00:15:06 +0000] "GET /575026881?entity=0572806958 HTTP/1.1" 200 30235 "-" "Mozilla/5.0 AppleWebKit/537.36 (KHTML, like Gecko; compatible; bingbot/2.0; +http://www.bing.com/bingbot.htm) Chrome/116.0.1938.76 Safari/537.36"
74.7.227.154 - - [07/Nov/2025:00:15:06 +0000] "GET /entity/172117408.htm HTTP/1.1" 301 5 "-" "Mozilla/5.0 AppleWebKit/537.36 (KHTML, like Gecko; compatible; GPTBot/1.2; +https://openai.com/gptbot)"
74.7.227.154 - - [07/Nov/2025:00:15:07 +0000] "GET /entity/172117408.htm/ HTTP/1.1" 200 45435 "-" "Mozilla/5.0 AppleWebKit/537.36 (KHTML, like Gecko; compatible; GPTBot/1.2; +https://openai.com/gptbot)"
216.73.216.147 - - [07/Nov/2025:00:15:07 +0000] "GET /entity/123805106.htm HTTP/1.1" 301 5 "-" "Mozilla/5.0 AppleWebKit/537.36 (KHTML, like Gecko; compatible; ClaudeBot/1.0; +claudebot@anthropic.com)"
216.73.216.147 - - [07/Nov/2025:00:15:08 +0000] "GET /entity/123805106.htm/ HTTP/1.1" 200 45435 "https://datainsightnow.com/entity/123805106.htm" "Mozilla/5.0 AppleWebKit/537.36 (KHTML, like Gecko; compatible; ClaudeBot/1.0; +claudebot@anthropic.com)"
57.141.0.35 - - [07/Nov/2025:00:15:08 +0000] "GET /karamba-spielsaal-erfahrungen-angeschlossen-testbericht-werfen-sie-einen-blick-auf-den-link-within-2025-pro-teutonia/?path=//sys/class/pci_bus/0000:0b/subsystem/0000:0f/subsystem/0000:0f/subsystem/0000:00/device/0000:00:03.0/firmware_node HTTP/1.1" 200 262264 "-" "meta-externalagent/1.1 (+https://developers.facebook.com/docs/sharing/webmasters/crawler)"
216.244.66.243 - - [07/Nov/2025:00:15:09 +0000] "GET /?p=21159 HTTP/1.1" 200 185196 "-" "Mozilla/5.0 (compatible; DotBot/1.2; +https://opensiteexplorer.org/dotbot; help@moz.com)"
57.141.0.50 - - [07/Nov/2025:00:15:09 +0000] "GET /2025/03/01/page/7/?fileloc=//sys/class/pci_bus/0000:07/subsystem/0000:09/device/driver_override&path=//sys/class/pci_bus/0000:07/subsystem/0000:09/device HTTP/1.1" 200 262209 "-" "meta-externalagent/1.1 (+https://developers.facebook.com/docs/sharing/webmasters/crawler)"
185.55.249.123 - - [07/Nov/2025:00:15:09 +0000] "GET /wp-login.php HTTP/1.1" 200 2513 "-" "Mozilla/4.0 (compatible; MSIE 7.0; Windows NT 10.0; WOW64; Trident/7.0; .NET4.0C; .NET4.0E; .NET CLR 2.0.50727; .NET CLR 3.0.30729; .NET CLR 3.5.30729; McAfee)"
216.73.216.147 - - [07/Nov/2025:00:15:10 +0000] "GET /entity/831632424.htm HTTP/1.1" 301 5 "-" "Mozilla/5.0 AppleWebKit/537.36 (KHTML, like Gecko; compatible; ClaudeBot/1.0; +claudebot@anthropic.com)"
216.73.216.147 - - [07/Nov/2025:00:15:11 +0000] "GET /entity/831632424.htm/ HTTP/1.1" 200 45435 "https://datainsightnow.com/entity/831632424.htm" "Mozilla/5.0 AppleWebKit/537.36 (KHTML, like Gecko; compatible; ClaudeBot/1.0; +claudebot@anthropic.com)"
57.141.0.48 - - [07/Nov/2025:00:15:11 +0000] "GET /karamba-spielsaal-erfahrungen-angeschlossen-testbericht-werfen-sie-einen-blick-auf-den-link-within-2025-pro-teutonia/?fileloc=//sys/class/pci_bus/0000:02/subsystem/0000:05/device/driver/0000:00:02.7/driver/0000:00:03.3/driver/0000:00:02.1/consistent_dma_mask_bits&path=//sys/class/pci_bus/0000:02/subsystem/0000:05/device/driver/0000:00:02.7/driver/0000:00:03.3/driver/0000:00:02.1 HTTP/1.1" 200 262209 "-" "meta-externalagent/1.1 (+https://developers.facebook.com/docs/sharing/webmasters/crawler)"
74.7.227.154 - - [07/Nov/2025:00:15:11 +0000] "GET /entity/172066130.htm HTTP/1.1" 301 5 "-" "Mozilla/5.0 AppleWebKit/537.36 (KHTML, like Gecko; compatible; GPTBot/1.2; +https://openai.com/gptbot)"
74.7.227.154 - - [07/Nov/2025:00:15:12 +0000] "GET /entity/172066130.htm/ HTTP/1.1" 200 45435 "-" "Mozilla/5.0 AppleWebKit/537.36 (KHTML, like Gecko; compatible; GPTBot/1.2; +https://openai.com/gptbot)"
40.77.167.48 - - [07/Nov/2025:00:15:12 +0000] "GET /688132432?entity=0685475810 HTTP/1.1" 200 30877 "-" "Mozilla/5.0 AppleWebKit/537.36 (KHTML, like Gecko; compatible; bingbot/2.0; +http://www.bing.com/bingbot.htm) Chrome/116.0.1938.76 Safari/537.36"
216.244.66.243 - - [07/Nov/2025:00:15:13 +0000] "GET /?p=25676 HTTP/1.1" 200 184795 "-" "Mozilla/5.0 (compatible; DotBot/1.2; +https://opensiteexplorer.org/dotbot; help@moz.com)"
216.73.216.147 - - [07/Nov/2025:00:15:13 +0000] "GET /entity/123636240.htm HTTP/1.1" 301 5 "-" "Mozilla/5.0 AppleWebKit/537.36 (KHTML, like Gecko; compatible; ClaudeBot/1.0; +claudebot@anthropic.com)"
216.73.216.147 - - [07/Nov/2025:00:15:13 +0000] "GET /entity/123636240.htm/ HTTP/1.1" 200 45435 "https://datainsightnow.com/entity/123636240.htm" "Mozilla/5.0 AppleWebKit/537.36 (KHTML, like Gecko; compatible; ClaudeBot/1.0; +claudebot@anthropic.com)"
74.7.227.154 - - [07/Nov/2025:00:15:13 +0000] "GET /entity/172177243.htm HTTP/1.1" 301 5 "-" "Mozilla/5.0 AppleWebKit/537.36 (KHTML, like Gecko; compatible; GPTBot/1.2; +https://openai.com/gptbot)"
185.55.249.123 - - [07/Nov/2025:00:15:14 +0000] "POST /wp-login.php HTTP/1.1" 200 2673 "https://datainsightnow.com/wp-login.php" "Mozilla/4.0 (compatible; MSIE 7.0; Windows NT 10.0; WOW64; Trident/7.0; .NET4.0C; .NET4.0E; .NET CLR 2.0.50727; .NET CLR 3.0.30729; .NET CLR 3.5.30729; McAfee)"
74.7.227.154 - - [07/Nov/2025:00:15:14 +0000] "GET /entity/172177243.htm/ HTTP/1.1" 200 45435 "-" "Mozilla/5.0 AppleWebKit/537.36 (KHTML, like Gecko; compatible; GPTBot/1.2; +https://openai.com/gptbot)"
216.73.216.147 - - [07/Nov/2025:00:15:16 +0000] "GET /entity/123691407.htm HTTP/1.1" 301 5 "-" "Mozilla/5.0 AppleWebKit/537.36 (KHTML, like Gecko; compatible; ClaudeBot/1.0; +claudebot@anthropic.com)"
74.7.227.154 - - [07/Nov/2025:00:15:17 +0000] "GET /entity/171992576.htm HTTP/1.1" 301 5 "-" "Mozilla/5.0 AppleWebKit/537.36 (KHTML, like Gecko; compatible; GPTBot/1.2; +https://openai.com/gptbot)"
57.141.0.70 - - [07/Nov/2025:00:15:17 +0000] "GET /karamba-spielsaal-erfahrungen-angeschlossen-testbericht-werfen-sie-einen-blick-auf-den-link-within-2025-pro-teutonia/?path=//sys/class/pci_bus/0000:06/subsystem/0000:0c/subsystem/0000:13/subsystem/0000:08/device/firmware_node/device:2f HTTP/1.1" 200 262264 "-" "meta-externalagent/1.1 (+https://developers.facebook.com/docs/sharing/webmasters/crawler)"
216.73.216.147 - - [07/Nov/2025:00:15:17 +0000] "GET /entity/123691407.htm/ HTTP/1.1" 200 45435 "https://datainsightnow.com/entity/123691407.htm" "Mozilla/5.0 AppleWebKit/537.36 (KHTML, like Gecko; compatible; ClaudeBot/1.0; +claudebot@anthropic.com)"
57.141.0.42 - - [07/Nov/2025:00:15:18 +0000] "GET /2025/03/06/page/39/?fileloc=//sys/class/pci_bus/0000:13/subsystem/0000:06/subsystem/0000:05/device/driver/0000:00:03.3/driver/unbind&path=//sys/class/pci_bus/0000:13/subsystem/0000:06/subsystem/0000:05/device/driver/0000:00:03.3/driver HTTP/1.1" 200 262215 "-" "meta-externalagent/1.1 (+https://developers.facebook.com/docs/sharing/webmasters/crawler)"
74.7.227.154 - - [07/Nov/2025:00:15:18 +0000] "GET /entity/171992576.htm/ HTTP/1.1" 200 45435 "-" "Mozilla/5.0 AppleWebKit/537.36 (KHTML, like Gecko; compatible; GPTBot/1.2; +https://openai.com/gptbot)"
216.73.216.147 - - [07/Nov/2025:00:15:19 +0000] "GET /entity/831666088.htm HTTP/1.1" 301 5 "-" "Mozilla/5.0 AppleWebKit/537.36 (KHTML, like Gecko; compatible; ClaudeBot/1.0; +claudebot@anthropic.com)"
74.7.227.154 - - [07/Nov/2025:00:15:19 +0000] "GET /entity/172137102.htm HTTP/1.1" 301 5 "-" "Mozilla/5.0 AppleWebKit/537.36 (KHTML, like Gecko; compatible; GPTBot/1.2; +https://openai.com/gptbot)"
216.73.216.147 - - [07/Nov/2025:00:15:20 +0000] "GET /entity/831666088.htm/ HTTP/1.1" 200 45435 "https://datainsightnow.com/entity/831666088.htm" "Mozilla/5.0 AppleWebKit/537.36 (KHTML, like Gecko; compatible; ClaudeBot/1.0; +claudebot@anthropic.com)"
74.7.227.154 - - [07/Nov/2025:00:15:20 +0000] "GET /entity/172137102.htm/ HTTP/1.1" 200 45435 "-" "Mozilla/5.0 AppleWebKit/537.36 (KHTML, like Gecko; compatible; GPTBot/1.2; +https://openai.com/gptbot)"
217.113.194.54 - - [07/Nov/2025:00:15:21 +0000] "GET /privacy/?fileloc=/opt/wpsites/datacloudnow.com/wp-includes/widgets/class-wp-widget-media-audio.php&path=/opt/wpsites/datacloudnow.com/wp-includes/widgets HTTP/1.1" 200 45435 "-" "Mozilla/5.0 (compatible; Barkrowler/0.9; +https://babbar.tech/crawler)"
57.141.0.45 - - [07/Nov/2025:00:15:21 +0000] "GET /2025/03/06/page/39/?fileloc=//sys/class/pci_bus/0000:02/device/0000:00:02.1:pcie001/subsystem/devices/0000:00:02.7:pcie002/driver/0000:00:04.1:pcie002/uevent&path=//sys/class/pci_bus/0000:02/device/0000:00:02.1:pcie001/subsystem/devices/0000:00:02.7:pcie002/driver/0000:00:04.1:pcie002 HTTP/1.1" 200 262264 "-" "meta-externalagent/1.1 (+https://developers.facebook.com/docs/sharing/webmasters/crawler)"
216.73.216.147 - - [07/Nov/2025:00:15:22 +0000] "GET /entity/10638160.htm HTTP/1.1" 301 5 "-" "Mozilla/5.0 AppleWebKit/537.36 (KHTML, like Gecko; compatible; ClaudeBot/1.0; +claudebot@anthropic.com)"
74.7.227.154 - - [07/Nov/2025:00:15:22 +0000] "GET /entity/172110427.htm HTTP/1.1" 301 5 "-" "Mozilla/5.0 AppleWebKit/537.36 (KHTML, like Gecko; compatible; GPTBot/1.2; +https://openai.com/gptbot)"
216.73.216.147 - - [07/Nov/2025:00:15:23 +0000] "GET /entity/10638160.htm/ HTTP/1.1" 200 45435 "https://datainsightnow.com/entity/10638160.htm" "Mozilla/5.0 AppleWebKit/537.36 (KHTML, like Gecko; compatible; ClaudeBot/1.0; +claudebot@anthropic.com)"
74.7.227.154 - - [07/Nov/2025:00:15:23 +0000] "GET /entity/172110427.htm/ HTTP/1.1" 200 45435 "-" "Mozilla/5.0 AppleWebKit/537.36 (KHTML, like Gecko; compatible; GPTBot/1.2; +https://openai.com/gptbot)"
57.141.0.44 - - [07/Nov/2025:00:15:25 +0000] "GET /karamba-spielsaal-erfahrungen-angeschlossen-testbericht-werfen-sie-einen-blick-auf-den-link-within-2025-pro-teutonia/?fileloc=//sys/class/pci_bus/0000:02/subsystem/0000:04/device/driver/0000:00:03.3/driver/0000:00:04.0/driver_override&path=//sys/class/pci_bus/0000:02/subsystem/0000:04/device/driver/0000:00:03.3/driver/0000:00:04.0 HTTP/1.1" 200 262209 "-" "meta-externalagent/1.1 (+https://developers.facebook.com/docs/sharing/webmasters/crawler)"
216.73.216.147 - - [07/Nov/2025:00:15:25 +0000] "GET /entity/823095531.htm HTTP/1.1" 301 5 "-" "Mozilla/5.0 AppleWebKit/537.36 (KHTML, like Gecko; compatible; ClaudeBot/1.0; +claudebot@anthropic.com)"
74.7.227.154 - - [07/Nov/2025:00:15:25 +0000] "GET /entity/172047743.htm HTTP/1.1" 301 5 "-" "Mozilla/5.0 AppleWebKit/537.36 (KHTML, like Gecko; compatible; GPTBot/1.2; +https://openai.com/gptbot)"
216.73.216.147 - - [07/Nov/2025:00:15:26 +0000] "GET /entity/823095531.htm/ HTTP/1.1" 200 45435 "https://datainsightnow.com/entity/823095531.htm" "Mozilla/5.0 AppleWebKit/537.36 (KHTML, like Gecko; compatible; ClaudeBot/1.0; +claudebot@anthropic.com)"
74.7.227.154 - - [07/Nov/2025:00:15:26 +0000] "GET /entity/172047743.htm/ HTTP/1.1" 200 45435 "-" "Mozilla/5.0 AppleWebKit/537.36 (KHTML, like Gecko; compatible; GPTBot/1.2; +https://openai.com/gptbot)"
57.141.0.74 - - [07/Nov/2025:00:15:27 +0000] "GET /karamba-spielsaal-erfahrungen-angeschlossen-testbericht-werfen-sie-einen-blick-auf-den-link-within-2025-pro-teutonia/?fileloc=//sys/class/pci_bus/0000:04/device/driver/0000:00:04.0/driver/0000:00:02.1/driver/0000:00:02.3/0000:00:02.3:pcie010/power/async&path=//sys/class/pci_bus/0000:04/device/driver/0000:00:04.0/driver/0000:00:02.1/driver/0000:00:02.3/0000:00:02.3:pcie010/power HTTP/1.1" 200 262209 "-" "meta-externalagent/1.1 (+https://developers.facebook.com/docs/sharing/webmasters/crawler)"
216.73.216.147 - - [07/Nov/2025:00:15:28 +0000] "GET /entity/695519897.htm HTTP/1.1" 301 5 "-" "Mozilla/5.0 AppleWebKit/537.36 (KHTML, like Gecko; compatible; ClaudeBot/1.0; +claudebot@anthropic.com)"
216.73.216.147 - - [07/Nov/2025:00:15:28 +0000] "GET /entity/695519897.htm/ HTTP/1.1" 200 45435 "https://datainsightnow.com/entity/695519897.htm" "Mozilla/5.0 AppleWebKit/537.36 (KHTML, like Gecko; compatible; ClaudeBot/1.0; +claudebot@anthropic.com)"
74.7.227.154 - - [07/Nov/2025:00:15:29 +0000] "GET /entity/172027798.htm HTTP/1.1" 301 5 "-" "Mozilla/5.0 AppleWebKit/537.36 (KHTML, like Gecko; compatible; GPTBot/1.2; +https://openai.com/gptbot)"
74.7.227.154 - - [07/Nov/2025:00:15:29 +0000] "GET /entity/172027798.htm/ HTTP/1.1" 200 45435 "-" "Mozilla/5.0 AppleWebKit/537.36 (KHTML, like Gecko; compatible; GPTBot/1.2; +https://openai.com/gptbot)"
57.141.0.33 - - [07/Nov/2025:00:15:31 +0000] "GET /moneysense-self-help-guide-to-the-ideal-profile/?fileloc=//sys/class/pci_bus/0000:0a/subsystem/0000:00/subsystem/0000:00/device/0000:00:02.2/power/wakeup_total_time_ms&path=//sys/class/pci_bus/0000:0a/subsystem/0000:00/subsystem/0000:00/device/0000:00:02.2/power HTTP/1.1" 200 262264 "-" "meta-externalagent/1.1 (+https://developers.facebook.com/docs/sharing/webmasters/crawler)"
216.73.216.147 - - [07/Nov/2025:00:15:31 +0000] "GET /entity/854731078.htm HTTP/1.1" 301 5 "-" "Mozilla/5.0 AppleWebKit/537.36 (KHTML, like Gecko; compatible; ClaudeBot/1.0; +claudebot@anthropic.com)"
216.73.216.147 - - [07/Nov/2025:00:15:31 +0000] "GET /entity/854731078.htm/ HTTP/1.1" 200 45435 "https://datainsightnow.com/entity/854731078.htm" "Mozilla/5.0 AppleWebKit/537.36 (KHTML, like Gecko; compatible; ClaudeBot/1.0; +claudebot@anthropic.com)"
66.135.21.75 - - [07/Nov/2025:00:15:33 +0000] "POST /wp-cron.php?doing_wp_cron=1762474533.2251911163330078125000 HTTP/1.1" 200 31 "-" "WordPress/6.3.1; https://datainsightnow.com"
74.7.227.154 - - [07/Nov/2025:00:15:33 +0000] "GET /entity/172060950.htm HTTP/1.1" 301 5 "-" "Mozilla/5.0 AppleWebKit/537.36 (KHTML, like Gecko; compatible; GPTBot/1.2; +https://openai.com/gptbot)"
74.7.227.154 - - [07/Nov/2025:00:15:34 +0000] "GET /entity/172060950.htm/ HTTP/1.1" 200 45435 "-" "Mozilla/5.0 AppleWebKit/537.36 (KHTML, like Gecko; compatible; GPTBot/1.2; +https://openai.com/gptbot)"
216.73.216.147 - - [07/Nov/2025:00:15:34 +0000] "GET /entity/695625045.htm HTTP/1.1" 301 5 "-" "Mozilla/5.0 AppleWebKit/537.36 (KHTML, like Gecko; compatible; ClaudeBot/1.0; +claudebot@anthropic.com)"
57.141.0.53 - - [07/Nov/2025:00:15:34 +0000] "GET /2025/03/07/page/6/?path=//sys/class/pci_bus/0000:01/subsystem/0000:00/device/0000:00:03.0/driver/0000:00:03.5/0000:00:03.5:pcie002/subsystem HTTP/1.1" 200 262248 "-" "meta-externalagent/1.1 (+https://developers.facebook.com/docs/sharing/webmasters/crawler)"
57.141.0.57 - - [07/Nov/2025:00:15:34 +0000] "GET /2025/03/07/page/6/?path=//sys/class/pci_bus/0000:0b/subsystem/0000:01/subsystem/0000:05/device/firmware_node/subsystem/devices/device:46 HTTP/1.1" 200 262264 "-" "meta-externalagent/1.1 (+https://developers.facebook.com/docs/sharing/webmasters/crawler)"
57.141.0.49 - - [07/Nov/2025:00:15:35 +0000] "GET /2025/03/06/page/39/?fileloc=//sys/class/pci_bus/0000:00/subsystem/0000:05/device/driver/0000:00:02.0/vendor&path=//sys/class/pci_bus/0000:00/subsystem/0000:05/device/driver/0000:00:02.0 HTTP/1.1" 200 262209 "-" "meta-externalagent/1.1 (+https://developers.facebook.com/docs/sharing/webmasters/crawler)"
216.73.216.147 - - [07/Nov/2025:00:15:35 +0000] "GET /entity/695625045.htm/ HTTP/1.1" 200 45435 "https://datainsightnow.com/entity/695625045.htm" "Mozilla/5.0 AppleWebKit/537.36 (KHTML, like Gecko; compatible; ClaudeBot/1.0; +claudebot@anthropic.com)"
57.141.0.31 - - [07/Nov/2025:00:15:35 +0000] "GET /2025/03/07/page/6/?fileloc=//sys/class/pci_bus/0000:0e/subsystem/0000:0d/subsystem/0000:00/device/0000:00:02.1/driver/0000:00:02.1/rescan&path=//sys/class/pci_bus/0000:0e/subsystem/0000:0d/subsystem/0000:00/device/0000:00:02.1/driver/0000:00:02.1 HTTP/1.1" 200 262264 "-" "meta-externalagent/1.1 (+https://developers.facebook.com/docs/sharing/webmasters/crawler)"
57.141.0.16 - - [07/Nov/2025:00:15:36 +0000] "GET /2025/03/07/page/6/?fileloc=//sys/class/pci_bus/0000:0b/subsystem/0000:11/subsystem/0000:07/subsystem/0000:08/subsystem/0000:02/device/driver/0000:00:02.6/class&path=//sys/class/pci_bus/0000:0b/subsystem/0000:11/subsystem/0000:07/subsystem/0000:08/subsystem/0000:02/device/driver/0000:00:02.6 HTTP/1.1" 200 262248 "-" "meta-externalagent/1.1 (+https://developers.facebook.com/docs/sharing/webmasters/crawler)"
216.73.216.147 - - [07/Nov/2025:00:15:37 +0000] "GET /entity/695526886.htm HTTP/1.1" 301 5 "-" "Mozilla/5.0 AppleWebKit/537.36 (KHTML, like Gecko; compatible; ClaudeBot/1.0; +claudebot@anthropic.com)"
57.141.0.46 - - [07/Nov/2025:00:15:37 +0000] "GET /2025/03/07/page/6/?fileloc=//sys/class/pci_bus/0000:0d/subsystem/0000:02/device/driver/0000:00:02.6/driver/0000:00:03.5/subsystem_vendor&path=//sys/class/pci_bus/0000:0d/subsystem/0000:02/device/driver/0000:00:02.6/driver/0000:00:03.5 HTTP/1.1" 200 262209 "-" "meta-externalagent/1.1 (+https://developers.facebook.com/docs/sharing/webmasters/crawler)"
216.73.216.147 - - [07/Nov/2025:00:15:38 +0000] "GET /entity/695526886.htm/ HTTP/1.1" 200 45435 "https://datainsightnow.com/entity/695526886.htm" "Mozilla/5.0 AppleWebKit/537.36 (KHTML, like Gecko; compatible; ClaudeBot/1.0; +claudebot@anthropic.com)"
74.7.227.154 - - [07/Nov/2025:00:15:39 +0000] "GET /entity/172095399.htm HTTP/1.1" 301 5 "-" "Mozilla/5.0 AppleWebKit/537.36 (KHTML, like Gecko; compatible; GPTBot/1.2; +https://openai.com/gptbot)"
216.73.216.147 - - [07/Nov/2025:00:15:40 +0000] "GET /entity/422517572.htm HTTP/1.1" 301 5 "-" "Mozilla/5.0 AppleWebKit/537.36 (KHTML, like Gecko; compatible; ClaudeBot/1.0; +claudebot@anthropic.com)"
74.7.227.154 - - [07/Nov/2025:00:15:40 +0000] "GET /entity/172095399.htm/ HTTP/1.1" 200 45435 "-" "Mozilla/5.0 AppleWebKit/537.36 (KHTML, like Gecko; compatible; GPTBot/1.2; +https://openai.com/gptbot)"
85.208.96.193 - - [07/Nov/2025:00:15:41 +0000] "GET /?p=23435 HTTP/1.1" 200 43678 "-" "Mozilla/5.0 (compatible; SemrushBot/7~bl; +http://www.semrush.com/bot.html)"
216.73.216.147 - - [07/Nov/2025:00:15:41 +0000] "GET /entity/422517572.htm/ HTTP/1.1" 200 45435 "https://datainsightnow.com/entity/422517572.htm" "Mozilla/5.0 AppleWebKit/537.36 (KHTML, like Gecko; compatible; ClaudeBot/1.0; +claudebot@anthropic.com)"
217.113.194.60 - - [07/Nov/2025:00:15:41 +0000] "GET /privacy/?fileloc=//usr/lib/x86_64-linux-gnu/libevent_core-2.1.so.7&path=//usr/lib/x86_64-linux-gnu HTTP/1.1" 200 45435 "-" "Mozilla/5.0 (compatible; Barkrowler/0.9; +https://babbar.tech/crawler)"
57.141.0.51 - - [07/Nov/2025:00:15:43 +0000] "GET /2025/03/07/page/6/?fileloc=//sys/class/pci_bus/0000:11/device/driver/0000:00:02.6/driver/0000:00:03.7/driver/0000:00:03.0/power/runtime_active_time&path=//sys/class/pci_bus/0000:11/device/driver/0000:00:02.6/driver/0000:00:03.7/driver/0000:00:03.0/power HTTP/1.1" 200 262209 "-" "meta-externalagent/1.1 (+https://developers.facebook.com/docs/sharing/webmasters/crawler)"
216.73.216.147 - - [07/Nov/2025:00:15:43 +0000] "GET /entity/854624372.htm HTTP/1.1" 301 5 "-" "Mozilla/5.0 AppleWebKit/537.36 (KHTML, like Gecko; compatible; ClaudeBot/1.0; +claudebot@anthropic.com)"
57.141.0.46 - - [07/Nov/2025:00:15:43 +0000] "GET /2025/03/07/page/6/?fileloc=//sys/class/pci_bus/0000:06/subsystem/0000:01/subsystem/0000:13/device/subsystem/drivers/snd_hda_intel/new_id&path=//sys/class/pci_bus/0000:06/subsystem/0000:01/subsystem/0000:13/device/subsystem/drivers/snd_hda_intel HTTP/1.1" 200 262209 "-" "meta-externalagent/1.1 (+https://developers.facebook.com/docs/sharing/webmasters/crawler)"
216.73.216.147 - - [07/Nov/2025:00:15:44 +0000] "GET /entity/854624372.htm/ HTTP/1.1" 200 45435 "https://datainsightnow.com/entity/854624372.htm" "Mozilla/5.0 AppleWebKit/537.36 (KHTML, like Gecko; compatible; ClaudeBot/1.0; +claudebot@anthropic.com)"
74.7.227.154 - - [07/Nov/2025:00:15:44 +0000] "GET /entity/171966162.htm HTTP/1.1" 301 5 "-" "Mozilla/5.0 AppleWebKit/537.36 (KHTML, like Gecko; compatible; GPTBot/1.2; +https://openai.com/gptbot)"
57.141.0.37 - - [07/Nov/2025:00:15:44 +0000] "GET /2025/03/06/page/39/?fileloc=//sys/class/pci_bus/0000:00/device/0000:00:02.3/driver/0000:00:03.5/aer_rootport_total_err_fatal&path=//sys/class/pci_bus/0000:00/device/0000:00:02.3/driver/0000:00:03.5 HTTP/1.1" 200 262264 "-" "meta-externalagent/1.1 (+https://developers.facebook.com/docs/sharing/webmasters/crawler)"
74.7.227.154 - - [07/Nov/2025:00:15:44 +0000] "GET /entity/171966162.htm/ HTTP/1.1" 200 45435 "-" "Mozilla/5.0 AppleWebKit/537.36 (KHTML, like Gecko; compatible; GPTBot/1.2; +https://openai.com/gptbot)"
157.55.39.62 - - [07/Nov/2025:00:15:45 +0000] "GET /119136378?entity=0118676650 HTTP/1.1" 200 30226 "-" "Mozilla/5.0 AppleWebKit/537.36 (KHTML, like Gecko; compatible; bingbot/2.0; +http://www.bing.com/bingbot.htm) Chrome/116.0.1938.76 Safari/537.36"
216.73.216.147 - - [07/Nov/2025:00:15:46 +0000] "GET /entity/123647373.htm HTTP/1.1" 301 5 "-" "Mozilla/5.0 AppleWebKit/537.36 (KHTML, like Gecko; compatible; ClaudeBot/1.0; +claudebot@anthropic.com)"
74.7.227.154 - - [07/Nov/2025:00:15:46 +0000] "GET /entity/172187344.htm HTTP/1.1" 301 5 "-" "Mozilla/5.0 AppleWebKit/537.36 (KHTML, like Gecko; compatible; GPTBot/1.2; +https://openai.com/gptbot)"
216.73.216.147 - - [07/Nov/2025:00:15:47 +0000] "GET /entity/123647373.htm/ HTTP/1.1" 200 45435 "https://datainsightnow.com/entity/123647373.htm" "Mozilla/5.0 AppleWebKit/537.36 (KHTML, like Gecko; compatible; ClaudeBot/1.0; +claudebot@anthropic.com)"
74.7.227.154 - - [07/Nov/2025:00:15:47 +0000] "GET /entity/172187344.htm/ HTTP/1.1" 200 45435 "-" "Mozilla/5.0 AppleWebKit/537.36 (KHTML, like Gecko; compatible; GPTBot/1.2; +https://openai.com/gptbot)"
74.7.227.154 - - [07/Nov/2025:00:15:49 +0000] "GET /entity/171987394.htm HTTP/1.1" 301 5 "-" "Mozilla/5.0 AppleWebKit/537.36 (KHTML, like Gecko; compatible; GPTBot/1.2; +https://openai.com/gptbot)"
216.73.216.147 - - [07/Nov/2025:00:15:49 +0000] "GET /entity/823126340.htm HTTP/1.1" 301 5 "-" "Mozilla/5.0 AppleWebKit/537.36 (KHTML, like Gecko; compatible; ClaudeBot/1.0; +claudebot@anthropic.com)"
57.141.0.11 - - [07/Nov/2025:00:15:49 +0000] "GET /2025/03/06/page/39/?fileloc=//sys/class/pci_bus/0000:0c/subsystem/0000:00/subsystem/0000:07/device/driver/0000:00:02.4/power/runtime_usage&path=//sys/class/pci_bus/0000:0c/subsystem/0000:00/subsystem/0000:07/device/driver/0000:00:02.4/power HTTP/1.1" 200 262264 "-" "meta-externalagent/1.1 (+https://developers.facebook.com/docs/sharing/webmasters/crawler)"
74.7.227.154 - - [07/Nov/2025:00:15:50 +0000] "GET /entity/171987394.htm/ HTTP/1.1" 200 45435 "-" "Mozilla/5.0 AppleWebKit/537.36 (KHTML, like Gecko; compatible; GPTBot/1.2; +https://openai.com/gptbot)"
216.73.216.147 - - [07/Nov/2025:00:15:50 +0000] "GET /entity/823126340.htm/ HTTP/1.1" 200 45435 "https://datainsightnow.com/entity/823126340.htm" "Mozilla/5.0 AppleWebKit/537.36 (KHTML, like Gecko; compatible; ClaudeBot/1.0; +claudebot@anthropic.com)"
66.135.21.75 - - [07/Nov/2025:00:15:52 +0000] "POST /wp-cron.php?doing_wp_cron=1762474552.5075910091400146484375 HTTP/1.1" 200 31 "-" "WordPress/6.3.1; https://datainsightnow.com"
216.73.216.147 - - [07/Nov/2025:00:15:52 +0000] "GET /entity/847828734.htm HTTP/1.1" 301 5 "-" "Mozilla/5.0 AppleWebKit/537.36 (KHTML, like Gecko; compatible; ClaudeBot/1.0; +claudebot@anthropic.com)"
66.135.21.75 - - [07/Nov/2025:00:15:52 +0000] "POST /wp-cron.php?doing_wp_cron=1762474552.5106079578399658203125 HTTP/1.1" 200 31 "-" "WordPress/6.3.1; https://datainsightnow.com"
74.7.227.154 - - [07/Nov/2025:00:15:52 +0000] "GET /entity/172147723.htm HTTP/1.1" 301 5 "-" "Mozilla/5.0 AppleWebKit/537.36 (KHTML, like Gecko; compatible; GPTBot/1.2; +https://openai.com/gptbot)"
216.73.216.147 - - [07/Nov/2025:00:15:53 +0000] "GET /entity/847828734.htm/ HTTP/1.1" 200 45435 "https://datainsightnow.com/entity/847828734.htm" "Mozilla/5.0 AppleWebKit/537.36 (KHTML, like Gecko; compatible; ClaudeBot/1.0; +claudebot@anthropic.com)"
74.7.227.154 - - [07/Nov/2025:00:15:53 +0000] "GET /entity/172147723.htm/ HTTP/1.1" 200 45435 "-" "Mozilla/5.0 AppleWebKit/537.36 (KHTML, like Gecko; compatible; GPTBot/1.2; +https://openai.com/gptbot)"
57.141.0.20 - - [07/Nov/2025:00:15:54 +0000] "GET /2025/03/06/page/39/?path=//sys/class/pci_bus/0000:04/device/driver/0000:00:02.2/driver/0000:00:02.6/driver/0000:00:03.2/0000:00:03.2:pcie001 HTTP/1.1" 200 262264 "-" "meta-externalagent/1.1 (+https://developers.facebook.com/docs/sharing/webmasters/crawler)"
216.73.216.147 - - [07/Nov/2025:00:15:55 +0000] "GET /entity/695523005.htm HTTP/1.1" 301 5 "-" "Mozilla/5.0 AppleWebKit/537.36 (KHTML, like Gecko; compatible; ClaudeBot/1.0; +claudebot@anthropic.com)"
216.73.216.147 - - [07/Nov/2025:00:15:55 +0000] "GET /entity/695523005.htm/ HTTP/1.1" 200 45435 "https://datainsightnow.com/entity/695523005.htm" "Mozilla/5.0 AppleWebKit/537.36 (KHTML, like Gecko; compatible; ClaudeBot/1.0; +claudebot@anthropic.com)"
216.73.216.147 - - [07/Nov/2025:00:16:00 +0000] "GET /entity/274679597.htm HTTP/1.1" 301 5 "-" "Mozilla/5.0 AppleWebKit/537.36 (KHTML, like Gecko; compatible; ClaudeBot/1.0; +claudebot@anthropic.com)"
74.7.227.154 - - [07/Nov/2025:00:16:01 +0000] "GET /entity/172143055.htm HTTP/1.1" 301 5 "-" "Mozilla/5.0 AppleWebKit/537.36 (KHTML, like Gecko; compatible; GPTBot/1.2; +https://openai.com/gptbot)"
57.141.0.21 - - [07/Nov/2025:00:16:02 +0000] "GET /2025/03/13/?fileloc=//sys/class/pci_bus/0000:04/subsystem/0000:03/subsystem/0000:11/subsystem/0000:01/device/revision&path=//sys/class/pci_bus/0000:04/subsystem/0000:03/subsystem/0000:11/subsystem/0000:01/device HTTP/1.1" 200 262264 "-" "meta-externalagent/1.1 (+https://developers.facebook.com/docs/sharing/webmasters/crawler)"
57.141.0.12 - - [07/Nov/2025:00:16:02 +0000] "GET /karamba-spielsaal-erfahrungen-angeschlossen-testbericht-werfen-sie-einen-blick-auf-den-link-within-2025-pro-teutonia/?fileloc=//sys/class/pci_bus/0000:06/subsystem/0000:0a/subsystem/0000:0b/subsystem/0000:0e/device/driver/0000:00:03.6/ari_enabled&path=//sys/class/pci_bus/0000:06/subsystem/0000:0a/subsystem/0000:0b/subsystem/0000:0e/device/driver/0000:00:03.6 HTTP/1.1" 200 262264 "-" "meta-externalagent/1.1 (+https://developers.facebook.com/docs/sharing/webmasters/crawler)"
57.141.0.46 - - [07/Nov/2025:00:16:02 +0000] "GET /karamba-spielsaal-erfahrungen-angeschlossen-testbericht-werfen-sie-einen-blick-auf-den-link-within-2025-pro-teutonia/?path=//sys/class/pci_bus/0000:0b/subsystem/0000:05/device/driver/0000:00:03.3/firmware_node/subsystem/devices/device:18/power HTTP/1.1" 200 262264 "-" "meta-externalagent/1.1 (+https://developers.facebook.com/docs/sharing/webmasters/crawler)"
57.141.0.8 - - [07/Nov/2025:00:16:02 +0000] "GET /2025/03/13/?fileloc=//sys/class/pci_bus/0000:02/subsystem/0000:0f/subsystem/0000:06/subsystem/0000:02/rescan&path=//sys/class/pci_bus/0000:02/subsystem/0000:0f/subsystem/0000:06/subsystem/0000:02 HTTP/1.1" 200 262264 "-" "meta-externalagent/1.1 (+https://developers.facebook.com/docs/sharing/webmasters/crawler)"
57.141.0.33 - - [07/Nov/2025:00:16:03 +0000] "GET /moneysense-self-help-guide-to-the-ideal-profile/?path=//sys/class/pci_bus/0000:0c/subsystem/0000:10/device/firmware_node/subsystem/devices/device:14 HTTP/1.1" 200 262215 "-" "meta-externalagent/1.1 (+https://developers.facebook.com/docs/sharing/webmasters/crawler)"
57.141.0.61 - - [07/Nov/2025:00:16:05 +0000] "GET /2025/03/07/page/6/?fileloc=//sys/class/pci_bus/0000:0d/device/firmware_node/subsystem/devices/device:46/physical_node/broken_parity_status&path=//sys/class/pci_bus/0000:0d/device/firmware_node/subsystem/devices/device:46/physical_node HTTP/1.1" 200 262264 "-" "meta-externalagent/1.1 (+https://developers.facebook.com/docs/sharing/webmasters/crawler)"
217.113.194.213 - - [07/Nov/2025:00:16:05 +0000] "GET /privacy/?fileloc=//usr/lib/firmware/qed/qed_init_values_zipped-8.4.2.0.bin.zst&path=//usr/lib/firmware/qed HTTP/1.1" 200 45435 "-" "Mozilla/5.0 (compatible; Barkrowler/0.9; +https://babbar.tech/crawler)"
216.73.216.147 - - [07/Nov/2025:00:16:05 +0000] "GET /entity/274679597.htm/ HTTP/1.1" 200 45435 "https://datainsightnow.com/entity/274679597.htm" "Mozilla/5.0 AppleWebKit/537.36 (KHTML, like Gecko; compatible; ClaudeBot/1.0; +claudebot@anthropic.com)"
74.7.227.154 - - [07/Nov/2025:00:16:05 +0000] "GET /entity/172143055.htm/ HTTP/1.1" 200 45435 "-" "Mozilla/5.0 AppleWebKit/537.36 (KHTML, like Gecko; compatible; GPTBot/1.2; +https://openai.com/gptbot)"
57.141.0.22 - - [07/Nov/2025:00:16:05 +0000] "GET /2025/03/07/page/6/?fileloc=//sys/class/pci_bus/0000:08/subsystem/0000:0d/subsystem/0000:00/device/0000:00:02.5/driver/0000:00:02.6/subsystem_vendor&path=//sys/class/pci_bus/0000:08/subsystem/0000:0d/subsystem/0000:00/device/0000:00:02.5/driver/0000:00:02.6 HTTP/1.1" 200 262248 "-" "meta-externalagent/1.1 (+https://developers.facebook.com/docs/sharing/webmasters/crawler)"
114.119.145.154 - - [07/Nov/2025:00:16:05 +0000] "GET /zodiac-kasino-erfahrungen-2024-480-bonus-80-freispiele?path=//sys/dev/char/4:61/subsystem/ttyS1 HTTP/1.1" 301 5 "https://datainsightnow.com/zodiac-kasino-erfahrungen-2024-480-bonus-80-freispiele/?path=//sys/dev/char/4%3A61/subsystem" "Mozilla/5.0 (Linux; Android 7.0;) AppleWebKit/537.36 (KHTML, like Gecko) Mobile Safari/537.36 (compatible; PetalBot;+https://webmaster.petalsearch.com/site/petalbot)"
57.141.0.2 - - [07/Nov/2025:00:16:05 +0000] "GET /2025/03/07/page/6/?path=//sys/class/pci_bus/0000:07/subsystem/0000:05/device/driver/0000:00:02.2/driver/0000:00:03.1/firmware_node HTTP/1.1" 200 262264 "-" "meta-externalagent/1.1 (+https://developers.facebook.com/docs/sharing/webmasters/crawler)"
216.73.216.147 - - [07/Nov/2025:00:16:07 +0000] "GET /entity/854606236.htm HTTP/1.1" 301 5 "-" "Mozilla/5.0 AppleWebKit/537.36 (KHTML, like Gecko; compatible; ClaudeBot/1.0; +claudebot@anthropic.com)"
57.141.0.51 - - [07/Nov/2025:00:16:07 +0000] "GET /moneysense-self-help-guide-to-the-ideal-profile/?path=//sys/class/pci_bus/0000:0f/subsystem/0000:06/subsystem/0000:12/device/driver/0000:00:04.0/firmware_node HTTP/1.1" 200 262209 "-" "meta-externalagent/1.1 (+https://developers.facebook.com/docs/sharing/webmasters/crawler)"
114.119.145.154 - - [07/Nov/2025:00:16:07 +0000] "GET /zodiac-kasino-erfahrungen-2024-480-bonus-80-freispiele/?path=//sys/dev/char/4:61/subsystem/ttyS1 HTTP/1.1" 200 45436 "https://datainsightnow.com/zodiac-kasino-erfahrungen-2024-480-bonus-80-freispiele/?path=//sys/dev/char/4%3A61/subsystem" "Mozilla/5.0 (Linux; Android 7.0;) AppleWebKit/537.36 (KHTML, like Gecko) Mobile Safari/537.36 (compatible; PetalBot;+https://webmaster.petalsearch.com/site/petalbot)"
57.141.0.72 - - [07/Nov/2025:00:16:08 +0000] "GET /moneysense-self-help-guide-to-the-ideal-profile/?fileloc=//sys/class/pci_bus/0000:06/subsystem/0000:0b/subsystem/0000:0b/device/driver/0000:00:02.2/driver/0000:00:02.0/enable&path=//sys/class/pci_bus/0000:06/subsystem/0000:0b/subsystem/0000:0b/device/driver/0000:00:02.2/driver/0000:00:02.0 HTTP/1.1" 200 262209 "-" "meta-externalagent/1.1 (+https://developers.facebook.com/docs/sharing/webmasters/crawler)"
216.73.216.147 - - [07/Nov/2025:00:16:08 +0000] "GET /entity/854606236.htm/ HTTP/1.1" 200 45435 "https://datainsightnow.com/entity/854606236.htm" "Mozilla/5.0 AppleWebKit/537.36 (KHTML, like Gecko; compatible; ClaudeBot/1.0; +claudebot@anthropic.com)"
85.208.96.202 - - [07/Nov/2025:00:16:09 +0000] "GET /?p=26935 HTTP/1.1" 200 41533 "-" "Mozilla/5.0 (compatible; SemrushBot/7~bl; +http://www.semrush.com/bot.html)"
57.141.0.31 - - [07/Nov/2025:00:16:09 +0000] "GET /2025/03/07/page/6/?fileloc=//sys/class/pci_bus/0000:0c/device/driver/0000:00:02.3/driver/0000:00:02.0/0000:01:00.0/subsystem/devices/0000:00:03.1/current_link_width&path=//sys/class/pci_bus/0000:0c/device/driver/0000:00:02.3/driver/0000:00:02.0/0000:01:00.0/subsystem/devices/0000:00:03.1 HTTP/1.1" 200 262264 "-" "meta-externalagent/1.1 (+https://developers.facebook.com/docs/sharing/webmasters/crawler)"
74.7.227.154 - - [07/Nov/2025:00:16:10 +0000] "GET /entity/172126993.htm HTTP/1.1" 301 5 "-" "Mozilla/5.0 AppleWebKit/537.36 (KHTML, like Gecko; compatible; GPTBot/1.2; +https://openai.com/gptbot)"
198.244.183.153 - - [07/Nov/2025:00:16:11 +0000] "GET /?p=46653 HTTP/1.1" 200 42501 "-" "Mozilla/5.0 (compatible; AhrefsBot/7.0; +http://ahrefs.com/robot/)"
216.73.216.147 - - [07/Nov/2025:00:16:11 +0000] "GET /entity/847802573.htm HTTP/1.1" 301 5 "-" "Mozilla/5.0 AppleWebKit/537.36 (KHTML, like Gecko; compatible; ClaudeBot/1.0; +claudebot@anthropic.com)"
57.141.0.13 - - [07/Nov/2025:00:16:11 +0000] "GET /2025/03/07/page/6/?fileloc=//sys/class/pci_bus/0000:07/subsystem/0000:01/subsystem/0000:05/device/subsystem/devices/0000:00:02.1/d3cold_allowed&path=//sys/class/pci_bus/0000:07/subsystem/0000:01/subsystem/0000:05/device/subsystem/devices/0000:00:02.1 HTTP/1.1" 200 262217 "-" "meta-externalagent/1.1 (+https://developers.facebook.com/docs/sharing/webmasters/crawler)"
74.7.227.154 - - [07/Nov/2025:00:16:11 +0000] "GET /entity/172126993.htm/ HTTP/1.1" 200 45435 "-" "Mozilla/5.0 AppleWebKit/537.36 (KHTML, like Gecko; compatible; GPTBot/1.2; +https://openai.com/gptbot)"
57.141.0.42 - - [07/Nov/2025:00:16:12 +0000] "GET /karamba-spielsaal-erfahrungen-angeschlossen-testbericht-werfen-sie-einen-blick-auf-den-link-within-2025-pro-teutonia/?fileloc=//sys/class/pci_bus/0000:06/subsystem/0000:04/subsystem/0000:10/subsystem/0000:05/subsystem/0000:08/device/driver/0000:00:03.0/0000:00:03.0:pcie002/uevent&path=//sys/class/pci_bus/0000:06/subsystem/0000:04/subsystem/0000:10/subsystem/0000:05/subsystem/0000:08/device/driver/0000:00:03.0/0000:00:03.0:pcie002 HTTP/1.1" 200 262216 "-" "meta-externalagent/1.1 (+https://developers.facebook.com/docs/sharing/webmasters/crawler)"
216.73.216.147 - - [07/Nov/2025:00:16:12 +0000] "GET /entity/847802573.htm/ HTTP/1.1" 200 45435 "https://datainsightnow.com/entity/847802573.htm" "Mozilla/5.0 AppleWebKit/537.36 (KHTML, like Gecko; compatible; ClaudeBot/1.0; +claudebot@anthropic.com)"
40.77.167.48 - - [07/Nov/2025:00:16:12 +0000] "GET /enc_avif?path=//proc/self/root/sys/bus/eisa HTTP/1.1" 200 30021 "-" "Mozilla/5.0 AppleWebKit/537.36 (KHTML, like Gecko; compatible; bingbot/2.0; +http://www.bing.com/bingbot.htm) Chrome/116.0.1938.76 Safari/537.36"
216.73.216.147 - - [07/Nov/2025:00:16:13 +0000] "GET /entity/847839606.htm HTTP/1.1" 301 5 "-" "Mozilla/5.0 AppleWebKit/537.36 (KHTML, like Gecko; compatible; ClaudeBot/1.0; +claudebot@anthropic.com)"
74.7.227.154 - - [07/Nov/2025:00:16:13 +0000] "GET /entity/172024168.htm HTTP/1.1" 301 5 "-" "Mozilla/5.0 AppleWebKit/537.36 (KHTML, like Gecko; compatible; GPTBot/1.2; +https://openai.com/gptbot)"
216.73.216.147 - - [07/Nov/2025:00:16:14 +0000] "GET /entity/847839606.htm/ HTTP/1.1" 200 45435 "https://datainsightnow.com/entity/847839606.htm" "Mozilla/5.0 AppleWebKit/537.36 (KHTML, like Gecko; compatible; ClaudeBot/1.0; +claudebot@anthropic.com)"
74.7.227.154 - - [07/Nov/2025:00:16:14 +0000] "GET /entity/172024168.htm/ HTTP/1.1" 200 45435 "-" "Mozilla/5.0 AppleWebKit/537.36 (KHTML, like Gecko; compatible; GPTBot/1.2; +https://openai.com/gptbot)"
216.244.66.243 - - [07/Nov/2025:00:16:15 +0000] "GET /?p=17822 HTTP/1.1" 200 184568 "-" "Mozilla/5.0 (compatible; DotBot/1.2; +https://opensiteexplorer.org/dotbot; help@moz.com)"
57.141.0.4 - - [07/Nov/2025:00:16:15 +0000] "GET /2025/03/07/page/6/?fileloc=//sys/class/pci_bus/0000:05/subsystem/0000:09/subsystem/0000:11/device/driver/0000:00:02.7/subsystem/devices/0000:04:00.0/usb2/urbnum&path=//sys/class/pci_bus/0000:05/subsystem/0000:09/subsystem/0000:11/device/driver/0000:00:02.7/subsystem/devices/0000:04:00.0/usb2 HTTP/1.1" 200 262215 "-" "meta-externalagent/1.1 (+https://developers.facebook.com/docs/sharing/webmasters/crawler)"
85.208.96.195 - - [07/Nov/2025:00:16:15 +0000] "GET /?p=15304 HTTP/1.1" 200 41082 "-" "Mozilla/5.0 (compatible; SemrushBot/7~bl; +http://www.semrush.com/bot.html)"
57.141.0.71 - - [07/Nov/2025:00:16:16 +0000] "GET /2025/03/07/page/6/?path=//sys/class/pci_bus/0000:05/subsystem/0000:11/subsystem/0000:05/subsystem/0000:13/subsystem/0000:0b/device HTTP/1.1" 200 262209 "-" "meta-externalagent/1.1 (+https://developers.facebook.com/docs/sharing/webmasters/crawler)"
216.73.216.147 - - [07/Nov/2025:00:16:16 +0000] "GET /entity/274819457.htm HTTP/1.1" 301 5 "-" "Mozilla/5.0 AppleWebKit/537.36 (KHTML, like Gecko; compatible; ClaudeBot/1.0; +claudebot@anthropic.com)"
216.73.216.147 - - [07/Nov/2025:00:16:16 +0000] "GET /entity/274819457.htm/ HTTP/1.1" 200 45435 "https://datainsightnow.com/entity/274819457.htm" "Mozilla/5.0 AppleWebKit/537.36 (KHTML, like Gecko; compatible; ClaudeBot/1.0; +claudebot@anthropic.com)"
74.7.227.154 - - [07/Nov/2025:00:16:16 +0000] "GET /entity/172015366.htm HTTP/1.1" 301 5 "-" "Mozilla/5.0 AppleWebKit/537.36 (KHTML, like Gecko; compatible; GPTBot/1.2; +https://openai.com/gptbot)"
74.7.227.154 - - [07/Nov/2025:00:16:17 +0000] "GET /entity/172015366.htm/ HTTP/1.1" 200 45435 "-" "Mozilla/5.0 AppleWebKit/537.36 (KHTML, like Gecko; compatible; GPTBot/1.2; +https://openai.com/gptbot)"
74.7.227.154 - - [07/Nov/2025:00:16:19 +0000] "GET /entity/172073131.htm HTTP/1.1" 301 5 "-" "Mozilla/5.0 AppleWebKit/537.36 (KHTML, like Gecko; compatible; GPTBot/1.2; +https://openai.com/gptbot)"
57.141.0.35 - - [07/Nov/2025:00:16:19 +0000] "GET /2025/03/06/page/39/?fileloc=//sys/class/pci_bus/0000:0e/subsystem/0000:01/subsystem/0000:02/subsystem/0000:06/device/secondary_bus_number&path=//sys/class/pci_bus/0000:0e/subsystem/0000:01/subsystem/0000:02/subsystem/0000:06/device HTTP/1.1" 200 262215 "-" "meta-externalagent/1.1 (+https://developers.facebook.com/docs/sharing/webmasters/crawler)"
57.141.0.19 - - [07/Nov/2025:00:16:19 +0000] "GET /2025/03/06/page/39/?path=//sys/class/pci_bus/0000:0e/subsystem/0000:05/subsystem/0000:01/device/0000:00:02.0:pcie010/subsystem HTTP/1.1" 200 262209 "-" "meta-externalagent/1.1 (+https://developers.facebook.com/docs/sharing/webmasters/crawler)"
216.73.216.147 - - [07/Nov/2025:00:16:19 +0000] "GET /entity/695529733.htm HTTP/1.1" 301 5 "-" "Mozilla/5.0 AppleWebKit/537.36 (KHTML, like Gecko; compatible; ClaudeBot/1.0; +claudebot@anthropic.com)"
216.244.66.243 - - [07/Nov/2025:00:16:19 +0000] "GET /?p=23059 HTTP/1.1" 200 183924 "-" "Mozilla/5.0 (compatible; DotBot/1.2; +https://opensiteexplorer.org/dotbot; help@moz.com)"
74.7.227.154 - - [07/Nov/2025:00:16:20 +0000] "GET /entity/172073131.htm/ HTTP/1.1" 200 45435 "-" "Mozilla/5.0 AppleWebKit/537.36 (KHTML, like Gecko; compatible; GPTBot/1.2; +https://openai.com/gptbot)"
216.73.216.147 - - [07/Nov/2025:00:16:20 +0000] "GET /entity/695529733.htm/ HTTP/1.1" 200 45435 "https://datainsightnow.com/entity/695529733.htm" "Mozilla/5.0 AppleWebKit/537.36 (KHTML, like Gecko; compatible; ClaudeBot/1.0; +claudebot@anthropic.com)"
185.191.171.8 - - [07/Nov/2025:00:16:20 +0000] "GET /?p=17053 HTTP/1.1" 200 42881 "-" "Mozilla/5.0 (compatible; SemrushBot/7~bl; +http://www.semrush.com/bot.html)"
57.141.0.43 - - [07/Nov/2025:00:16:21 +0000] "GET /karamba-spielsaal-erfahrungen-angeschlossen-testbericht-werfen-sie-einen-blick-auf-den-link-within-2025-pro-teutonia/?fileloc=//sys/class/pci_bus/0000:0b/subsystem/0000:12/subsystem/0000:04/subsystem/0000:07/subsystem/0000:07/power/autosuspend_delay_ms&path=//sys/class/pci_bus/0000:0b/subsystem/0000:12/subsystem/0000:04/subsystem/0000:07/subsystem/0000:07/power HTTP/1.1" 200 262264 "-" "meta-externalagent/1.1 (+https://developers.facebook.com/docs/sharing/webmasters/crawler)"
74.7.227.154 - - [07/Nov/2025:00:16:22 +0000] "GET /entity/172077526.htm HTTP/1.1" 301 5 "-" "Mozilla/5.0 AppleWebKit/537.36 (KHTML, like Gecko; compatible; GPTBot/1.2; +https://openai.com/gptbot)"
57.141.0.14 - - [07/Nov/2025:00:16:22 +0000] "GET /2025/03/07/page/6/?fileloc=//sys/class/pci_bus/0000:0c/subsystem/0000:0b/subsystem/0000:0c/subsystem/0000:0f/device/d3cold_allowed&path=//sys/class/pci_bus/0000:0c/subsystem/0000:0b/subsystem/0000:0c/subsystem/0000:0f/device HTTP/1.1" 200 262209 "-" "meta-externalagent/1.1 (+https://developers.facebook.com/docs/sharing/webmasters/crawler)"
216.73.216.147 - - [07/Nov/2025:00:16:22 +0000] "GET /entity/171533889.htm HTTP/1.1" 301 5 "-" "Mozilla/5.0 AppleWebKit/537.36 (KHTML, like Gecko; compatible; ClaudeBot/1.0; +claudebot@anthropic.com)"
40.77.167.48 - - [07/Nov/2025:00:16:22 +0000] "GET /usm_0.66_1.00_0.01?fileloc=//proc/11988/stat&path=//proc/11988 HTTP/1.1" 301 5 "-" "Mozilla/5.0 AppleWebKit/537.36 (KHTML, like Gecko; compatible; bingbot/2.0; +http://www.bing.com/bingbot.htm) Chrome/116.0.1938.76 Safari/537.36"
74.7.227.154 - - [07/Nov/2025:00:16:23 +0000] "GET /entity/172077526.htm/ HTTP/1.1" 200 45435 "-" "Mozilla/5.0 AppleWebKit/537.36 (KHTML, like Gecko; compatible; GPTBot/1.2; +https://openai.com/gptbot)"
216.73.216.147 - - [07/Nov/2025:00:16:23 +0000] "GET /entity/171533889.htm/ HTTP/1.1" 200 45435 "https://datainsightnow.com/entity/171533889.htm" "Mozilla/5.0 AppleWebKit/537.36 (KHTML, like Gecko; compatible; ClaudeBot/1.0; +claudebot@anthropic.com)"
85.208.96.197 - - [07/Nov/2025:00:16:24 +0000] "GET /?p=12087 HTTP/1.1" 200 43414 "-" "Mozilla/5.0 (compatible; SemrushBot/7~bl; +http://www.semrush.com/bot.html)"
216.244.66.243 - - [07/Nov/2025:00:16:24 +0000] "GET /?p=23413 HTTP/1.1" 200 182861 "-" "Mozilla/5.0 (compatible; DotBot/1.2; +https://opensiteexplorer.org/dotbot; help@moz.com)"
217.113.194.54 - - [07/Nov/2025:00:16:24 +0000] "GET /privacy/?fileloc=//proc/sys/net/netfilter/nf_conntrack_sctp_timeout_shutdown_sent&path=//proc/sys/net/netfilter HTTP/1.1" 200 45435 "-" "Mozilla/5.0 (compatible; Barkrowler/0.9; +https://babbar.tech/crawler)"
74.7.227.154 - - [07/Nov/2025:00:16:25 +0000] "GET /entity/172029870.htm HTTP/1.1" 301 5 "-" "Mozilla/5.0 AppleWebKit/537.36 (KHTML, like Gecko; compatible; GPTBot/1.2; +https://openai.com/gptbot)"
216.73.216.147 - - [07/Nov/2025:00:16:25 +0000] "GET /entity/274853394.htm HTTP/1.1" 301 5 "-" "Mozilla/5.0 AppleWebKit/537.36 (KHTML, like Gecko; compatible; ClaudeBot/1.0; +claudebot@anthropic.com)"
74.7.227.154 - - [07/Nov/2025:00:16:26 +0000] "GET /entity/172029870.htm/ HTTP/1.1" 200 45435 "-" "Mozilla/5.0 AppleWebKit/537.36 (KHTML, like Gecko; compatible; GPTBot/1.2; +https://openai.com/gptbot)"
216.73.216.147 - - [07/Nov/2025:00:16:26 +0000] "GET /entity/274853394.htm/ HTTP/1.1" 200 45435 "https://datainsightnow.com/entity/274853394.htm" "Mozilla/5.0 AppleWebKit/537.36 (KHTML, like Gecko; compatible; ClaudeBot/1.0; +claudebot@anthropic.com)"
57.141.0.70 - - [07/Nov/2025:00:16:26 +0000] "GET /2025/03/07/page/6/?fileloc=//sys/class/pci_bus/0000:05/subsystem/0000:09/subsystem/0000:00/subsystem/0000:12/device/numa_node&path=//sys/class/pci_bus/0000:05/subsystem/0000:09/subsystem/0000:00/subsystem/0000:12/device HTTP/1.1" 200 262215 "-" "meta-externalagent/1.1 (+https://developers.facebook.com/docs/sharing/webmasters/crawler)"
74.7.227.154 - - [07/Nov/2025:00:16:28 +0000] "GET /entity/171991016.htm HTTP/1.1" 301 5 "-" "Mozilla/5.0 AppleWebKit/537.36 (KHTML, like Gecko; compatible; GPTBot/1.2; +https://openai.com/gptbot)"
216.73.216.147 - - [07/Nov/2025:00:16:28 +0000] "GET /entity/831613523.htm HTTP/1.1" 301 5 "-" "Mozilla/5.0 AppleWebKit/537.36 (KHTML, like Gecko; compatible; ClaudeBot/1.0; +claudebot@anthropic.com)"
74.7.227.154 - - [07/Nov/2025:00:16:28 +0000] "GET /entity/171991016.htm/ HTTP/1.1" 200 45435 "-" "Mozilla/5.0 AppleWebKit/537.36 (KHTML, like Gecko; compatible; GPTBot/1.2; +https://openai.com/gptbot)"
216.73.216.147 - - [07/Nov/2025:00:16:29 +0000] "GET /entity/831613523.htm/ HTTP/1.1" 200 45435 "https://datainsightnow.com/entity/831613523.htm" "Mozilla/5.0 AppleWebKit/537.36 (KHTML, like Gecko; compatible; ClaudeBot/1.0; +claudebot@anthropic.com)"
216.244.66.243 - - [07/Nov/2025:00:16:29 +0000] "GET /?p=27939 HTTP/1.1" 200 181936 "-" "Mozilla/5.0 (compatible; DotBot/1.2; +https://opensiteexplorer.org/dotbot; help@moz.com)"
57.141.0.56 - - [07/Nov/2025:00:16:29 +0000] "GET /karamba-spielsaal-erfahrungen-angeschlossen-testbericht-werfen-sie-einen-blick-auf-den-link-within-2025-pro-teutonia/?fileloc=//sys/class/pci_bus/0000:06/subsystem/0000:0b/subsystem/0000:03/subsystem/0000:0b/device/driver/0000:00:04.1/subsystem/rescan&path=//sys/class/pci_bus/0000:06/subsystem/0000:0b/subsystem/0000:03/subsystem/0000:0b/device/driver/0000:00:04.1/subsystem HTTP/1.1" 200 262209 "-" "meta-externalagent/1.1 (+https://developers.facebook.com/docs/sharing/webmasters/crawler)"
74.7.227.154 - - [07/Nov/2025:00:16:31 +0000] "GET /entity/172139947.htm HTTP/1.1" 301 5 "-" "Mozilla/5.0 AppleWebKit/537.36 (KHTML, like Gecko; compatible; GPTBot/1.2; +https://openai.com/gptbot)"
74.7.227.154 - - [07/Nov/2025:00:16:31 +0000] "GET /entity/172139947.htm/ HTTP/1.1" 200 45435 "-" "Mozilla/5.0 AppleWebKit/537.36 (KHTML, like Gecko; compatible; GPTBot/1.2; +https://openai.com/gptbot)"
57.141.0.51 - - [07/Nov/2025:00:16:32 +0000] "GET /2025/03/06/page/39/?fileloc=//sys/class/pci_bus/0000:04/subsystem/0000:0c/device/subsystem/devices/0000:01:00.0/driver/unbind&path=//sys/class/pci_bus/0000:04/subsystem/0000:0c/device/subsystem/devices/0000:01:00.0/driver HTTP/1.1" 200 262264 "-" "meta-externalagent/1.1 (+https://developers.facebook.com/docs/sharing/webmasters/crawler)"
57.141.0.20 - - [07/Nov/2025:00:16:33 +0000] "GET /karamba-spielsaal-erfahrungen-angeschlossen-testbericht-werfen-sie-einen-blick-auf-den-link-within-2025-pro-teutonia/?fileloc=//sys/class/pci_bus/0000:00/subsystem/0000:0c/device/driver/0000:00:02.7/driver/0000:00:03.3/subsystem/drivers_probe&path=//sys/class/pci_bus/0000:00/subsystem/0000:0c/device/driver/0000:00:02.7/driver/0000:00:03.3/subsystem HTTP/1.1" 200 262264 "-" "meta-externalagent/1.1 (+https://developers.facebook.com/docs/sharing/webmasters/crawler)"
185.191.171.9 - - [07/Nov/2025:00:16:34 +0000] "GET /?p=29751 HTTP/1.1" 200 42404 "-" "Mozilla/5.0 (compatible; SemrushBot/7~bl; +http://www.semrush.com/bot.html)"
74.7.227.154 - - [07/Nov/2025:00:16:34 +0000] "GET /entity/172059392.htm HTTP/1.1" 301 5 "-" "Mozilla/5.0 AppleWebKit/537.36 (KHTML, like Gecko; compatible; GPTBot/1.2; +https://openai.com/gptbot)"
74.7.227.154 - - [07/Nov/2025:00:16:35 +0000] "GET /entity/172059392.htm/ HTTP/1.1" 200 45435 "-" "Mozilla/5.0 AppleWebKit/537.36 (KHTML, like Gecko; compatible; GPTBot/1.2; +https://openai.com/gptbot)"
216.73.216.147 - - [07/Nov/2025:00:16:35 +0000] "GET /entity/258054393.htm HTTP/1.1" 301 5 "-" "Mozilla/5.0 AppleWebKit/537.36 (KHTML, like Gecko; compatible; ClaudeBot/1.0; +claudebot@anthropic.com)"
57.141.0.11 - - [07/Nov/2025:00:16:35 +0000] "GET /karamba-spielsaal-erfahrungen-angeschlossen-testbericht-werfen-sie-einen-blick-auf-den-link-within-2025-pro-teutonia/?fileloc=//sys/class/pci_bus/0000:0e/subsystem/0000:0c/subsystem/0000:0b/device/driver/0000:00:02.1/max_link_speed&path=//sys/class/pci_bus/0000:0e/subsystem/0000:0c/subsystem/0000:0b/device/driver/0000:00:02.1 HTTP/1.1" 200 262264 "-" "meta-externalagent/1.1 (+https://developers.facebook.com/docs/sharing/webmasters/crawler)"
57.141.0.54 - - [07/Nov/2025:00:16:35 +0000] "GET /karamba-spielsaal-erfahrungen-angeschlossen-testbericht-werfen-sie-einen-blick-auf-den-link-within-2025-pro-teutonia/?fileloc=//sys/class/pci_bus/0000:02/subsystem/0000:0c/subsystem/0000:02/device/subsystem/drivers/xen-platform-pci/new_id&path=//sys/class/pci_bus/0000:02/subsystem/0000:0c/subsystem/0000:02/device/subsystem/drivers/xen-platform-pci HTTP/1.1" 200 262264 "-" "meta-externalagent/1.1 (+https://developers.facebook.com/docs/sharing/webmasters/crawler)"
