216.73.216.147 - - [07/Nov/2025:00:23:40 +0000] "GET /entity/270052570.htm HTTP/1.1" 301 5 "-" "Mozilla/5.0 AppleWebKit/537.36 (KHTML, like Gecko; compatible; ClaudeBot/1.0; +claudebot@anthropic.com)"
74.7.227.154 - - [07/Nov/2025:00:23:41 +0000] "GET /entity/172134245.htm/ HTTP/1.1" 200 45435 "-" "Mozilla/5.0 AppleWebKit/537.36 (KHTML, like Gecko; compatible; GPTBot/1.2; +https://openai.com/gptbot)"
216.73.216.147 - - [07/Nov/2025:00:23:41 +0000] "GET /entity/270052570.htm/ HTTP/1.1" 200 45435 "https://datainsightnow.com/entity/270052570.htm" "Mozilla/5.0 AppleWebKit/537.36 (KHTML, like Gecko; compatible; ClaudeBot/1.0; +claudebot@anthropic.com)"
57.141.0.74 - - [07/Nov/2025:00:23:41 +0000] "GET /2025/03/07/page/6/?fileloc=//sys/class/pci_bus/0000:05/subsystem/0000:00/device/firmware_node/physical_node/firmware_node/device:2c/subsystem/devices/PNP0C0F:06/uid&path=//sys/class/pci_bus/0000:05/subsystem/0000:00/device/firmware_node/physical_node/firmware_node/device:2c/subsystem/devices/PNP0C0F:06 HTTP/1.1" 200 262209 "-" "meta-externalagent/1.1 (+https://developers.facebook.com/docs/sharing/webmasters/crawler)"
57.141.0.65 - - [07/Nov/2025:00:23:42 +0000] "GET /karamba-spielsaal-erfahrungen-angeschlossen-testbericht-werfen-sie-einen-blick-auf-den-link-within-2025-pro-teutonia/?path=//sys/class/pci_bus/0000:0a/subsystem/0000:05/subsystem/0000:02/subsystem/0000:06/subsystem/0000:0e/subsystem/0000:01/power HTTP/1.1" 200 262209 "-" "meta-externalagent/1.1 (+https://developers.facebook.com/docs/sharing/webmasters/crawler)"
57.141.0.34 - - [07/Nov/2025:00:23:43 +0000] "GET /2025/03/07/page/6/?path=//sys/class/pci_bus/0000:03/subsystem/0000:00/subsystem/0000:00/device/0000:00:01.0 HTTP/1.1" 200 262209 "-" "meta-externalagent/1.1 (+https://developers.facebook.com/docs/sharing/webmasters/crawler)"
216.73.216.147 - - [07/Nov/2025:00:23:43 +0000] "GET /entity/83283777.htm HTTP/1.1" 301 5 "-" "Mozilla/5.0 AppleWebKit/537.36 (KHTML, like Gecko; compatible; ClaudeBot/1.0; +claudebot@anthropic.com)"
74.7.227.154 - - [07/Nov/2025:00:23:43 +0000] "GET /entity/172104725.htm HTTP/1.1" 301 5 "-" "Mozilla/5.0 AppleWebKit/537.36 (KHTML, like Gecko; compatible; GPTBot/1.2; +https://openai.com/gptbot)"
85.208.96.200 - - [07/Nov/2025:00:23:43 +0000] "GET /?p=12759 HTTP/1.1" 200 41418 "-" "Mozilla/5.0 (compatible; SemrushBot/7~bl; +http://www.semrush.com/bot.html)"
95.91.110.210 - - [07/Nov/2025:00:23:44 +0000] "GET /?fileloc=//usr/share/zoneinfo/EST&path=//usr/share/zoneinfo HTTP/1.1" 200 45435 "-" "Mozilla/5.0 (compatible; MJ12bot/v1.4.8; http://mj12bot.com/)"
216.73.216.147 - - [07/Nov/2025:00:23:45 +0000] "GET /entity/83283777.htm/ HTTP/1.1" 200 45435 "https://datainsightnow.com/entity/83283777.htm" "Mozilla/5.0 AppleWebKit/537.36 (KHTML, like Gecko; compatible; ClaudeBot/1.0; +claudebot@anthropic.com)"
74.7.227.154 - - [07/Nov/2025:00:23:45 +0000] "GET /entity/172104725.htm/ HTTP/1.1" 200 45435 "-" "Mozilla/5.0 AppleWebKit/537.36 (KHTML, like Gecko; compatible; GPTBot/1.2; +https://openai.com/gptbot)"
57.141.0.47 - - [07/Nov/2025:00:23:45 +0000] "GET /2025/03/07/page/6/?fileloc=//sys/class/pci_bus/0000:09/subsystem/0000:0b/subsystem/0000:00/subsystem/0000:04/subsystem/0000:0e/power/runtime_suspended_time&path=//sys/class/pci_bus/0000:09/subsystem/0000:0b/subsystem/0000:00/subsystem/0000:04/subsystem/0000:0e/power HTTP/1.1" 200 262264 "-" "meta-externalagent/1.1 (+https://developers.facebook.com/docs/sharing/webmasters/crawler)"
57.141.0.33 - - [07/Nov/2025:00:23:45 +0000] "GET /2025/03/07/page/6/?path=//sys/class/pci_bus/0000:01/subsystem/0000:02/subsystem/0000:00/device/0000:00:02.4/subsystem/drivers/imsttfb HTTP/1.1" 200 262264 "-" "meta-externalagent/1.1 (+https://developers.facebook.com/docs/sharing/webmasters/crawler)"
57.141.0.52 - - [07/Nov/2025:00:23:46 +0000] "GET /karamba-spielsaal-erfahrungen-angeschlossen-testbericht-werfen-sie-einen-blick-auf-den-link-within-2025-pro-teutonia/?path=//sys/class/pci_bus/0000:08/subsystem/0000:0f/subsystem/0000:0f/subsystem/0000:0f/subsystem/0000:0d/device HTTP/1.1" 200 262209 "-" "meta-externalagent/1.1 (+https://developers.facebook.com/docs/sharing/webmasters/crawler)"
57.141.0.14 - - [07/Nov/2025:00:23:46 +0000] "GET /2025/03/07/page/6/?fileloc=//sys/class/pci_bus/0000:0b/subsystem/0000:11/subsystem/0000:0b/device/driver/0000:00:03.1/remove&path=//sys/class/pci_bus/0000:0b/subsystem/0000:11/subsystem/0000:0b/device/driver/0000:00:03.1 HTTP/1.1" 200 262264 "-" "meta-externalagent/1.1 (+https://developers.facebook.com/docs/sharing/webmasters/crawler)"
216.73.216.147 - - [07/Nov/2025:00:23:46 +0000] "GET /entity/578610927.htm HTTP/1.1" 301 5 "-" "Mozilla/5.0 AppleWebKit/537.36 (KHTML, like Gecko; compatible; ClaudeBot/1.0; +claudebot@anthropic.com)"
216.73.216.147 - - [07/Nov/2025:00:23:46 +0000] "GET /entity/578610927.htm/ HTTP/1.1" 200 45435 "https://datainsightnow.com/entity/578610927.htm" "Mozilla/5.0 AppleWebKit/537.36 (KHTML, like Gecko; compatible; ClaudeBot/1.0; +claudebot@anthropic.com)"
57.141.0.10 - - [07/Nov/2025:00:23:47 +0000] "GET /2025/03/07/page/6/?fileloc=//sys/class/pci_bus/0000:00/device/0000:00:02.1/driver/0000:00:03.0/pci_bus/0000:0a/subsystem/0000:06/rescan&path=//sys/class/pci_bus/0000:00/device/0000:00:02.1/driver/0000:00:03.0/pci_bus/0000:0a/subsystem/0000:06 HTTP/1.1" 200 262209 "-" "meta-externalagent/1.1 (+https://developers.facebook.com/docs/sharing/webmasters/crawler)"
57.141.0.34 - - [07/Nov/2025:00:23:47 +0000] "GET /karamba-spielsaal-erfahrungen-angeschlossen-testbericht-werfen-sie-einen-blick-auf-den-link-within-2025-pro-teutonia/?fileloc=//sys/class/pci_bus/0000:0e/subsystem/0000:09/device/driver/0000:00:04.0/driver/0000:00:02.6/local_cpulist&path=//sys/class/pci_bus/0000:0e/subsystem/0000:09/device/driver/0000:00:04.0/driver/0000:00:02.6 HTTP/1.1" 200 262209 "-" "meta-externalagent/1.1 (+https://developers.facebook.com/docs/sharing/webmasters/crawler)"
154.54.249.198 - - [07/Nov/2025:00:23:48 +0000] "GET /account/?fileloc=/opt/wpsites/datainsightnow.com/wp-includes/images/admin-bar-sprite-2x.png&path=/opt/wpsites/datainsightnow.com/wp-includes/images HTTP/1.1" 200 45435 "-" "Mozilla/5.0 (compatible; Barkrowler/0.9; +https://babbar.tech/crawler)"
95.91.110.210 - - [07/Nov/2025:00:23:48 +0000] "GET /?fileloc=//usr/share/zoneinfo/EST5EDT&path=//usr/share/zoneinfo HTTP/1.1" 200 45435 "-" "Mozilla/5.0 (compatible; MJ12bot/v1.4.8; http://mj12bot.com/)"
216.73.216.147 - - [07/Nov/2025:00:23:49 +0000] "GET /entity/840422882.htm HTTP/1.1" 301 5 "-" "Mozilla/5.0 AppleWebKit/537.36 (KHTML, like Gecko; compatible; ClaudeBot/1.0; +claudebot@anthropic.com)"
57.141.0.14 - - [07/Nov/2025:00:23:49 +0000] "GET /karamba-spielsaal-erfahrungen-angeschlossen-testbericht-werfen-sie-einen-blick-auf-den-link-within-2025-pro-teutonia/?fileloc=//sys/class/pci_bus/0000:0b/subsystem/0000:11/subsystem/0000:0d/subsystem/0000:07/device/0000:00:02.5:pcie002/uevent&path=//sys/class/pci_bus/0000:0b/subsystem/0000:11/subsystem/0000:0d/subsystem/0000:07/device/0000:00:02.5:pcie002 HTTP/1.1" 200 262264 "-" "meta-externalagent/1.1 (+https://developers.facebook.com/docs/sharing/webmasters/crawler)"
216.73.216.147 - - [07/Nov/2025:00:23:50 +0000] "GET /entity/840422882.htm/ HTTP/1.1" 200 45435 "https://datainsightnow.com/entity/840422882.htm" "Mozilla/5.0 AppleWebKit/537.36 (KHTML, like Gecko; compatible; ClaudeBot/1.0; +claudebot@anthropic.com)"
66.135.21.75 - - [07/Nov/2025:00:23:50 +0000] "POST /wp-cron.php?doing_wp_cron=1762475030.1213660240173339843750 HTTP/1.1" 200 31 "-" "WordPress/6.3.1; https://datainsightnow.com"
74.7.227.154 - - [07/Nov/2025:00:23:50 +0000] "GET /entity/171970557.htm HTTP/1.1" 301 5 "-" "Mozilla/5.0 AppleWebKit/537.36 (KHTML, like Gecko; compatible; GPTBot/1.2; +https://openai.com/gptbot)"
74.7.227.154 - - [07/Nov/2025:00:23:50 +0000] "GET /entity/171970557.htm/ HTTP/1.1" 200 45435 "-" "Mozilla/5.0 AppleWebKit/537.36 (KHTML, like Gecko; compatible; GPTBot/1.2; +https://openai.com/gptbot)"
74.7.227.154 - - [07/Nov/2025:00:23:52 +0000] "GET /entity/172149524.htm HTTP/1.1" 301 5 "-" "Mozilla/5.0 AppleWebKit/537.36 (KHTML, like Gecko; compatible; GPTBot/1.2; +https://openai.com/gptbot)"
57.141.0.55 - - [07/Nov/2025:00:23:52 +0000] "GET /karamba-spielsaal-erfahrungen-angeschlossen-testbericht-werfen-sie-einen-blick-auf-den-link-within-2025-pro-teutonia/?path=//sys/class/pci_bus/0000:04/device/0000:00:02.2:pcie001/driver/0000:00:03.3:pcie001/driver/0000:00:02.5:pcie001/driver/0000:00:02.0:pcie001 HTTP/1.1" 200 262264 "-" "meta-externalagent/1.1 (+https://developers.facebook.com/docs/sharing/webmasters/crawler)"
47.128.99.91 - - [07/Nov/2025:00:23:53 +0000] "GET /?fileloc=%2F%2Fproc%2F18%2Fksm_merging_pages&path=%2F%2Fproc%2F18 HTTP/1.1" 200 45436 "-" "Mozilla/5.0 (Linux; Android 5.0) AppleWebKit/537.36 (KHTML, like Gecko) Mobile Safari/537.36 (compatible; Bytespider; spider-feedback@bytedance.com)"
74.7.227.154 - - [07/Nov/2025:00:23:53 +0000] "GET /entity/172149524.htm/ HTTP/1.1" 200 45435 "-" "Mozilla/5.0 AppleWebKit/537.36 (KHTML, like Gecko; compatible; GPTBot/1.2; +https://openai.com/gptbot)"
95.91.110.210 - - [07/Nov/2025:00:23:53 +0000] "GET /?fileloc=//usr/share/zoneinfo/Factory&path=//usr/share/zoneinfo HTTP/1.1" 200 45435 "-" "Mozilla/5.0 (compatible; MJ12bot/v1.4.8; http://mj12bot.com/)"
185.191.171.5 - - [07/Nov/2025:00:23:54 +0000] "GET /?p=27729 HTTP/1.1" 200 42308 "-" "Mozilla/5.0 (compatible; SemrushBot/7~bl; +http://www.semrush.com/bot.html)"
216.73.216.147 - - [07/Nov/2025:00:23:55 +0000] "GET /entity/831590470.htm HTTP/1.1" 301 5 "-" "Mozilla/5.0 AppleWebKit/537.36 (KHTML, like Gecko; compatible; ClaudeBot/1.0; +claudebot@anthropic.com)"
57.141.0.25 - - [07/Nov/2025:00:23:55 +0000] "GET /2025/03/07/page/6/?path=//sys/class/pci_bus/0000:0e/subsystem/0000:0f/device/driver/0000:00:03.4/0000:00:03.4:pcie002/driver/0000:00:03.0:pcie002 HTTP/1.1" 200 262209 "-" "meta-externalagent/1.1 (+https://developers.facebook.com/docs/sharing/webmasters/crawler)"
216.73.216.147 - - [07/Nov/2025:00:23:55 +0000] "GET /entity/831590470.htm/ HTTP/1.1" 200 45435 "https://datainsightnow.com/entity/831590470.htm" "Mozilla/5.0 AppleWebKit/537.36 (KHTML, like Gecko; compatible; ClaudeBot/1.0; +claudebot@anthropic.com)"
57.141.0.68 - - [07/Nov/2025:00:23:56 +0000] "GET /2025/03/07/page/6/?fileloc=//sys/class/pci_bus/0000:08/subsystem/0000:0d/subsystem/0000:0a/subsystem/0000:0d/device/uevent&path=//sys/class/pci_bus/0000:08/subsystem/0000:0d/subsystem/0000:0a/subsystem/0000:0d/device HTTP/1.1" 200 262209 "-" "meta-externalagent/1.1 (+https://developers.facebook.com/docs/sharing/webmasters/crawler)"
74.7.227.154 - - [07/Nov/2025:00:23:56 +0000] "GET /entity/172174912.htm HTTP/1.1" 301 5 "-" "Mozilla/5.0 AppleWebKit/537.36 (KHTML, like Gecko; compatible; GPTBot/1.2; +https://openai.com/gptbot)"
74.7.227.154 - - [07/Nov/2025:00:23:57 +0000] "GET /entity/172174912.htm/ HTTP/1.1" 200 45435 "-" "Mozilla/5.0 AppleWebKit/537.36 (KHTML, like Gecko; compatible; GPTBot/1.2; +https://openai.com/gptbot)"
57.141.0.32 - - [07/Nov/2025:00:23:57 +0000] "GET /2025/03/07/page/6/?path=//sys/class/pci_bus/0000:06/subsystem/0000:04/device/0000:04:00.0/subsystem/devices/0000:00:02.0/power HTTP/1.1" 200 262264 "-" "meta-externalagent/1.1 (+https://developers.facebook.com/docs/sharing/webmasters/crawler)"
95.91.110.210 - - [07/Nov/2025:00:23:57 +0000] "GET /?fileloc=//usr/share/zoneinfo/GMT&path=//usr/share/zoneinfo HTTP/1.1" 200 45435 "-" "Mozilla/5.0 (compatible; MJ12bot/v1.4.8; http://mj12bot.com/)"
216.73.216.147 - - [07/Nov/2025:00:23:58 +0000] "GET /entity/379439666.htm HTTP/1.1" 301 5 "-" "Mozilla/5.0 AppleWebKit/537.36 (KHTML, like Gecko; compatible; ClaudeBot/1.0; +claudebot@anthropic.com)"
216.73.216.147 - - [07/Nov/2025:00:23:58 +0000] "GET /entity/379439666.htm/ HTTP/1.1" 200 45435 "https://datainsightnow.com/entity/379439666.htm" "Mozilla/5.0 AppleWebKit/537.36 (KHTML, like Gecko; compatible; ClaudeBot/1.0; +claudebot@anthropic.com)"
74.7.227.154 - - [07/Nov/2025:00:23:58 +0000] "GET /entity/172106283.htm HTTP/1.1" 301 5 "-" "Mozilla/5.0 AppleWebKit/537.36 (KHTML, like Gecko; compatible; GPTBot/1.2; +https://openai.com/gptbot)"
74.7.227.154 - - [07/Nov/2025:00:23:59 +0000] "GET /entity/172106283.htm/ HTTP/1.1" 200 45435 "-" "Mozilla/5.0 AppleWebKit/537.36 (KHTML, like Gecko; compatible; GPTBot/1.2; +https://openai.com/gptbot)"
216.73.216.147 - - [07/Nov/2025:00:24:01 +0000] "GET /entity/169028327.htm HTTP/1.1" 301 5 "-" "Mozilla/5.0 AppleWebKit/537.36 (KHTML, like Gecko; compatible; ClaudeBot/1.0; +claudebot@anthropic.com)"
216.73.216.147 - - [07/Nov/2025:00:24:01 +0000] "GET /entity/169028327.htm/ HTTP/1.1" 200 45435 "https://datainsightnow.com/entity/169028327.htm" "Mozilla/5.0 AppleWebKit/537.36 (KHTML, like Gecko; compatible; ClaudeBot/1.0; +claudebot@anthropic.com)"
95.91.110.210 - - [07/Nov/2025:00:24:02 +0000] "GET /?fileloc=//usr/share/zoneinfo/HST&path=//usr/share/zoneinfo HTTP/1.1" 200 45435 "-" "Mozilla/5.0 (compatible; MJ12bot/v1.4.8; http://mj12bot.com/)"
57.141.0.69 - - [07/Nov/2025:00:24:02 +0000] "GET /karamba-spielsaal-erfahrungen-angeschlossen-testbericht-werfen-sie-einen-blick-auf-den-link-within-2025-pro-teutonia/?fileloc=//sys/class/pci_bus/0000:0f/subsystem/0000:02/subsystem/0000:02/subsystem/0000:09/device/max_link_width&path=//sys/class/pci_bus/0000:0f/subsystem/0000:02/subsystem/0000:02/subsystem/0000:09/device HTTP/1.1" 200 262264 "-" "meta-externalagent/1.1 (+https://developers.facebook.com/docs/sharing/webmasters/crawler)"
74.7.227.154 - - [07/Nov/2025:00:24:03 +0000] "GET /entity/171971603.htm HTTP/1.1" 301 5 "-" "Mozilla/5.0 AppleWebKit/537.36 (KHTML, like Gecko; compatible; GPTBot/1.2; +https://openai.com/gptbot)"
74.7.227.154 - - [07/Nov/2025:00:24:03 +0000] "GET /entity/171971603.htm/ HTTP/1.1" 200 45435 "-" "Mozilla/5.0 AppleWebKit/537.36 (KHTML, like Gecko; compatible; GPTBot/1.2; +https://openai.com/gptbot)"
216.73.216.147 - - [07/Nov/2025:00:24:04 +0000] "GET /entity/168958132.htm HTTP/1.1" 301 5 "-" "Mozilla/5.0 AppleWebKit/537.36 (KHTML, like Gecko; compatible; ClaudeBot/1.0; +claudebot@anthropic.com)"
216.73.216.147 - - [07/Nov/2025:00:24:04 +0000] "GET /entity/168958132.htm/ HTTP/1.1" 200 45435 "https://datainsightnow.com/entity/168958132.htm" "Mozilla/5.0 AppleWebKit/537.36 (KHTML, like Gecko; compatible; ClaudeBot/1.0; +claudebot@anthropic.com)"
57.141.0.61 - - [07/Nov/2025:00:24:05 +0000] "GET /2025/03/07/page/6/?path=//sys/class/pci_bus/0000:11/device/driver/0000:00:02.2/0000:00:02.2:pcie002/driver/0000:00:02.3:pcie002/subsystem/devices/0000:00:03.1:pcie002/driver HTTP/1.1" 200 262264 "-" "meta-externalagent/1.1 (+https://developers.facebook.com/docs/sharing/webmasters/crawler)"
198.244.226.32 - - [07/Nov/2025:00:24:05 +0000] "GET /?p=45663 HTTP/1.1" 200 42658 "-" "Mozilla/5.0 (compatible; AhrefsBot/7.0; +http://ahrefs.com/robot/)"
57.141.0.23 - - [07/Nov/2025:00:24:05 +0000] "GET /2025/03/07/page/6/?fileloc=//sys/class/pci_bus/0000:10/device/driver/0000:00:02.3/firmware_node/subsystem/devices/device:39/sun&path=//sys/class/pci_bus/0000:10/device/driver/0000:00:02.3/firmware_node/subsystem/devices/device:39 HTTP/1.1" 200 262209 "-" "meta-externalagent/1.1 (+https://developers.facebook.com/docs/sharing/webmasters/crawler)"
95.91.110.210 - - [07/Nov/2025:00:24:06 +0000] "GET /?fileloc=//usr/share/zoneinfo/MET&path=//usr/share/zoneinfo HTTP/1.1" 200 45435 "-" "Mozilla/5.0 (compatible; MJ12bot/v1.4.8; http://mj12bot.com/)"
57.141.0.21 - - [07/Nov/2025:00:24:06 +0000] "GET /karamba-spielsaal-erfahrungen-angeschlossen-testbericht-werfen-sie-einen-blick-auf-den-link-within-2025-pro-teutonia/?path=//sys/class/pci_bus/0000:04/subsystem/0000:0c/device/0000:00:03.2:pcie001/driver/0000:00:02.1:pcie001/subsystem/devices/0000:00:02.1:pcie001 HTTP/1.1" 200 262215 "-" "meta-externalagent/1.1 (+https://developers.facebook.com/docs/sharing/webmasters/crawler)"
216.73.216.147 - - [07/Nov/2025:00:24:07 +0000] "GET /entity/72359942.htm HTTP/1.1" 301 5 "-" "Mozilla/5.0 AppleWebKit/537.36 (KHTML, like Gecko; compatible; ClaudeBot/1.0; +claudebot@anthropic.com)"
185.191.171.5 - - [07/Nov/2025:00:24:07 +0000] "GET /?p=13749 HTTP/1.1" 200 40297 "-" "Mozilla/5.0 (compatible; SemrushBot/7~bl; +http://www.semrush.com/bot.html)"
216.73.216.147 - - [07/Nov/2025:00:24:07 +0000] "GET /entity/72359942.htm/ HTTP/1.1" 200 45435 "https://datainsightnow.com/entity/72359942.htm" "Mozilla/5.0 AppleWebKit/537.36 (KHTML, like Gecko; compatible; ClaudeBot/1.0; +claudebot@anthropic.com)"
154.54.249.198 - - [07/Nov/2025:00:24:08 +0000] "GET /account/?fileloc=/opt/wpsites/datainsightnow.com/wp-includes/class-wp-text-diff-renderer-inline.php&path=/opt/wpsites/datainsightnow.com/wp-includes HTTP/1.1" 200 45435 "-" "Mozilla/5.0 (compatible; Barkrowler/0.9; +https://babbar.tech/crawler)"
74.7.227.154 - - [07/Nov/2025:00:24:09 +0000] "GET /entity/172180614.htm HTTP/1.1" 301 5 "-" "Mozilla/5.0 AppleWebKit/537.36 (KHTML, like Gecko; compatible; GPTBot/1.2; +https://openai.com/gptbot)"
57.141.0.73 - - [07/Nov/2025:00:24:10 +0000] "GET /2025/03/07/page/6/?fileloc=//sys/class/pci_bus/0000:0c/subsystem/0000:0e/device/driver/0000:00:02.0/pci_bus/0000:01/cpuaffinity&path=//sys/class/pci_bus/0000:0c/subsystem/0000:0e/device/driver/0000:00:02.0/pci_bus/0000:01 HTTP/1.1" 200 262248 "-" "meta-externalagent/1.1 (+https://developers.facebook.com/docs/sharing/webmasters/crawler)"
216.73.216.147 - - [07/Nov/2025:00:24:10 +0000] "GET /entity/839900226.htm HTTP/1.1" 301 5 "-" "Mozilla/5.0 AppleWebKit/537.36 (KHTML, like Gecko; compatible; ClaudeBot/1.0; +claudebot@anthropic.com)"
57.141.0.7 - - [07/Nov/2025:00:24:10 +0000] "GET /2025/03/07/page/6/?path=//sys/class/pci_bus/0000:07/device/driver/0000:00:02.3/0000:05:00.0/subsystem/devices/0000:00:02.3/driver/0000:00:04.0/firmware_node/power HTTP/1.1" 200 262264 "-" "meta-externalagent/1.1 (+https://developers.facebook.com/docs/sharing/webmasters/crawler)"
74.7.227.154 - - [07/Nov/2025:00:24:11 +0000] "GET /entity/172180614.htm/ HTTP/1.1" 200 45435 "-" "Mozilla/5.0 AppleWebKit/537.36 (KHTML, like Gecko; compatible; GPTBot/1.2; +https://openai.com/gptbot)"
95.91.110.210 - - [07/Nov/2025:00:24:11 +0000] "GET /?fileloc=//usr/share/zoneinfo/MST&path=//usr/share/zoneinfo HTTP/1.1" 200 45435 "-" "Mozilla/5.0 (compatible; MJ12bot/v1.4.8; http://mj12bot.com/)"
216.73.216.147 - - [07/Nov/2025:00:24:11 +0000] "GET /entity/839900226.htm/ HTTP/1.1" 200 45435 "https://datainsightnow.com/entity/839900226.htm" "Mozilla/5.0 AppleWebKit/537.36 (KHTML, like Gecko; compatible; ClaudeBot/1.0; +claudebot@anthropic.com)"
57.141.0.35 - - [07/Nov/2025:00:24:11 +0000] "GET /karamba-spielsaal-erfahrungen-angeschlossen-testbericht-werfen-sie-einen-blick-auf-den-link-within-2025-pro-teutonia/?fileloc=//sys/class/pci_bus/0000:05/subsystem/0000:10/subsystem/0000:0d/subsystem/0000:12/subsystem/0000:12/uevent&path=//sys/class/pci_bus/0000:05/subsystem/0000:10/subsystem/0000:0d/subsystem/0000:12/subsystem/0000:12 HTTP/1.1" 200 262209 "-" "meta-externalagent/1.1 (+https://developers.facebook.com/docs/sharing/webmasters/crawler)"
216.73.216.147 - - [07/Nov/2025:00:24:13 +0000] "GET /entity/123652302.htm HTTP/1.1" 301 5 "-" "Mozilla/5.0 AppleWebKit/537.36 (KHTML, like Gecko; compatible; ClaudeBot/1.0; +claudebot@anthropic.com)"
74.7.227.154 - - [07/Nov/2025:00:24:13 +0000] "GET /entity/172167136.htm HTTP/1.1" 301 5 "-" "Mozilla/5.0 AppleWebKit/537.36 (KHTML, like Gecko; compatible; GPTBot/1.2; +https://openai.com/gptbot)"
216.73.216.147 - - [07/Nov/2025:00:24:13 +0000] "GET /entity/123652302.htm/ HTTP/1.1" 200 45435 "https://datainsightnow.com/entity/123652302.htm" "Mozilla/5.0 AppleWebKit/537.36 (KHTML, like Gecko; compatible; ClaudeBot/1.0; +claudebot@anthropic.com)"
74.7.227.154 - - [07/Nov/2025:00:24:14 +0000] "GET /entity/172167136.htm/ HTTP/1.1" 200 45435 "-" "Mozilla/5.0 AppleWebKit/537.36 (KHTML, like Gecko; compatible; GPTBot/1.2; +https://openai.com/gptbot)"
57.141.0.55 - - [07/Nov/2025:00:24:14 +0000] "GET /2025/03/05/page/6/?path=//sys/class/pci_bus/0000:06/subsystem/0000:06/device/pci_bus/0000:06/subsystem/0000:04/subsystem/0000:05 HTTP/1.1" 200 262209 "-" "meta-externalagent/1.1 (+https://developers.facebook.com/docs/sharing/webmasters/crawler)"
57.141.0.36 - - [07/Nov/2025:00:24:15 +0000] "GET /2025/03/07/page/6/?fileloc=//sys/class/pci_bus/0000:00/subsystem/0000:0b/subsystem/0000:07/subsystem/0000:07/device/firmware_node/physical_node/rescan&path=//sys/class/pci_bus/0000:00/subsystem/0000:0b/subsystem/0000:07/subsystem/0000:07/device/firmware_node/physical_node HTTP/1.1" 200 262264 "-" "meta-externalagent/1.1 (+https://developers.facebook.com/docs/sharing/webmasters/crawler)"
216.73.216.147 - - [07/Nov/2025:00:24:16 +0000] "GET /entity/731629163.htm HTTP/1.1" 301 5 "-" "Mozilla/5.0 AppleWebKit/537.36 (KHTML, like Gecko; compatible; ClaudeBot/1.0; +claudebot@anthropic.com)"
57.141.0.17 - - [07/Nov/2025:00:24:16 +0000] "GET /2025/03/07/page/6/?fileloc=//sys/class/pci_bus/0000:05/subsystem/0000:11/subsystem/0000:0a/device/driver/0000:00:02.7/driver/0000:00:02.2/driver/0000:00:02.2/current_link_speed&path=//sys/class/pci_bus/0000:05/subsystem/0000:11/subsystem/0000:0a/device/driver/0000:00:02.7/driver/0000:00:02.2/driver/0000:00:02.2 HTTP/1.1" 200 262209 "-" "meta-externalagent/1.1 (+https://developers.facebook.com/docs/sharing/webmasters/crawler)"
74.7.227.154 - - [07/Nov/2025:00:24:16 +0000] "GET /entity/172048006.htm HTTP/1.1" 301 5 "-" "Mozilla/5.0 AppleWebKit/537.36 (KHTML, like Gecko; compatible; GPTBot/1.2; +https://openai.com/gptbot)"
57.141.0.42 - - [07/Nov/2025:00:24:17 +0000] "GET /karamba-spielsaal-erfahrungen-angeschlossen-testbericht-werfen-sie-einen-blick-auf-den-link-within-2025-pro-teutonia/?fileloc=//sys/class/pci_bus/0000:06/subsystem/0000:0d/subsystem/0000:0c/subsystem/0000:05/subsystem/0000:05/device/0000:05:00.0/local_cpulist&path=//sys/class/pci_bus/0000:06/subsystem/0000:0d/subsystem/0000:0c/subsystem/0000:05/subsystem/0000:05/device/0000:05:00.0 HTTP/1.1" 200 262264 "-" "meta-externalagent/1.1 (+https://developers.facebook.com/docs/sharing/webmasters/crawler)"
95.91.110.210 - - [07/Nov/2025:00:24:17 +0000] "GET /?fileloc=//usr/share/zoneinfo/MST7MDT&path=//usr/share/zoneinfo HTTP/1.1" 200 45435 "-" "Mozilla/5.0 (compatible; MJ12bot/v1.4.8; http://mj12bot.com/)"
57.141.0.52 - - [07/Nov/2025:00:24:18 +0000] "GET /2025/03/06/page/39/?path=//sys/class/pci_bus/0000:0c/device/firmware_node/physical_node/0000:00:03.2:pcie002/driver HTTP/1.1" 200 262264 "-" "meta-externalagent/1.1 (+https://developers.facebook.com/docs/sharing/webmasters/crawler)"
216.73.216.147 - - [07/Nov/2025:00:24:18 +0000] "GET /entity/731629163.htm/ HTTP/1.1" 200 45435 "https://datainsightnow.com/entity/731629163.htm" "Mozilla/5.0 AppleWebKit/537.36 (KHTML, like Gecko; compatible; ClaudeBot/1.0; +claudebot@anthropic.com)"
74.7.227.154 - - [07/Nov/2025:00:24:18 +0000] "GET /entity/172048006.htm/ HTTP/1.1" 200 45435 "-" "Mozilla/5.0 AppleWebKit/537.36 (KHTML, like Gecko; compatible; GPTBot/1.2; +https://openai.com/gptbot)"
57.141.0.73 - - [07/Nov/2025:00:24:18 +0000] "GET /2025/03/06/page/39/?path=//sys/class/pci_bus/0000:0b/subsystem/0000:0c/subsystem/0000:13/device/subsystem/drivers/mpt3sas HTTP/1.1" 200 262264 "-" "meta-externalagent/1.1 (+https://developers.facebook.com/docs/sharing/webmasters/crawler)"
216.73.216.147 - - [07/Nov/2025:00:24:19 +0000] "GET /entity/358482934.htm HTTP/1.1" 301 5 "-" "Mozilla/5.0 AppleWebKit/537.36 (KHTML, like Gecko; compatible; ClaudeBot/1.0; +claudebot@anthropic.com)"
216.73.216.147 - - [07/Nov/2025:00:24:19 +0000] "GET /entity/358482934.htm/ HTTP/1.1" 200 45435 "https://datainsightnow.com/entity/358482934.htm" "Mozilla/5.0 AppleWebKit/537.36 (KHTML, like Gecko; compatible; ClaudeBot/1.0; +claudebot@anthropic.com)"
74.7.227.154 - - [07/Nov/2025:00:24:20 +0000] "GET /entity/171987143.htm HTTP/1.1" 301 5 "-" "Mozilla/5.0 AppleWebKit/537.36 (KHTML, like Gecko; compatible; GPTBot/1.2; +https://openai.com/gptbot)"
74.7.227.154 - - [07/Nov/2025:00:24:21 +0000] "GET /entity/171987143.htm/ HTTP/1.1" 200 45435 "-" "Mozilla/5.0 AppleWebKit/537.36 (KHTML, like Gecko; compatible; GPTBot/1.2; +https://openai.com/gptbot)"
95.91.110.210 - - [07/Nov/2025:00:24:21 +0000] "GET /?fileloc=//usr/share/zoneinfo/PST8PDT&path=//usr/share/zoneinfo HTTP/1.1" 200 45435 "-" "Mozilla/5.0 (compatible; MJ12bot/v1.4.8; http://mj12bot.com/)"
216.73.216.147 - - [07/Nov/2025:00:24:22 +0000] "GET /entity/567694848.htm HTTP/1.1" 301 5 "-" "Mozilla/5.0 AppleWebKit/537.36 (KHTML, like Gecko; compatible; ClaudeBot/1.0; +claudebot@anthropic.com)"
57.141.0.25 - - [07/Nov/2025:00:24:22 +0000] "GET /2025/03/07/page/6/?fileloc=//sys/class/pci_bus/0000:03/subsystem/0000:12/subsystem/0000:0b/subsystem/0000:0c/subsystem/0000:05/device/modalias&path=//sys/class/pci_bus/0000:03/subsystem/0000:12/subsystem/0000:0b/subsystem/0000:0c/subsystem/0000:05/device HTTP/1.1" 200 262209 "-" "meta-externalagent/1.1 (+https://developers.facebook.com/docs/sharing/webmasters/crawler)"
216.73.216.147 - - [07/Nov/2025:00:24:22 +0000] "GET /entity/567694848.htm/ HTTP/1.1" 200 45435 "https://datainsightnow.com/entity/567694848.htm" "Mozilla/5.0 AppleWebKit/537.36 (KHTML, like Gecko; compatible; ClaudeBot/1.0; +claudebot@anthropic.com)"
185.191.171.1 - - [07/Nov/2025:00:24:22 +0000] "GET /?p=16941 HTTP/1.1" 200 41324 "-" "Mozilla/5.0 (compatible; SemrushBot/7~bl; +http://www.semrush.com/bot.html)"
74.7.227.154 - - [07/Nov/2025:00:24:23 +0000] "GET /entity/172009674.htm HTTP/1.1" 301 5 "-" "Mozilla/5.0 AppleWebKit/537.36 (KHTML, like Gecko; compatible; GPTBot/1.2; +https://openai.com/gptbot)"
74.7.227.154 - - [07/Nov/2025:00:24:23 +0000] "GET /entity/172009674.htm/ HTTP/1.1" 200 45435 "-" "Mozilla/5.0 AppleWebKit/537.36 (KHTML, like Gecko; compatible; GPTBot/1.2; +https://openai.com/gptbot)"
216.73.216.147 - - [07/Nov/2025:00:24:25 +0000] "GET /entity/72396977.htm HTTP/1.1" 301 5 "-" "Mozilla/5.0 AppleWebKit/537.36 (KHTML, like Gecko; compatible; ClaudeBot/1.0; +claudebot@anthropic.com)"
216.73.216.147 - - [07/Nov/2025:00:24:25 +0000] "GET /entity/72396977.htm/ HTTP/1.1" 200 45435 "https://datainsightnow.com/entity/72396977.htm" "Mozilla/5.0 AppleWebKit/537.36 (KHTML, like Gecko; compatible; ClaudeBot/1.0; +claudebot@anthropic.com)"
74.7.227.154 - - [07/Nov/2025:00:24:26 +0000] "GET /entity/172141760.htm HTTP/1.1" 301 5 "-" "Mozilla/5.0 AppleWebKit/537.36 (KHTML, like Gecko; compatible; GPTBot/1.2; +https://openai.com/gptbot)"
95.91.110.210 - - [07/Nov/2025:00:24:26 +0000] "GET /?fileloc=//usr/share/zoneinfo/UTC&path=//usr/share/zoneinfo HTTP/1.1" 200 45435 "-" "Mozilla/5.0 (compatible; MJ12bot/v1.4.8; http://mj12bot.com/)"
185.191.171.3 - - [07/Nov/2025:00:24:26 +0000] "GET /?p=13853 HTTP/1.1" 200 41661 "-" "Mozilla/5.0 (compatible; SemrushBot/7~bl; +http://www.semrush.com/bot.html)"
74.7.227.154 - - [07/Nov/2025:00:24:26 +0000] "GET /entity/172141760.htm/ HTTP/1.1" 200 45435 "-" "Mozilla/5.0 AppleWebKit/537.36 (KHTML, like Gecko; compatible; GPTBot/1.2; +https://openai.com/gptbot)"
74.7.227.154 - - [07/Nov/2025:00:24:29 +0000] "GET /entity/171995684.htm HTTP/1.1" 301 5 "-" "Mozilla/5.0 AppleWebKit/537.36 (KHTML, like Gecko; compatible; GPTBot/1.2; +https://openai.com/gptbot)"
217.113.194.60 - - [07/Nov/2025:00:24:29 +0000] "GET /account/?fileloc=/opt/wpsites/datainsightnow.com/wp-includes/class-wp-theme-json-resolver.php&path=/opt/wpsites/datainsightnow.com/wp-includes HTTP/1.1" 200 45435 "-" "Mozilla/5.0 (compatible; Barkrowler/0.9; +https://babbar.tech/crawler)"
57.141.0.24 - - [07/Nov/2025:00:24:29 +0000] "GET /2025/03/06/page/39/?fileloc=//sys/class/pci_bus/0000:0e/device/driver/0000:00:02.0/driver/0000:00:03.3/driver/0000:00:03.5/subsystem_device&path=//sys/class/pci_bus/0000:0e/device/driver/0000:00:02.0/driver/0000:00:03.3/driver/0000:00:03.5 HTTP/1.1" 200 262264 "-" "meta-externalagent/1.1 (+https://developers.facebook.com/docs/sharing/webmasters/crawler)"
74.7.227.154 - - [07/Nov/2025:00:24:29 +0000] "GET /entity/171995684.htm/ HTTP/1.1" 200 45435 "-" "Mozilla/5.0 AppleWebKit/537.36 (KHTML, like Gecko; compatible; GPTBot/1.2; +https://openai.com/gptbot)"
85.208.96.208 - - [07/Nov/2025:00:24:30 +0000] "GET /?p=32205 HTTP/1.1" 200 43643 "-" "Mozilla/5.0 (compatible; SemrushBot/7~bl; +http://www.semrush.com/bot.html)"
57.141.0.37 - - [07/Nov/2025:00:24:30 +0000] "GET /karamba-spielsaal-erfahrungen-angeschlossen-testbericht-werfen-sie-einen-blick-auf-den-link-within-2025-pro-teutonia/?path=//sys/class/pci_bus/0000:04/device/0000:00:02.2:pcie002/driver/0000:00:04.0:pcie002/driver/0000:00:03.2:pcie002/driver/0000:00:03.7:pcie002 HTTP/1.1" 200 262209 "-" "meta-externalagent/1.1 (+https://developers.facebook.com/docs/sharing/webmasters/crawler)"
95.91.110.210 - - [07/Nov/2025:00:24:30 +0000] "GET /?fileloc=//usr/share/zoneinfo/WET&path=//usr/share/zoneinfo HTTP/1.1" 200 45435 "-" "Mozilla/5.0 (compatible; MJ12bot/v1.4.8; http://mj12bot.com/)"
57.141.0.56 - - [07/Nov/2025:00:24:32 +0000] "GET /2025/03/07/page/6/?path=//sys/class/pci_bus/0000:01/subsystem/0000:0f/subsystem/0000:06/subsystem/0000:0d/device/0000:00:03.3:pcie001 HTTP/1.1" 200 262264 "-" "meta-externalagent/1.1 (+https://developers.facebook.com/docs/sharing/webmasters/crawler)"
74.7.227.154 - - [07/Nov/2025:00:24:32 +0000] "GET /entity/172126479.htm HTTP/1.1" 301 5 "-" "Mozilla/5.0 AppleWebKit/537.36 (KHTML, like Gecko; compatible; GPTBot/1.2; +https://openai.com/gptbot)"
74.7.227.154 - - [07/Nov/2025:00:24:33 +0000] "GET /entity/172126479.htm/ HTTP/1.1" 200 45435 "-" "Mozilla/5.0 AppleWebKit/537.36 (KHTML, like Gecko; compatible; GPTBot/1.2; +https://openai.com/gptbot)"
95.91.110.210 - - [07/Nov/2025:00:24:35 +0000] "GET /?fileloc=//usr/share/zoneinfo/iso3166.tab&path=//usr/share/zoneinfo HTTP/1.1" 200 45435 "-" "Mozilla/5.0 (compatible; MJ12bot/v1.4.8; http://mj12bot.com/)"
185.191.171.14 - - [07/Nov/2025:00:24:35 +0000] "GET /?p=14191 HTTP/1.1" 200 44072 "-" "Mozilla/5.0 (compatible; SemrushBot/7~bl; +http://www.semrush.com/bot.html)"
74.7.227.154 - - [07/Nov/2025:00:24:35 +0000] "GET /entity/172124409.htm HTTP/1.1" 301 5 "-" "Mozilla/5.0 AppleWebKit/537.36 (KHTML, like Gecko; compatible; GPTBot/1.2; +https://openai.com/gptbot)"
57.141.0.56 - - [07/Nov/2025:00:24:35 +0000] "GET /karamba-spielsaal-erfahrungen-angeschlossen-testbericht-werfen-sie-einen-blick-auf-den-link-within-2025-pro-teutonia/?path=//sys/class/pci_bus/0000:03/subsystem/0000:01/subsystem/0000:0d/device/0000:00:03.3:pcie001/driver/0000:00:02.4:pcie001 HTTP/1.1" 200 262216 "-" "meta-externalagent/1.1 (+https://developers.facebook.com/docs/sharing/webmasters/crawler)"
74.7.227.154 - - [07/Nov/2025:00:24:36 +0000] "GET /entity/172124409.htm/ HTTP/1.1" 200 45435 "-" "Mozilla/5.0 AppleWebKit/537.36 (KHTML, like Gecko; compatible; GPTBot/1.2; +https://openai.com/gptbot)"
57.141.0.36 - - [07/Nov/2025:00:24:37 +0000] "GET /karamba-spielsaal-erfahrungen-angeschlossen-testbericht-werfen-sie-einen-blick-auf-den-link-within-2025-pro-teutonia/?fileloc=//sys/class/pci_bus/0000:09/subsystem/0000:0b/subsystem/0000:02/subsystem/0000:0e/device/d3cold_allowed&path=//sys/class/pci_bus/0000:09/subsystem/0000:0b/subsystem/0000:02/subsystem/0000:0e/device HTTP/1.1" 200 262264 "-" "meta-externalagent/1.1 (+https://developers.facebook.com/docs/sharing/webmasters/crawler)"
57.141.0.19 - - [07/Nov/2025:00:24:37 +0000] "GET /karamba-spielsaal-erfahrungen-angeschlossen-testbericht-werfen-sie-einen-blick-auf-den-link-within-2025-pro-teutonia/?path=//sys/class/pci_bus/0000:05/subsystem/0000:04/device/driver/0000:00:03.3/pci_bus/0000:0d HTTP/1.1" 200 262215 "-" "meta-externalagent/1.1 (+https://developers.facebook.com/docs/sharing/webmasters/crawler)"
185.191.171.2 - - [07/Nov/2025:00:24:39 +0000] "GET /?p=15508 HTTP/1.1" 200 43216 "-" "Mozilla/5.0 (compatible; SemrushBot/7~bl; +http://www.semrush.com/bot.html)"
95.91.110.210 - - [07/Nov/2025:00:24:39 +0000] "GET /?fileloc=//usr/share/zoneinfo/leap-seconds.list&path=//usr/share/zoneinfo HTTP/1.1" 200 45435 "-" "Mozilla/5.0 (compatible; MJ12bot/v1.4.8; http://mj12bot.com/)"
57.141.0.59 - - [07/Nov/2025:00:24:40 +0000] "GET /karamba-spielsaal-erfahrungen-angeschlossen-testbericht-werfen-sie-einen-blick-auf-den-link-within-2025-pro-teutonia/?fileloc=//sys/class/pci_bus/0000:04/subsystem/0000:07/subsystem/0000:09/device/driver/0000:00:04.1/current_link_width&path=//sys/class/pci_bus/0000:04/subsystem/0000:07/subsystem/0000:09/device/driver/0000:00:04.1 HTTP/1.1" 200 262264 "-" "meta-externalagent/1.1 (+https://developers.facebook.com/docs/sharing/webmasters/crawler)"
74.7.227.154 - - [07/Nov/2025:00:24:42 +0000] "GET /entity/172100320.htm HTTP/1.1" 301 5 "-" "Mozilla/5.0 AppleWebKit/537.36 (KHTML, like Gecko; compatible; GPTBot/1.2; +https://openai.com/gptbot)"
74.7.227.154 - - [07/Nov/2025:00:24:43 +0000] "GET /entity/172100320.htm/ HTTP/1.1" 200 45435 "-" "Mozilla/5.0 AppleWebKit/537.36 (KHTML, like Gecko; compatible; GPTBot/1.2; +https://openai.com/gptbot)"
95.91.110.210 - - [07/Nov/2025:00:24:43 +0000] "GET /?fileloc=//usr/share/zoneinfo/leapseconds&path=//usr/share/zoneinfo HTTP/1.1" 200 45435 "-" "Mozilla/5.0 (compatible; MJ12bot/v1.4.8; http://mj12bot.com/)"
57.141.0.1 - - [07/Nov/2025:00:24:44 +0000] "GET /2025/03/07/page/6/?path=//sys/class/pci_bus/0000:12/subsystem/0000:12/device/0000:00:04.0:pcie001/driver/0000:00:03.4:pcie001/driver/0000:00:02.6:pcie001 HTTP/1.1" 200 262264 "-" "meta-externalagent/1.1 (+https://developers.facebook.com/docs/sharing/webmasters/crawler)"
74.7.227.154 - - [07/Nov/2025:00:24:46 +0000] "GET /entity/172106797.htm HTTP/1.1" 301 5 "-" "Mozilla/5.0 AppleWebKit/537.36 (KHTML, like Gecko; compatible; GPTBot/1.2; +https://openai.com/gptbot)"
74.7.227.154 - - [07/Nov/2025:00:24:46 +0000] "GET /entity/172106797.htm/ HTTP/1.1" 200 45435 "-" "Mozilla/5.0 AppleWebKit/537.36 (KHTML, like Gecko; compatible; GPTBot/1.2; +https://openai.com/gptbot)"
57.141.0.71 - - [07/Nov/2025:00:24:47 +0000] "GET /karamba-spielsaal-erfahrungen-angeschlossen-testbericht-werfen-sie-einen-blick-auf-den-link-within-2025-pro-teutonia/?fileloc=//sys/class/pci_bus/0000:06/subsystem/0000:04/subsystem/0000:12/subsystem/0000:11/device/driver/0000:00:03.2/d3cold_allowed&path=//sys/class/pci_bus/0000:06/subsystem/0000:04/subsystem/0000:12/subsystem/0000:11/device/driver/0000:00:03.2 HTTP/1.1" 200 262264 "-" "meta-externalagent/1.1 (+https://developers.facebook.com/docs/sharing/webmasters/crawler)"
95.91.110.210 - - [07/Nov/2025:00:24:48 +0000] "GET /?fileloc=//usr/share/zoneinfo/localtime&path=//usr/share/zoneinfo HTTP/1.1" 200 45435 "-" "Mozilla/5.0 (compatible; MJ12bot/v1.4.8; http://mj12bot.com/)"
57.141.0.72 - - [07/Nov/2025:00:24:48 +0000] "GET /2025/03/07/page/6/?fileloc=//sys/class/pci_bus/0000:05/subsystem/0000:02/subsystem/0000:02/subsystem/0000:0c/device/driver/0000:00:04.1/rescan&path=//sys/class/pci_bus/0000:05/subsystem/0000:02/subsystem/0000:02/subsystem/0000:0c/device/driver/0000:00:04.1 HTTP/1.1" 200 262264 "-" "meta-externalagent/1.1 (+https://developers.facebook.com/docs/sharing/webmasters/crawler)"
74.7.227.154 - - [07/Nov/2025:00:24:48 +0000] "GET /entity/171981441.htm HTTP/1.1" 301 5 "-" "Mozilla/5.0 AppleWebKit/537.36 (KHTML, like Gecko; compatible; GPTBot/1.2; +https://openai.com/gptbot)"
57.141.0.59 - - [07/Nov/2025:00:24:48 +0000] "GET /2025/03/07/page/6/?fileloc=//sys/class/pci_bus/0000:05/subsystem/0000:06/subsystem/0000:11/subsystem/0000:12/subsystem/0000:05/device/modalias&path=//sys/class/pci_bus/0000:05/subsystem/0000:06/subsystem/0000:11/subsystem/0000:12/subsystem/0000:05/device HTTP/1.1" 200 262216 "-" "meta-externalagent/1.1 (+https://developers.facebook.com/docs/sharing/webmasters/crawler)"
74.7.227.154 - - [07/Nov/2025:00:24:49 +0000] "GET /entity/171981441.htm/ HTTP/1.1" 200 45435 "-" "Mozilla/5.0 AppleWebKit/537.36 (KHTML, like Gecko; compatible; GPTBot/1.2; +https://openai.com/gptbot)"
217.113.194.60 - - [07/Nov/2025:00:24:49 +0000] "GET /account/?fileloc=//sys/devices/pci0000:00/0000:00:01.0/resource0_wc&path=//sys/devices/pci0000:00/0000:00:01.0 HTTP/1.1" 200 45435 "-" "Mozilla/5.0 (compatible; Barkrowler/0.9; +https://babbar.tech/crawler)"
57.141.0.10 - - [07/Nov/2025:00:24:50 +0000] "GET /2025/03/06/page/39/?path=//sys/class/pci_bus/0000:0a/device/driver/0000:00:03.3/driver/0000:00:02.6/driver/0000:00:02.6/0000:00:02.6:pcie010 HTTP/1.1" 200 262209 "-" "meta-externalagent/1.1 (+https://developers.facebook.com/docs/sharing/webmasters/crawler)"
66.135.21.75 - - [07/Nov/2025:00:24:50 +0000] "POST /wp-cron.php?doing_wp_cron=1762475090.5405330657958984375000 HTTP/1.1" 200 31 "-" "WordPress/6.3.1; https://datainsightnow.com"
57.141.0.5 - - [07/Nov/2025:00:24:51 +0000] "GET /2025/03/07/page/6/?fileloc=//sys/class/pci_bus/0000:0b/subsystem/0000:11/subsystem/0000:02/device/driver/0000:00:03.2/driver/0000:00:03.2/consistent_dma_mask_bits&path=//sys/class/pci_bus/0000:0b/subsystem/0000:11/subsystem/0000:02/device/driver/0000:00:03.2/driver/0000:00:03.2 HTTP/1.1" 200 262209 "-" "meta-externalagent/1.1 (+https://developers.facebook.com/docs/sharing/webmasters/crawler)"
85.208.96.199 - - [07/Nov/2025:00:24:51 +0000] "GET /?p=21815 HTTP/1.1" 200 41446 "-" "Mozilla/5.0 (compatible; SemrushBot/7~bl; +http://www.semrush.com/bot.html)"
74.7.227.154 - - [07/Nov/2025:00:24:51 +0000] "GET /entity/172189938.htm HTTP/1.1" 301 5 "-" "Mozilla/5.0 AppleWebKit/537.36 (KHTML, like Gecko; compatible; GPTBot/1.2; +https://openai.com/gptbot)"
74.7.227.154 - - [07/Nov/2025:00:24:52 +0000] "GET /entity/172189938.htm/ HTTP/1.1" 200 45435 "-" "Mozilla/5.0 AppleWebKit/537.36 (KHTML, like Gecko; compatible; GPTBot/1.2; +https://openai.com/gptbot)"
57.141.0.3 - - [07/Nov/2025:00:24:52 +0000] "GET /2025/03/07/page/6/?fileloc=//sys/class/pci_bus/0000:0e/subsystem/0000:06/subsystem/0000:0f/subsystem/0000:10/subsystem/0000:0d/device/revision&path=//sys/class/pci_bus/0000:0e/subsystem/0000:06/subsystem/0000:0f/subsystem/0000:10/subsystem/0000:0d/device HTTP/1.1" 200 262209 "-" "meta-externalagent/1.1 (+https://developers.facebook.com/docs/sharing/webmasters/crawler)"
57.141.0.59 - - [07/Nov/2025:00:24:53 +0000] "GET /2025/03/07/page/6/?fileloc=//sys/class/pci_bus/0000:0a/subsystem/0000:0b/subsystem/0000:0b/subsystem/0000:0b/device/driver/0000:00:03.0/aer_rootport_total_err_nonfatal&path=//sys/class/pci_bus/0000:0a/subsystem/0000:0b/subsystem/0000:0b/subsystem/0000:0b/device/driver/0000:00:03.0 HTTP/1.1" 200 262248 "-" "meta-externalagent/1.1 (+https://developers.facebook.com/docs/sharing/webmasters/crawler)"
95.91.110.210 - - [07/Nov/2025:00:24:53 +0000] "GET /?fileloc=//usr/share/zoneinfo/posixrules&path=//usr/share/zoneinfo HTTP/1.1" 200 45435 "-" "Mozilla/5.0 (compatible; MJ12bot/v1.4.8; http://mj12bot.com/)"
57.141.0.56 - - [07/Nov/2025:00:24:53 +0000] "GET /2025/03/13/?path=//sys/class/pci_bus/0000:13/subsystem/0000:0f/subsystem/0000:08/subsystem/0000:11/subsystem/0000:10 HTTP/1.1" 200 262216 "-" "meta-externalagent/1.1 (+https://developers.facebook.com/docs/sharing/webmasters/crawler)"
114.119.158.156 - - [07/Nov/2025:00:24:56 +0000] "GET /zwischenraumtaste-wars-pharaos-riches-bonus-ohne-einzahlung-online-slot-spielautomat-gebuhrenfrei-angeschlossen-vortragen/?fileloc=//sbin/biosnoop.bt&path=//sbin HTTP/1.1" 200 45436 "https://datainsightnow.com/zwischenraumtaste-wars-pharaos-riches-bonus-ohne-einzahlung-online-slot-spielautomat-gebuhrenfrei-angeschlossen-vortragen/?path=//sbin" "Mozilla/5.0 (Linux; Android 7.0;) AppleWebKit/537.36 (KHTML, like Gecko) Mobile Safari/537.36 (compatible; PetalBot;+https://webmaster.petalsearch.com/site/petalbot)"
95.91.110.210 - - [07/Nov/2025:00:24:57 +0000] "GET /?fileloc=//usr/share/zoneinfo/tzdata.zi&path=//usr/share/zoneinfo HTTP/1.1" 200 45435 "-" "Mozilla/5.0 (compatible; MJ12bot/v1.4.8; http://mj12bot.com/)"
57.141.0.73 - - [07/Nov/2025:00:24:58 +0000] "GET /karamba-spielsaal-erfahrungen-angeschlossen-testbericht-werfen-sie-einen-blick-auf-den-link-within-2025-pro-teutonia/?fileloc=//sys/class/pci_bus/0000:06/subsystem/0000:01/subsystem/0000:0f/subsystem/0000:10/device/driver_override&path=//sys/class/pci_bus/0000:06/subsystem/0000:01/subsystem/0000:0f/subsystem/0000:10/device HTTP/1.1" 200 262209 "-" "meta-externalagent/1.1 (+https://developers.facebook.com/docs/sharing/webmasters/crawler)"
74.7.227.154 - - [07/Nov/2025:00:24:58 +0000] "GET /entity/172168694.htm HTTP/1.1" 301 5 "-" "Mozilla/5.0 AppleWebKit/537.36 (KHTML, like Gecko; compatible; GPTBot/1.2; +https://openai.com/gptbot)"
57.141.0.65 - - [07/Nov/2025:00:24:59 +0000] "GET /karamba-spielsaal-erfahrungen-angeschlossen-testbericht-werfen-sie-einen-blick-auf-den-link-within-2025-pro-teutonia/?fileloc=//sys/class/pci_bus/0000:06/subsystem/0000:0f/subsystem/0000:13/subsystem/0000:0c/subsystem/0000:05/device/broken_parity_status&path=//sys/class/pci_bus/0000:06/subsystem/0000:0f/subsystem/0000:13/subsystem/0000:0c/subsystem/0000:05/device HTTP/1.1" 200 262264 "-" "meta-externalagent/1.1 (+https://developers.facebook.com/docs/sharing/webmasters/crawler)"
57.141.0.14 - - [07/Nov/2025:00:24:59 +0000] "GET /2025/03/07/page/6/?fileloc=//sys/class/pci_bus/0000:05/subsystem/0000:06/subsystem/0000:06/subsystem/0000:00/device/0000:00:04.1/dma_mask_bits&path=//sys/class/pci_bus/0000:05/subsystem/0000:06/subsystem/0000:06/subsystem/0000:00/device/0000:00:04.1 HTTP/1.1" 200 262216 "-" "meta-externalagent/1.1 (+https://developers.facebook.com/docs/sharing/webmasters/crawler)"
74.7.227.154 - - [07/Nov/2025:00:24:59 +0000] "GET /entity/172168694.htm/ HTTP/1.1" 200 45435 "-" "Mozilla/5.0 AppleWebKit/537.36 (KHTML, like Gecko; compatible; GPTBot/1.2; +https://openai.com/gptbot)"
57.141.0.22 - - [07/Nov/2025:00:25:00 +0000] "GET /karamba-spielsaal-erfahrungen-angeschlossen-testbericht-werfen-sie-einen-blick-auf-den-link-within-2025-pro-teutonia/?fileloc=//sys/class/pci_bus/0000:13/device/driver/0000:00:02.7/subsystem/drivers/virtio-pci/0000:05:00.0/d3cold_allowed&path=//sys/class/pci_bus/0000:13/device/driver/0000:00:02.7/subsystem/drivers/virtio-pci/0000:05:00.0 HTTP/1.1" 200 262248 "-" "meta-externalagent/1.1 (+https://developers.facebook.com/docs/sharing/webmasters/crawler)"
85.208.96.195 - - [07/Nov/2025:00:25:00 +0000] "GET /?p=12213 HTTP/1.1" 200 43097 "-" "Mozilla/5.0 (compatible; SemrushBot/7~bl; +http://www.semrush.com/bot.html)"
95.91.110.210 - - [07/Nov/2025:00:25:01 +0000] "GET /?fileloc=//usr/share/zoneinfo/zone.tab&path=//usr/share/zoneinfo HTTP/1.1" 200 45435 "-" "Mozilla/5.0 (compatible; MJ12bot/v1.4.8; http://mj12bot.com/)"
74.7.227.154 - - [07/Nov/2025:00:25:02 +0000] "GET /entity/172152381.htm HTTP/1.1" 301 5 "-" "Mozilla/5.0 AppleWebKit/537.36 (KHTML, like Gecko; compatible; GPTBot/1.2; +https://openai.com/gptbot)"
74.7.227.154 - - [07/Nov/2025:00:25:02 +0000] "GET /entity/172152381.htm/ HTTP/1.1" 200 45435 "-" "Mozilla/5.0 AppleWebKit/537.36 (KHTML, like Gecko; compatible; GPTBot/1.2; +https://openai.com/gptbot)"
74.7.227.154 - - [07/Nov/2025:00:25:04 +0000] "GET /entity/172013818.htm HTTP/1.1" 301 5 "-" "Mozilla/5.0 AppleWebKit/537.36 (KHTML, like Gecko; compatible; GPTBot/1.2; +https://openai.com/gptbot)"
74.7.227.154 - - [07/Nov/2025:00:25:04 +0000] "GET /entity/172013818.htm/ HTTP/1.1" 200 45435 "-" "Mozilla/5.0 AppleWebKit/537.36 (KHTML, like Gecko; compatible; GPTBot/1.2; +https://openai.com/gptbot)"
216.73.216.147 - - [07/Nov/2025:00:25:05 +0000] "GET /entity/684111987.htm HTTP/1.1" 301 5 "-" "Mozilla/5.0 AppleWebKit/537.36 (KHTML, like Gecko; compatible; ClaudeBot/1.0; +claudebot@anthropic.com)"
216.73.216.147 - - [07/Nov/2025:00:25:06 +0000] "GET /entity/684111987.htm/ HTTP/1.1" 200 45435 "https://datainsightnow.com/entity/684111987.htm" "Mozilla/5.0 AppleWebKit/537.36 (KHTML, like Gecko; compatible; ClaudeBot/1.0; +claudebot@anthropic.com)"
57.141.0.32 - - [07/Nov/2025:00:25:06 +0000] "GET /karamba-spielsaal-erfahrungen-angeschlossen-testbericht-werfen-sie-einen-blick-auf-den-link-within-2025-pro-teutonia/?fileloc=//sys/class/pci_bus/0000:0a/subsystem/0000:0d/subsystem/0000:12/device/driver/0000:00:04.1/subordinate_bus_number&path=//sys/class/pci_bus/0000:0a/subsystem/0000:0d/subsystem/0000:12/device/driver/0000:00:04.1 HTTP/1.1" 200 262264 "-" "meta-externalagent/1.1 (+https://developers.facebook.com/docs/sharing/webmasters/crawler)"
95.91.110.210 - - [07/Nov/2025:00:25:06 +0000] "GET /?fileloc=//usr/share/zoneinfo/zone1970.tab&path=//usr/share/zoneinfo HTTP/1.1" 200 45435 "-" "Mozilla/5.0 (compatible; MJ12bot/v1.4.8; http://mj12bot.com/)"
57.141.0.5 - - [07/Nov/2025:00:25:07 +0000] "GET /2025/03/07/page/6/?fileloc=//sys/class/pci_bus/0000:05/subsystem/0000:02/subsystem/0000:09/device/driver/0000:00:03.5/driver/0000:00:02.2/aer_rootport_total_err_nonfatal&path=//sys/class/pci_bus/0000:05/subsystem/0000:02/subsystem/0000:09/device/driver/0000:00:03.5/driver/0000:00:02.2 HTTP/1.1" 200 262216 "-" "meta-externalagent/1.1 (+https://developers.facebook.com/docs/sharing/webmasters/crawler)"
57.141.0.63 - - [07/Nov/2025:00:25:07 +0000] "GET /karamba-spielsaal-erfahrungen-angeschlossen-testbericht-werfen-sie-einen-blick-auf-den-link-within-2025-pro-teutonia/?path=//sys/class/pci_bus/0000:08/subsystem/0000:0c/subsystem/0000:06/subsystem/0000:00/device/0000:00:03.6 HTTP/1.1" 200 262209 "-" "meta-externalagent/1.1 (+https://developers.facebook.com/docs/sharing/webmasters/crawler)"
216.73.216.147 - - [07/Nov/2025:00:25:07 +0000] "GET /entity/15148390.htm HTTP/1.1" 301 5 "-" "Mozilla/5.0 AppleWebKit/537.36 (KHTML, like Gecko; compatible; ClaudeBot/1.0; +claudebot@anthropic.com)"
74.7.227.154 - - [07/Nov/2025:00:25:07 +0000] "GET /entity/172078562.htm HTTP/1.1" 301 5 "-" "Mozilla/5.0 AppleWebKit/537.36 (KHTML, like Gecko; compatible; GPTBot/1.2; +https://openai.com/gptbot)"
216.73.216.147 - - [07/Nov/2025:00:25:08 +0000] "GET /entity/15148390.htm/ HTTP/1.1" 200 45435 "https://datainsightnow.com/entity/15148390.htm" "Mozilla/5.0 AppleWebKit/537.36 (KHTML, like Gecko; compatible; ClaudeBot/1.0; +claudebot@anthropic.com)"
74.7.227.154 - - [07/Nov/2025:00:25:08 +0000] "GET /entity/172078562.htm/ HTTP/1.1" 200 45435 "-" "Mozilla/5.0 AppleWebKit/537.36 (KHTML, like Gecko; compatible; GPTBot/1.2; +https://openai.com/gptbot)"
57.141.0.66 - - [07/Nov/2025:00:25:08 +0000] "GET /2025/03/13/?fileloc=//sys/class/pci_bus/0000:02/subsystem/0000:0e/subsystem/0000:02/device/subsystem/devices/0000:00:03.6/numa_node&path=//sys/class/pci_bus/0000:02/subsystem/0000:0e/subsystem/0000:02/device/subsystem/devices/0000:00:03.6 HTTP/1.1" 200 262264 "-" "meta-externalagent/1.1 (+https://developers.facebook.com/docs/sharing/webmasters/crawler)"
217.113.194.214 - - [07/Nov/2025:00:25:10 +0000] "GET /account/?fileloc=//lib/firmware/mellanox/mlxsw_spectrum-13.2000.1122.mfa2.zst&path=//lib/firmware/mellanox HTTP/1.1" 200 45435 "-" "Mozilla/5.0 (compatible; Barkrowler/0.9; +https://babbar.tech/crawler)"
216.73.216.147 - - [07/Nov/2025:00:25:10 +0000] "GET /entity/58112346.htm HTTP/1.1" 301 5 "-" "Mozilla/5.0 AppleWebKit/537.36 (KHTML, like Gecko; compatible; ClaudeBot/1.0; +claudebot@anthropic.com)"
57.141.0.47 - - [07/Nov/2025:00:25:10 +0000] "GET /karamba-spielsaal-erfahrungen-angeschlossen-testbericht-werfen-sie-einen-blick-auf-den-link-within-2025-pro-teutonia/?fileloc=//sys/class/pci_bus/0000:04/subsystem/0000:04/subsystem/0000:0d/subsystem/0000:13/device/reset_subordinate&path=//sys/class/pci_bus/0000:04/subsystem/0000:04/subsystem/0000:0d/subsystem/0000:13/device HTTP/1.1" 200 262215 "-" "meta-externalagent/1.1 (+https://developers.facebook.com/docs/sharing/webmasters/crawler)"
74.7.227.154 - - [07/Nov/2025:00:25:10 +0000] "GET /entity/172075203.htm HTTP/1.1" 301 5 "-" "Mozilla/5.0 AppleWebKit/537.36 (KHTML, like Gecko; compatible; GPTBot/1.2; +https://openai.com/gptbot)"
95.91.110.210 - - [07/Nov/2025:00:25:11 +0000] "GET /?fileloc=//usr/share/zoneinfo/zonenow.tab&path=//usr/share/zoneinfo HTTP/1.1" 200 45435 "-" "Mozilla/5.0 (compatible; MJ12bot/v1.4.8; http://mj12bot.com/)"
216.73.216.147 - - [07/Nov/2025:00:25:12 +0000] "GET /entity/58112346.htm/ HTTP/1.1" 200 45435 "https://datainsightnow.com/entity/58112346.htm" "Mozilla/5.0 AppleWebKit/537.36 (KHTML, like Gecko; compatible; ClaudeBot/1.0; +claudebot@anthropic.com)"
74.7.227.154 - - [07/Nov/2025:00:25:12 +0000] "GET /entity/172075203.htm/ HTTP/1.1" 200 45435 "-" "Mozilla/5.0 AppleWebKit/537.36 (KHTML, like Gecko; compatible; GPTBot/1.2; +https://openai.com/gptbot)"
57.141.0.10 - - [07/Nov/2025:00:25:12 +0000] "GET /karamba-spielsaal-erfahrungen-angeschlossen-testbericht-werfen-sie-einen-blick-auf-den-link-within-2025-pro-teutonia/?fileloc=//sys/class/pci_bus/0000:06/subsystem/0000:0d/subsystem/0000:12/device/driver/0000:00:04.1/ari_enabled&path=//sys/class/pci_bus/0000:06/subsystem/0000:0d/subsystem/0000:12/device/driver/0000:00:04.1 HTTP/1.1" 200 262264 "-" "meta-externalagent/1.1 (+https://developers.facebook.com/docs/sharing/webmasters/crawler)"
216.73.216.147 - - [07/Nov/2025:00:25:13 +0000] "GET /entity/53847136.htm HTTP/1.1" 301 5 "-" "Mozilla/5.0 AppleWebKit/537.36 (KHTML, like Gecko; compatible; ClaudeBot/1.0; +claudebot@anthropic.com)"
74.7.227.154 - - [07/Nov/2025:00:25:13 +0000] "GET /entity/171984549.htm HTTP/1.1" 301 5 "-" "Mozilla/5.0 AppleWebKit/537.36 (KHTML, like Gecko; compatible; GPTBot/1.2; +https://openai.com/gptbot)"
216.73.216.147 - - [07/Nov/2025:00:25:14 +0000] "GET /entity/53847136.htm/ HTTP/1.1" 200 45435 "https://datainsightnow.com/entity/53847136.htm" "Mozilla/5.0 AppleWebKit/537.36 (KHTML, like Gecko; compatible; ClaudeBot/1.0; +claudebot@anthropic.com)"
74.7.227.154 - - [07/Nov/2025:00:25:15 +0000] "GET /entity/171984549.htm/ HTTP/1.1" 200 45435 "-" "Mozilla/5.0 AppleWebKit/537.36 (KHTML, like Gecko; compatible; GPTBot/1.2; +https://openai.com/gptbot)"
