57.141.0.62 - - [07/Nov/2025:00:32:42 +0000] "GET /2025/03/07/page/6/?fileloc=//sys/class/pci_bus/0000:05/subsystem/0000:10/subsystem/0000:04/subsystem/0000:06/subsystem/0000:07/device/driver/0000:00:02.3/resource&path=//sys/class/pci_bus/0000:05/subsystem/0000:10/subsystem/0000:04/subsystem/0000:06/subsystem/0000:07/device/driver/0000:00:02.3 HTTP/1.1" 200 262209 "-" "meta-externalagent/1.1 (+https://developers.facebook.com/docs/sharing/webmasters/crawler)"
57.141.0.39 - - [07/Nov/2025:00:32:42 +0000] "GET /2025/03/07/page/6/?fileloc=//sys/class/pci_bus/0000:01/subsystem/0000:0e/device/driver/0000:00:02.6/driver/0000:00:02.4/aer_rootport_total_err_nonfatal&path=//sys/class/pci_bus/0000:01/subsystem/0000:0e/device/driver/0000:00:02.6/driver/0000:00:02.4 HTTP/1.1" 200 262264 "-" "meta-externalagent/1.1 (+https://developers.facebook.com/docs/sharing/webmasters/crawler)"
185.191.171.9 - - [07/Nov/2025:00:32:42 +0000] "GET /?p=20157 HTTP/1.1" 200 41418 "-" "Mozilla/5.0 (compatible; SemrushBot/7~bl; +http://www.semrush.com/bot.html)"
74.7.227.154 - - [07/Nov/2025:00:32:42 +0000] "GET /entity/171975998.htm/ HTTP/1.1" 200 45435 "-" "Mozilla/5.0 AppleWebKit/537.36 (KHTML, like Gecko; compatible; GPTBot/1.2; +https://openai.com/gptbot)"
57.141.0.39 - - [07/Nov/2025:00:32:43 +0000] "GET /2025/03/07/page/6/?path=//sys/class/pci_bus/0000:11/subsystem/0000:01/device/driver/0000:00:04.1/driver/0000:00:03.5/power HTTP/1.1" 200 262209 "-" "meta-externalagent/1.1 (+https://developers.facebook.com/docs/sharing/webmasters/crawler)"
217.113.194.54 - - [07/Nov/2025:00:32:43 +0000] "GET /about/?fileloc=/opt/wpsites/datainsightnow.com/wp-includes/blocks/spacer/block.json&path=/opt/wpsites/datainsightnow.com/wp-includes/blocks/spacer HTTP/1.1" 200 45435 "-" "Mozilla/5.0 (compatible; Barkrowler/0.9; +https://babbar.tech/crawler)"
74.7.227.154 - - [07/Nov/2025:00:32:44 +0000] "GET /entity/172184495.htm HTTP/1.1" 301 5 "-" "Mozilla/5.0 AppleWebKit/537.36 (KHTML, like Gecko; compatible; GPTBot/1.2; +https://openai.com/gptbot)"
216.73.216.147 - - [07/Nov/2025:00:32:44 +0000] "GET /entity/731658683.htm HTTP/1.1" 301 5 "-" "Mozilla/5.0 AppleWebKit/537.36 (KHTML, like Gecko; compatible; ClaudeBot/1.0; +claudebot@anthropic.com)"
57.141.0.2 - - [07/Nov/2025:00:32:45 +0000] "GET /2025/03/07/page/6/?fileloc=//sys/class/pci_bus/0000:0d/subsystem/0000:00/device/firmware_node/physical_node/0000:00:04.0/subsystem/devices/0000:00:00.0/rescan&path=//sys/class/pci_bus/0000:0d/subsystem/0000:00/device/firmware_node/physical_node/0000:00:04.0/subsystem/devices/0000:00:00.0 HTTP/1.1" 200 262264 "-" "meta-externalagent/1.1 (+https://developers.facebook.com/docs/sharing/webmasters/crawler)"
57.141.0.20 - - [07/Nov/2025:00:32:45 +0000] "GET /karamba-spielsaal-erfahrungen-angeschlossen-testbericht-werfen-sie-einen-blick-auf-den-link-within-2025-pro-teutonia/?fileloc=//sys/class/pci_bus/0000:06/subsystem/0000:00/device/0000:00:02.3/pci_bus/0000:05/device/subsystem/slots/0-2/adapter&path=//sys/class/pci_bus/0000:06/subsystem/0000:00/device/0000:00:02.3/pci_bus/0000:05/device/subsystem/slots/0-2 HTTP/1.1" 200 262216 "-" "meta-externalagent/1.1 (+https://developers.facebook.com/docs/sharing/webmasters/crawler)"
57.141.0.35 - - [07/Nov/2025:00:32:45 +0000] "GET /karamba-spielsaal-erfahrungen-angeschlossen-testbericht-werfen-sie-einen-blick-auf-den-link-within-2025-pro-teutonia/?path=//sys/class/pci_bus/0000:0c/subsystem/0000:11/subsystem/0000:05/device/0000:00:02.3:pcie001/subsystem/devices/0000:00:03.4:pcie001/power HTTP/1.1" 200 262248 "-" "meta-externalagent/1.1 (+https://developers.facebook.com/docs/sharing/webmasters/crawler)"
74.7.227.154 - - [07/Nov/2025:00:32:46 +0000] "GET /entity/172184495.htm/ HTTP/1.1" 200 45435 "-" "Mozilla/5.0 AppleWebKit/537.36 (KHTML, like Gecko; compatible; GPTBot/1.2; +https://openai.com/gptbot)"
57.141.0.43 - - [07/Nov/2025:00:32:46 +0000] "GET /2025/03/07/page/6/?fileloc=//sys/class/pci_bus/0000:0e/subsystem/0000:05/subsystem/0000:02/subsystem/0000:08/subsystem/0000:12/device/power_state&path=//sys/class/pci_bus/0000:0e/subsystem/0000:05/subsystem/0000:02/subsystem/0000:08/subsystem/0000:12/device HTTP/1.1" 200 262248 "-" "meta-externalagent/1.1 (+https://developers.facebook.com/docs/sharing/webmasters/crawler)"
216.73.216.147 - - [07/Nov/2025:00:32:46 +0000] "GET /entity/731658683.htm/ HTTP/1.1" 200 45435 "https://datainsightnow.com/entity/731658683.htm" "Mozilla/5.0 AppleWebKit/537.36 (KHTML, like Gecko; compatible; ClaudeBot/1.0; +claudebot@anthropic.com)"
185.191.171.14 - - [07/Nov/2025:00:32:47 +0000] "GET /?p=10283 HTTP/1.1" 200 43283 "-" "Mozilla/5.0 (compatible; SemrushBot/7~bl; +http://www.semrush.com/bot.html)"
216.73.216.147 - - [07/Nov/2025:00:32:47 +0000] "GET /entity/831464851.htm HTTP/1.1" 301 5 "-" "Mozilla/5.0 AppleWebKit/537.36 (KHTML, like Gecko; compatible; ClaudeBot/1.0; +claudebot@anthropic.com)"
57.141.0.49 - - [07/Nov/2025:00:32:47 +0000] "GET /karamba-spielsaal-erfahrungen-angeschlossen-testbericht-werfen-sie-einen-blick-auf-den-link-within-2025-pro-teutonia/?fileloc=//sys/class/pci_bus/0000:06/subsystem/0000:05/subsystem/0000:0e/subsystem/0000:06/device/driver/0000:00:02.7/dma_mask_bits&path=//sys/class/pci_bus/0000:06/subsystem/0000:05/subsystem/0000:0e/subsystem/0000:06/device/driver/0000:00:02.7 HTTP/1.1" 200 262216 "-" "meta-externalagent/1.1 (+https://developers.facebook.com/docs/sharing/webmasters/crawler)"
57.141.0.14 - - [07/Nov/2025:00:32:47 +0000] "GET /2025/02/28/page/25/?fileloc=/opt/wpsites/gsudice.dataconn.net/wp-includes/class-wp-text-diff-renderer-table.php&path=/opt/wpsites/gsudice.dataconn.net/wp-includes HTTP/1.1" 200 262264 "-" "meta-externalagent/1.1 (+https://developers.facebook.com/docs/sharing/webmasters/crawler)"
74.7.227.154 - - [07/Nov/2025:00:32:48 +0000] "GET /entity/172100579.htm HTTP/1.1" 301 5 "-" "Mozilla/5.0 AppleWebKit/537.36 (KHTML, like Gecko; compatible; GPTBot/1.2; +https://openai.com/gptbot)"
57.141.0.17 - - [07/Nov/2025:00:32:49 +0000] "GET /2025/03/07/page/6/?path=//sys/class/pci_bus/0000:00/subsystem/0000:04/subsystem/0000:00/subsystem/0000:03/subsystem/0000:00/power HTTP/1.1" 200 262216 "-" "meta-externalagent/1.1 (+https://developers.facebook.com/docs/sharing/webmasters/crawler)"
216.73.216.147 - - [07/Nov/2025:00:32:49 +0000] "GET /entity/831464851.htm/ HTTP/1.1" 200 45435 "https://datainsightnow.com/entity/831464851.htm" "Mozilla/5.0 AppleWebKit/537.36 (KHTML, like Gecko; compatible; ClaudeBot/1.0; +claudebot@anthropic.com)"
57.141.0.32 - - [07/Nov/2025:00:32:49 +0000] "GET /2025/03/07/page/6/?fileloc=//sys/class/pci_bus/0000:05/subsystem/0000:10/subsystem/0000:06/device/driver/0000:00:04.1/modalias&path=//sys/class/pci_bus/0000:05/subsystem/0000:10/subsystem/0000:06/device/driver/0000:00:04.1 HTTP/1.1" 200 262264 "-" "meta-externalagent/1.1 (+https://developers.facebook.com/docs/sharing/webmasters/crawler)"
66.135.21.75 - - [07/Nov/2025:00:32:50 +0000] "POST /wp-cron.php?doing_wp_cron=1762475570.0204749107360839843750 HTTP/1.1" 200 31 "-" "WordPress/6.3.1; https://datainsightnow.com"
74.7.227.154 - - [07/Nov/2025:00:32:50 +0000] "GET /entity/172100579.htm/ HTTP/1.1" 200 45435 "-" "Mozilla/5.0 AppleWebKit/537.36 (KHTML, like Gecko; compatible; GPTBot/1.2; +https://openai.com/gptbot)"
57.141.0.51 - - [07/Nov/2025:00:32:50 +0000] "GET /2025/03/06/page/39/?fileloc=//sys/class/pci_bus/0000:0e/subsystem/0000:13/device/driver/0000:00:04.0/0000:00:04.0:pcie001/power/runtime_status&path=//sys/class/pci_bus/0000:0e/subsystem/0000:13/device/driver/0000:00:04.0/0000:00:04.0:pcie001/power HTTP/1.1" 200 262264 "-" "meta-externalagent/1.1 (+https://developers.facebook.com/docs/sharing/webmasters/crawler)"
216.73.216.147 - - [07/Nov/2025:00:32:50 +0000] "GET /entity/171597346.htm HTTP/1.1" 301 5 "-" "Mozilla/5.0 AppleWebKit/537.36 (KHTML, like Gecko; compatible; ClaudeBot/1.0; +claudebot@anthropic.com)"
57.141.0.68 - - [07/Nov/2025:00:32:51 +0000] "GET /2025/03/13/?fileloc=//sys/class/pci_bus/0000:0b/device/firmware_node/physical_node/driver/0000:00:03.0/aer_dev_correctable&path=//sys/class/pci_bus/0000:0b/device/firmware_node/physical_node/driver/0000:00:03.0 HTTP/1.1" 200 262217 "-" "meta-externalagent/1.1 (+https://developers.facebook.com/docs/sharing/webmasters/crawler)"
57.141.0.54 - - [07/Nov/2025:00:32:51 +0000] "GET /2025/03/05/page/6/?path=//sys/class/pci_bus/0000:01/device/0000:00:02.0:pcie001/subsystem/devices/0000:00:03.6:pcie002 HTTP/1.1" 200 262264 "-" "meta-externalagent/1.1 (+https://developers.facebook.com/docs/sharing/webmasters/crawler)"
85.208.96.205 - - [07/Nov/2025:00:32:51 +0000] "GET /?p=10615 HTTP/1.1" 200 42772 "-" "Mozilla/5.0 (compatible; SemrushBot/7~bl; +http://www.semrush.com/bot.html)"
74.7.227.154 - - [07/Nov/2025:00:32:51 +0000] "GET /entity/172054473.htm HTTP/1.1" 301 5 "-" "Mozilla/5.0 AppleWebKit/537.36 (KHTML, like Gecko; compatible; GPTBot/1.2; +https://openai.com/gptbot)"
216.73.216.147 - - [07/Nov/2025:00:32:52 +0000] "GET /entity/171597346.htm/ HTTP/1.1" 200 45435 "https://datainsightnow.com/entity/171597346.htm" "Mozilla/5.0 AppleWebKit/537.36 (KHTML, like Gecko; compatible; ClaudeBot/1.0; +claudebot@anthropic.com)"
57.141.0.67 - - [07/Nov/2025:00:32:53 +0000] "GET /2025/03/07/page/6/?path=//sys/class/pci_bus/0000:02/subsystem/0000:0f/subsystem/0000:0b/device/driver/0000:00:03.2/0000:00:03.2:pcie010 HTTP/1.1" 200 262248 "-" "meta-externalagent/1.1 (+https://developers.facebook.com/docs/sharing/webmasters/crawler)"
216.73.216.147 - - [07/Nov/2025:00:32:53 +0000] "GET /entity/174555901.htm HTTP/1.1" 301 5 "-" "Mozilla/5.0 AppleWebKit/537.36 (KHTML, like Gecko; compatible; ClaudeBot/1.0; +claudebot@anthropic.com)"
57.141.0.34 - - [07/Nov/2025:00:32:53 +0000] "GET /karamba-spielsaal-erfahrungen-angeschlossen-testbericht-werfen-sie-einen-blick-auf-den-link-within-2025-pro-teutonia/?fileloc=//sys/class/pci_bus/0000:06/subsystem/0000:06/subsystem/0000:00/device/0000:00:02.4/driver/0000:00:02.6/firmware_node/uevent&path=//sys/class/pci_bus/0000:06/subsystem/0000:06/subsystem/0000:00/device/0000:00:02.4/driver/0000:00:02.6/firmware_node HTTP/1.1" 200 262209 "-" "meta-externalagent/1.1 (+https://developers.facebook.com/docs/sharing/webmasters/crawler)"
57.141.0.26 - - [07/Nov/2025:00:32:54 +0000] "GET /2025/03/06/page/39/?path=//sys/class/pci_bus/0000:06/subsystem/0000:13/subsystem/0000:0b/subsystem/0000:08/device/0000:00:02.6:pcie010 HTTP/1.1" 200 262216 "-" "meta-externalagent/1.1 (+https://developers.facebook.com/docs/sharing/webmasters/crawler)"
57.141.0.51 - - [07/Nov/2025:00:32:54 +0000] "GET /2025/03/06/page/39/?fileloc=//sys/class/pci_bus/0000:0f/device/0000:00:03.5:pcie001/driver/0000:00:03.2:pcie001/driver/0000:00:02.7:pcie001/power/runtime_status&path=//sys/class/pci_bus/0000:0f/device/0000:00:03.5:pcie001/driver/0000:00:03.2:pcie001/driver/0000:00:02.7:pcie001/power HTTP/1.1" 200 262264 "-" "meta-externalagent/1.1 (+https://developers.facebook.com/docs/sharing/webmasters/crawler)"
74.7.227.154 - - [07/Nov/2025:00:32:54 +0000] "GET /entity/172054473.htm/ HTTP/1.1" 200 45435 "-" "Mozilla/5.0 AppleWebKit/537.36 (KHTML, like Gecko; compatible; GPTBot/1.2; +https://openai.com/gptbot)"
57.141.0.71 - - [07/Nov/2025:00:32:55 +0000] "GET /karamba-spielsaal-erfahrungen-angeschlossen-testbericht-werfen-sie-einen-blick-auf-den-link-within-2025-pro-teutonia/?fileloc=//sys/class/pci_bus/0000:03/subsystem/0000:04/subsystem/0000:0e/subsystem/0000:0f/subsystem/0000:09/cpulistaffinity&path=//sys/class/pci_bus/0000:03/subsystem/0000:04/subsystem/0000:0e/subsystem/0000:0f/subsystem/0000:09 HTTP/1.1" 200 262264 "-" "meta-externalagent/1.1 (+https://developers.facebook.com/docs/sharing/webmasters/crawler)"
216.73.216.147 - - [07/Nov/2025:00:32:55 +0000] "GET /entity/174555901.htm/ HTTP/1.1" 200 45435 "https://datainsightnow.com/entity/174555901.htm" "Mozilla/5.0 AppleWebKit/537.36 (KHTML, like Gecko; compatible; ClaudeBot/1.0; +claudebot@anthropic.com)"
40.77.167.41 - - [07/Nov/2025:00:32:55 +0000] "GET /AmazonEmber?path=//usr/lib/firmware/emi62 HTTP/1.1" 200 30333 "-" "Mozilla/5.0 AppleWebKit/537.36 (KHTML, like Gecko; compatible; bingbot/2.0; +http://www.bing.com/bingbot.htm) Chrome/116.0.1938.76 Safari/537.36"
216.73.216.147 - - [07/Nov/2025:00:32:56 +0000] "GET /entity/123780244.htm HTTP/1.1" 301 5 "-" "Mozilla/5.0 AppleWebKit/537.36 (KHTML, like Gecko; compatible; ClaudeBot/1.0; +claudebot@anthropic.com)"
216.73.216.147 - - [07/Nov/2025:00:32:57 +0000] "GET /entity/123780244.htm/ HTTP/1.1" 200 45435 "https://datainsightnow.com/entity/123780244.htm" "Mozilla/5.0 AppleWebKit/537.36 (KHTML, like Gecko; compatible; ClaudeBot/1.0; +claudebot@anthropic.com)"
74.7.227.154 - - [07/Nov/2025:00:32:58 +0000] "GET /entity/172131659.htm HTTP/1.1" 301 5 "-" "Mozilla/5.0 AppleWebKit/537.36 (KHTML, like Gecko; compatible; GPTBot/1.2; +https://openai.com/gptbot)"
74.7.227.154 - - [07/Nov/2025:00:32:59 +0000] "GET /entity/172131659.htm/ HTTP/1.1" 200 45435 "-" "Mozilla/5.0 AppleWebKit/537.36 (KHTML, like Gecko; compatible; GPTBot/1.2; +https://openai.com/gptbot)"
216.73.216.147 - - [07/Nov/2025:00:32:59 +0000] "GET /entity/736415212.htm HTTP/1.1" 301 5 "-" "Mozilla/5.0 AppleWebKit/537.36 (KHTML, like Gecko; compatible; ClaudeBot/1.0; +claudebot@anthropic.com)"
57.141.0.2 - - [07/Nov/2025:00:33:00 +0000] "GET /2025/03/07/page/6/?fileloc=//sys/class/pci_bus/0000:06/subsystem/0000:0c/subsystem/0000:06/subsystem/0000:0b/uevent&path=//sys/class/pci_bus/0000:06/subsystem/0000:0c/subsystem/0000:06/subsystem/0000:0b HTTP/1.1" 200 262264 "-" "meta-externalagent/1.1 (+https://developers.facebook.com/docs/sharing/webmasters/crawler)"
207.46.13.78 - - [07/Nov/2025:00:33:00 +0000] "GET /8372952?entity=0008340882 HTTP/1.1" 200 30840 "-" "Mozilla/5.0 AppleWebKit/537.36 (KHTML, like Gecko; compatible; bingbot/2.0; +http://www.bing.com/bingbot.htm) Chrome/116.0.1938.76 Safari/537.36"
35.187.222.91 - - [07/Nov/2025:00:33:00 +0000] "GET /wp-login.php HTTP/1.1" 200 2513 "http://datainsightnow.com/wp-login.php" "Mozilla/5.0 (Windows NT 10.0; Win64; x64; rv:144.0) Gecko/20100101 Firefox/144.0"
57.141.0.6 - - [07/Nov/2025:00:33:00 +0000] "GET /2025/03/07/page/6/?path=//sys/class/pci_bus/0000:05/subsystem/0000:05/subsystem/0000:04/device/driver/0000:00:02.5/0000:00:02.5:pcie001/power HTTP/1.1" 200 262215 "-" "meta-externalagent/1.1 (+https://developers.facebook.com/docs/sharing/webmasters/crawler)"
216.73.216.147 - - [07/Nov/2025:00:33:01 +0000] "GET /entity/736415212.htm/ HTTP/1.1" 200 45435 "https://datainsightnow.com/entity/736415212.htm" "Mozilla/5.0 AppleWebKit/537.36 (KHTML, like Gecko; compatible; ClaudeBot/1.0; +claudebot@anthropic.com)"
57.141.0.56 - - [07/Nov/2025:00:33:01 +0000] "GET /2025/03/07/page/6/?fileloc=//sys/class/pci_bus/0000:05/subsystem/0000:01/subsystem/0000:0b/device/0000:00:03.1:pcie001/driver/0000:00:04.0:pcie001/driver/0000:00:03.2:pcie001/power/runtime_active_kids&path=//sys/class/pci_bus/0000:05/subsystem/0000:01/subsystem/0000:0b/device/0000:00:03.1:pcie001/driver/0000:00:04.0:pcie001/driver/0000:00:03.2:pcie001/power HTTP/1.1" 200 262209 "-" "meta-externalagent/1.1 (+https://developers.facebook.com/docs/sharing/webmasters/crawler)"
57.141.0.58 - - [07/Nov/2025:00:33:01 +0000] "GET /karamba-spielsaal-erfahrungen-angeschlossen-testbericht-werfen-sie-einen-blick-auf-den-link-within-2025-pro-teutonia/?fileloc=//sys/class/pci_bus/0000:11/subsystem/0000:0d/subsystem/0000:03/subsystem/0000:02/device/aer_rootport_total_err_fatal&path=//sys/class/pci_bus/0000:11/subsystem/0000:0d/subsystem/0000:03/subsystem/0000:02/device HTTP/1.1" 200 262215 "-" "meta-externalagent/1.1 (+https://developers.facebook.com/docs/sharing/webmasters/crawler)"
35.187.222.91 - - [07/Nov/2025:00:33:02 +0000] "GET /wp-json/wp/v2/users HTTP/1.1" 301 5 "http://datainsightnow.com/wp-login.php" "Mozilla/5.0 (Windows NT 10.0; Win64; x64; rv:144.0) Gecko/20100101 Firefox/144.0"
216.73.216.147 - - [07/Nov/2025:00:33:02 +0000] "GET /entity/169028056.htm HTTP/1.1" 301 5 "-" "Mozilla/5.0 AppleWebKit/537.36 (KHTML, like Gecko; compatible; ClaudeBot/1.0; +claudebot@anthropic.com)"
57.141.0.38 - - [07/Nov/2025:00:33:02 +0000] "GET /2025/03/06/page/39/?fileloc=//sys/class/pci_bus/0000:06/subsystem/0000:00/device/0000:00:03.1/subsystem/drivers/bochs-drm/0000:00:01.0/irq&path=//sys/class/pci_bus/0000:06/subsystem/0000:00/device/0000:00:03.1/subsystem/drivers/bochs-drm/0000:00:01.0 HTTP/1.1" 200 262209 "-" "meta-externalagent/1.1 (+https://developers.facebook.com/docs/sharing/webmasters/crawler)"
57.141.0.23 - - [07/Nov/2025:00:33:03 +0000] "GET /2025/03/07/page/6/?path=//sys/class/pci_bus/0000:05/subsystem/0000:02/device/driver/0000:00:02.7/driver/0000:00:03.0/driver/0000:00:03.1 HTTP/1.1" 200 262209 "-" "meta-externalagent/1.1 (+https://developers.facebook.com/docs/sharing/webmasters/crawler)"
35.187.222.91 - - [07/Nov/2025:00:33:03 +0000] "POST /wp-login.php HTTP/1.1" 200 2680 "https://datainsightnow.com/wp-login.php?redirect_to=https%3A%2F%2Fdatainsightnow.com%2Fwp-admin%2F" "Mozilla/5.0 (Windows NT 10.0; Win64; x64; rv:144.0) Gecko/20100101 Firefox/144.0"
216.73.216.147 - - [07/Nov/2025:00:33:03 +0000] "GET /entity/169028056.htm/ HTTP/1.1" 200 45435 "https://datainsightnow.com/entity/169028056.htm" "Mozilla/5.0 AppleWebKit/537.36 (KHTML, like Gecko; compatible; ClaudeBot/1.0; +claudebot@anthropic.com)"
74.7.227.154 - - [07/Nov/2025:00:33:03 +0000] "GET /entity/171964604.htm HTTP/1.1" 301 5 "-" "Mozilla/5.0 AppleWebKit/537.36 (KHTML, like Gecko; compatible; GPTBot/1.2; +https://openai.com/gptbot)"
74.7.227.154 - - [07/Nov/2025:00:33:04 +0000] "GET /entity/171964604.htm/ HTTP/1.1" 200 45435 "-" "Mozilla/5.0 AppleWebKit/537.36 (KHTML, like Gecko; compatible; GPTBot/1.2; +https://openai.com/gptbot)"
57.141.0.4 - - [07/Nov/2025:00:33:04 +0000] "GET /moneysense-self-help-guide-to-the-ideal-profile/?fileloc=//sys/class/pci_bus/0000:0a/subsystem/0000:04/subsystem/0000:08/subsystem/0000:00/device/0000:00:1f.3/broken_parity_status&path=//sys/class/pci_bus/0000:0a/subsystem/0000:04/subsystem/0000:08/subsystem/0000:00/device/0000:00:1f.3 HTTP/1.1" 200 262264 "-" "meta-externalagent/1.1 (+https://developers.facebook.com/docs/sharing/webmasters/crawler)"
217.113.194.52 - - [07/Nov/2025:00:33:04 +0000] "GET /about/?fileloc=/opt/wpsites/datainsightnow.com/wp-includes/blocks/read-more/block.json&path=/opt/wpsites/datainsightnow.com/wp-includes/blocks/read-more HTTP/1.1" 200 45435 "-" "Mozilla/5.0 (compatible; Barkrowler/0.9; +https://babbar.tech/crawler)"
74.7.227.154 - - [07/Nov/2025:00:33:05 +0000] "GET /entity/172001386.htm HTTP/1.1" 301 5 "-" "Mozilla/5.0 AppleWebKit/537.36 (KHTML, like Gecko; compatible; GPTBot/1.2; +https://openai.com/gptbot)"
216.73.216.147 - - [07/Nov/2025:00:33:05 +0000] "GET /entity/731648064.htm HTTP/1.1" 301 5 "-" "Mozilla/5.0 AppleWebKit/537.36 (KHTML, like Gecko; compatible; ClaudeBot/1.0; +claudebot@anthropic.com)"
74.7.227.154 - - [07/Nov/2025:00:33:06 +0000] "GET /entity/172001386.htm/ HTTP/1.1" 200 45435 "-" "Mozilla/5.0 AppleWebKit/537.36 (KHTML, like Gecko; compatible; GPTBot/1.2; +https://openai.com/gptbot)"
216.73.216.147 - - [07/Nov/2025:00:33:06 +0000] "GET /entity/731648064.htm/ HTTP/1.1" 200 45435 "https://datainsightnow.com/entity/731648064.htm" "Mozilla/5.0 AppleWebKit/537.36 (KHTML, like Gecko; compatible; ClaudeBot/1.0; +claudebot@anthropic.com)"
216.73.216.147 - - [07/Nov/2025:00:33:08 +0000] "GET /entity/269951815.htm HTTP/1.1" 301 5 "-" "Mozilla/5.0 AppleWebKit/537.36 (KHTML, like Gecko; compatible; ClaudeBot/1.0; +claudebot@anthropic.com)"
57.141.0.7 - - [07/Nov/2025:00:33:08 +0000] "GET /karamba-spielsaal-erfahrungen-angeschlossen-testbericht-werfen-sie-einen-blick-auf-den-link-within-2025-pro-teutonia/?fileloc=//sys/class/pci_bus/0000:06/subsystem/0000:12/subsystem/0000:05/subsystem/0000:00/power/control&path=//sys/class/pci_bus/0000:06/subsystem/0000:12/subsystem/0000:05/subsystem/0000:00/power HTTP/1.1" 200 262248 "-" "meta-externalagent/1.1 (+https://developers.facebook.com/docs/sharing/webmasters/crawler)"
74.7.227.154 - - [07/Nov/2025:00:33:08 +0000] "GET /entity/172097734.htm HTTP/1.1" 301 5 "-" "Mozilla/5.0 AppleWebKit/537.36 (KHTML, like Gecko; compatible; GPTBot/1.2; +https://openai.com/gptbot)"
216.73.216.147 - - [07/Nov/2025:00:33:09 +0000] "GET /entity/269951815.htm/ HTTP/1.1" 200 45435 "https://datainsightnow.com/entity/269951815.htm" "Mozilla/5.0 AppleWebKit/537.36 (KHTML, like Gecko; compatible; ClaudeBot/1.0; +claudebot@anthropic.com)"
74.7.227.154 - - [07/Nov/2025:00:33:09 +0000] "GET /entity/172097734.htm/ HTTP/1.1" 200 45435 "-" "Mozilla/5.0 AppleWebKit/537.36 (KHTML, like Gecko; compatible; GPTBot/1.2; +https://openai.com/gptbot)"
216.73.216.147 - - [07/Nov/2025:00:33:11 +0000] "GET /entity/171545807.htm HTTP/1.1" 301 5 "-" "Mozilla/5.0 AppleWebKit/537.36 (KHTML, like Gecko; compatible; ClaudeBot/1.0; +claudebot@anthropic.com)"
216.73.216.147 - - [07/Nov/2025:00:33:12 +0000] "GET /entity/171545807.htm/ HTTP/1.1" 200 45435 "https://datainsightnow.com/entity/171545807.htm" "Mozilla/5.0 AppleWebKit/537.36 (KHTML, like Gecko; compatible; ClaudeBot/1.0; +claudebot@anthropic.com)"
74.7.227.154 - - [07/Nov/2025:00:33:12 +0000] "GET /entity/172052150.htm HTTP/1.1" 301 5 "-" "Mozilla/5.0 AppleWebKit/537.36 (KHTML, like Gecko; compatible; GPTBot/1.2; +https://openai.com/gptbot)"
57.141.0.26 - - [07/Nov/2025:00:33:13 +0000] "GET /karamba-spielsaal-erfahrungen-angeschlossen-testbericht-werfen-sie-einen-blick-auf-den-link-within-2025-pro-teutonia/?path=//sys/class/pci_bus/0000:06/subsystem/0000:13/subsystem/0000:0a/device/driver/0000:00:02.2/0000:04:00.0/driver/0000:04:00.0/link HTTP/1.1" 200 262264 "-" "meta-externalagent/1.1 (+https://developers.facebook.com/docs/sharing/webmasters/crawler)"
74.7.227.154 - - [07/Nov/2025:00:33:13 +0000] "GET /entity/172052150.htm/ HTTP/1.1" 200 45435 "-" "Mozilla/5.0 AppleWebKit/537.36 (KHTML, like Gecko; compatible; GPTBot/1.2; +https://openai.com/gptbot)"
216.73.216.147 - - [07/Nov/2025:00:33:14 +0000] "GET /entity/276564605.htm HTTP/1.1" 301 5 "-" "Mozilla/5.0 AppleWebKit/537.36 (KHTML, like Gecko; compatible; ClaudeBot/1.0; +claudebot@anthropic.com)"
40.77.167.159 - - [07/Nov/2025:00:33:14 +0000] "GET /enc_avif?fileloc=//usr/include/linux/seg6_hmac.h&path=//usr/include/linux HTTP/1.1" 200 30351 "-" "Mozilla/5.0 AppleWebKit/537.36 (KHTML, like Gecko; compatible; bingbot/2.0; +http://www.bing.com/bingbot.htm) Chrome/116.0.1938.76 Safari/537.36"
74.7.227.154 - - [07/Nov/2025:00:33:14 +0000] "GET /entity/172010961.htm HTTP/1.1" 301 5 "-" "Mozilla/5.0 AppleWebKit/537.36 (KHTML, like Gecko; compatible; GPTBot/1.2; +https://openai.com/gptbot)"
216.73.216.147 - - [07/Nov/2025:00:33:15 +0000] "GET /entity/276564605.htm/ HTTP/1.1" 200 45435 "https://datainsightnow.com/entity/276564605.htm" "Mozilla/5.0 AppleWebKit/537.36 (KHTML, like Gecko; compatible; ClaudeBot/1.0; +claudebot@anthropic.com)"
74.7.227.154 - - [07/Nov/2025:00:33:15 +0000] "GET /entity/172010961.htm/ HTTP/1.1" 200 45435 "-" "Mozilla/5.0 AppleWebKit/537.36 (KHTML, like Gecko; compatible; GPTBot/1.2; +https://openai.com/gptbot)"
57.141.0.30 - - [07/Nov/2025:00:33:15 +0000] "GET /2025/03/07/page/6/?fileloc=//sys/class/pci_bus/0000:05/subsystem/0000:0b/subsystem/0000:0c/subsystem/0000:01/rescan&path=//sys/class/pci_bus/0000:05/subsystem/0000:0b/subsystem/0000:0c/subsystem/0000:01 HTTP/1.1" 200 262216 "-" "meta-externalagent/1.1 (+https://developers.facebook.com/docs/sharing/webmasters/crawler)"
57.141.0.22 - - [07/Nov/2025:00:33:16 +0000] "GET /2025/03/07/page/6/?fileloc=//sys/class/pci_bus/0000:0a/device/driver/0000:00:04.1/driver/0000:00:02.3/driver/0000:00:02.3/modalias&path=//sys/class/pci_bus/0000:0a/device/driver/0000:00:04.1/driver/0000:00:02.3/driver/0000:00:02.3 HTTP/1.1" 200 262209 "-" "meta-externalagent/1.1 (+https://developers.facebook.com/docs/sharing/webmasters/crawler)"
216.73.216.147 - - [07/Nov/2025:00:33:17 +0000] "GET /entity/379491980.htm HTTP/1.1" 301 5 "-" "Mozilla/5.0 AppleWebKit/537.36 (KHTML, like Gecko; compatible; ClaudeBot/1.0; +claudebot@anthropic.com)"
216.73.216.147 - - [07/Nov/2025:00:33:18 +0000] "GET /entity/379491980.htm/ HTTP/1.1" 200 45435 "https://datainsightnow.com/entity/379491980.htm" "Mozilla/5.0 AppleWebKit/537.36 (KHTML, like Gecko; compatible; ClaudeBot/1.0; +claudebot@anthropic.com)"
74.7.227.154 - - [07/Nov/2025:00:33:18 +0000] "GET /entity/172191749.htm HTTP/1.1" 301 5 "-" "Mozilla/5.0 AppleWebKit/537.36 (KHTML, like Gecko; compatible; GPTBot/1.2; +https://openai.com/gptbot)"
57.141.0.39 - - [07/Nov/2025:00:33:18 +0000] "GET /2025/03/06/page/39/?fileloc=//sys/class/pci_bus/0000:02/subsystem/0000:06/device/0000:06:00.0/firmware_node/physical_node/irq&path=//sys/class/pci_bus/0000:02/subsystem/0000:06/device/0000:06:00.0/firmware_node/physical_node HTTP/1.1" 200 262209 "-" "meta-externalagent/1.1 (+https://developers.facebook.com/docs/sharing/webmasters/crawler)"
74.7.227.154 - - [07/Nov/2025:00:33:18 +0000] "GET /entity/172191749.htm/ HTTP/1.1" 200 45435 "-" "Mozilla/5.0 AppleWebKit/537.36 (KHTML, like Gecko; compatible; GPTBot/1.2; +https://openai.com/gptbot)"
57.141.0.69 - - [07/Nov/2025:00:33:19 +0000] "GET /moneysense-self-help-guide-to-the-ideal-profile/?fileloc=//sys/class/pci_bus/0000:0a/subsystem/0000:01/subsystem/0000:10/subsystem/0000:11/device/remove&path=//sys/class/pci_bus/0000:0a/subsystem/0000:01/subsystem/0000:10/subsystem/0000:11/device HTTP/1.1" 200 262255 "-" "meta-externalagent/1.1 (+https://developers.facebook.com/docs/sharing/webmasters/crawler)"
216.73.216.147 - - [07/Nov/2025:00:33:20 +0000] "GET /entity/171421477.htm HTTP/1.1" 301 5 "-" "Mozilla/5.0 AppleWebKit/537.36 (KHTML, like Gecko; compatible; ClaudeBot/1.0; +claudebot@anthropic.com)"
57.141.0.53 - - [07/Nov/2025:00:33:21 +0000] "GET /2025/03/07/page/6/?fileloc=//sys/class/pci_bus/0000:03/subsystem/0000:05/device/driver/0000:00:03.0/max_link_speed&path=//sys/class/pci_bus/0000:03/subsystem/0000:05/device/driver/0000:00:03.0 HTTP/1.1" 200 262264 "-" "meta-externalagent/1.1 (+https://developers.facebook.com/docs/sharing/webmasters/crawler)"
216.73.216.147 - - [07/Nov/2025:00:33:21 +0000] "GET /entity/171421477.htm/ HTTP/1.1" 200 45435 "https://datainsightnow.com/entity/171421477.htm" "Mozilla/5.0 AppleWebKit/537.36 (KHTML, like Gecko; compatible; ClaudeBot/1.0; +claudebot@anthropic.com)"
74.7.227.154 - - [07/Nov/2025:00:33:21 +0000] "GET /entity/172042826.htm HTTP/1.1" 301 5 "-" "Mozilla/5.0 AppleWebKit/537.36 (KHTML, like Gecko; compatible; GPTBot/1.2; +https://openai.com/gptbot)"
74.7.227.154 - - [07/Nov/2025:00:33:22 +0000] "GET /entity/172042826.htm/ HTTP/1.1" 200 45435 "-" "Mozilla/5.0 AppleWebKit/537.36 (KHTML, like Gecko; compatible; GPTBot/1.2; +https://openai.com/gptbot)"
57.141.0.49 - - [07/Nov/2025:00:33:22 +0000] "GET /2025/03/07/page/6/?fileloc=//sys/class/pci_bus/0000:07/device/pci_bus/0000:07/subsystem/0000:06/subsystem/0000:03/device/max_link_speed&path=//sys/class/pci_bus/0000:07/device/pci_bus/0000:07/subsystem/0000:06/subsystem/0000:03/device HTTP/1.1" 200 262264 "-" "meta-externalagent/1.1 (+https://developers.facebook.com/docs/sharing/webmasters/crawler)"
216.73.216.147 - - [07/Nov/2025:00:33:23 +0000] "GET /entity/171546572.htm HTTP/1.1" 301 5 "-" "Mozilla/5.0 AppleWebKit/537.36 (KHTML, like Gecko; compatible; ClaudeBot/1.0; +claudebot@anthropic.com)"
216.73.216.147 - - [07/Nov/2025:00:33:24 +0000] "GET /entity/171546572.htm/ HTTP/1.1" 200 45435 "https://datainsightnow.com/entity/171546572.htm" "Mozilla/5.0 AppleWebKit/537.36 (KHTML, like Gecko; compatible; ClaudeBot/1.0; +claudebot@anthropic.com)"
217.113.194.61 - - [07/Nov/2025:00:33:24 +0000] "GET /about/?fileloc=/opt/wpsites/datainsightnow.com/wp-includes/widgets/class-wp-widget-tag-cloud.php&path=/opt/wpsites/datainsightnow.com/wp-includes/widgets HTTP/1.1" 200 45435 "-" "Mozilla/5.0 (compatible; Barkrowler/0.9; +https://babbar.tech/crawler)"
74.7.227.154 - - [07/Nov/2025:00:33:24 +0000] "GET /entity/171983764.htm HTTP/1.1" 301 5 "-" "Mozilla/5.0 AppleWebKit/537.36 (KHTML, like Gecko; compatible; GPTBot/1.2; +https://openai.com/gptbot)"
74.7.227.154 - - [07/Nov/2025:00:33:25 +0000] "GET /entity/171983764.htm/ HTTP/1.1" 200 45435 "-" "Mozilla/5.0 AppleWebKit/537.36 (KHTML, like Gecko; compatible; GPTBot/1.2; +https://openai.com/gptbot)"
216.73.216.147 - - [07/Nov/2025:00:33:26 +0000] "GET /entity/123851989.htm HTTP/1.1" 301 5 "-" "Mozilla/5.0 AppleWebKit/537.36 (KHTML, like Gecko; compatible; ClaudeBot/1.0; +claudebot@anthropic.com)"
216.73.216.147 - - [07/Nov/2025:00:33:27 +0000] "GET /entity/123851989.htm/ HTTP/1.1" 200 45435 "https://datainsightnow.com/entity/123851989.htm" "Mozilla/5.0 AppleWebKit/537.36 (KHTML, like Gecko; compatible; ClaudeBot/1.0; +claudebot@anthropic.com)"
74.7.227.154 - - [07/Nov/2025:00:33:27 +0000] "GET /entity/172087625.htm HTTP/1.1" 301 5 "-" "Mozilla/5.0 AppleWebKit/537.36 (KHTML, like Gecko; compatible; GPTBot/1.2; +https://openai.com/gptbot)"
74.7.227.154 - - [07/Nov/2025:00:33:28 +0000] "GET /entity/172087625.htm/ HTTP/1.1" 200 45435 "-" "Mozilla/5.0 AppleWebKit/537.36 (KHTML, like Gecko; compatible; GPTBot/1.2; +https://openai.com/gptbot)"
216.73.216.147 - - [07/Nov/2025:00:33:29 +0000] "GET /entity/379543266.htm HTTP/1.1" 301 5 "-" "Mozilla/5.0 AppleWebKit/537.36 (KHTML, like Gecko; compatible; ClaudeBot/1.0; +claudebot@anthropic.com)"
216.73.216.147 - - [07/Nov/2025:00:33:30 +0000] "GET /entity/379543266.htm/ HTTP/1.1" 200 45435 "https://datainsightnow.com/entity/379543266.htm" "Mozilla/5.0 AppleWebKit/537.36 (KHTML, like Gecko; compatible; ClaudeBot/1.0; +claudebot@anthropic.com)"
216.73.216.147 - - [07/Nov/2025:00:33:32 +0000] "GET /entity/174579980.htm HTTP/1.1" 301 5 "-" "Mozilla/5.0 AppleWebKit/537.36 (KHTML, like Gecko; compatible; ClaudeBot/1.0; +claudebot@anthropic.com)"
216.73.216.147 - - [07/Nov/2025:00:33:33 +0000] "GET /entity/174579980.htm/ HTTP/1.1" 200 45435 "https://datainsightnow.com/entity/174579980.htm" "Mozilla/5.0 AppleWebKit/537.36 (KHTML, like Gecko; compatible; ClaudeBot/1.0; +claudebot@anthropic.com)"
50.114.28.38 - - [07/Nov/2025:00:33:33 +0000] "GET /?p=10659 HTTP/1.1" 200 43561 "-" "Mozilla/5.0 (X11; Linux x86_64) AppleWebKit/537.36 (KHTML, like Gecko) Chrome/106.0.0.0 Safari/537.36"
74.7.227.154 - - [07/Nov/2025:00:33:34 +0000] "GET /entity/172047484.htm HTTP/1.1" 301 5 "-" "Mozilla/5.0 AppleWebKit/537.36 (KHTML, like Gecko; compatible; GPTBot/1.2; +https://openai.com/gptbot)"
74.7.227.154 - - [07/Nov/2025:00:33:35 +0000] "GET /entity/172047484.htm/ HTTP/1.1" 200 45435 "-" "Mozilla/5.0 AppleWebKit/537.36 (KHTML, like Gecko; compatible; GPTBot/1.2; +https://openai.com/gptbot)"
216.73.216.147 - - [07/Nov/2025:00:33:35 +0000] "GET /entity/271486384.htm HTTP/1.1" 301 5 "-" "Mozilla/5.0 AppleWebKit/537.36 (KHTML, like Gecko; compatible; ClaudeBot/1.0; +claudebot@anthropic.com)"
85.208.96.207 - - [07/Nov/2025:00:33:36 +0000] "GET /?p=24872 HTTP/1.1" 200 43743 "-" "Mozilla/5.0 (compatible; SemrushBot/7~bl; +http://www.semrush.com/bot.html)"
216.73.216.147 - - [07/Nov/2025:00:33:36 +0000] "GET /entity/271486384.htm/ HTTP/1.1" 200 45435 "https://datainsightnow.com/entity/271486384.htm" "Mozilla/5.0 AppleWebKit/537.36 (KHTML, like Gecko; compatible; ClaudeBot/1.0; +claudebot@anthropic.com)"
74.7.227.154 - - [07/Nov/2025:00:33:37 +0000] "GET /entity/172116894.htm HTTP/1.1" 301 5 "-" "Mozilla/5.0 AppleWebKit/537.36 (KHTML, like Gecko; compatible; GPTBot/1.2; +https://openai.com/gptbot)"
74.7.227.154 - - [07/Nov/2025:00:33:37 +0000] "GET /entity/172116894.htm/ HTTP/1.1" 200 45435 "-" "Mozilla/5.0 AppleWebKit/537.36 (KHTML, like Gecko; compatible; GPTBot/1.2; +https://openai.com/gptbot)"
216.73.216.147 - - [07/Nov/2025:00:33:38 +0000] "GET /entity/567691738.htm HTTP/1.1" 301 5 "-" "Mozilla/5.0 AppleWebKit/537.36 (KHTML, like Gecko; compatible; ClaudeBot/1.0; +claudebot@anthropic.com)"
216.73.216.147 - - [07/Nov/2025:00:33:39 +0000] "GET /entity/567691738.htm/ HTTP/1.1" 200 45435 "https://datainsightnow.com/entity/567691738.htm" "Mozilla/5.0 AppleWebKit/537.36 (KHTML, like Gecko; compatible; ClaudeBot/1.0; +claudebot@anthropic.com)"
185.191.171.4 - - [07/Nov/2025:00:33:39 +0000] "GET /?p=32187 HTTP/1.1" 200 42920 "-" "Mozilla/5.0 (compatible; SemrushBot/7~bl; +http://www.semrush.com/bot.html)"
74.7.227.154 - - [07/Nov/2025:00:33:40 +0000] "GET /entity/172183200.htm HTTP/1.1" 301 5 "-" "Mozilla/5.0 AppleWebKit/537.36 (KHTML, like Gecko; compatible; GPTBot/1.2; +https://openai.com/gptbot)"
57.141.0.55 - - [07/Nov/2025:00:33:41 +0000] "GET /2025/03/07/page/6/?fileloc=//sys/class/pci_bus/0000:01/device/driver/0000:00:03.3/driver/0000:00:02.1/driver/0000:00:03.1/dma_mask_bits&path=//sys/class/pci_bus/0000:01/device/driver/0000:00:03.3/driver/0000:00:02.1/driver/0000:00:03.1 HTTP/1.1" 200 262264 "-" "meta-externalagent/1.1 (+https://developers.facebook.com/docs/sharing/webmasters/crawler)"
74.7.227.154 - - [07/Nov/2025:00:33:41 +0000] "GET /entity/172183200.htm/ HTTP/1.1" 200 45435 "-" "Mozilla/5.0 AppleWebKit/537.36 (KHTML, like Gecko; compatible; GPTBot/1.2; +https://openai.com/gptbot)"
216.73.216.147 - - [07/Nov/2025:00:33:41 +0000] "GET /entity/76469744.htm HTTP/1.1" 301 5 "-" "Mozilla/5.0 AppleWebKit/537.36 (KHTML, like Gecko; compatible; ClaudeBot/1.0; +claudebot@anthropic.com)"
216.73.216.147 - - [07/Nov/2025:00:33:42 +0000] "GET /entity/76469744.htm/ HTTP/1.1" 200 45435 "https://datainsightnow.com/entity/76469744.htm" "Mozilla/5.0 AppleWebKit/537.36 (KHTML, like Gecko; compatible; ClaudeBot/1.0; +claudebot@anthropic.com)"
57.141.0.25 - - [07/Nov/2025:00:33:42 +0000] "GET /2025/03/07/page/6/?fileloc=//sys/class/pci_bus/0000:05/subsystem/0000:06/device/driver/0000:00:02.6/driver/0000:00:02.5/driver/0000:00:04.0/max_link_speed&path=//sys/class/pci_bus/0000:05/subsystem/0000:06/device/driver/0000:00:02.6/driver/0000:00:02.5/driver/0000:00:04.0 HTTP/1.1" 200 262264 "-" "meta-externalagent/1.1 (+https://developers.facebook.com/docs/sharing/webmasters/crawler)"
57.141.0.48 - - [07/Nov/2025:00:33:42 +0000] "GET /karamba-spielsaal-erfahrungen-angeschlossen-testbericht-werfen-sie-einen-blick-auf-den-link-within-2025-pro-teutonia/?fileloc=//sys/class/pci_bus/0000:06/subsystem/0000:06/subsystem/0000:00/device/0000:00:02.2/firmware_node/physical_node/driver/0000:00:03.6/vendor&path=//sys/class/pci_bus/0000:06/subsystem/0000:06/subsystem/0000:00/device/0000:00:02.2/firmware_node/physical_node/driver/0000:00:03.6 HTTP/1.1" 200 262209 "-" "meta-externalagent/1.1 (+https://developers.facebook.com/docs/sharing/webmasters/crawler)"
74.7.227.154 - - [07/Nov/2025:00:33:43 +0000] "GET /entity/171963305.htm HTTP/1.1" 301 5 "-" "Mozilla/5.0 AppleWebKit/537.36 (KHTML, like Gecko; compatible; GPTBot/1.2; +https://openai.com/gptbot)"
74.7.227.154 - - [07/Nov/2025:00:33:43 +0000] "GET /entity/171963305.htm/ HTTP/1.1" 200 45435 "-" "Mozilla/5.0 AppleWebKit/537.36 (KHTML, like Gecko; compatible; GPTBot/1.2; +https://openai.com/gptbot)"
217.113.194.61 - - [07/Nov/2025:00:33:43 +0000] "GET /about/?fileloc=/opt/wpsites/datainsightnow.com/wp-includes/ID3/getid3.lib.php&path=/opt/wpsites/datainsightnow.com/wp-includes/ID3 HTTP/1.1" 200 45435 "-" "Mozilla/5.0 (compatible; Barkrowler/0.9; +https://babbar.tech/crawler)"
57.141.0.25 - - [07/Nov/2025:00:33:44 +0000] "GET /2025/03/07/page/6/?fileloc=//sys/class/pci_bus/0000:0b/subsystem/0000:05/subsystem/0000:0e/subsystem/0000:0c/device/driver/0000:00:02.5/local_cpulist&path=//sys/class/pci_bus/0000:0b/subsystem/0000:05/subsystem/0000:0e/subsystem/0000:0c/device/driver/0000:00:02.5 HTTP/1.1" 200 262209 "-" "meta-externalagent/1.1 (+https://developers.facebook.com/docs/sharing/webmasters/crawler)"
216.73.216.147 - - [07/Nov/2025:00:33:44 +0000] "GET /entity/522471123.htm HTTP/1.1" 301 5 "-" "Mozilla/5.0 AppleWebKit/537.36 (KHTML, like Gecko; compatible; ClaudeBot/1.0; +claudebot@anthropic.com)"
216.73.216.147 - - [07/Nov/2025:00:33:45 +0000] "GET /entity/522471123.htm/ HTTP/1.1" 200 45435 "https://datainsightnow.com/entity/522471123.htm" "Mozilla/5.0 AppleWebKit/537.36 (KHTML, like Gecko; compatible; ClaudeBot/1.0; +claudebot@anthropic.com)"
57.141.0.72 - - [07/Nov/2025:00:33:45 +0000] "GET /2025/03/06/page/39/?fileloc=//sys/class/pci_bus/0000:12/subsystem/0000:0b/subsystem/0000:06/subsystem/0000:05/cpuaffinity&path=//sys/class/pci_bus/0000:12/subsystem/0000:0b/subsystem/0000:06/subsystem/0000:05 HTTP/1.1" 200 262209 "-" "meta-externalagent/1.1 (+https://developers.facebook.com/docs/sharing/webmasters/crawler)"
216.73.216.147 - - [07/Nov/2025:00:33:47 +0000] "GET /entity/72326527.htm HTTP/1.1" 301 5 "-" "Mozilla/5.0 AppleWebKit/537.36 (KHTML, like Gecko; compatible; ClaudeBot/1.0; +claudebot@anthropic.com)"
57.141.0.20 - - [07/Nov/2025:00:33:48 +0000] "GET /moneysense-self-help-guide-to-the-ideal-profile/?fileloc=//sys/class/pci_bus/0000:08/subsystem/0000:0c/subsystem/0000:11/subsystem/0000:10/power/runtime_usage&path=//sys/class/pci_bus/0000:08/subsystem/0000:0c/subsystem/0000:11/subsystem/0000:10/power HTTP/1.1" 200 262209 "-" "meta-externalagent/1.1 (+https://developers.facebook.com/docs/sharing/webmasters/crawler)"
216.73.216.147 - - [07/Nov/2025:00:33:48 +0000] "GET /entity/72326527.htm/ HTTP/1.1" 200 45435 "https://datainsightnow.com/entity/72326527.htm" "Mozilla/5.0 AppleWebKit/537.36 (KHTML, like Gecko; compatible; ClaudeBot/1.0; +claudebot@anthropic.com)"
57.141.0.56 - - [07/Nov/2025:00:33:49 +0000] "GET /karamba-spielsaal-erfahrungen-angeschlossen-testbericht-werfen-sie-einen-blick-auf-den-link-within-2025-pro-teutonia/?path=//sys/class/pci_bus/0000:00/subsystem/0000:02/subsystem/0000:01/subsystem/0000:0f HTTP/1.1" 200 262209 "-" "meta-externalagent/1.1 (+https://developers.facebook.com/docs/sharing/webmasters/crawler)"
74.7.227.154 - - [07/Nov/2025:00:33:49 +0000] "GET /entity/172009411.htm HTTP/1.1" 301 5 "-" "Mozilla/5.0 AppleWebKit/537.36 (KHTML, like Gecko; compatible; GPTBot/1.2; +https://openai.com/gptbot)"
66.135.21.75 - - [07/Nov/2025:00:33:50 +0000] "POST /wp-cron.php?doing_wp_cron=1762475630.0525100231170654296875 HTTP/1.1" 200 31 "-" "WordPress/6.3.1; https://datainsightnow.com"
74.7.227.154 - - [07/Nov/2025:00:33:50 +0000] "GET /entity/172009411.htm/ HTTP/1.1" 200 45435 "-" "Mozilla/5.0 AppleWebKit/537.36 (KHTML, like Gecko; compatible; GPTBot/1.2; +https://openai.com/gptbot)"
216.73.216.147 - - [07/Nov/2025:00:33:50 +0000] "GET /entity/461101842.htm HTTP/1.1" 301 5 "-" "Mozilla/5.0 AppleWebKit/537.36 (KHTML, like Gecko; compatible; ClaudeBot/1.0; +claudebot@anthropic.com)"
216.73.216.147 - - [07/Nov/2025:00:33:51 +0000] "GET /entity/461101842.htm/ HTTP/1.1" 200 45435 "https://datainsightnow.com/entity/461101842.htm" "Mozilla/5.0 AppleWebKit/537.36 (KHTML, like Gecko; compatible; ClaudeBot/1.0; +claudebot@anthropic.com)"
74.7.227.154 - - [07/Nov/2025:00:33:52 +0000] "GET /entity/172118715.htm HTTP/1.1" 301 5 "-" "Mozilla/5.0 AppleWebKit/537.36 (KHTML, like Gecko; compatible; GPTBot/1.2; +https://openai.com/gptbot)"
57.141.0.20 - - [07/Nov/2025:00:33:53 +0000] "GET /karamba-spielsaal-erfahrungen-angeschlossen-testbericht-werfen-sie-einen-blick-auf-den-link-within-2025-pro-teutonia/?fileloc=//sys/class/pci_bus/0000:13/subsystem/0000:0f/subsystem/0000:0e/subsystem/0000:0d/device/driver/0000:00:03.0/driver/0000:00:02.1/broken_parity_status&path=//sys/class/pci_bus/0000:13/subsystem/0000:0f/subsystem/0000:0e/subsystem/0000:0d/device/driver/0000:00:03.0/driver/0000:00:02.1 HTTP/1.1" 200 262215 "-" "meta-externalagent/1.1 (+https://developers.facebook.com/docs/sharing/webmasters/crawler)"
198.244.168.197 - - [07/Nov/2025:00:33:53 +0000] "GET /?p=44999 HTTP/1.1" 200 44307 "-" "Mozilla/5.0 (compatible; AhrefsBot/7.0; +http://ahrefs.com/robot/)"
216.73.216.147 - - [07/Nov/2025:00:33:53 +0000] "GET /entity/123723264.htm HTTP/1.1" 301 5 "-" "Mozilla/5.0 AppleWebKit/537.36 (KHTML, like Gecko; compatible; ClaudeBot/1.0; +claudebot@anthropic.com)"
74.7.227.154 - - [07/Nov/2025:00:33:53 +0000] "GET /entity/172118715.htm/ HTTP/1.1" 200 45435 "-" "Mozilla/5.0 AppleWebKit/537.36 (KHTML, like Gecko; compatible; GPTBot/1.2; +https://openai.com/gptbot)"
57.141.0.24 - - [07/Nov/2025:00:33:54 +0000] "GET /2025/03/07/page/6/?fileloc=//sys/class/pci_bus/0000:00/device/0000:00:02.1/pci_bus/0000:02/subsystem/0000:0e/device/aer_dev_correctable&path=//sys/class/pci_bus/0000:00/device/0000:00:02.1/pci_bus/0000:02/subsystem/0000:0e/device HTTP/1.1" 200 262216 "-" "meta-externalagent/1.1 (+https://developers.facebook.com/docs/sharing/webmasters/crawler)"
114.119.145.154 - - [07/Nov/2025:00:33:54 +0000] "GET /zodiac-kasino-erfahrungen-2024-480-bonus-80-freispiele?path=//sys/dev/char/4:61/subsystem/tty31/subsystem/tty31 HTTP/1.1" 301 5 "https://datainsightnow.com/zodiac-kasino-erfahrungen-2024-480-bonus-80-freispiele/?path=//sys/dev/char/4%3A61/subsystem/tty31/subsystem" "Mozilla/5.0 (Linux; Android 7.0;) AppleWebKit/537.36 (KHTML, like Gecko) Mobile Safari/537.36 (compatible; PetalBot;+https://webmaster.petalsearch.com/site/petalbot)"
216.73.216.147 - - [07/Nov/2025:00:33:54 +0000] "GET /entity/123723264.htm/ HTTP/1.1" 200 45435 "https://datainsightnow.com/entity/123723264.htm" "Mozilla/5.0 AppleWebKit/537.36 (KHTML, like Gecko; compatible; ClaudeBot/1.0; +claudebot@anthropic.com)"
40.77.167.159 - - [07/Nov/2025:00:33:55 +0000] "GET /product/edit/D1494998192 HTTP/1.1" 200 30074 "-" "Mozilla/5.0 AppleWebKit/537.36 (KHTML, like Gecko; compatible; bingbot/2.0; +http://www.bing.com/bingbot.htm) Chrome/116.0.1938.76 Safari/537.36"
114.119.145.154 - - [07/Nov/2025:00:33:56 +0000] "GET /zodiac-kasino-erfahrungen-2024-480-bonus-80-freispiele/?path=//sys/dev/char/4:61/subsystem/tty31/subsystem/tty31 HTTP/1.1" 200 45436 "https://datainsightnow.com/zodiac-kasino-erfahrungen-2024-480-bonus-80-freispiele/?path=//sys/dev/char/4%3A61/subsystem/tty31/subsystem" "Mozilla/5.0 (Linux; Android 7.0;) AppleWebKit/537.36 (KHTML, like Gecko) Mobile Safari/537.36 (compatible; PetalBot;+https://webmaster.petalsearch.com/site/petalbot)"
74.7.227.154 - - [07/Nov/2025:00:33:56 +0000] "GET /entity/172014069.htm HTTP/1.1" 301 5 "-" "Mozilla/5.0 AppleWebKit/537.36 (KHTML, like Gecko; compatible; GPTBot/1.2; +https://openai.com/gptbot)"
216.73.216.147 - - [07/Nov/2025:00:33:56 +0000] "GET /entity/536557615.htm HTTP/1.1" 301 5 "-" "Mozilla/5.0 AppleWebKit/537.36 (KHTML, like Gecko; compatible; ClaudeBot/1.0; +claudebot@anthropic.com)"
74.7.227.154 - - [07/Nov/2025:00:33:57 +0000] "GET /entity/172014069.htm/ HTTP/1.1" 200 45435 "-" "Mozilla/5.0 AppleWebKit/537.36 (KHTML, like Gecko; compatible; GPTBot/1.2; +https://openai.com/gptbot)"
216.73.216.147 - - [07/Nov/2025:00:33:57 +0000] "GET /entity/536557615.htm/ HTTP/1.1" 200 45435 "https://datainsightnow.com/entity/536557615.htm" "Mozilla/5.0 AppleWebKit/537.36 (KHTML, like Gecko; compatible; ClaudeBot/1.0; +claudebot@anthropic.com)"
74.7.227.154 - - [07/Nov/2025:00:33:59 +0000] "GET /entity/172107833.htm HTTP/1.1" 301 5 "-" "Mozilla/5.0 AppleWebKit/537.36 (KHTML, like Gecko; compatible; GPTBot/1.2; +https://openai.com/gptbot)"
216.73.216.147 - - [07/Nov/2025:00:33:59 +0000] "GET /entity/58238738.htm HTTP/1.1" 301 5 "-" "Mozilla/5.0 AppleWebKit/537.36 (KHTML, like Gecko; compatible; ClaudeBot/1.0; +claudebot@anthropic.com)"
74.7.227.154 - - [07/Nov/2025:00:33:59 +0000] "GET /entity/172107833.htm/ HTTP/1.1" 200 45435 "-" "Mozilla/5.0 AppleWebKit/537.36 (KHTML, like Gecko; compatible; GPTBot/1.2; +https://openai.com/gptbot)"
57.141.0.31 - - [07/Nov/2025:00:34:00 +0000] "GET /karamba-spielsaal-erfahrungen-angeschlossen-testbericht-werfen-sie-einen-blick-auf-den-link-within-2025-pro-teutonia/?path=//sys/class/pci_bus/0000:06/subsystem/0000:0d/subsystem/0000:0e/device/driver/0000:00:04.0/firmware_node/subsystem/devices/device:10 HTTP/1.1" 200 262215 "-" "meta-externalagent/1.1 (+https://developers.facebook.com/docs/sharing/webmasters/crawler)"
216.73.216.147 - - [07/Nov/2025:00:34:00 +0000] "GET /entity/58238738.htm/ HTTP/1.1" 200 45435 "https://datainsightnow.com/entity/58238738.htm" "Mozilla/5.0 AppleWebKit/537.36 (KHTML, like Gecko; compatible; ClaudeBot/1.0; +claudebot@anthropic.com)"
57.141.0.61 - - [07/Nov/2025:00:34:01 +0000] "GET /karamba-spielsaal-erfahrungen-angeschlossen-testbericht-werfen-sie-einen-blick-auf-den-link-within-2025-pro-teutonia/?fileloc=//sys/class/pci_bus/0000:06/subsystem/0000:04/subsystem/0000:0c/subsystem/0000:0f/device/driver/0000:00:02.2/driver/0000:00:02.1/vendor&path=//sys/class/pci_bus/0000:06/subsystem/0000:04/subsystem/0000:0c/subsystem/0000:0f/device/driver/0000:00:02.2/driver/0000:00:02.1 HTTP/1.1" 200 262209 "-" "meta-externalagent/1.1 (+https://developers.facebook.com/docs/sharing/webmasters/crawler)"
57.141.0.41 - - [07/Nov/2025:00:34:02 +0000] "GET /2025/03/07/page/6/?fileloc=//sys/class/pci_bus/0000:06/subsystem/0000:0f/subsystem/0000:0b/subsystem/0000:0d/device/driver/0000:00:03.0/resource&path=//sys/class/pci_bus/0000:06/subsystem/0000:0f/subsystem/0000:0b/subsystem/0000:0d/device/driver/0000:00:03.0 HTTP/1.1" 200 262264 "-" "meta-externalagent/1.1 (+https://developers.facebook.com/docs/sharing/webmasters/crawler)"
57.141.0.9 - - [07/Nov/2025:00:34:02 +0000] "GET /2025/03/07/page/6/?fileloc=//sys/class/pci_bus/0000:08/subsystem/0000:13/subsystem/0000:04/device/driver/0000:00:04.0/subordinate_bus_number&path=//sys/class/pci_bus/0000:08/subsystem/0000:13/subsystem/0000:04/device/driver/0000:00:04.0 HTTP/1.1" 200 262264 "-" "meta-externalagent/1.1 (+https://developers.facebook.com/docs/sharing/webmasters/crawler)"
216.73.216.147 - - [07/Nov/2025:00:34:02 +0000] "GET /entity/731657388.htm HTTP/1.1" 301 5 "-" "Mozilla/5.0 AppleWebKit/537.36 (KHTML, like Gecko; compatible; ClaudeBot/1.0; +claudebot@anthropic.com)"
57.141.0.56 - - [07/Nov/2025:00:34:03 +0000] "GET /karamba-spielsaal-erfahrungen-angeschlossen-testbericht-werfen-sie-einen-blick-auf-den-link-within-2025-pro-teutonia/?path=//sys/class/pci_bus/0000:04/subsystem/0000:0e/device/driver/0000:00:02.7/driver/0000:00:02.6/msi_irqs HTTP/1.1" 200 262209 "-" "meta-externalagent/1.1 (+https://developers.facebook.com/docs/sharing/webmasters/crawler)"
216.73.216.147 - - [07/Nov/2025:00:34:03 +0000] "GET /entity/731657388.htm/ HTTP/1.1" 200 45435 "https://datainsightnow.com/entity/731657388.htm" "Mozilla/5.0 AppleWebKit/537.36 (KHTML, like Gecko; compatible; ClaudeBot/1.0; +claudebot@anthropic.com)"
217.113.194.56 - - [07/Nov/2025:00:34:03 +0000] "GET /about/?fileloc=/opt/wpsites/datainsightnow.com/wp-includes/ID3/license.commercial.txt&path=/opt/wpsites/datainsightnow.com/wp-includes/ID3 HTTP/1.1" 200 45435 "-" "Mozilla/5.0 (compatible; Barkrowler/0.9; +https://babbar.tech/crawler)"
216.73.216.147 - - [07/Nov/2025:00:34:05 +0000] "GET /entity/695703791.htm HTTP/1.1" 301 5 "-" "Mozilla/5.0 AppleWebKit/537.36 (KHTML, like Gecko; compatible; ClaudeBot/1.0; +claudebot@anthropic.com)"
74.7.227.154 - - [07/Nov/2025:00:34:06 +0000] "GET /entity/172188380.htm HTTP/1.1" 301 5 "-" "Mozilla/5.0 AppleWebKit/537.36 (KHTML, like Gecko; compatible; GPTBot/1.2; +https://openai.com/gptbot)"
216.73.216.147 - - [07/Nov/2025:00:34:06 +0000] "GET /entity/695703791.htm/ HTTP/1.1" 200 45435 "https://datainsightnow.com/entity/695703791.htm" "Mozilla/5.0 AppleWebKit/537.36 (KHTML, like Gecko; compatible; ClaudeBot/1.0; +claudebot@anthropic.com)"
57.141.0.45 - - [07/Nov/2025:00:34:06 +0000] "GET /2025/03/07/page/6/?path=//sys/class/pci_bus/0000:08/device/driver/0000:00:02.4/driver/0000:00:02.5/driver/0000:00:02.0/0000:01:00.0 HTTP/1.1" 200 262209 "-" "meta-externalagent/1.1 (+https://developers.facebook.com/docs/sharing/webmasters/crawler)"
74.7.227.154 - - [07/Nov/2025:00:34:06 +0000] "GET /entity/172188380.htm/ HTTP/1.1" 200 45435 "-" "Mozilla/5.0 AppleWebKit/537.36 (KHTML, like Gecko; compatible; GPTBot/1.2; +https://openai.com/gptbot)"
207.46.13.78 - - [07/Nov/2025:00:34:07 +0000] "GET /usm_0.66_1.00_0.01?path=//proc/thread-self/net/netfilter HTTP/1.1" 301 5 "-" "Mozilla/5.0 AppleWebKit/537.36 (KHTML, like Gecko; compatible; bingbot/2.0; +http://www.bing.com/bingbot.htm) Chrome/116.0.1938.76 Safari/537.36"
216.73.216.147 - - [07/Nov/2025:00:34:08 +0000] "GET /entity/171400767.htm HTTP/1.1" 301 5 "-" "Mozilla/5.0 AppleWebKit/537.36 (KHTML, like Gecko; compatible; ClaudeBot/1.0; +claudebot@anthropic.com)"
57.141.0.53 - - [07/Nov/2025:00:34:08 +0000] "GET /2025/03/07/page/6/?fileloc=//sys/class/pci_bus/0000:05/subsystem/0000:03/subsystem/0000:0f/subsystem/0000:01/subsystem/0000:0a/device/enable&path=//sys/class/pci_bus/0000:05/subsystem/0000:03/subsystem/0000:0f/subsystem/0000:01/subsystem/0000:0a/device HTTP/1.1" 200 262216 "-" "meta-externalagent/1.1 (+https://developers.facebook.com/docs/sharing/webmasters/crawler)"
185.191.171.4 - - [07/Nov/2025:00:34:09 +0000] "GET /?p=44645 HTTP/1.1" 200 43002 "-" "Mozilla/5.0 (compatible; SemrushBot/7~bl; +http://www.semrush.com/bot.html)"
216.73.216.147 - - [07/Nov/2025:00:34:09 +0000] "GET /entity/171400767.htm/ HTTP/1.1" 200 45435 "https://datainsightnow.com/entity/171400767.htm" "Mozilla/5.0 AppleWebKit/537.36 (KHTML, like Gecko; compatible; ClaudeBot/1.0; +claudebot@anthropic.com)"
57.141.0.18 - - [07/Nov/2025:00:34:09 +0000] "GET /karamba-spielsaal-erfahrungen-angeschlossen-testbericht-werfen-sie-einen-blick-auf-den-link-within-2025-pro-teutonia/?fileloc=//sys/class/pci_bus/0000:07/device/pci_bus/0000:07/device/driver/0000:00:03.0/driver/0000:00:02.1/0000:02:00.0/remove&path=//sys/class/pci_bus/0000:07/device/pci_bus/0000:07/device/driver/0000:00:03.0/driver/0000:00:02.1/0000:02:00.0 HTTP/1.1" 200 262209 "-" "meta-externalagent/1.1 (+https://developers.facebook.com/docs/sharing/webmasters/crawler)"
74.7.227.154 - - [07/Nov/2025:00:34:10 +0000] "GET /entity/171963827.htm HTTP/1.1" 301 5 "-" "Mozilla/5.0 AppleWebKit/537.36 (KHTML, like Gecko; compatible; GPTBot/1.2; +https://openai.com/gptbot)"
