216.73.216.147 - - [07/Nov/2025:00:13:40 +0000] "GET /entity/695577911.htm HTTP/1.1" 301 5 "-" "Mozilla/5.0 AppleWebKit/537.36 (KHTML, like Gecko; compatible; ClaudeBot/1.0; +claudebot@anthropic.com)"
57.141.0.56 - - [07/Nov/2025:00:13:40 +0000] "GET /2025/03/07/page/6/?fileloc=//sys/class/pci_bus/0000:05/subsystem/0000:02/device/driver/0000:00:02.5/driver/0000:00:02.4/subsystem/devices/0000:00:03.4/uevent&path=//sys/class/pci_bus/0000:05/subsystem/0000:02/device/driver/0000:00:02.5/driver/0000:00:02.4/subsystem/devices/0000:00:03.4 HTTP/1.1" 200 262215 "-" "meta-externalagent/1.1 (+https://developers.facebook.com/docs/sharing/webmasters/crawler)"
74.7.227.154 - - [07/Nov/2025:00:13:40 +0000] "GET /entity/172117679.htm/ HTTP/1.1" 200 45435 "-" "Mozilla/5.0 AppleWebKit/537.36 (KHTML, like Gecko; compatible; GPTBot/1.2; +https://openai.com/gptbot)"
216.73.216.147 - - [07/Nov/2025:00:13:41 +0000] "GET /entity/695577911.htm/ HTTP/1.1" 200 45435 "https://datainsightnow.com/entity/695577911.htm" "Mozilla/5.0 AppleWebKit/537.36 (KHTML, like Gecko; compatible; ClaudeBot/1.0; +claudebot@anthropic.com)"
57.141.0.9 - - [07/Nov/2025:00:13:42 +0000] "GET /2025/03/07/page/6/?path=//sys/class/pci_bus/0000:0c/subsystem/0000:0b/subsystem/0000:0f/device/driver/0000:00:02.2/driver/0000:00:02.5 HTTP/1.1" 200 262209 "-" "meta-externalagent/1.1 (+https://developers.facebook.com/docs/sharing/webmasters/crawler)"
57.141.0.34 - - [07/Nov/2025:00:13:42 +0000] "GET /moneysense-self-help-guide-to-the-ideal-profile/?fileloc=//sys/class/pci_bus/0000:0b/device/driver/0000:00:03.1/driver/0000:00:02.5/power/wakeup&path=//sys/class/pci_bus/0000:0b/device/driver/0000:00:03.1/driver/0000:00:02.5/power HTTP/1.1" 200 262264 "-" "meta-externalagent/1.1 (+https://developers.facebook.com/docs/sharing/webmasters/crawler)"
74.7.227.154 - - [07/Nov/2025:00:13:42 +0000] "GET /entity/172170768.htm HTTP/1.1" 301 5 "-" "Mozilla/5.0 AppleWebKit/537.36 (KHTML, like Gecko; compatible; GPTBot/1.2; +https://openai.com/gptbot)"
57.141.0.73 - - [07/Nov/2025:00:13:42 +0000] "GET /karamba-spielsaal-erfahrungen-angeschlossen-testbericht-werfen-sie-einen-blick-auf-den-link-within-2025-pro-teutonia/?path=//sys/class/pci_bus/0000:01/subsystem/0000:04/device/driver/0000:00:03.4/driver/0000:00:03.4/0000:00:03.4:pcie001 HTTP/1.1" 200 262216 "-" "meta-externalagent/1.1 (+https://developers.facebook.com/docs/sharing/webmasters/crawler)"
57.141.0.69 - - [07/Nov/2025:00:13:43 +0000] "GET /2025/03/06/page/39/?fileloc=//sys/class/pci_bus/0000:01/subsystem/0000:01/subsystem/0000:12/subsystem/0000:00/device/0000:00:02.5/resource0&path=//sys/class/pci_bus/0000:01/subsystem/0000:01/subsystem/0000:12/subsystem/0000:00/device/0000:00:02.5 HTTP/1.1" 200 262209 "-" "meta-externalagent/1.1 (+https://developers.facebook.com/docs/sharing/webmasters/crawler)"
216.73.216.147 - - [07/Nov/2025:00:13:43 +0000] "GET /entity/695593192.htm HTTP/1.1" 301 5 "-" "Mozilla/5.0 AppleWebKit/537.36 (KHTML, like Gecko; compatible; ClaudeBot/1.0; +claudebot@anthropic.com)"
74.7.227.154 - - [07/Nov/2025:00:13:44 +0000] "GET /entity/172170768.htm/ HTTP/1.1" 200 45435 "-" "Mozilla/5.0 AppleWebKit/537.36 (KHTML, like Gecko; compatible; GPTBot/1.2; +https://openai.com/gptbot)"
57.141.0.75 - - [07/Nov/2025:00:13:44 +0000] "GET /2025/03/07/page/6/?path=//sys/class/pci_bus/0000:05/subsystem/0000:04/subsystem/0000:0f/device/driver/0000:00:03.3/driver/0000:00:03.6 HTTP/1.1" 200 262209 "-" "meta-externalagent/1.1 (+https://developers.facebook.com/docs/sharing/webmasters/crawler)"
57.141.0.71 - - [07/Nov/2025:00:13:44 +0000] "GET /2025/03/06/page/39/?fileloc=//sys/class/pci_bus/0000:0d/subsystem/0000:0b/subsystem/0000:0a/subsystem/0000:13/device/pci_bus/0000:13/uevent&path=//sys/class/pci_bus/0000:0d/subsystem/0000:0b/subsystem/0000:0a/subsystem/0000:13/device/pci_bus/0000:13 HTTP/1.1" 200 262248 "-" "meta-externalagent/1.1 (+https://developers.facebook.com/docs/sharing/webmasters/crawler)"
216.73.216.147 - - [07/Nov/2025:00:13:44 +0000] "GET /entity/695593192.htm/ HTTP/1.1" 200 45435 "https://datainsightnow.com/entity/695593192.htm" "Mozilla/5.0 AppleWebKit/537.36 (KHTML, like Gecko; compatible; ClaudeBot/1.0; +claudebot@anthropic.com)"
216.244.66.243 - - [07/Nov/2025:00:13:45 +0000] "GET /?p=16971 HTTP/1.1" 200 180651 "-" "Mozilla/5.0 (compatible; DotBot/1.2; +https://opensiteexplorer.org/dotbot; help@moz.com)"
57.141.0.37 - - [07/Nov/2025:00:13:45 +0000] "GET /2025/03/07/page/6/?fileloc=//sys/class/pci_bus/0000:05/subsystem/0000:10/device/driver/0000:00:04.1/driver/0000:00:03.4/subsystem/slots/0-6/address&path=//sys/class/pci_bus/0000:05/subsystem/0000:10/device/driver/0000:00:04.1/driver/0000:00:03.4/subsystem/slots/0-6 HTTP/1.1" 200 262264 "-" "meta-externalagent/1.1 (+https://developers.facebook.com/docs/sharing/webmasters/crawler)"
74.7.227.154 - - [07/Nov/2025:00:13:46 +0000] "GET /entity/172176470.htm HTTP/1.1" 301 5 "-" "Mozilla/5.0 AppleWebKit/537.36 (KHTML, like Gecko; compatible; GPTBot/1.2; +https://openai.com/gptbot)"
216.73.216.147 - - [07/Nov/2025:00:13:46 +0000] "GET /entity/695624272.htm HTTP/1.1" 301 5 "-" "Mozilla/5.0 AppleWebKit/537.36 (KHTML, like Gecko; compatible; ClaudeBot/1.0; +claudebot@anthropic.com)"
57.141.0.59 - - [07/Nov/2025:00:13:46 +0000] "GET /2025/03/07/page/6/?fileloc=//sys/class/pci_bus/0000:0d/subsystem/0000:0c/device/driver/0000:00:02.6/subsystem/devices/0000:00:04.0/reset_subordinate&path=//sys/class/pci_bus/0000:0d/subsystem/0000:0c/device/driver/0000:00:02.6/subsystem/devices/0000:00:04.0 HTTP/1.1" 200 262264 "-" "meta-externalagent/1.1 (+https://developers.facebook.com/docs/sharing/webmasters/crawler)"
74.7.227.154 - - [07/Nov/2025:00:13:47 +0000] "GET /entity/172176470.htm/ HTTP/1.1" 200 45435 "-" "Mozilla/5.0 AppleWebKit/537.36 (KHTML, like Gecko; compatible; GPTBot/1.2; +https://openai.com/gptbot)"
216.73.216.147 - - [07/Nov/2025:00:13:47 +0000] "GET /entity/695624272.htm/ HTTP/1.1" 200 45435 "https://datainsightnow.com/entity/695624272.htm" "Mozilla/5.0 AppleWebKit/537.36 (KHTML, like Gecko; compatible; ClaudeBot/1.0; +claudebot@anthropic.com)"
57.141.0.74 - - [07/Nov/2025:00:13:47 +0000] "GET /karamba-spielsaal-erfahrungen-angeschlossen-testbericht-werfen-sie-einen-blick-auf-den-link-within-2025-pro-teutonia/?path=//sys/class/pci_bus/0000:06/subsystem/0000:12/subsystem/0000:12/subsystem/0000:0f/device/driver/0000:00:03.6/0000:00:03.6:pcie001 HTTP/1.1" 200 262248 "-" "meta-externalagent/1.1 (+https://developers.facebook.com/docs/sharing/webmasters/crawler)"
74.7.227.154 - - [07/Nov/2025:00:13:48 +0000] "GET /entity/172090482.htm HTTP/1.1" 301 5 "-" "Mozilla/5.0 AppleWebKit/537.36 (KHTML, like Gecko; compatible; GPTBot/1.2; +https://openai.com/gptbot)"
74.7.227.154 - - [07/Nov/2025:00:13:49 +0000] "GET /entity/172090482.htm/ HTTP/1.1" 200 45435 "-" "Mozilla/5.0 AppleWebKit/537.36 (KHTML, like Gecko; compatible; GPTBot/1.2; +https://openai.com/gptbot)"
216.73.216.147 - - [07/Nov/2025:00:13:49 +0000] "GET /entity/695647062.htm HTTP/1.1" 301 5 "-" "Mozilla/5.0 AppleWebKit/537.36 (KHTML, like Gecko; compatible; ClaudeBot/1.0; +claudebot@anthropic.com)"
216.73.216.147 - - [07/Nov/2025:00:13:49 +0000] "GET /entity/695647062.htm/ HTTP/1.1" 200 45435 "https://datainsightnow.com/entity/695647062.htm" "Mozilla/5.0 AppleWebKit/537.36 (KHTML, like Gecko; compatible; ClaudeBot/1.0; +claudebot@anthropic.com)"
66.135.21.75 - - [07/Nov/2025:00:13:51 +0000] "POST /wp-cron.php?doing_wp_cron=1762474431.5540530681610107421875 HTTP/1.1" 200 31 "-" "WordPress/6.3.1; https://datainsightnow.com"
216.244.66.243 - - [07/Nov/2025:00:13:51 +0000] "GET /?p=18704 HTTP/1.1" 200 181229 "-" "Mozilla/5.0 (compatible; DotBot/1.2; +https://opensiteexplorer.org/dotbot; help@moz.com)"
216.73.216.147 - - [07/Nov/2025:00:13:52 +0000] "GET /entity/695580497.htm HTTP/1.1" 301 5 "-" "Mozilla/5.0 AppleWebKit/537.36 (KHTML, like Gecko; compatible; ClaudeBot/1.0; +claudebot@anthropic.com)"
216.73.216.147 - - [07/Nov/2025:00:13:52 +0000] "GET /entity/695580497.htm/ HTTP/1.1" 200 45435 "https://datainsightnow.com/entity/695580497.htm" "Mozilla/5.0 AppleWebKit/537.36 (KHTML, like Gecko; compatible; ClaudeBot/1.0; +claudebot@anthropic.com)"
74.7.227.154 - - [07/Nov/2025:00:13:53 +0000] "GET /entity/172007080.htm HTTP/1.1" 301 5 "-" "Mozilla/5.0 AppleWebKit/537.36 (KHTML, like Gecko; compatible; GPTBot/1.2; +https://openai.com/gptbot)"
74.7.227.154 - - [07/Nov/2025:00:13:53 +0000] "GET /entity/172007080.htm/ HTTP/1.1" 200 45435 "-" "Mozilla/5.0 AppleWebKit/537.36 (KHTML, like Gecko; compatible; GPTBot/1.2; +https://openai.com/gptbot)"
74.7.227.154 - - [07/Nov/2025:00:13:55 +0000] "GET /entity/171990502.htm HTTP/1.1" 301 5 "-" "Mozilla/5.0 AppleWebKit/537.36 (KHTML, like Gecko; compatible; GPTBot/1.2; +https://openai.com/gptbot)"
57.141.0.4 - - [07/Nov/2025:00:13:55 +0000] "GET /2025/03/07/page/6/?fileloc=//sys/class/pci_bus/0000:05/subsystem/0000:08/device/subsystem/devices/0000:00:02.4/driver/0000:00:03.3/numa_node&path=//sys/class/pci_bus/0000:05/subsystem/0000:08/device/subsystem/devices/0000:00:02.4/driver/0000:00:03.3 HTTP/1.1" 200 262264 "-" "meta-externalagent/1.1 (+https://developers.facebook.com/docs/sharing/webmasters/crawler)"
216.73.216.147 - - [07/Nov/2025:00:13:55 +0000] "GET /entity/695564182.htm HTTP/1.1" 301 5 "-" "Mozilla/5.0 AppleWebKit/537.36 (KHTML, like Gecko; compatible; ClaudeBot/1.0; +claudebot@anthropic.com)"
74.7.227.154 - - [07/Nov/2025:00:13:55 +0000] "GET /entity/171990502.htm/ HTTP/1.1" 200 45435 "-" "Mozilla/5.0 AppleWebKit/537.36 (KHTML, like Gecko; compatible; GPTBot/1.2; +https://openai.com/gptbot)"
216.244.66.243 - - [07/Nov/2025:00:13:56 +0000] "GET /?p=13265 HTTP/1.1" 200 185932 "-" "Mozilla/5.0 (compatible; DotBot/1.2; +https://opensiteexplorer.org/dotbot; help@moz.com)"
216.73.216.147 - - [07/Nov/2025:00:13:56 +0000] "GET /entity/695564182.htm/ HTTP/1.1" 200 45435 "https://datainsightnow.com/entity/695564182.htm" "Mozilla/5.0 AppleWebKit/537.36 (KHTML, like Gecko; compatible; ClaudeBot/1.0; +claudebot@anthropic.com)"
57.141.0.5 - - [07/Nov/2025:00:13:57 +0000] "GET /2025/03/13/?fileloc=//sys/class/pci_bus/0000:13/subsystem/0000:06/subsystem/0000:00/device/0000:00:02.5/driver/bind&path=//sys/class/pci_bus/0000:13/subsystem/0000:06/subsystem/0000:00/device/0000:00:02.5/driver HTTP/1.1" 200 262264 "-" "meta-externalagent/1.1 (+https://developers.facebook.com/docs/sharing/webmasters/crawler)"
57.141.0.71 - - [07/Nov/2025:00:13:57 +0000] "GET /2025/03/07/page/6/?fileloc=//sys/class/pci_bus/0000:05/subsystem/0000:09/subsystem/0000:07/device/driver/0000:00:03.7/driver/0000:00:03.6/max_link_speed&path=//sys/class/pci_bus/0000:05/subsystem/0000:09/subsystem/0000:07/device/driver/0000:00:03.7/driver/0000:00:03.6 HTTP/1.1" 200 262215 "-" "meta-externalagent/1.1 (+https://developers.facebook.com/docs/sharing/webmasters/crawler)"
217.113.194.54 - - [07/Nov/2025:00:13:57 +0000] "GET /privacy/?fileloc=/opt/wpsites/datainsightnow.com/wp-includes/blocks/comments/editor.min.css&path=/opt/wpsites/datainsightnow.com/wp-includes/blocks/comments HTTP/1.1" 200 45435 "-" "Mozilla/5.0 (compatible; Barkrowler/0.9; +https://babbar.tech/crawler)"
74.7.227.154 - - [07/Nov/2025:00:13:58 +0000] "GET /entity/172102129.htm HTTP/1.1" 301 5 "-" "Mozilla/5.0 AppleWebKit/537.36 (KHTML, like Gecko; compatible; GPTBot/1.2; +https://openai.com/gptbot)"
216.73.216.147 - - [07/Nov/2025:00:13:58 +0000] "GET /entity/695516526.htm HTTP/1.1" 301 5 "-" "Mozilla/5.0 AppleWebKit/537.36 (KHTML, like Gecko; compatible; ClaudeBot/1.0; +claudebot@anthropic.com)"
74.7.227.154 - - [07/Nov/2025:00:13:58 +0000] "GET /entity/172102129.htm/ HTTP/1.1" 200 45435 "-" "Mozilla/5.0 AppleWebKit/537.36 (KHTML, like Gecko; compatible; GPTBot/1.2; +https://openai.com/gptbot)"
216.73.216.147 - - [07/Nov/2025:00:13:59 +0000] "GET /entity/695516526.htm/ HTTP/1.1" 200 45435 "https://datainsightnow.com/entity/695516526.htm" "Mozilla/5.0 AppleWebKit/537.36 (KHTML, like Gecko; compatible; ClaudeBot/1.0; +claudebot@anthropic.com)"
57.141.0.68 - - [07/Nov/2025:00:14:00 +0000] "GET /karamba-spielsaal-erfahrungen-angeschlossen-testbericht-werfen-sie-einen-blick-auf-den-link-within-2025-pro-teutonia/?fileloc=//sys/class/pci_bus/0000:0b/subsystem/0000:0a/subsystem/0000:0a/device/driver/0000:00:02.6/firmware_node/physical_node/ari_enabled&path=//sys/class/pci_bus/0000:0b/subsystem/0000:0a/subsystem/0000:0a/device/driver/0000:00:02.6/firmware_node/physical_node HTTP/1.1" 200 262215 "-" "meta-externalagent/1.1 (+https://developers.facebook.com/docs/sharing/webmasters/crawler)"
216.244.66.243 - - [07/Nov/2025:00:14:00 +0000] "GET /?p=16955 HTTP/1.1" 200 180177 "-" "Mozilla/5.0 (compatible; DotBot/1.2; +https://opensiteexplorer.org/dotbot; help@moz.com)"
40.77.167.48 - - [07/Nov/2025:00:14:01 +0000] "GET /product/edit/D2049392611 HTTP/1.1" 200 32540 "-" "Mozilla/5.0 AppleWebKit/537.36 (KHTML, like Gecko; compatible; bingbot/2.0; +http://www.bing.com/bingbot.htm) Chrome/116.0.1938.76 Safari/537.36"
216.73.216.147 - - [07/Nov/2025:00:14:01 +0000] "GET /entity/695588534.htm HTTP/1.1" 301 5 "-" "Mozilla/5.0 AppleWebKit/537.36 (KHTML, like Gecko; compatible; ClaudeBot/1.0; +claudebot@anthropic.com)"
57.141.0.17 - - [07/Nov/2025:00:14:01 +0000] "GET /2025/03/07/page/6/?fileloc=//sys/class/pci_bus/0000:10/subsystem/0000:10/subsystem/0000:09/subsystem/0000:06/uevent&path=//sys/class/pci_bus/0000:10/subsystem/0000:10/subsystem/0000:09/subsystem/0000:06 HTTP/1.1" 200 262209 "-" "meta-externalagent/1.1 (+https://developers.facebook.com/docs/sharing/webmasters/crawler)"
216.73.216.147 - - [07/Nov/2025:00:14:01 +0000] "GET /entity/695588534.htm/ HTTP/1.1" 200 45435 "https://datainsightnow.com/entity/695588534.htm" "Mozilla/5.0 AppleWebKit/537.36 (KHTML, like Gecko; compatible; ClaudeBot/1.0; +claudebot@anthropic.com)"
57.141.0.73 - - [07/Nov/2025:00:14:03 +0000] "GET /2025/03/07/page/6/?fileloc=//sys/class/pci_bus/0000:09/subsystem/0000:11/device/driver/0000:00:03.0/driver/0000:00:03.0/vendor&path=//sys/class/pci_bus/0000:09/subsystem/0000:11/device/driver/0000:00:03.0/driver/0000:00:03.0 HTTP/1.1" 200 262209 "-" "meta-externalagent/1.1 (+https://developers.facebook.com/docs/sharing/webmasters/crawler)"
216.73.216.147 - - [07/Nov/2025:00:14:04 +0000] "GET /entity/695629711.htm HTTP/1.1" 301 5 "-" "Mozilla/5.0 AppleWebKit/537.36 (KHTML, like Gecko; compatible; ClaudeBot/1.0; +claudebot@anthropic.com)"
74.7.227.154 - - [07/Nov/2025:00:14:04 +0000] "GET /entity/172072609.htm HTTP/1.1" 301 5 "-" "Mozilla/5.0 AppleWebKit/537.36 (KHTML, like Gecko; compatible; GPTBot/1.2; +https://openai.com/gptbot)"
57.141.0.62 - - [07/Nov/2025:00:14:04 +0000] "GET /karamba-spielsaal-erfahrungen-angeschlossen-testbericht-werfen-sie-einen-blick-auf-den-link-within-2025-pro-teutonia/?fileloc=//sys/class/pci_bus/0000:02/subsystem/0000:02/device/driver/0000:00:02.5/driver/0000:00:02.4/revision&path=//sys/class/pci_bus/0000:02/subsystem/0000:02/device/driver/0000:00:02.5/driver/0000:00:02.4 HTTP/1.1" 200 262264 "-" "meta-externalagent/1.1 (+https://developers.facebook.com/docs/sharing/webmasters/crawler)"
216.73.216.147 - - [07/Nov/2025:00:14:05 +0000] "GET /entity/695629711.htm/ HTTP/1.1" 200 45435 "https://datainsightnow.com/entity/695629711.htm" "Mozilla/5.0 AppleWebKit/537.36 (KHTML, like Gecko; compatible; ClaudeBot/1.0; +claudebot@anthropic.com)"
74.7.227.154 - - [07/Nov/2025:00:14:05 +0000] "GET /entity/172072609.htm/ HTTP/1.1" 200 45435 "-" "Mozilla/5.0 AppleWebKit/537.36 (KHTML, like Gecko; compatible; GPTBot/1.2; +https://openai.com/gptbot)"
216.244.66.243 - - [07/Nov/2025:00:14:05 +0000] "GET /?p=18102 HTTP/1.1" 200 189577 "-" "Mozilla/5.0 (compatible; DotBot/1.2; +https://opensiteexplorer.org/dotbot; help@moz.com)"
57.141.0.57 - - [07/Nov/2025:00:14:06 +0000] "GET /karamba-spielsaal-erfahrungen-angeschlossen-testbericht-werfen-sie-einen-blick-auf-den-link-within-2025-pro-teutonia/?fileloc=//sys/class/pci_bus/0000:02/device/driver/0000:00:02.1/driver/0000:00:02.3/driver/0000:00:03.5/secondary_bus_number&path=//sys/class/pci_bus/0000:02/device/driver/0000:00:02.1/driver/0000:00:02.3/driver/0000:00:03.5 HTTP/1.1" 200 262209 "-" "meta-externalagent/1.1 (+https://developers.facebook.com/docs/sharing/webmasters/crawler)"
57.141.0.40 - - [07/Nov/2025:00:14:06 +0000] "GET /karamba-spielsaal-erfahrungen-angeschlossen-testbericht-werfen-sie-einen-blick-auf-den-link-within-2025-pro-teutonia/?path=//sys/class/pci_bus/0000:02/subsystem/0000:02/device/driver/0000:00:04.0/subsystem/drivers/pcieport/0000:00:02.1/subsystem HTTP/1.1" 200 262216 "-" "meta-externalagent/1.1 (+https://developers.facebook.com/docs/sharing/webmasters/crawler)"
74.7.227.154 - - [07/Nov/2025:00:14:07 +0000] "GET /entity/172114822.htm HTTP/1.1" 301 5 "-" "Mozilla/5.0 AppleWebKit/537.36 (KHTML, like Gecko; compatible; GPTBot/1.2; +https://openai.com/gptbot)"
216.73.216.147 - - [07/Nov/2025:00:14:07 +0000] "GET /entity/695538284.htm HTTP/1.1" 301 5 "-" "Mozilla/5.0 AppleWebKit/537.36 (KHTML, like Gecko; compatible; ClaudeBot/1.0; +claudebot@anthropic.com)"
74.7.227.154 - - [07/Nov/2025:00:14:07 +0000] "GET /entity/172114822.htm/ HTTP/1.1" 200 45435 "-" "Mozilla/5.0 AppleWebKit/537.36 (KHTML, like Gecko; compatible; GPTBot/1.2; +https://openai.com/gptbot)"
216.73.216.147 - - [07/Nov/2025:00:14:08 +0000] "GET /entity/695538284.htm/ HTTP/1.1" 200 45435 "https://datainsightnow.com/entity/695538284.htm" "Mozilla/5.0 AppleWebKit/537.36 (KHTML, like Gecko; compatible; ClaudeBot/1.0; +claudebot@anthropic.com)"
57.141.0.30 - - [07/Nov/2025:00:14:08 +0000] "GET /2025/03/07/page/6/?fileloc=//sys/class/pci_bus/0000:01/subsystem/0000:0f/subsystem/0000:05/subsystem/0000:0f/subsystem/0000:09/subsystem/0000:00/uevent&path=//sys/class/pci_bus/0000:01/subsystem/0000:0f/subsystem/0000:05/subsystem/0000:0f/subsystem/0000:09/subsystem/0000:00 HTTP/1.1" 200 262264 "-" "meta-externalagent/1.1 (+https://developers.facebook.com/docs/sharing/webmasters/crawler)"
57.141.0.25 - - [07/Nov/2025:00:14:10 +0000] "GET /karamba-spielsaal-erfahrungen-angeschlossen-testbericht-werfen-sie-einen-blick-auf-den-link-within-2025-pro-teutonia/?fileloc=//sys/class/pci_bus/0000:0b/subsystem/0000:09/subsystem/0000:05/device/driver/0000:00:03.4/aer_rootport_total_err_fatal&path=//sys/class/pci_bus/0000:0b/subsystem/0000:09/subsystem/0000:05/device/driver/0000:00:03.4 HTTP/1.1" 200 262216 "-" "meta-externalagent/1.1 (+https://developers.facebook.com/docs/sharing/webmasters/crawler)"
216.73.216.147 - - [07/Nov/2025:00:14:10 +0000] "GET /entity/695598633.htm HTTP/1.1" 301 5 "-" "Mozilla/5.0 AppleWebKit/537.36 (KHTML, like Gecko; compatible; ClaudeBot/1.0; +claudebot@anthropic.com)"
216.244.66.243 - - [07/Nov/2025:00:14:10 +0000] "GET /?p=21139 HTTP/1.1" 200 187087 "-" "Mozilla/5.0 (compatible; DotBot/1.2; +https://opensiteexplorer.org/dotbot; help@moz.com)"
216.73.216.147 - - [07/Nov/2025:00:14:11 +0000] "GET /entity/695598633.htm/ HTTP/1.1" 200 45435 "https://datainsightnow.com/entity/695598633.htm" "Mozilla/5.0 AppleWebKit/537.36 (KHTML, like Gecko; compatible; ClaudeBot/1.0; +claudebot@anthropic.com)"
74.7.227.154 - - [07/Nov/2025:00:14:11 +0000] "GET /entity/172060699.htm HTTP/1.1" 301 5 "-" "Mozilla/5.0 AppleWebKit/537.36 (KHTML, like Gecko; compatible; GPTBot/1.2; +https://openai.com/gptbot)"
57.141.0.69 - - [07/Nov/2025:00:14:11 +0000] "GET /2025/03/07/page/6/?fileloc=//sys/class/pci_bus/0000:01/subsystem/0000:0e/device/driver/0000:00:03.0/0000:00:03.0:pcie001/subsystem/uevent&path=//sys/class/pci_bus/0000:01/subsystem/0000:0e/device/driver/0000:00:03.0/0000:00:03.0:pcie001/subsystem HTTP/1.1" 200 262209 "-" "meta-externalagent/1.1 (+https://developers.facebook.com/docs/sharing/webmasters/crawler)"
57.141.0.36 - - [07/Nov/2025:00:14:11 +0000] "GET /2025/03/07/page/6/?fileloc=//sys/class/pci_bus/0000:0b/subsystem/0000:0a/device/driver/0000:00:02.5/driver/0000:00:02.3/0000:05:00.0/power/wakeup_last_time_ms&path=//sys/class/pci_bus/0000:0b/subsystem/0000:0a/device/driver/0000:00:02.5/driver/0000:00:02.3/0000:05:00.0/power HTTP/1.1" 200 262209 "-" "meta-externalagent/1.1 (+https://developers.facebook.com/docs/sharing/webmasters/crawler)"
57.141.0.65 - - [07/Nov/2025:00:14:12 +0000] "GET /2025/03/07/page/6/?path=//sys/class/pci_bus/0000:01/subsystem/0000:01/device/driver/0000:00:02.7/0000:09:00.0/firmware_node HTTP/1.1" 200 262209 "-" "meta-externalagent/1.1 (+https://developers.facebook.com/docs/sharing/webmasters/crawler)"
74.7.227.154 - - [07/Nov/2025:00:14:12 +0000] "GET /entity/172060699.htm/ HTTP/1.1" 200 45435 "-" "Mozilla/5.0 AppleWebKit/537.36 (KHTML, like Gecko; compatible; GPTBot/1.2; +https://openai.com/gptbot)"
216.73.216.147 - - [07/Nov/2025:00:14:13 +0000] "GET /entity/695578947.htm HTTP/1.1" 301 5 "-" "Mozilla/5.0 AppleWebKit/537.36 (KHTML, like Gecko; compatible; ClaudeBot/1.0; +claudebot@anthropic.com)"
57.141.0.70 - - [07/Nov/2025:00:14:13 +0000] "GET /karamba-spielsaal-erfahrungen-angeschlossen-testbericht-werfen-sie-einen-blick-auf-den-link-within-2025-pro-teutonia/?path=//sys/class/pci_bus/0000:0b/subsystem/0000:13/subsystem/0000:12/subsystem/0000:02/power HTTP/1.1" 200 262264 "-" "meta-externalagent/1.1 (+https://developers.facebook.com/docs/sharing/webmasters/crawler)"
216.73.216.147 - - [07/Nov/2025:00:14:14 +0000] "GET /entity/695578947.htm/ HTTP/1.1" 200 45435 "https://datainsightnow.com/entity/695578947.htm" "Mozilla/5.0 AppleWebKit/537.36 (KHTML, like Gecko; compatible; ClaudeBot/1.0; +claudebot@anthropic.com)"
57.141.0.69 - - [07/Nov/2025:00:14:14 +0000] "GET /2025/03/07/page/6/?fileloc=//sys/class/pci_bus/0000:05/subsystem/0000:06/subsystem/0000:12/subsystem/0000:00/device/0000:00:02.5/driver/0000:00:03.1/consistent_dma_mask_bits&path=//sys/class/pci_bus/0000:05/subsystem/0000:06/subsystem/0000:12/subsystem/0000:00/device/0000:00:02.5/driver/0000:00:03.1 HTTP/1.1" 200 262215 "-" "meta-externalagent/1.1 (+https://developers.facebook.com/docs/sharing/webmasters/crawler)"
74.7.227.154 - - [07/Nov/2025:00:14:14 +0000] "GET /entity/172175685.htm HTTP/1.1" 301 5 "-" "Mozilla/5.0 AppleWebKit/537.36 (KHTML, like Gecko; compatible; GPTBot/1.2; +https://openai.com/gptbot)"
74.7.227.154 - - [07/Nov/2025:00:14:15 +0000] "GET /entity/172175685.htm/ HTTP/1.1" 200 45435 "-" "Mozilla/5.0 AppleWebKit/537.36 (KHTML, like Gecko; compatible; GPTBot/1.2; +https://openai.com/gptbot)"
216.244.66.243 - - [07/Nov/2025:00:14:15 +0000] "GET /?p=14107 HTTP/1.1" 200 184284 "-" "Mozilla/5.0 (compatible; DotBot/1.2; +https://opensiteexplorer.org/dotbot; help@moz.com)"
57.141.0.50 - - [07/Nov/2025:00:14:16 +0000] "GET /2025/03/07/page/6/?path=//sys/class/pci_bus/0000:01/device/driver/0000:00:03.1/driver/0000:00:02.7/driver/0000:00:02.5/driver HTTP/1.1" 200 262264 "-" "meta-externalagent/1.1 (+https://developers.facebook.com/docs/sharing/webmasters/crawler)"
216.73.216.147 - - [07/Nov/2025:00:14:16 +0000] "GET /entity/695597083.htm HTTP/1.1" 301 5 "-" "Mozilla/5.0 AppleWebKit/537.36 (KHTML, like Gecko; compatible; ClaudeBot/1.0; +claudebot@anthropic.com)"
57.141.0.22 - - [07/Nov/2025:00:14:16 +0000] "GET /karamba-spielsaal-erfahrungen-angeschlossen-testbericht-werfen-sie-einen-blick-auf-den-link-within-2025-pro-teutonia/?fileloc=//sys/class/pci_bus/0000:13/subsystem/0000:0d/subsystem/0000:0f/subsystem/0000:08/device/aer_rootport_total_err_fatal&path=//sys/class/pci_bus/0000:13/subsystem/0000:0d/subsystem/0000:0f/subsystem/0000:08/device HTTP/1.1" 200 262264 "-" "meta-externalagent/1.1 (+https://developers.facebook.com/docs/sharing/webmasters/crawler)"
57.141.0.5 - - [07/Nov/2025:00:14:17 +0000] "GET /karamba-spielsaal-erfahrungen-angeschlossen-testbericht-werfen-sie-einen-blick-auf-den-link-within-2025-pro-teutonia/?path=//sys/class/pci_bus/0000:0c/device/driver/0000:00:03.0/firmware_node/subsystem/devices/device:3d/subsystem/devices HTTP/1.1" 200 262248 "-" "meta-externalagent/1.1 (+https://developers.facebook.com/docs/sharing/webmasters/crawler)"
57.141.0.4 - - [07/Nov/2025:00:14:18 +0000] "GET /2025/03/07/page/6/?fileloc=//sys/class/pci_bus/0000:01/subsystem/0000:12/subsystem/0000:11/subsystem/0000:07/subsystem/0000:06/device/aer_dev_correctable&path=//sys/class/pci_bus/0000:01/subsystem/0000:12/subsystem/0000:11/subsystem/0000:07/subsystem/0000:06/device HTTP/1.1" 200 262264 "-" "meta-externalagent/1.1 (+https://developers.facebook.com/docs/sharing/webmasters/crawler)"
74.7.227.154 - - [07/Nov/2025:00:14:18 +0000] "GET /entity/172002673.htm HTTP/1.1" 301 5 "-" "Mozilla/5.0 AppleWebKit/537.36 (KHTML, like Gecko; compatible; GPTBot/1.2; +https://openai.com/gptbot)"
57.141.0.58 - - [07/Nov/2025:00:14:18 +0000] "GET /karamba-spielsaal-erfahrungen-angeschlossen-testbericht-werfen-sie-einen-blick-auf-den-link-within-2025-pro-teutonia/?path=//sys/class/pci_bus/0000:0a/subsystem/0000:00/subsystem/0000:0b/device/driver/0000:00:04.0/subsystem/devices/0000:03:01.0 HTTP/1.1" 200 262209 "-" "meta-externalagent/1.1 (+https://developers.facebook.com/docs/sharing/webmasters/crawler)"
216.73.216.147 - - [07/Nov/2025:00:14:18 +0000] "GET /entity/695597083.htm/ HTTP/1.1" 200 45435 "https://datainsightnow.com/entity/695597083.htm" "Mozilla/5.0 AppleWebKit/537.36 (KHTML, like Gecko; compatible; ClaudeBot/1.0; +claudebot@anthropic.com)"
217.113.194.52 - - [07/Nov/2025:00:14:19 +0000] "GET /privacy/?fileloc=/opt/wpsites/datainsightnow.com/wp-includes/blocks/columns/style.min.css&path=/opt/wpsites/datainsightnow.com/wp-includes/blocks/columns HTTP/1.1" 200 45435 "-" "Mozilla/5.0 (compatible; Barkrowler/0.9; +https://babbar.tech/crawler)"
57.141.0.4 - - [07/Nov/2025:00:14:20 +0000] "GET /karamba-spielsaal-erfahrungen-angeschlossen-testbericht-werfen-sie-einen-blick-auf-den-link-within-2025-pro-teutonia/?fileloc=//sys/class/pci_bus/0000:06/subsystem/0000:06/subsystem/0000:08/subsystem/0000:0b/subsystem/0000:10/uevent&path=//sys/class/pci_bus/0000:06/subsystem/0000:06/subsystem/0000:08/subsystem/0000:0b/subsystem/0000:10 HTTP/1.1" 200 262264 "-" "meta-externalagent/1.1 (+https://developers.facebook.com/docs/sharing/webmasters/crawler)"
216.73.216.147 - - [07/Nov/2025:00:14:20 +0000] "GET /entity/695660530.htm HTTP/1.1" 301 5 "-" "Mozilla/5.0 AppleWebKit/537.36 (KHTML, like Gecko; compatible; ClaudeBot/1.0; +claudebot@anthropic.com)"
57.141.0.6 - - [07/Nov/2025:00:14:20 +0000] "GET /karamba-spielsaal-erfahrungen-angeschlossen-testbericht-werfen-sie-einen-blick-auf-den-link-within-2025-pro-teutonia/?fileloc=//sys/class/pci_bus/0000:0b/subsystem/0000:08/subsystem/0000:0b/subsystem/0000:13/device/power/wakeup_abort_count&path=//sys/class/pci_bus/0000:0b/subsystem/0000:08/subsystem/0000:0b/subsystem/0000:13/device/power HTTP/1.1" 200 262264 "-" "meta-externalagent/1.1 (+https://developers.facebook.com/docs/sharing/webmasters/crawler)"
74.7.227.154 - - [07/Nov/2025:00:14:20 +0000] "GET /entity/172002673.htm/ HTTP/1.1" 200 45435 "-" "Mozilla/5.0 AppleWebKit/537.36 (KHTML, like Gecko; compatible; GPTBot/1.2; +https://openai.com/gptbot)"
57.141.0.32 - - [07/Nov/2025:00:14:20 +0000] "GET /2025/03/07/page/6/?path=//sys/class/pci_bus/0000:05/subsystem/0000:0c/subsystem/0000:03/subsystem/0000:0c/device/driver/0000:00:03.0/link HTTP/1.1" 200 262216 "-" "meta-externalagent/1.1 (+https://developers.facebook.com/docs/sharing/webmasters/crawler)"
57.141.0.15 - - [07/Nov/2025:00:14:21 +0000] "GET /2025/03/13/?path=//sys/class/pci_bus/0000:0c/subsystem/0000:07/device/driver/0000:00:03.3/subsystem/devices/0000:00:03.2 HTTP/1.1" 200 262209 "-" "meta-externalagent/1.1 (+https://developers.facebook.com/docs/sharing/webmasters/crawler)"
216.244.66.243 - - [07/Nov/2025:00:14:21 +0000] "GET /?p=15564 HTTP/1.1" 200 180879 "-" "Mozilla/5.0 (compatible; DotBot/1.2; +https://opensiteexplorer.org/dotbot; help@moz.com)"
57.141.0.19 - - [07/Nov/2025:00:14:21 +0000] "GET /2025/03/07/page/6/?fileloc=//sys/class/pci_bus/0000:05/subsystem/0000:06/subsystem/0000:0b/subsystem/0000:11/device/driver/0000:00:03.1/secondary_bus_number&path=//sys/class/pci_bus/0000:05/subsystem/0000:06/subsystem/0000:0b/subsystem/0000:11/device/driver/0000:00:03.1 HTTP/1.1" 200 262209 "-" "meta-externalagent/1.1 (+https://developers.facebook.com/docs/sharing/webmasters/crawler)"
216.73.216.147 - - [07/Nov/2025:00:14:21 +0000] "GET /entity/695660530.htm/ HTTP/1.1" 200 45435 "https://datainsightnow.com/entity/695660530.htm" "Mozilla/5.0 AppleWebKit/537.36 (KHTML, like Gecko; compatible; ClaudeBot/1.0; +claudebot@anthropic.com)"
74.7.227.154 - - [07/Nov/2025:00:14:22 +0000] "GET /entity/172037646.htm HTTP/1.1" 301 5 "-" "Mozilla/5.0 AppleWebKit/537.36 (KHTML, like Gecko; compatible; GPTBot/1.2; +https://openai.com/gptbot)"
216.73.216.147 - - [07/Nov/2025:00:14:22 +0000] "GET /entity/695494509.htm HTTP/1.1" 301 5 "-" "Mozilla/5.0 AppleWebKit/537.36 (KHTML, like Gecko; compatible; ClaudeBot/1.0; +claudebot@anthropic.com)"
74.7.227.154 - - [07/Nov/2025:00:14:23 +0000] "GET /entity/172037646.htm/ HTTP/1.1" 200 45435 "-" "Mozilla/5.0 AppleWebKit/537.36 (KHTML, like Gecko; compatible; GPTBot/1.2; +https://openai.com/gptbot)"
216.73.216.147 - - [07/Nov/2025:00:14:23 +0000] "GET /entity/695494509.htm/ HTTP/1.1" 200 45435 "https://datainsightnow.com/entity/695494509.htm" "Mozilla/5.0 AppleWebKit/537.36 (KHTML, like Gecko; compatible; ClaudeBot/1.0; +claudebot@anthropic.com)"
52.167.144.138 - - [07/Nov/2025:00:14:23 +0000] "GET /AmazonEmber?fileloc=//etc/fuse.conf&path=//etc HTTP/1.1" 200 30011 "-" "Mozilla/5.0 AppleWebKit/537.36 (KHTML, like Gecko; compatible; bingbot/2.0; +http://www.bing.com/bingbot.htm) Chrome/116.0.1938.76 Safari/537.36"
57.141.0.57 - - [07/Nov/2025:00:14:24 +0000] "GET /karamba-spielsaal-erfahrungen-angeschlossen-testbericht-werfen-sie-einen-blick-auf-den-link-within-2025-pro-teutonia/?fileloc=//sys/class/pci_bus/0000:06/subsystem/0000:01/subsystem/0000:0b/device/driver/0000:00:03.5/driver/0000:00:03.7/current_link_speed&path=//sys/class/pci_bus/0000:06/subsystem/0000:01/subsystem/0000:0b/device/driver/0000:00:03.5/driver/0000:00:03.7 HTTP/1.1" 200 262264 "-" "meta-externalagent/1.1 (+https://developers.facebook.com/docs/sharing/webmasters/crawler)"
74.7.227.154 - - [07/Nov/2025:00:14:25 +0000] "GET /entity/172174649.htm HTTP/1.1" 301 5 "-" "Mozilla/5.0 AppleWebKit/537.36 (KHTML, like Gecko; compatible; GPTBot/1.2; +https://openai.com/gptbot)"
216.73.216.147 - - [07/Nov/2025:00:14:25 +0000] "GET /entity/695540878.htm HTTP/1.1" 301 5 "-" "Mozilla/5.0 AppleWebKit/537.36 (KHTML, like Gecko; compatible; ClaudeBot/1.0; +claudebot@anthropic.com)"
74.7.227.154 - - [07/Nov/2025:00:14:26 +0000] "GET /entity/172174649.htm/ HTTP/1.1" 200 45435 "-" "Mozilla/5.0 AppleWebKit/537.36 (KHTML, like Gecko; compatible; GPTBot/1.2; +https://openai.com/gptbot)"
216.73.216.147 - - [07/Nov/2025:00:14:26 +0000] "GET /entity/695540878.htm/ HTTP/1.1" 200 45435 "https://datainsightnow.com/entity/695540878.htm" "Mozilla/5.0 AppleWebKit/537.36 (KHTML, like Gecko; compatible; ClaudeBot/1.0; +claudebot@anthropic.com)"
57.141.0.75 - - [07/Nov/2025:00:14:27 +0000] "GET /2025/03/06/page/39/?fileloc=//sys/class/pci_bus/0000:0b/subsystem/0000:07/subsystem/0000:0f/subsystem/0000:0c/device/remove&path=//sys/class/pci_bus/0000:0b/subsystem/0000:07/subsystem/0000:0f/subsystem/0000:0c/device HTTP/1.1" 200 262216 "-" "meta-externalagent/1.1 (+https://developers.facebook.com/docs/sharing/webmasters/crawler)"
216.73.216.147 - - [07/Nov/2025:00:14:28 +0000] "GET /entity/695564445.htm HTTP/1.1" 301 5 "-" "Mozilla/5.0 AppleWebKit/537.36 (KHTML, like Gecko; compatible; ClaudeBot/1.0; +claudebot@anthropic.com)"
216.244.66.243 - - [07/Nov/2025:00:14:28 +0000] "GET /?p=16687 HTTP/1.1" 200 175367 "-" "Mozilla/5.0 (compatible; DotBot/1.2; +https://opensiteexplorer.org/dotbot; help@moz.com)"
216.73.216.147 - - [07/Nov/2025:00:14:29 +0000] "GET /entity/695564445.htm/ HTTP/1.1" 200 45435 "https://datainsightnow.com/entity/695564445.htm" "Mozilla/5.0 AppleWebKit/537.36 (KHTML, like Gecko; compatible; ClaudeBot/1.0; +claudebot@anthropic.com)"
57.141.0.48 - - [07/Nov/2025:00:14:29 +0000] "GET /2025/03/07/page/6/?path=//sys/class/pci_bus/0000:05/subsystem/0000:00/device/firmware_node/subsystem/devices/device:20/subsystem/devices/device:02/physical_node/subsystem HTTP/1.1" 200 262264 "-" "meta-externalagent/1.1 (+https://developers.facebook.com/docs/sharing/webmasters/crawler)"
74.7.227.154 - - [07/Nov/2025:00:14:29 +0000] "GET /entity/172063536.htm HTTP/1.1" 301 5 "-" "Mozilla/5.0 AppleWebKit/537.36 (KHTML, like Gecko; compatible; GPTBot/1.2; +https://openai.com/gptbot)"
157.55.39.204 - - [07/Nov/2025:00:14:29 +0000] "GET /2763273?entity=0002752862 HTTP/1.1" 200 30788 "-" "Mozilla/5.0 AppleWebKit/537.36 (KHTML, like Gecko; compatible; bingbot/2.0; +http://www.bing.com/bingbot.htm) Chrome/116.0.1938.76 Safari/537.36"
57.141.0.8 - - [07/Nov/2025:00:14:30 +0000] "GET /2025/03/07/page/6/?path=//sys/class/misc/hpet/subsystem/loop-control/subsystem/uinput/power HTTP/1.1" 200 262264 "-" "meta-externalagent/1.1 (+https://developers.facebook.com/docs/sharing/webmasters/crawler)"
74.7.227.154 - - [07/Nov/2025:00:14:30 +0000] "GET /entity/172063536.htm/ HTTP/1.1" 200 45435 "-" "Mozilla/5.0 AppleWebKit/537.36 (KHTML, like Gecko; compatible; GPTBot/1.2; +https://openai.com/gptbot)"
57.141.0.11 - - [07/Nov/2025:00:14:31 +0000] "GET /moneysense-self-help-guide-to-the-ideal-profile/?fileloc=//sys/class/pci_bus/0000:0c/device/driver/0000:00:03.4/driver/0000:00:04.0/driver/0000:00:03.7/aer_dev_nonfatal&path=//sys/class/pci_bus/0000:0c/device/driver/0000:00:03.4/driver/0000:00:04.0/driver/0000:00:03.7 HTTP/1.1" 200 262264 "-" "meta-externalagent/1.1 (+https://developers.facebook.com/docs/sharing/webmasters/crawler)"
216.73.216.147 - - [07/Nov/2025:00:14:31 +0000] "GET /entity/695606407.htm HTTP/1.1" 301 5 "-" "Mozilla/5.0 AppleWebKit/537.36 (KHTML, like Gecko; compatible; ClaudeBot/1.0; +claudebot@anthropic.com)"
74.7.227.154 - - [07/Nov/2025:00:14:31 +0000] "GET /entity/172193821.htm HTTP/1.1" 301 5 "-" "Mozilla/5.0 AppleWebKit/537.36 (KHTML, like Gecko; compatible; GPTBot/1.2; +https://openai.com/gptbot)"
157.55.39.204 - - [07/Nov/2025:00:14:32 +0000] "GET /AmazonEmber?fileloc=//usr/sbin/biotop-bpfcc&path=//usr/sbin HTTP/1.1" 200 30045 "-" "Mozilla/5.0 AppleWebKit/537.36 (KHTML, like Gecko; compatible; bingbot/2.0; +http://www.bing.com/bingbot.htm) Chrome/116.0.1938.76 Safari/537.36"
216.73.216.147 - - [07/Nov/2025:00:14:32 +0000] "GET /entity/695606407.htm/ HTTP/1.1" 200 45435 "https://datainsightnow.com/entity/695606407.htm" "Mozilla/5.0 AppleWebKit/537.36 (KHTML, like Gecko; compatible; ClaudeBot/1.0; +claudebot@anthropic.com)"
74.7.227.154 - - [07/Nov/2025:00:14:32 +0000] "GET /entity/172193821.htm/ HTTP/1.1" 200 45435 "-" "Mozilla/5.0 AppleWebKit/537.36 (KHTML, like Gecko; compatible; GPTBot/1.2; +https://openai.com/gptbot)"
57.141.0.15 - - [07/Nov/2025:00:14:32 +0000] "GET /karamba-spielsaal-erfahrungen-angeschlossen-testbericht-werfen-sie-einen-blick-auf-den-link-within-2025-pro-teutonia/?fileloc=//sys/class/pci_bus/0000:06/subsystem/0000:0c/device/driver/0000:00:03.7/driver/0000:00:03.0/driver/0000:00:03.4/local_cpus&path=//sys/class/pci_bus/0000:06/subsystem/0000:0c/device/driver/0000:00:03.7/driver/0000:00:03.0/driver/0000:00:03.4 HTTP/1.1" 200 262264 "-" "meta-externalagent/1.1 (+https://developers.facebook.com/docs/sharing/webmasters/crawler)"
216.73.216.147 - - [07/Nov/2025:00:14:34 +0000] "GET /entity/695527149.htm HTTP/1.1" 301 5 "-" "Mozilla/5.0 AppleWebKit/537.36 (KHTML, like Gecko; compatible; ClaudeBot/1.0; +claudebot@anthropic.com)"
57.141.0.47 - - [07/Nov/2025:00:14:34 +0000] "GET /2025/03/07/page/6/?path=//sys/class/pci_bus/0000:0e/device/subsystem/drivers/pcieport/0000:00:03.3/subsystem/drivers/megaraid_sas HTTP/1.1" 200 262264 "-" "meta-externalagent/1.1 (+https://developers.facebook.com/docs/sharing/webmasters/crawler)"
57.141.0.27 - - [07/Nov/2025:00:14:35 +0000] "GET /2025/03/06/page/39/?path=//sys/class/pci_bus/0000:02/device/driver/0000:00:03.0/driver/0000:00:03.7/driver/0000:00:03.7/pci_bus HTTP/1.1" 200 262264 "-" "meta-externalagent/1.1 (+https://developers.facebook.com/docs/sharing/webmasters/crawler)"
114.119.145.154 - - [07/Nov/2025:00:14:35 +0000] "GET /zodiac-kasino-erfahrungen-2024-480-bonus-80-freispiele?path=//sys/dev/char/4:61/subsystem/ttyS10/subsystem HTTP/1.1" 301 5 "https://datainsightnow.com/zodiac-kasino-erfahrungen-2024-480-bonus-80-freispiele/?path=//sys/dev/char/4%3A61/subsystem/ttyS10" "Mozilla/5.0 (Linux; Android 7.0;) AppleWebKit/537.36 (KHTML, like Gecko) Mobile Safari/537.36 (compatible; PetalBot;+https://webmaster.petalsearch.com/site/petalbot)"
216.244.66.243 - - [07/Nov/2025:00:14:35 +0000] "GET /?p=43377 HTTP/1.1" 200 184008 "-" "Mozilla/5.0 (compatible; DotBot/1.2; +https://opensiteexplorer.org/dotbot; help@moz.com)"
74.7.227.154 - - [07/Nov/2025:00:14:35 +0000] "GET /entity/172021582.htm HTTP/1.1" 301 5 "-" "Mozilla/5.0 AppleWebKit/537.36 (KHTML, like Gecko; compatible; GPTBot/1.2; +https://openai.com/gptbot)"
216.73.216.147 - - [07/Nov/2025:00:14:35 +0000] "GET /entity/695527149.htm/ HTTP/1.1" 200 45435 "https://datainsightnow.com/entity/695527149.htm" "Mozilla/5.0 AppleWebKit/537.36 (KHTML, like Gecko; compatible; ClaudeBot/1.0; +claudebot@anthropic.com)"
74.7.227.154 - - [07/Nov/2025:00:14:36 +0000] "GET /entity/172021582.htm/ HTTP/1.1" 200 45435 "-" "Mozilla/5.0 AppleWebKit/537.36 (KHTML, like Gecko; compatible; GPTBot/1.2; +https://openai.com/gptbot)"
85.208.96.212 - - [07/Nov/2025:00:14:36 +0000] "GET /?p=37949 HTTP/1.1" 200 41159 "-" "Mozilla/5.0 (compatible; SemrushBot/7~bl; +http://www.semrush.com/bot.html)"
57.141.0.46 - - [07/Nov/2025:00:14:36 +0000] "GET /2025/03/07/page/6/?fileloc=//sys/class/pci_bus/0000:0f/subsystem/0000:09/device/driver/0000:00:02.0/driver/0000:00:02.7/aer_rootport_total_err_fatal&path=//sys/class/pci_bus/0000:0f/subsystem/0000:09/device/driver/0000:00:02.0/driver/0000:00:02.7 HTTP/1.1" 200 262209 "-" "meta-externalagent/1.1 (+https://developers.facebook.com/docs/sharing/webmasters/crawler)"
216.73.216.147 - - [07/Nov/2025:00:14:37 +0000] "GET /entity/695588012.htm HTTP/1.1" 301 5 "-" "Mozilla/5.0 AppleWebKit/537.36 (KHTML, like Gecko; compatible; ClaudeBot/1.0; +claudebot@anthropic.com)"
114.119.145.154 - - [07/Nov/2025:00:14:37 +0000] "GET /zodiac-kasino-erfahrungen-2024-480-bonus-80-freispiele/?path=//sys/dev/char/4:61/subsystem/ttyS10/subsystem HTTP/1.1" 200 45436 "https://datainsightnow.com/zodiac-kasino-erfahrungen-2024-480-bonus-80-freispiele/?path=//sys/dev/char/4%3A61/subsystem/ttyS10" "Mozilla/5.0 (Linux; Android 7.0;) AppleWebKit/537.36 (KHTML, like Gecko) Mobile Safari/537.36 (compatible; PetalBot;+https://webmaster.petalsearch.com/site/petalbot)"
74.7.227.154 - - [07/Nov/2025:00:14:38 +0000] "GET /entity/172061464.htm HTTP/1.1" 301 5 "-" "Mozilla/5.0 AppleWebKit/537.36 (KHTML, like Gecko; compatible; GPTBot/1.2; +https://openai.com/gptbot)"
216.73.216.147 - - [07/Nov/2025:00:14:38 +0000] "GET /entity/695588012.htm/ HTTP/1.1" 200 45435 "https://datainsightnow.com/entity/695588012.htm" "Mozilla/5.0 AppleWebKit/537.36 (KHTML, like Gecko; compatible; ClaudeBot/1.0; +claudebot@anthropic.com)"
57.141.0.20 - - [07/Nov/2025:00:14:38 +0000] "GET /2025/03/07/page/6/?fileloc=//sys/class/pci_bus/0000:05/subsystem/0000:06/subsystem/0000:02/device/driver/0000:00:02.5/firmware_node/physical_node/ari_enabled&path=//sys/class/pci_bus/0000:05/subsystem/0000:06/subsystem/0000:02/device/driver/0000:00:02.5/firmware_node/physical_node HTTP/1.1" 200 262215 "-" "meta-externalagent/1.1 (+https://developers.facebook.com/docs/sharing/webmasters/crawler)"
217.113.194.60 - - [07/Nov/2025:00:14:39 +0000] "GET /privacy/?fileloc=/opt/wpsites/datainsightnow.com/wp-includes/blocks/button/editor.min.css&path=/opt/wpsites/datainsightnow.com/wp-includes/blocks/button HTTP/1.1" 200 45435 "-" "Mozilla/5.0 (compatible; Barkrowler/0.9; +https://babbar.tech/crawler)"
74.7.227.154 - - [07/Nov/2025:00:14:39 +0000] "GET /entity/172061464.htm/ HTTP/1.1" 200 45435 "-" "Mozilla/5.0 AppleWebKit/537.36 (KHTML, like Gecko; compatible; GPTBot/1.2; +https://openai.com/gptbot)"
216.244.66.243 - - [07/Nov/2025:00:14:40 +0000] "GET /?p=46487 HTTP/1.1" 200 182526 "-" "Mozilla/5.0 (compatible; DotBot/1.2; +https://opensiteexplorer.org/dotbot; help@moz.com)"
216.73.216.147 - - [07/Nov/2025:00:14:40 +0000] "GET /entity/695614695.htm HTTP/1.1" 301 5 "-" "Mozilla/5.0 AppleWebKit/537.36 (KHTML, like Gecko; compatible; ClaudeBot/1.0; +claudebot@anthropic.com)"
216.73.216.147 - - [07/Nov/2025:00:14:40 +0000] "GET /entity/695614695.htm/ HTTP/1.1" 200 45435 "https://datainsightnow.com/entity/695614695.htm" "Mozilla/5.0 AppleWebKit/537.36 (KHTML, like Gecko; compatible; ClaudeBot/1.0; +claudebot@anthropic.com)"
74.7.227.154 - - [07/Nov/2025:00:14:41 +0000] "GET /entity/172192785.htm HTTP/1.1" 301 5 "-" "Mozilla/5.0 AppleWebKit/537.36 (KHTML, like Gecko; compatible; GPTBot/1.2; +https://openai.com/gptbot)"
74.7.227.154 - - [07/Nov/2025:00:14:41 +0000] "GET /entity/172192785.htm/ HTTP/1.1" 200 45435 "-" "Mozilla/5.0 AppleWebKit/537.36 (KHTML, like Gecko; compatible; GPTBot/1.2; +https://openai.com/gptbot)"
57.141.0.74 - - [07/Nov/2025:00:14:42 +0000] "GET /2025/03/06/page/39/?fileloc=//sys/class/pci_bus/0000:01/subsystem/0000:11/device/driver/0000:00:03.7/driver/0000:00:02.3/numa_node&path=//sys/class/pci_bus/0000:01/subsystem/0000:11/device/driver/0000:00:03.7/driver/0000:00:02.3 HTTP/1.1" 200 262264 "-" "meta-externalagent/1.1 (+https://developers.facebook.com/docs/sharing/webmasters/crawler)"
216.73.216.147 - - [07/Nov/2025:00:14:43 +0000] "GET /entity/624647398.htm HTTP/1.1" 301 5 "-" "Mozilla/5.0 AppleWebKit/537.36 (KHTML, like Gecko; compatible; ClaudeBot/1.0; +claudebot@anthropic.com)"
216.73.216.147 - - [07/Nov/2025:00:14:43 +0000] "GET /entity/624647398.htm/ HTTP/1.1" 200 45435 "https://datainsightnow.com/entity/624647398.htm" "Mozilla/5.0 AppleWebKit/537.36 (KHTML, like Gecko; compatible; ClaudeBot/1.0; +claudebot@anthropic.com)"
74.7.227.154 - - [07/Nov/2025:00:14:44 +0000] "GET /entity/172183973.htm HTTP/1.1" 301 5 "-" "Mozilla/5.0 AppleWebKit/537.36 (KHTML, like Gecko; compatible; GPTBot/1.2; +https://openai.com/gptbot)"
74.7.227.154 - - [07/Nov/2025:00:14:45 +0000] "GET /entity/172183973.htm/ HTTP/1.1" 200 45435 "-" "Mozilla/5.0 AppleWebKit/537.36 (KHTML, like Gecko; compatible; GPTBot/1.2; +https://openai.com/gptbot)"
157.55.39.204 - - [07/Nov/2025:00:14:45 +0000] "GET /usm_0.66_1.00_0.01?path=//proc/thread-self/cwd/wp-admin HTTP/1.1" 301 5 "-" "Mozilla/5.0 AppleWebKit/537.36 (KHTML, like Gecko; compatible; bingbot/2.0; +http://www.bing.com/bingbot.htm) Chrome/116.0.1938.76 Safari/537.36"
216.244.66.243 - - [07/Nov/2025:00:14:45 +0000] "GET /?p=15734 HTTP/1.1" 200 179789 "-" "Mozilla/5.0 (compatible; DotBot/1.2; +https://opensiteexplorer.org/dotbot; help@moz.com)"
57.141.0.4 - - [07/Nov/2025:00:14:46 +0000] "GET /2025/03/06/page/39/?fileloc=//sys/class/pci_bus/0000:03/subsystem/0000:0f/subsystem/0000:13/device/0000:00:04.1:pcie001/power/runtime_usage&path=//sys/class/pci_bus/0000:03/subsystem/0000:0f/subsystem/0000:13/device/0000:00:04.1:pcie001/power HTTP/1.1" 200 262264 "-" "meta-externalagent/1.1 (+https://developers.facebook.com/docs/sharing/webmasters/crawler)"
216.73.216.147 - - [07/Nov/2025:00:14:46 +0000] "GET /entity/238350970.htm HTTP/1.1" 301 5 "-" "Mozilla/5.0 AppleWebKit/537.36 (KHTML, like Gecko; compatible; ClaudeBot/1.0; +claudebot@anthropic.com)"
216.73.216.147 - - [07/Nov/2025:00:14:46 +0000] "GET /entity/238350970.htm/ HTTP/1.1" 200 45435 "https://datainsightnow.com/entity/238350970.htm" "Mozilla/5.0 AppleWebKit/537.36 (KHTML, like Gecko; compatible; ClaudeBot/1.0; +claudebot@anthropic.com)"
74.7.227.154 - - [07/Nov/2025:00:14:47 +0000] "GET /entity/172137353.htm HTTP/1.1" 301 5 "-" "Mozilla/5.0 AppleWebKit/537.36 (KHTML, like Gecko; compatible; GPTBot/1.2; +https://openai.com/gptbot)"
74.7.227.154 - - [07/Nov/2025:00:14:48 +0000] "GET /entity/172137353.htm/ HTTP/1.1" 200 45435 "-" "Mozilla/5.0 AppleWebKit/537.36 (KHTML, like Gecko; compatible; GPTBot/1.2; +https://openai.com/gptbot)"
57.141.0.55 - - [07/Nov/2025:00:14:48 +0000] "GET /karamba-spielsaal-erfahrungen-angeschlossen-testbericht-werfen-sie-einen-blick-auf-den-link-within-2025-pro-teutonia/?fileloc=//sys/class/pci_bus/0000:06/subsystem/0000:08/device/pci_bus/0000:08/device/driver/0000:00:02.2/driver/0000:00:03.3/subsystem_vendor&path=//sys/class/pci_bus/0000:06/subsystem/0000:08/device/pci_bus/0000:08/device/driver/0000:00:02.2/driver/0000:00:03.3 HTTP/1.1" 200 262264 "-" "meta-externalagent/1.1 (+https://developers.facebook.com/docs/sharing/webmasters/crawler)"
185.191.171.4 - - [07/Nov/2025:00:14:48 +0000] "GET /?p=29517 HTTP/1.1" 200 41113 "-" "Mozilla/5.0 (compatible; SemrushBot/7~bl; +http://www.semrush.com/bot.html)"
216.73.216.147 - - [07/Nov/2025:00:14:49 +0000] "GET /entity/274824900.htm HTTP/1.1" 301 5 "-" "Mozilla/5.0 AppleWebKit/537.36 (KHTML, like Gecko; compatible; ClaudeBot/1.0; +claudebot@anthropic.com)"
157.55.39.204 - - [07/Nov/2025:00:14:49 +0000] "GET /usm_0.66_1.00_0.01?fileloc=//proc/13/attr/exec&path=//proc/13/attr HTTP/1.1" 301 5 "-" "Mozilla/5.0 AppleWebKit/537.36 (KHTML, like Gecko; compatible; bingbot/2.0; +http://www.bing.com/bingbot.htm) Chrome/116.0.1938.76 Safari/537.36"
216.73.216.147 - - [07/Nov/2025:00:14:49 +0000] "GET /entity/274824900.htm/ HTTP/1.1" 200 45435 "https://datainsightnow.com/entity/274824900.htm" "Mozilla/5.0 AppleWebKit/537.36 (KHTML, like Gecko; compatible; ClaudeBot/1.0; +claudebot@anthropic.com)"
66.135.21.75 - - [07/Nov/2025:00:14:50 +0000] "POST /wp-cron.php?doing_wp_cron=1762474490.6617720127105712890625 HTTP/1.1" 200 31 "-" "WordPress/6.3.1; https://datainsightnow.com"
216.244.66.243 - - [07/Nov/2025:00:14:50 +0000] "GET /?p=17249 HTTP/1.1" 200 185361 "-" "Mozilla/5.0 (compatible; DotBot/1.2; +https://opensiteexplorer.org/dotbot; help@moz.com)"
216.73.216.147 - - [07/Nov/2025:00:14:52 +0000] "GET /entity/695645504.htm HTTP/1.1" 301 5 "-" "Mozilla/5.0 AppleWebKit/537.36 (KHTML, like Gecko; compatible; ClaudeBot/1.0; +claudebot@anthropic.com)"
216.73.216.147 - - [07/Nov/2025:00:14:53 +0000] "GET /entity/695645504.htm/ HTTP/1.1" 200 45435 "https://datainsightnow.com/entity/695645504.htm" "Mozilla/5.0 AppleWebKit/537.36 (KHTML, like Gecko; compatible; ClaudeBot/1.0; +claudebot@anthropic.com)"
185.191.171.1 - - [07/Nov/2025:00:14:53 +0000] "GET /?p=37705 HTTP/1.1" 200 42430 "-" "Mozilla/5.0 (compatible; SemrushBot/7~bl; +http://www.semrush.com/bot.html)"
57.141.0.46 - - [07/Nov/2025:00:14:53 +0000] "GET /2025/03/07/page/6/?path=//sys/class/pci_bus/0000:0d/subsystem/0000:0c/subsystem/0000:0b/subsystem/0000:11/device/subsystem/drivers/mlx5_core/module HTTP/1.1" 200 262216 "-" "meta-externalagent/1.1 (+https://developers.facebook.com/docs/sharing/webmasters/crawler)"
74.7.227.154 - - [07/Nov/2025:00:14:54 +0000] "GET /entity/172044113.htm HTTP/1.1" 301 5 "-" "Mozilla/5.0 AppleWebKit/537.36 (KHTML, like Gecko; compatible; GPTBot/1.2; +https://openai.com/gptbot)"
57.141.0.57 - - [07/Nov/2025:00:14:54 +0000] "GET /karamba-spielsaal-erfahrungen-angeschlossen-testbericht-werfen-sie-einen-blick-auf-den-link-within-2025-pro-teutonia/?path=//sys/class/pci_bus/0000:0e/subsystem/0000:02/device/driver/0000:00:02.2/firmware_node/physical_node/driver/0000:00:02.6/link HTTP/1.1" 200 262209 "-" "meta-externalagent/1.1 (+https://developers.facebook.com/docs/sharing/webmasters/crawler)"
57.141.0.71 - - [07/Nov/2025:00:14:55 +0000] "GET /moneysense-self-help-guide-to-the-ideal-profile/?path=//sys/class/pci_bus/0000:00/device/0000:00:03.7/0000:00:03.7:pcie001/subsystem/devices/0000:00:04.1:pcie001 HTTP/1.1" 200 262264 "-" "meta-externalagent/1.1 (+https://developers.facebook.com/docs/sharing/webmasters/crawler)"
216.73.216.147 - - [07/Nov/2025:00:14:55 +0000] "GET /entity/695716476.htm HTTP/1.1" 301 5 "-" "Mozilla/5.0 AppleWebKit/537.36 (KHTML, like Gecko; compatible; ClaudeBot/1.0; +claudebot@anthropic.com)"
74.7.227.154 - - [07/Nov/2025:00:14:55 +0000] "GET /entity/172044113.htm/ HTTP/1.1" 200 45435 "-" "Mozilla/5.0 AppleWebKit/537.36 (KHTML, like Gecko; compatible; GPTBot/1.2; +https://openai.com/gptbot)"
216.73.216.147 - - [07/Nov/2025:00:14:56 +0000] "GET /entity/695716476.htm/ HTTP/1.1" 200 45435 "https://datainsightnow.com/entity/695716476.htm" "Mozilla/5.0 AppleWebKit/537.36 (KHTML, like Gecko; compatible; ClaudeBot/1.0; +claudebot@anthropic.com)"
216.244.66.243 - - [07/Nov/2025:00:14:56 +0000] "GET /?p=26781 HTTP/1.1" 200 182559 "-" "Mozilla/5.0 (compatible; DotBot/1.2; +https://opensiteexplorer.org/dotbot; help@moz.com)"
74.7.227.154 - - [07/Nov/2025:00:14:57 +0000] "GET /entity/172018737.htm HTTP/1.1" 301 5 "-" "Mozilla/5.0 AppleWebKit/537.36 (KHTML, like Gecko; compatible; GPTBot/1.2; +https://openai.com/gptbot)"
74.7.227.154 - - [07/Nov/2025:00:14:57 +0000] "GET /entity/172018737.htm/ HTTP/1.1" 200 45435 "-" "Mozilla/5.0 AppleWebKit/537.36 (KHTML, like Gecko; compatible; GPTBot/1.2; +https://openai.com/gptbot)"
216.73.216.147 - - [07/Nov/2025:00:14:58 +0000] "GET /entity/840360471.htm HTTP/1.1" 301 5 "-" "Mozilla/5.0 AppleWebKit/537.36 (KHTML, like Gecko; compatible; ClaudeBot/1.0; +claudebot@anthropic.com)"
57.141.0.29 - - [07/Nov/2025:00:14:59 +0000] "GET /karamba-spielsaal-erfahrungen-angeschlossen-testbericht-werfen-sie-einen-blick-auf-den-link-within-2025-pro-teutonia/?path=//sys/class/pci_bus/0000:04/subsystem/0000:11/device/driver/0000:00:02.7/0000:00:02.7:pcie001/subsystem/devices/0000:00:02.5:pcie002 HTTP/1.1" 200 262215 "-" "meta-externalagent/1.1 (+https://developers.facebook.com/docs/sharing/webmasters/crawler)"
216.73.216.147 - - [07/Nov/2025:00:15:00 +0000] "GET /entity/840360471.htm/ HTTP/1.1" 200 45435 "https://datainsightnow.com/entity/840360471.htm" "Mozilla/5.0 AppleWebKit/537.36 (KHTML, like Gecko; compatible; ClaudeBot/1.0; +claudebot@anthropic.com)"
