57.141.0.4 - - [07/Nov/2025:00:25:15 +0000] "GET /2025/03/07/page/6/?fileloc=//sys/class/pci_bus/0000:05/subsystem/0000:00/device/0000:00:02.3/driver/0000:00:03.0/pci_bus/0000:0a/device/power/wakeup_active&path=//sys/class/pci_bus/0000:05/subsystem/0000:00/device/0000:00:02.3/driver/0000:00:03.0/pci_bus/0000:0a/device/power HTTP/1.1" 200 262217 "-" "meta-externalagent/1.1 (+https://developers.facebook.com/docs/sharing/webmasters/crawler)"
57.141.0.19 - - [07/Nov/2025:00:25:15 +0000] "GET /karamba-spielsaal-erfahrungen-angeschlossen-testbericht-werfen-sie-einen-blick-auf-den-link-within-2025-pro-teutonia/?fileloc=//sys/class/pci_bus/0000:0c/subsystem/0000:05/subsystem/0000:10/subsystem/0000:13/device/d3cold_allowed&path=//sys/class/pci_bus/0000:0c/subsystem/0000:05/subsystem/0000:10/subsystem/0000:13/device HTTP/1.1" 200 262264 "-" "meta-externalagent/1.1 (+https://developers.facebook.com/docs/sharing/webmasters/crawler)"
185.191.171.16 - - [07/Nov/2025:00:25:16 +0000] "GET /?p=9144 HTTP/1.1" 200 42492 "-" "Mozilla/5.0 (compatible; SemrushBot/7~bl; +http://www.semrush.com/bot.html)"
57.141.0.24 - - [07/Nov/2025:00:25:16 +0000] "GET /karamba-spielsaal-erfahrungen-angeschlossen-testbericht-werfen-sie-einen-blick-auf-den-link-within-2025-pro-teutonia/?fileloc=//sys/class/pci_bus/0000:0f/subsystem/0000:02/subsystem/0000:11/device/driver/0000:00:03.6/current_link_width&path=//sys/class/pci_bus/0000:0f/subsystem/0000:02/subsystem/0000:11/device/driver/0000:00:03.6 HTTP/1.1" 200 262209 "-" "meta-externalagent/1.1 (+https://developers.facebook.com/docs/sharing/webmasters/crawler)"
216.73.216.147 - - [07/Nov/2025:00:25:16 +0000] "GET /entity/94734171.htm HTTP/1.1" 301 5 "-" "Mozilla/5.0 AppleWebKit/537.36 (KHTML, like Gecko; compatible; ClaudeBot/1.0; +claudebot@anthropic.com)"
95.91.110.210 - - [07/Nov/2025:00:25:16 +0000] "GET /?fileloc=//usr/src/linux-headers-6.8.0-83-generic/block/Kconfig&path=//usr/src/linux-headers-6.8.0-83-generic/block HTTP/1.1" 200 45435 "-" "Mozilla/5.0 (compatible; MJ12bot/v1.4.8; http://mj12bot.com/)"
74.7.227.154 - - [07/Nov/2025:00:25:17 +0000] "GET /entity/172135803.htm HTTP/1.1" 301 5 "-" "Mozilla/5.0 AppleWebKit/537.36 (KHTML, like Gecko; compatible; GPTBot/1.2; +https://openai.com/gptbot)"
216.73.216.147 - - [07/Nov/2025:00:25:17 +0000] "GET /entity/94734171.htm/ HTTP/1.1" 200 45435 "https://datainsightnow.com/entity/94734171.htm" "Mozilla/5.0 AppleWebKit/537.36 (KHTML, like Gecko; compatible; ClaudeBot/1.0; +claudebot@anthropic.com)"
74.7.227.154 - - [07/Nov/2025:00:25:17 +0000] "GET /entity/172135803.htm/ HTTP/1.1" 200 45435 "-" "Mozilla/5.0 AppleWebKit/537.36 (KHTML, like Gecko; compatible; GPTBot/1.2; +https://openai.com/gptbot)"
57.141.0.53 - - [07/Nov/2025:00:25:18 +0000] "GET /2025/03/07/page/6/?fileloc=//sys/class/pci_bus/0000:13/subsystem/0000:05/device/driver/0000:00:02.3/subsystem/devices/0000:00:1b.0/hdaudioC0D0/vendor_id&path=//sys/class/pci_bus/0000:13/subsystem/0000:05/device/driver/0000:00:02.3/subsystem/devices/0000:00:1b.0/hdaudioC0D0 HTTP/1.1" 200 262264 "-" "meta-externalagent/1.1 (+https://developers.facebook.com/docs/sharing/webmasters/crawler)"
216.73.216.147 - - [07/Nov/2025:00:25:19 +0000] "GET /entity/10677277.htm HTTP/1.1" 301 5 "-" "Mozilla/5.0 AppleWebKit/537.36 (KHTML, like Gecko; compatible; ClaudeBot/1.0; +claudebot@anthropic.com)"
57.141.0.4 - - [07/Nov/2025:00:25:19 +0000] "GET /karamba-spielsaal-erfahrungen-angeschlossen-testbericht-werfen-sie-einen-blick-auf-den-link-within-2025-pro-teutonia/?fileloc=//sys/class/pci_bus/0000:06/subsystem/0000:06/subsystem/0000:05/subsystem/0000:10/device/driver/0000:00:02.7/current_link_width&path=//sys/class/pci_bus/0000:06/subsystem/0000:06/subsystem/0000:05/subsystem/0000:10/device/driver/0000:00:02.7 HTTP/1.1" 200 262215 "-" "meta-externalagent/1.1 (+https://developers.facebook.com/docs/sharing/webmasters/crawler)"
216.73.216.147 - - [07/Nov/2025:00:25:20 +0000] "GET /entity/10677277.htm/ HTTP/1.1" 200 45435 "https://datainsightnow.com/entity/10677277.htm" "Mozilla/5.0 AppleWebKit/537.36 (KHTML, like Gecko; compatible; ClaudeBot/1.0; +claudebot@anthropic.com)"
74.7.227.154 - - [07/Nov/2025:00:25:20 +0000] "GET /entity/172009925.htm HTTP/1.1" 301 5 "-" "Mozilla/5.0 AppleWebKit/537.36 (KHTML, like Gecko; compatible; GPTBot/1.2; +https://openai.com/gptbot)"
95.91.110.210 - - [07/Nov/2025:00:25:21 +0000] "GET /?fileloc=//usr/src/linux-headers-6.8.0-83-generic/block/Kconfig.iosched&path=//usr/src/linux-headers-6.8.0-83-generic/block HTTP/1.1" 200 45435 "-" "Mozilla/5.0 (compatible; MJ12bot/v1.4.8; http://mj12bot.com/)"
74.7.227.154 - - [07/Nov/2025:00:25:21 +0000] "GET /entity/172009925.htm/ HTTP/1.1" 200 45435 "-" "Mozilla/5.0 AppleWebKit/537.36 (KHTML, like Gecko; compatible; GPTBot/1.2; +https://openai.com/gptbot)"
57.141.0.51 - - [07/Nov/2025:00:25:21 +0000] "GET /karamba-spielsaal-erfahrungen-angeschlossen-testbericht-werfen-sie-einen-blick-auf-den-link-within-2025-pro-teutonia/?fileloc=//sys/class/pci_bus/0000:06/subsystem/0000:0f/subsystem/0000:09/device/driver/0000:00:02.5/driver/0000:00:02.2/uevent&path=//sys/class/pci_bus/0000:06/subsystem/0000:0f/subsystem/0000:09/device/driver/0000:00:02.5/driver/0000:00:02.2 HTTP/1.1" 200 262216 "-" "meta-externalagent/1.1 (+https://developers.facebook.com/docs/sharing/webmasters/crawler)"
216.73.216.147 - - [07/Nov/2025:00:25:22 +0000] "GET /entity/558836010.htm HTTP/1.1" 301 5 "-" "Mozilla/5.0 AppleWebKit/537.36 (KHTML, like Gecko; compatible; ClaudeBot/1.0; +claudebot@anthropic.com)"
216.73.216.147 - - [07/Nov/2025:00:25:23 +0000] "GET /entity/558836010.htm/ HTTP/1.1" 200 45435 "https://datainsightnow.com/entity/558836010.htm" "Mozilla/5.0 AppleWebKit/537.36 (KHTML, like Gecko; compatible; ClaudeBot/1.0; +claudebot@anthropic.com)"
74.7.227.154 - - [07/Nov/2025:00:25:24 +0000] "GET /entity/172108869.htm HTTP/1.1" 301 5 "-" "Mozilla/5.0 AppleWebKit/537.36 (KHTML, like Gecko; compatible; GPTBot/1.2; +https://openai.com/gptbot)"
57.141.0.56 - - [07/Nov/2025:00:25:25 +0000] "GET /2025/03/06/page/39/?fileloc=//sys/class/pci_bus/0000:02/subsystem/0000:10/subsystem/0000:05/device/driver/0000:00:03.2/rescan&path=//sys/class/pci_bus/0000:02/subsystem/0000:10/subsystem/0000:05/device/driver/0000:00:03.2 HTTP/1.1" 200 262209 "-" "meta-externalagent/1.1 (+https://developers.facebook.com/docs/sharing/webmasters/crawler)"
216.73.216.147 - - [07/Nov/2025:00:25:25 +0000] "GET /entity/83303985.htm HTTP/1.1" 301 5 "-" "Mozilla/5.0 AppleWebKit/537.36 (KHTML, like Gecko; compatible; ClaudeBot/1.0; +claudebot@anthropic.com)"
74.7.227.154 - - [07/Nov/2025:00:25:25 +0000] "GET /entity/172108869.htm/ HTTP/1.1" 200 45435 "-" "Mozilla/5.0 AppleWebKit/537.36 (KHTML, like Gecko; compatible; GPTBot/1.2; +https://openai.com/gptbot)"
95.91.110.210 - - [07/Nov/2025:00:25:26 +0000] "GET /?fileloc=//usr/src/linux-headers-6.8.0-83-generic/block/Makefile&path=//usr/src/linux-headers-6.8.0-83-generic/block HTTP/1.1" 200 45435 "-" "Mozilla/5.0 (compatible; MJ12bot/v1.4.8; http://mj12bot.com/)"
216.73.216.147 - - [07/Nov/2025:00:25:26 +0000] "GET /entity/83303985.htm/ HTTP/1.1" 200 45435 "https://datainsightnow.com/entity/83303985.htm" "Mozilla/5.0 AppleWebKit/537.36 (KHTML, like Gecko; compatible; ClaudeBot/1.0; +claudebot@anthropic.com)"
74.7.227.154 - - [07/Nov/2025:00:25:27 +0000] "GET /entity/172045149.htm HTTP/1.1" 301 5 "-" "Mozilla/5.0 AppleWebKit/537.36 (KHTML, like Gecko; compatible; GPTBot/1.2; +https://openai.com/gptbot)"
74.7.227.154 - - [07/Nov/2025:00:25:27 +0000] "GET /entity/172045149.htm/ HTTP/1.1" 200 45435 "-" "Mozilla/5.0 AppleWebKit/537.36 (KHTML, like Gecko; compatible; GPTBot/1.2; +https://openai.com/gptbot)"
216.73.216.147 - - [07/Nov/2025:00:25:28 +0000] "GET /entity/315732394.htm HTTP/1.1" 301 5 "-" "Mozilla/5.0 AppleWebKit/537.36 (KHTML, like Gecko; compatible; ClaudeBot/1.0; +claudebot@anthropic.com)"
57.141.0.22 - - [07/Nov/2025:00:25:29 +0000] "GET /2025/03/07/page/6/?fileloc=//sys/class/pci_bus/0000:11/device/driver/0000:00:03.1/driver/0000:00:03.6/driver/0000:00:03.0/local_cpulist&path=//sys/class/pci_bus/0000:11/device/driver/0000:00:03.1/driver/0000:00:03.6/driver/0000:00:03.0 HTTP/1.1" 200 262215 "-" "meta-externalagent/1.1 (+https://developers.facebook.com/docs/sharing/webmasters/crawler)"
216.73.216.147 - - [07/Nov/2025:00:25:29 +0000] "GET /entity/315732394.htm/ HTTP/1.1" 200 45435 "https://datainsightnow.com/entity/315732394.htm" "Mozilla/5.0 AppleWebKit/537.36 (KHTML, like Gecko; compatible; ClaudeBot/1.0; +claudebot@anthropic.com)"
95.91.110.210 - - [07/Nov/2025:00:25:31 +0000] "GET /?fileloc=//usr/src/linux-headers-6.8.0-83-generic/certs/Kconfig&path=//usr/src/linux-headers-6.8.0-83-generic/certs HTTP/1.1" 200 45435 "-" "Mozilla/5.0 (compatible; MJ12bot/v1.4.8; http://mj12bot.com/)"
57.141.0.46 - - [07/Nov/2025:00:25:31 +0000] "GET /karamba-spielsaal-erfahrungen-angeschlossen-testbericht-werfen-sie-einen-blick-auf-den-link-within-2025-pro-teutonia/?path=//sys/class/pci_bus/0000:0a/device/driver/0000:00:02.1/subsystem/devices/0000:00:04.0/driver/0000:00:03.1/msi_irqs HTTP/1.1" 200 262264 "-" "meta-externalagent/1.1 (+https://developers.facebook.com/docs/sharing/webmasters/crawler)"
57.141.0.72 - - [07/Nov/2025:00:25:31 +0000] "GET /karamba-spielsaal-erfahrungen-angeschlossen-testbericht-werfen-sie-einen-blick-auf-den-link-within-2025-pro-teutonia/?fileloc=//sys/class/pci_bus/0000:06/subsystem/0000:0d/subsystem/0000:0b/subsystem/0000:03/subsystem/0000:0e/power/runtime_usage&path=//sys/class/pci_bus/0000:06/subsystem/0000:0d/subsystem/0000:0b/subsystem/0000:03/subsystem/0000:0e/power HTTP/1.1" 200 262209 "-" "meta-externalagent/1.1 (+https://developers.facebook.com/docs/sharing/webmasters/crawler)"
74.7.227.154 - - [07/Nov/2025:00:25:31 +0000] "GET /entity/172088924.htm HTTP/1.1" 301 5 "-" "Mozilla/5.0 AppleWebKit/537.36 (KHTML, like Gecko; compatible; GPTBot/1.2; +https://openai.com/gptbot)"
216.73.216.147 - - [07/Nov/2025:00:25:31 +0000] "GET /entity/83373658.htm HTTP/1.1" 301 5 "-" "Mozilla/5.0 AppleWebKit/537.36 (KHTML, like Gecko; compatible; ClaudeBot/1.0; +claudebot@anthropic.com)"
57.141.0.23 - - [07/Nov/2025:00:25:32 +0000] "GET /moneysense-self-help-guide-to-the-ideal-profile/?path=//sys/class/pci_bus/0000:02/subsystem/0000:09/device/driver/0000:00:03.4/driver/0000:00:02.6 HTTP/1.1" 200 262248 "-" "meta-externalagent/1.1 (+https://developers.facebook.com/docs/sharing/webmasters/crawler)"
66.135.21.75 - - [07/Nov/2025:00:25:32 +0000] "POST /wp-cron.php?doing_wp_cron=1762475132.0893580913543701171875 HTTP/1.1" 200 31 "-" "WordPress/6.3.1; https://datainsightnow.com"
217.113.194.53 - - [07/Nov/2025:00:25:33 +0000] "GET /?fileloc=//sys/kernel/slab/btrfs_delayed_extent_op/order&path=//sys/kernel/slab/btrfs_delayed_extent_op HTTP/1.1" 200 45435 "-" "Mozilla/5.0 (compatible; Barkrowler/0.9; +https://babbar.tech/crawler)"
57.141.0.40 - - [07/Nov/2025:00:25:33 +0000] "GET /2025/03/07/page/6/?fileloc=//sys/class/pci_bus/0000:0d/device/subsystem/devices/0000:00:03.4/firmware_node/power/runtime_usage&path=//sys/class/pci_bus/0000:0d/device/subsystem/devices/0000:00:03.4/firmware_node/power HTTP/1.1" 200 262209 "-" "meta-externalagent/1.1 (+https://developers.facebook.com/docs/sharing/webmasters/crawler)"
216.73.216.147 - - [07/Nov/2025:00:25:33 +0000] "GET /entity/83373658.htm/ HTTP/1.1" 200 45435 "https://datainsightnow.com/entity/83373658.htm" "Mozilla/5.0 AppleWebKit/537.36 (KHTML, like Gecko; compatible; ClaudeBot/1.0; +claudebot@anthropic.com)"
74.7.227.154 - - [07/Nov/2025:00:25:33 +0000] "GET /entity/172088924.htm/ HTTP/1.1" 200 45435 "-" "Mozilla/5.0 AppleWebKit/537.36 (KHTML, like Gecko; compatible; GPTBot/1.2; +https://openai.com/gptbot)"
216.73.216.147 - - [07/Nov/2025:00:25:34 +0000] "GET /entity/238412869.htm HTTP/1.1" 301 5 "-" "Mozilla/5.0 AppleWebKit/537.36 (KHTML, like Gecko; compatible; ClaudeBot/1.0; +claudebot@anthropic.com)"
216.73.216.147 - - [07/Nov/2025:00:25:34 +0000] "GET /entity/238412869.htm/ HTTP/1.1" 200 45435 "https://datainsightnow.com/entity/238412869.htm" "Mozilla/5.0 AppleWebKit/537.36 (KHTML, like Gecko; compatible; ClaudeBot/1.0; +claudebot@anthropic.com)"
74.7.227.154 - - [07/Nov/2025:00:25:35 +0000] "GET /entity/171971332.htm HTTP/1.1" 301 5 "-" "Mozilla/5.0 AppleWebKit/537.36 (KHTML, like Gecko; compatible; GPTBot/1.2; +https://openai.com/gptbot)"
95.91.110.210 - - [07/Nov/2025:00:25:35 +0000] "GET /?fileloc=//usr/src/linux-headers-6.8.0-83-generic/certs/Makefile&path=//usr/src/linux-headers-6.8.0-83-generic/certs HTTP/1.1" 200 45435 "-" "Mozilla/5.0 (compatible; MJ12bot/v1.4.8; http://mj12bot.com/)"
74.7.227.154 - - [07/Nov/2025:00:25:35 +0000] "GET /entity/171971332.htm/ HTTP/1.1" 200 45435 "-" "Mozilla/5.0 AppleWebKit/537.36 (KHTML, like Gecko; compatible; GPTBot/1.2; +https://openai.com/gptbot)"
57.141.0.74 - - [07/Nov/2025:00:25:36 +0000] "GET /2025/03/07/page/6/?path=//sys/class/pci_bus/0000:04/subsystem/0000:05/subsystem/0000:00/subsystem/0000:13/subsystem/0000:08 HTTP/1.1" 200 262264 "-" "meta-externalagent/1.1 (+https://developers.facebook.com/docs/sharing/webmasters/crawler)"
216.73.216.147 - - [07/Nov/2025:00:25:37 +0000] "GET /entity/174564450.htm HTTP/1.1" 301 5 "-" "Mozilla/5.0 AppleWebKit/537.36 (KHTML, like Gecko; compatible; ClaudeBot/1.0; +claudebot@anthropic.com)"
57.141.0.47 - - [07/Nov/2025:00:25:38 +0000] "GET /karamba-spielsaal-erfahrungen-angeschlossen-testbericht-werfen-sie-einen-blick-auf-den-link-within-2025-pro-teutonia/?path=//sys/class/pci_bus/0000:02/device/0000:02:00.0/subsystem/devices/0000:00:03.1/driver/0000:00:03.5/firmware_node HTTP/1.1" 200 262264 "-" "meta-externalagent/1.1 (+https://developers.facebook.com/docs/sharing/webmasters/crawler)"
216.73.216.147 - - [07/Nov/2025:00:25:38 +0000] "GET /entity/174564450.htm/ HTTP/1.1" 200 45435 "https://datainsightnow.com/entity/174564450.htm" "Mozilla/5.0 AppleWebKit/537.36 (KHTML, like Gecko; compatible; ClaudeBot/1.0; +claudebot@anthropic.com)"
74.7.227.154 - - [07/Nov/2025:00:25:38 +0000] "GET /entity/172099806.htm HTTP/1.1" 301 5 "-" "Mozilla/5.0 AppleWebKit/537.36 (KHTML, like Gecko; compatible; GPTBot/1.2; +https://openai.com/gptbot)"
74.7.227.154 - - [07/Nov/2025:00:25:39 +0000] "GET /entity/172099806.htm/ HTTP/1.1" 200 45435 "-" "Mozilla/5.0 AppleWebKit/537.36 (KHTML, like Gecko; compatible; GPTBot/1.2; +https://openai.com/gptbot)"
85.208.96.208 - - [07/Nov/2025:00:25:39 +0000] "GET /?p=45849 HTTP/1.1" 200 42308 "-" "Mozilla/5.0 (compatible; SemrushBot/7~bl; +http://www.semrush.com/bot.html)"
216.73.216.147 - - [07/Nov/2025:00:25:40 +0000] "GET /entity/379405478.htm HTTP/1.1" 301 5 "-" "Mozilla/5.0 AppleWebKit/537.36 (KHTML, like Gecko; compatible; ClaudeBot/1.0; +claudebot@anthropic.com)"
216.73.216.147 - - [07/Nov/2025:00:25:40 +0000] "GET /entity/379405478.htm/ HTTP/1.1" 200 45435 "https://datainsightnow.com/entity/379405478.htm" "Mozilla/5.0 AppleWebKit/537.36 (KHTML, like Gecko; compatible; ClaudeBot/1.0; +claudebot@anthropic.com)"
74.7.227.154 - - [07/Nov/2025:00:25:41 +0000] "GET /entity/172096698.htm HTTP/1.1" 301 5 "-" "Mozilla/5.0 AppleWebKit/537.36 (KHTML, like Gecko; compatible; GPTBot/1.2; +https://openai.com/gptbot)"
57.141.0.20 - - [07/Nov/2025:00:25:41 +0000] "GET /better-a-hundredpercent-deposit-extra-fx-brokers-2025-list-remark/?fileloc=//lib64/ld-linux-x86-64.so.2&path=//lib64 HTTP/1.1" 200 262209 "-" "meta-externalagent/1.1 (+https://developers.facebook.com/docs/sharing/webmasters/crawler)"
57.141.0.26 - - [07/Nov/2025:00:25:42 +0000] "GET /2025/03/07/page/6/?fileloc=//sys/class/pci_bus/0000:0b/subsystem/0000:05/subsystem/0000:04/subsystem/0000:00/device/0000:00:01.0/d3cold_allowed&path=//sys/class/pci_bus/0000:0b/subsystem/0000:05/subsystem/0000:04/subsystem/0000:00/device/0000:00:01.0 HTTP/1.1" 200 262264 "-" "meta-externalagent/1.1 (+https://developers.facebook.com/docs/sharing/webmasters/crawler)"
74.7.227.154 - - [07/Nov/2025:00:25:42 +0000] "GET /entity/172096698.htm/ HTTP/1.1" 200 45435 "-" "Mozilla/5.0 AppleWebKit/537.36 (KHTML, like Gecko; compatible; GPTBot/1.2; +https://openai.com/gptbot)"
216.73.216.147 - - [07/Nov/2025:00:25:43 +0000] "GET /entity/5748501.htm HTTP/1.1" 301 5 "-" "Mozilla/5.0 AppleWebKit/537.36 (KHTML, like Gecko; compatible; ClaudeBot/1.0; +claudebot@anthropic.com)"
216.73.216.147 - - [07/Nov/2025:00:25:44 +0000] "GET /entity/5748501.htm/ HTTP/1.1" 200 45435 "https://datainsightnow.com/entity/5748501.htm" "Mozilla/5.0 AppleWebKit/537.36 (KHTML, like Gecko; compatible; ClaudeBot/1.0; +claudebot@anthropic.com)"
57.141.0.27 - - [07/Nov/2025:00:25:44 +0000] "GET /2025/03/07/page/6/?fileloc=//sys/class/pci_bus/0000:05/subsystem/0000:08/subsystem/0000:13/device/firmware_node/physical_node/driver/0000:00:03.5/numa_node&path=//sys/class/pci_bus/0000:05/subsystem/0000:08/subsystem/0000:13/device/firmware_node/physical_node/driver/0000:00:03.5 HTTP/1.1" 200 262264 "-" "meta-externalagent/1.1 (+https://developers.facebook.com/docs/sharing/webmasters/crawler)"
74.7.227.154 - - [07/Nov/2025:00:25:45 +0000] "GET /entity/172036086.htm HTTP/1.1" 301 5 "-" "Mozilla/5.0 AppleWebKit/537.36 (KHTML, like Gecko; compatible; GPTBot/1.2; +https://openai.com/gptbot)"
74.7.227.154 - - [07/Nov/2025:00:25:45 +0000] "GET /entity/172036086.htm/ HTTP/1.1" 200 45435 "-" "Mozilla/5.0 AppleWebKit/537.36 (KHTML, like Gecko; compatible; GPTBot/1.2; +https://openai.com/gptbot)"
216.73.216.147 - - [07/Nov/2025:00:25:46 +0000] "GET /entity/83367693.htm HTTP/1.1" 301 5 "-" "Mozilla/5.0 AppleWebKit/537.36 (KHTML, like Gecko; compatible; ClaudeBot/1.0; +claudebot@anthropic.com)"
216.73.216.147 - - [07/Nov/2025:00:25:47 +0000] "GET /entity/83367693.htm/ HTTP/1.1" 200 45435 "https://datainsightnow.com/entity/83367693.htm" "Mozilla/5.0 AppleWebKit/537.36 (KHTML, like Gecko; compatible; ClaudeBot/1.0; +claudebot@anthropic.com)"
57.141.0.75 - - [07/Nov/2025:00:25:47 +0000] "GET /moneysense-self-help-guide-to-the-ideal-profile/?path=//sys/class/pci_bus/0000:05/subsystem/0000:07/device/subsystem/devices/0000:04:00.0/usb2/driver HTTP/1.1" 200 262264 "-" "meta-externalagent/1.1 (+https://developers.facebook.com/docs/sharing/webmasters/crawler)"
57.141.0.48 - - [07/Nov/2025:00:25:47 +0000] "GET /2025/03/07/page/6/?fileloc=//sys/class/pci_bus/0000:02/subsystem/0000:13/subsystem/0000:00/device/0000:00:02.1/reset_subordinate&path=//sys/class/pci_bus/0000:02/subsystem/0000:13/subsystem/0000:00/device/0000:00:02.1 HTTP/1.1" 200 262264 "-" "meta-externalagent/1.1 (+https://developers.facebook.com/docs/sharing/webmasters/crawler)"
74.7.227.154 - - [07/Nov/2025:00:25:48 +0000] "GET /entity/172109642.htm HTTP/1.1" 301 5 "-" "Mozilla/5.0 AppleWebKit/537.36 (KHTML, like Gecko; compatible; GPTBot/1.2; +https://openai.com/gptbot)"
74.7.227.154 - - [07/Nov/2025:00:25:49 +0000] "GET /entity/172109642.htm/ HTTP/1.1" 200 45435 "-" "Mozilla/5.0 AppleWebKit/537.36 (KHTML, like Gecko; compatible; GPTBot/1.2; +https://openai.com/gptbot)"
216.73.216.147 - - [07/Nov/2025:00:25:49 +0000] "GET /entity/339848663.htm HTTP/1.1" 301 5 "-" "Mozilla/5.0 AppleWebKit/537.36 (KHTML, like Gecko; compatible; ClaudeBot/1.0; +claudebot@anthropic.com)"
216.73.216.147 - - [07/Nov/2025:00:25:50 +0000] "GET /entity/339848663.htm/ HTTP/1.1" 200 45435 "https://datainsightnow.com/entity/339848663.htm" "Mozilla/5.0 AppleWebKit/537.36 (KHTML, like Gecko; compatible; ClaudeBot/1.0; +claudebot@anthropic.com)"
66.135.21.75 - - [07/Nov/2025:00:25:51 +0000] "POST /wp-cron.php?doing_wp_cron=1762475151.1210529804229736328125 HTTP/1.1" 200 31 "-" "WordPress/6.3.1; https://datainsightnow.com"
74.7.227.154 - - [07/Nov/2025:00:25:51 +0000] "GET /entity/171969270.htm HTTP/1.1" 301 5 "-" "Mozilla/5.0 AppleWebKit/537.36 (KHTML, like Gecko; compatible; GPTBot/1.2; +https://openai.com/gptbot)"
74.7.227.154 - - [07/Nov/2025:00:25:51 +0000] "GET /entity/171969270.htm/ HTTP/1.1" 200 45435 "-" "Mozilla/5.0 AppleWebKit/537.36 (KHTML, like Gecko; compatible; GPTBot/1.2; +https://openai.com/gptbot)"
216.73.216.147 - - [07/Nov/2025:00:25:52 +0000] "GET /entity/189467047.htm HTTP/1.1" 301 5 "-" "Mozilla/5.0 AppleWebKit/537.36 (KHTML, like Gecko; compatible; ClaudeBot/1.0; +claudebot@anthropic.com)"
217.113.194.52 - - [07/Nov/2025:00:25:53 +0000] "GET /?fileloc=//lib/firmware/bnx2x/bnx2x-e1h-7.13.15.0.fw.zst&path=//lib/firmware/bnx2x HTTP/1.1" 200 45435 "-" "Mozilla/5.0 (compatible; Barkrowler/0.9; +https://babbar.tech/crawler)"
216.73.216.147 - - [07/Nov/2025:00:25:53 +0000] "GET /entity/189467047.htm/ HTTP/1.1" 200 45435 "https://datainsightnow.com/entity/189467047.htm" "Mozilla/5.0 AppleWebKit/537.36 (KHTML, like Gecko; compatible; ClaudeBot/1.0; +claudebot@anthropic.com)"
57.141.0.43 - - [07/Nov/2025:00:25:53 +0000] "GET /karamba-spielsaal-erfahrungen-angeschlossen-testbericht-werfen-sie-einen-blick-auf-den-link-within-2025-pro-teutonia/?fileloc=//sys/class/pci_bus/0000:06/subsystem/0000:11/subsystem/0000:11/device/driver/0000:00:04.1/driver/0000:00:03.0/enable&path=//sys/class/pci_bus/0000:06/subsystem/0000:11/subsystem/0000:11/device/driver/0000:00:04.1/driver/0000:00:03.0 HTTP/1.1" 200 262209 "-" "meta-externalagent/1.1 (+https://developers.facebook.com/docs/sharing/webmasters/crawler)"
57.141.0.23 - - [07/Nov/2025:00:25:54 +0000] "GET /2025/03/07/page/6/?fileloc=//sys/class/pci_bus/0000:07/subsystem/0000:10/subsystem/0000:0b/subsystem/0000:0c/device/driver/0000:00:03.6/vendor&path=//sys/class/pci_bus/0000:07/subsystem/0000:10/subsystem/0000:0b/subsystem/0000:0c/device/driver/0000:00:03.6 HTTP/1.1" 200 262215 "-" "meta-externalagent/1.1 (+https://developers.facebook.com/docs/sharing/webmasters/crawler)"
74.7.227.154 - - [07/Nov/2025:00:25:54 +0000] "GET /entity/172050851.htm HTTP/1.1" 301 5 "-" "Mozilla/5.0 AppleWebKit/537.36 (KHTML, like Gecko; compatible; GPTBot/1.2; +https://openai.com/gptbot)"
74.7.227.154 - - [07/Nov/2025:00:25:55 +0000] "GET /entity/172050851.htm/ HTTP/1.1" 200 45435 "-" "Mozilla/5.0 AppleWebKit/537.36 (KHTML, like Gecko; compatible; GPTBot/1.2; +https://openai.com/gptbot)"
57.141.0.60 - - [07/Nov/2025:00:25:55 +0000] "GET /2025/03/07/page/6/?path=//sys/class/pci_bus/0000:03/subsystem/0000:00/subsystem/0000:0d/device/subsystem/devices/0000:00:02.5/msi_irqs HTTP/1.1" 200 262209 "-" "meta-externalagent/1.1 (+https://developers.facebook.com/docs/sharing/webmasters/crawler)"
216.73.216.147 - - [07/Nov/2025:00:25:55 +0000] "GET /entity/522497013.htm HTTP/1.1" 301 5 "-" "Mozilla/5.0 AppleWebKit/537.36 (KHTML, like Gecko; compatible; ClaudeBot/1.0; +claudebot@anthropic.com)"
57.141.0.57 - - [07/Nov/2025:00:25:56 +0000] "GET /2025/03/07/page/6/?path=//sys/class/pci_bus/0000:05/subsystem/0000:01/subsystem/0000:03/subsystem/0000:13/subsystem/0000:01/subsystem HTTP/1.1" 200 262215 "-" "meta-externalagent/1.1 (+https://developers.facebook.com/docs/sharing/webmasters/crawler)"
216.73.216.147 - - [07/Nov/2025:00:25:56 +0000] "GET /entity/522497013.htm/ HTTP/1.1" 200 45435 "https://datainsightnow.com/entity/522497013.htm" "Mozilla/5.0 AppleWebKit/537.36 (KHTML, like Gecko; compatible; ClaudeBot/1.0; +claudebot@anthropic.com)"
185.191.171.4 - - [07/Nov/2025:00:25:56 +0000] "GET /?p=32811 HTTP/1.1" 200 40490 "-" "Mozilla/5.0 (compatible; SemrushBot/7~bl; +http://www.semrush.com/bot.html)"
74.7.227.154 - - [07/Nov/2025:00:25:57 +0000] "GET /entity/172052923.htm HTTP/1.1" 301 5 "-" "Mozilla/5.0 AppleWebKit/537.36 (KHTML, like Gecko; compatible; GPTBot/1.2; +https://openai.com/gptbot)"
74.7.227.154 - - [07/Nov/2025:00:25:57 +0000] "GET /entity/172052923.htm/ HTTP/1.1" 200 45435 "-" "Mozilla/5.0 AppleWebKit/537.36 (KHTML, like Gecko; compatible; GPTBot/1.2; +https://openai.com/gptbot)"
216.73.216.147 - - [07/Nov/2025:00:25:58 +0000] "GET /entity/274681669.htm HTTP/1.1" 301 5 "-" "Mozilla/5.0 AppleWebKit/537.36 (KHTML, like Gecko; compatible; ClaudeBot/1.0; +claudebot@anthropic.com)"
216.73.216.147 - - [07/Nov/2025:00:25:59 +0000] "GET /entity/274681669.htm/ HTTP/1.1" 200 45435 "https://datainsightnow.com/entity/274681669.htm" "Mozilla/5.0 AppleWebKit/537.36 (KHTML, like Gecko; compatible; ClaudeBot/1.0; +claudebot@anthropic.com)"
74.7.227.154 - - [07/Nov/2025:00:26:01 +0000] "GET /entity/172065357.htm HTTP/1.1" 301 5 "-" "Mozilla/5.0 AppleWebKit/537.36 (KHTML, like Gecko; compatible; GPTBot/1.2; +https://openai.com/gptbot)"
74.7.227.154 - - [07/Nov/2025:00:26:01 +0000] "GET /entity/172065357.htm/ HTTP/1.1" 200 45435 "-" "Mozilla/5.0 AppleWebKit/537.36 (KHTML, like Gecko; compatible; GPTBot/1.2; +https://openai.com/gptbot)"
216.73.216.147 - - [07/Nov/2025:00:26:02 +0000] "GET /entity/618997315.htm HTTP/1.1" 301 5 "-" "Mozilla/5.0 AppleWebKit/537.36 (KHTML, like Gecko; compatible; ClaudeBot/1.0; +claudebot@anthropic.com)"
216.73.216.147 - - [07/Nov/2025:00:26:03 +0000] "GET /entity/618997315.htm/ HTTP/1.1" 200 45435 "https://datainsightnow.com/entity/618997315.htm" "Mozilla/5.0 AppleWebKit/537.36 (KHTML, like Gecko; compatible; ClaudeBot/1.0; +claudebot@anthropic.com)"
74.7.227.154 - - [07/Nov/2025:00:26:03 +0000] "GET /entity/172059141.htm HTTP/1.1" 301 5 "-" "Mozilla/5.0 AppleWebKit/537.36 (KHTML, like Gecko; compatible; GPTBot/1.2; +https://openai.com/gptbot)"
57.141.0.55 - - [07/Nov/2025:00:26:04 +0000] "GET /2025/03/06/page/39/?fileloc=//sys/class/pci_bus/0000:03/subsystem/0000:05/device/driver/0000:00:03.4/driver/0000:00:02.4/subordinate_bus_number&path=//sys/class/pci_bus/0000:03/subsystem/0000:05/device/driver/0000:00:03.4/driver/0000:00:02.4 HTTP/1.1" 200 262215 "-" "meta-externalagent/1.1 (+https://developers.facebook.com/docs/sharing/webmasters/crawler)"
74.7.227.154 - - [07/Nov/2025:00:26:04 +0000] "GET /entity/172059141.htm/ HTTP/1.1" 200 45435 "-" "Mozilla/5.0 AppleWebKit/537.36 (KHTML, like Gecko; compatible; GPTBot/1.2; +https://openai.com/gptbot)"
216.73.216.147 - - [07/Nov/2025:00:26:05 +0000] "GET /entity/731542390.htm HTTP/1.1" 301 5 "-" "Mozilla/5.0 AppleWebKit/537.36 (KHTML, like Gecko; compatible; ClaudeBot/1.0; +claudebot@anthropic.com)"
216.73.216.147 - - [07/Nov/2025:00:26:06 +0000] "GET /entity/731542390.htm/ HTTP/1.1" 200 45435 "https://datainsightnow.com/entity/731542390.htm" "Mozilla/5.0 AppleWebKit/537.36 (KHTML, like Gecko; compatible; ClaudeBot/1.0; +claudebot@anthropic.com)"
74.7.227.154 - - [07/Nov/2025:00:26:07 +0000] "GET /entity/172007602.htm HTTP/1.1" 301 5 "-" "Mozilla/5.0 AppleWebKit/537.36 (KHTML, like Gecko; compatible; GPTBot/1.2; +https://openai.com/gptbot)"
74.7.227.154 - - [07/Nov/2025:00:26:07 +0000] "GET /entity/172007602.htm/ HTTP/1.1" 200 45435 "-" "Mozilla/5.0 AppleWebKit/537.36 (KHTML, like Gecko; compatible; GPTBot/1.2; +https://openai.com/gptbot)"
216.73.216.147 - - [07/Nov/2025:00:26:08 +0000] "GET /entity/168901674.htm HTTP/1.1" 301 5 "-" "Mozilla/5.0 AppleWebKit/537.36 (KHTML, like Gecko; compatible; ClaudeBot/1.0; +claudebot@anthropic.com)"
216.73.216.147 - - [07/Nov/2025:00:26:09 +0000] "GET /entity/168901674.htm/ HTTP/1.1" 200 45435 "https://datainsightnow.com/entity/168901674.htm" "Mozilla/5.0 AppleWebKit/537.36 (KHTML, like Gecko; compatible; ClaudeBot/1.0; +claudebot@anthropic.com)"
185.191.171.12 - - [07/Nov/2025:00:26:10 +0000] "GET /?p=32307 HTTP/1.1" 200 41967 "-" "Mozilla/5.0 (compatible; SemrushBot/7~bl; +http://www.semrush.com/bot.html)"
74.7.227.154 - - [07/Nov/2025:00:26:10 +0000] "GET /entity/172082194.htm HTTP/1.1" 301 5 "-" "Mozilla/5.0 AppleWebKit/537.36 (KHTML, like Gecko; compatible; GPTBot/1.2; +https://openai.com/gptbot)"
57.141.0.75 - - [07/Nov/2025:00:26:11 +0000] "GET /2025/03/07/page/6/?path=//sys/class/pci_bus/0000:0c/subsystem/0000:00/subsystem/0000:03/subsystem/0000:07/device/0000:00:02.5:pcie001/driver/0000:00:03.5:pcie001 HTTP/1.1" 200 262217 "-" "meta-externalagent/1.1 (+https://developers.facebook.com/docs/sharing/webmasters/crawler)"
74.7.227.154 - - [07/Nov/2025:00:26:11 +0000] "GET /entity/172082194.htm/ HTTP/1.1" 200 45435 "-" "Mozilla/5.0 AppleWebKit/537.36 (KHTML, like Gecko; compatible; GPTBot/1.2; +https://openai.com/gptbot)"
216.73.216.147 - - [07/Nov/2025:00:26:11 +0000] "GET /entity/476879088.htm HTTP/1.1" 301 5 "-" "Mozilla/5.0 AppleWebKit/537.36 (KHTML, like Gecko; compatible; ClaudeBot/1.0; +claudebot@anthropic.com)"
216.73.216.147 - - [07/Nov/2025:00:26:12 +0000] "GET /entity/476879088.htm/ HTTP/1.1" 200 45435 "https://datainsightnow.com/entity/476879088.htm" "Mozilla/5.0 AppleWebKit/537.36 (KHTML, like Gecko; compatible; ClaudeBot/1.0; +claudebot@anthropic.com)"
154.54.249.198 - - [07/Nov/2025:00:26:13 +0000] "GET /?fileloc=/opt/wpsites/datainsightnow.com/wp-includes/class-wp-simplepie-sanitize-kses.php&path=/opt/wpsites/datainsightnow.com/wp-includes HTTP/1.1" 200 45435 "-" "Mozilla/5.0 (compatible; Barkrowler/0.9; +https://babbar.tech/crawler)"
216.73.216.147 - - [07/Nov/2025:00:26:14 +0000] "GET /entity/461056521.htm HTTP/1.1" 301 5 "-" "Mozilla/5.0 AppleWebKit/537.36 (KHTML, like Gecko; compatible; ClaudeBot/1.0; +claudebot@anthropic.com)"
216.73.216.147 - - [07/Nov/2025:00:26:15 +0000] "GET /entity/461056521.htm/ HTTP/1.1" 200 45435 "https://datainsightnow.com/entity/461056521.htm" "Mozilla/5.0 AppleWebKit/537.36 (KHTML, like Gecko; compatible; ClaudeBot/1.0; +claudebot@anthropic.com)"
74.7.227.154 - - [07/Nov/2025:00:26:17 +0000] "GET /entity/172100842.htm HTTP/1.1" 301 5 "-" "Mozilla/5.0 AppleWebKit/537.36 (KHTML, like Gecko; compatible; GPTBot/1.2; +https://openai.com/gptbot)"
74.7.227.154 - - [07/Nov/2025:00:26:17 +0000] "GET /entity/172100842.htm/ HTTP/1.1" 200 45435 "-" "Mozilla/5.0 AppleWebKit/537.36 (KHTML, like Gecko; compatible; GPTBot/1.2; +https://openai.com/gptbot)"
216.73.216.147 - - [07/Nov/2025:00:26:17 +0000] "GET /entity/305361522.htm HTTP/1.1" 301 5 "-" "Mozilla/5.0 AppleWebKit/537.36 (KHTML, like Gecko; compatible; ClaudeBot/1.0; +claudebot@anthropic.com)"
216.73.216.147 - - [07/Nov/2025:00:26:18 +0000] "GET /entity/305361522.htm/ HTTP/1.1" 200 45435 "https://datainsightnow.com/entity/305361522.htm" "Mozilla/5.0 AppleWebKit/537.36 (KHTML, like Gecko; compatible; ClaudeBot/1.0; +claudebot@anthropic.com)"
57.141.0.21 - - [07/Nov/2025:00:26:19 +0000] "GET /karamba-spielsaal-erfahrungen-angeschlossen-testbericht-werfen-sie-einen-blick-auf-den-link-within-2025-pro-teutonia/?fileloc=//sys/class/pci_bus/0000:06/subsystem/0000:01/subsystem/0000:09/subsystem/0000:0c/subsystem/0000:06/power/runtime_status&path=//sys/class/pci_bus/0000:06/subsystem/0000:01/subsystem/0000:09/subsystem/0000:0c/subsystem/0000:06/power HTTP/1.1" 200 262216 "-" "meta-externalagent/1.1 (+https://developers.facebook.com/docs/sharing/webmasters/crawler)"
74.7.227.154 - - [07/Nov/2025:00:26:19 +0000] "GET /entity/172032978.htm HTTP/1.1" 301 5 "-" "Mozilla/5.0 AppleWebKit/537.36 (KHTML, like Gecko; compatible; GPTBot/1.2; +https://openai.com/gptbot)"
74.7.227.154 - - [07/Nov/2025:00:26:20 +0000] "GET /entity/172032978.htm/ HTTP/1.1" 200 45435 "-" "Mozilla/5.0 AppleWebKit/537.36 (KHTML, like Gecko; compatible; GPTBot/1.2; +https://openai.com/gptbot)"
57.141.0.15 - - [07/Nov/2025:00:26:20 +0000] "GET /2025/03/02/page/51/ HTTP/1.1" 200 262264 "-" "meta-externalagent/1.1 (+https://developers.facebook.com/docs/sharing/webmasters/crawler)"
216.73.216.147 - - [07/Nov/2025:00:26:20 +0000] "GET /entity/72342842.htm HTTP/1.1" 301 5 "-" "Mozilla/5.0 AppleWebKit/537.36 (KHTML, like Gecko; compatible; ClaudeBot/1.0; +claudebot@anthropic.com)"
216.73.216.147 - - [07/Nov/2025:00:26:21 +0000] "GET /entity/72342842.htm/ HTTP/1.1" 200 45435 "https://datainsightnow.com/entity/72342842.htm" "Mozilla/5.0 AppleWebKit/537.36 (KHTML, like Gecko; compatible; ClaudeBot/1.0; +claudebot@anthropic.com)"
57.141.0.19 - - [07/Nov/2025:00:26:22 +0000] "GET /2025/03/07/page/6/?path=//sys/class/pci_bus/0000:0b/subsystem/0000:06/subsystem/0000:05/device/0000:00:02.3:pcie001/driver/0000:00:02.2:pcie001/driver HTTP/1.1" 200 262209 "-" "meta-externalagent/1.1 (+https://developers.facebook.com/docs/sharing/webmasters/crawler)"
74.7.227.154 - - [07/Nov/2025:00:26:22 +0000] "GET /entity/172118966.htm HTTP/1.1" 301 5 "-" "Mozilla/5.0 AppleWebKit/537.36 (KHTML, like Gecko; compatible; GPTBot/1.2; +https://openai.com/gptbot)"
74.7.227.154 - - [07/Nov/2025:00:26:23 +0000] "GET /entity/172118966.htm/ HTTP/1.1" 200 45435 "-" "Mozilla/5.0 AppleWebKit/537.36 (KHTML, like Gecko; compatible; GPTBot/1.2; +https://openai.com/gptbot)"
216.73.216.147 - - [07/Nov/2025:00:26:23 +0000] "GET /entity/72209983.htm HTTP/1.1" 301 5 "-" "Mozilla/5.0 AppleWebKit/537.36 (KHTML, like Gecko; compatible; ClaudeBot/1.0; +claudebot@anthropic.com)"
216.73.216.147 - - [07/Nov/2025:00:26:24 +0000] "GET /entity/72209983.htm/ HTTP/1.1" 200 45435 "https://datainsightnow.com/entity/72209983.htm" "Mozilla/5.0 AppleWebKit/537.36 (KHTML, like Gecko; compatible; ClaudeBot/1.0; +claudebot@anthropic.com)"
74.7.227.154 - - [07/Nov/2025:00:26:25 +0000] "GET /entity/172086075.htm HTTP/1.1" 301 5 "-" "Mozilla/5.0 AppleWebKit/537.36 (KHTML, like Gecko; compatible; GPTBot/1.2; +https://openai.com/gptbot)"
40.77.167.76 - - [07/Nov/2025:00:26:25 +0000] "GET /AmazonEmber?fileloc=//sys/module/garp/coresize&path=//sys/module/garp HTTP/1.1" 200 29740 "-" "Mozilla/5.0 AppleWebKit/537.36 (KHTML, like Gecko; compatible; bingbot/2.0; +http://www.bing.com/bingbot.htm) Chrome/116.0.1938.76 Safari/537.36"
74.7.227.154 - - [07/Nov/2025:00:26:26 +0000] "GET /entity/172086075.htm/ HTTP/1.1" 200 45435 "-" "Mozilla/5.0 AppleWebKit/537.36 (KHTML, like Gecko; compatible; GPTBot/1.2; +https://openai.com/gptbot)"
216.73.216.147 - - [07/Nov/2025:00:26:27 +0000] "GET /entity/99407820.htm HTTP/1.1" 301 5 "-" "Mozilla/5.0 AppleWebKit/537.36 (KHTML, like Gecko; compatible; ClaudeBot/1.0; +claudebot@anthropic.com)"
216.73.216.147 - - [07/Nov/2025:00:26:27 +0000] "GET /entity/99407820.htm/ HTTP/1.1" 200 45435 "https://datainsightnow.com/entity/99407820.htm" "Mozilla/5.0 AppleWebKit/537.36 (KHTML, like Gecko; compatible; ClaudeBot/1.0; +claudebot@anthropic.com)"
216.73.216.147 - - [07/Nov/2025:00:26:29 +0000] "GET /entity/58169840.htm HTTP/1.1" 301 5 "-" "Mozilla/5.0 AppleWebKit/537.36 (KHTML, like Gecko; compatible; ClaudeBot/1.0; +claudebot@anthropic.com)"
74.7.227.154 - - [07/Nov/2025:00:26:30 +0000] "GET /entity/172044376.htm HTTP/1.1" 301 5 "-" "Mozilla/5.0 AppleWebKit/537.36 (KHTML, like Gecko; compatible; GPTBot/1.2; +https://openai.com/gptbot)"
216.73.216.147 - - [07/Nov/2025:00:26:30 +0000] "GET /entity/58169840.htm/ HTTP/1.1" 200 45435 "https://datainsightnow.com/entity/58169840.htm" "Mozilla/5.0 AppleWebKit/537.36 (KHTML, like Gecko; compatible; ClaudeBot/1.0; +claudebot@anthropic.com)"
114.119.137.141 - - [07/Nov/2025:00:26:31 +0000] "GET /zodiac-kasino-erfahrungen-2024-480-bonus-80-freispiele?path=//sys/dev/char/5:1/subsystem/ttyS11/subsystem/ttyS19/subsystem/ttyS26 HTTP/1.1" 301 5 "-" "Mozilla/5.0 (Linux; Android 7.0;) AppleWebKit/537.36 (KHTML, like Gecko) Mobile Safari/537.36 (compatible; PetalBot;+https://webmaster.petalsearch.com/site/petalbot)"
74.7.227.154 - - [07/Nov/2025:00:26:31 +0000] "GET /entity/172044376.htm/ HTTP/1.1" 200 45435 "-" "Mozilla/5.0 AppleWebKit/537.36 (KHTML, like Gecko; compatible; GPTBot/1.2; +https://openai.com/gptbot)"
57.141.0.53 - - [07/Nov/2025:00:26:31 +0000] "GET /2025/03/13/?path=//sys/class/pci_bus/0000:01/device/driver/0000:00:02.0/driver/0000:00:03.6/driver/0000:00:02.7/subsystem/slots HTTP/1.1" 200 262264 "-" "meta-externalagent/1.1 (+https://developers.facebook.com/docs/sharing/webmasters/crawler)"
57.141.0.20 - - [07/Nov/2025:00:26:31 +0000] "GET /2025/03/13/?fileloc=//sys/class/pci_bus/0000:07/subsystem/0000:06/subsystem/0000:0d/subsystem/0000:0e/cpulistaffinity&path=//sys/class/pci_bus/0000:07/subsystem/0000:06/subsystem/0000:0d/subsystem/0000:0e HTTP/1.1" 200 262264 "-" "meta-externalagent/1.1 (+https://developers.facebook.com/docs/sharing/webmasters/crawler)"
198.244.226.150 - - [07/Nov/2025:00:26:33 +0000] "GET /?p=45435 HTTP/1.1" 200 43927 "-" "Mozilla/5.0 (compatible; AhrefsBot/7.0; +http://ahrefs.com/robot/)"
216.73.216.147 - - [07/Nov/2025:00:26:33 +0000] "GET /entity/271637387.htm HTTP/1.1" 301 5 "-" "Mozilla/5.0 AppleWebKit/537.36 (KHTML, like Gecko; compatible; ClaudeBot/1.0; +claudebot@anthropic.com)"
154.54.249.198 - - [07/Nov/2025:00:26:33 +0000] "GET /?fileloc=/opt/wpsites/datainsightnow.com/wp-includes/class-wp-classic-to-block-menu-converter.php&path=/opt/wpsites/datainsightnow.com/wp-includes HTTP/1.1" 200 45435 "-" "Mozilla/5.0 (compatible; Barkrowler/0.9; +https://babbar.tech/crawler)"
114.119.137.141 - - [07/Nov/2025:00:26:34 +0000] "GET /zodiac-kasino-erfahrungen-2024-480-bonus-80-freispiele/?path=//sys/dev/char/5:1/subsystem/ttyS11/subsystem/ttyS19/subsystem/ttyS26 HTTP/1.1" 200 45436 "-" "Mozilla/5.0 (Linux; Android 7.0;) AppleWebKit/537.36 (KHTML, like Gecko) Mobile Safari/537.36 (compatible; PetalBot;+https://webmaster.petalsearch.com/site/petalbot)"
216.73.216.147 - - [07/Nov/2025:00:26:34 +0000] "GET /entity/271637387.htm/ HTTP/1.1" 200 45435 "https://datainsightnow.com/entity/271637387.htm" "Mozilla/5.0 AppleWebKit/537.36 (KHTML, like Gecko; compatible; ClaudeBot/1.0; +claudebot@anthropic.com)"
57.141.0.7 - - [07/Nov/2025:00:26:34 +0000] "GET /karamba-spielsaal-erfahrungen-angeschlossen-testbericht-werfen-sie-einen-blick-auf-den-link-within-2025-pro-teutonia/?path=//sys/class/pci_bus/0000:0b/subsystem/0000:0f/subsystem/0000:0f/subsystem/0000:01/subsystem/0000:0e/subsystem HTTP/1.1" 200 262264 "-" "meta-externalagent/1.1 (+https://developers.facebook.com/docs/sharing/webmasters/crawler)"
74.7.227.154 - - [07/Nov/2025:00:26:34 +0000] "GET /entity/172158597.htm HTTP/1.1" 301 5 "-" "Mozilla/5.0 AppleWebKit/537.36 (KHTML, like Gecko; compatible; GPTBot/1.2; +https://openai.com/gptbot)"
74.7.227.154 - - [07/Nov/2025:00:26:35 +0000] "GET /entity/172158597.htm/ HTTP/1.1" 200 45435 "-" "Mozilla/5.0 AppleWebKit/537.36 (KHTML, like Gecko; compatible; GPTBot/1.2; +https://openai.com/gptbot)"
57.141.0.33 - - [07/Nov/2025:00:26:35 +0000] "GET /karamba-spielsaal-erfahrungen-angeschlossen-testbericht-werfen-sie-einen-blick-auf-den-link-within-2025-pro-teutonia/?fileloc=//sys/class/pci_bus/0000:11/subsystem/0000:0d/subsystem/0000:06/subsystem/0000:03/subsystem/0000:07/device/power/runtime_usage&path=//sys/class/pci_bus/0000:11/subsystem/0000:0d/subsystem/0000:06/subsystem/0000:03/subsystem/0000:07/device/power HTTP/1.1" 200 262209 "-" "meta-externalagent/1.1 (+https://developers.facebook.com/docs/sharing/webmasters/crawler)"
216.73.216.147 - - [07/Nov/2025:00:26:35 +0000] "GET /entity/72387653.htm HTTP/1.1" 301 5 "-" "Mozilla/5.0 AppleWebKit/537.36 (KHTML, like Gecko; compatible; ClaudeBot/1.0; +claudebot@anthropic.com)"
216.73.216.147 - - [07/Nov/2025:00:26:36 +0000] "GET /entity/72387653.htm/ HTTP/1.1" 200 45435 "https://datainsightnow.com/entity/72387653.htm" "Mozilla/5.0 AppleWebKit/537.36 (KHTML, like Gecko; compatible; ClaudeBot/1.0; +claudebot@anthropic.com)"
57.141.0.29 - - [07/Nov/2025:00:26:38 +0000] "GET /karamba-spielsaal-erfahrungen-angeschlossen-testbericht-werfen-sie-einen-blick-auf-den-link-within-2025-pro-teutonia/?fileloc=//sys/class/pci_bus/0000:06/subsystem/0000:0f/subsystem/0000:04/subsystem/0000:09/subsystem/0000:12/device/max_link_width&path=//sys/class/pci_bus/0000:06/subsystem/0000:0f/subsystem/0000:04/subsystem/0000:09/subsystem/0000:12/device HTTP/1.1" 200 262209 "-" "meta-externalagent/1.1 (+https://developers.facebook.com/docs/sharing/webmasters/crawler)"
57.141.0.15 - - [07/Nov/2025:00:26:38 +0000] "GET /2025/03/06/page/39/?path=//sys/class/pci_bus/0000:03/subsystem/0000:08/device/driver/0000:00:02.7/driver/0000:00:02.6/0000:00:02.6:pcie002/driver/0000:00:04.0:pcie002 HTTP/1.1" 200 262215 "-" "meta-externalagent/1.1 (+https://developers.facebook.com/docs/sharing/webmasters/crawler)"
57.141.0.23 - - [07/Nov/2025:00:26:38 +0000] "GET /2025/03/07/page/6/?path=//sys/class/pci_bus/0000:03/subsystem/0000:05/subsystem/0000:0c/device/subsystem/devices/0000:00:03.2 HTTP/1.1" 200 262209 "-" "meta-externalagent/1.1 (+https://developers.facebook.com/docs/sharing/webmasters/crawler)"
74.7.227.154 - - [07/Nov/2025:00:26:38 +0000] "GET /entity/172027025.htm HTTP/1.1" 301 5 "-" "Mozilla/5.0 AppleWebKit/537.36 (KHTML, like Gecko; compatible; GPTBot/1.2; +https://openai.com/gptbot)"
216.73.216.147 - - [07/Nov/2025:00:26:39 +0000] "GET /entity/270028218.htm HTTP/1.1" 301 5 "-" "Mozilla/5.0 AppleWebKit/537.36 (KHTML, like Gecko; compatible; ClaudeBot/1.0; +claudebot@anthropic.com)"
57.141.0.42 - - [07/Nov/2025:00:26:39 +0000] "GET /karamba-spielsaal-erfahrungen-angeschlossen-testbericht-werfen-sie-einen-blick-auf-den-link-within-2025-pro-teutonia/?fileloc=//sys/class/pci_bus/0000:06/subsystem/0000:0d/subsystem/0000:02/subsystem/0000:09/subsystem/0000:0a/device/aer_dev_correctable&path=//sys/class/pci_bus/0000:06/subsystem/0000:0d/subsystem/0000:02/subsystem/0000:09/subsystem/0000:0a/device HTTP/1.1" 200 262209 "-" "meta-externalagent/1.1 (+https://developers.facebook.com/docs/sharing/webmasters/crawler)"
57.141.0.52 - - [07/Nov/2025:00:26:39 +0000] "GET /2025/03/06/page/39/?fileloc=//sys/class/pci_bus/0000:0c/device/driver/0000:00:02.4/subsystem/drivers/pcieport/0000:00:02.1/max_link_width&path=//sys/class/pci_bus/0000:0c/device/driver/0000:00:02.4/subsystem/drivers/pcieport/0000:00:02.1 HTTP/1.1" 200 262209 "-" "meta-externalagent/1.1 (+https://developers.facebook.com/docs/sharing/webmasters/crawler)"
74.7.227.154 - - [07/Nov/2025:00:26:40 +0000] "GET /entity/172027025.htm/ HTTP/1.1" 200 45435 "-" "Mozilla/5.0 AppleWebKit/537.36 (KHTML, like Gecko; compatible; GPTBot/1.2; +https://openai.com/gptbot)"
216.73.216.147 - - [07/Nov/2025:00:26:41 +0000] "GET /entity/270028218.htm/ HTTP/1.1" 200 45435 "https://datainsightnow.com/entity/270028218.htm" "Mozilla/5.0 AppleWebKit/537.36 (KHTML, like Gecko; compatible; ClaudeBot/1.0; +claudebot@anthropic.com)"
57.141.0.60 - - [07/Nov/2025:00:26:41 +0000] "GET /karamba-spielsaal-erfahrungen-angeschlossen-testbericht-werfen-sie-einen-blick-auf-den-link-within-2025-pro-teutonia/?path=//sys/class/pci_bus/0000:0a/subsystem/0000:11/device/driver/0000:00:02.4/driver/0000:00:02.5/0000:07:00.0/firmware_node/wakeup/wakeup30 HTTP/1.1" 200 262248 "-" "meta-externalagent/1.1 (+https://developers.facebook.com/docs/sharing/webmasters/crawler)"
57.141.0.57 - - [07/Nov/2025:00:26:41 +0000] "GET /karamba-spielsaal-erfahrungen-angeschlossen-testbericht-werfen-sie-einen-blick-auf-den-link-within-2025-pro-teutonia/?fileloc=//sys/class/pci_bus/0000:0b/subsystem/0000:0d/subsystem/0000:02/device/subsystem/devices/0000:00:02.5/0000:07:00.0/resource4&path=//sys/class/pci_bus/0000:0b/subsystem/0000:0d/subsystem/0000:02/device/subsystem/devices/0000:00:02.5/0000:07:00.0 HTTP/1.1" 200 262209 "-" "meta-externalagent/1.1 (+https://developers.facebook.com/docs/sharing/webmasters/crawler)"
216.73.216.147 - - [07/Nov/2025:00:26:42 +0000] "GET /entity/83192609.htm HTTP/1.1" 301 5 "-" "Mozilla/5.0 AppleWebKit/537.36 (KHTML, like Gecko; compatible; ClaudeBot/1.0; +claudebot@anthropic.com)"
57.141.0.33 - - [07/Nov/2025:00:26:42 +0000] "GET /2025/03/06/page/39/?path=//sys/class/pci_bus/0000:0e/device/driver/0000:00:04.0/0000:00:04.0:pcie002/driver/0000:00:02.1:pcie002/driver/0000:00:02.7:pcie002 HTTP/1.1" 200 262209 "-" "meta-externalagent/1.1 (+https://developers.facebook.com/docs/sharing/webmasters/crawler)"
57.141.0.53 - - [07/Nov/2025:00:26:42 +0000] "GET /2025/03/06/page/39/?fileloc=//sys/class/pci_bus/0000:0f/device/driver/0000:00:02.1/driver/0000:00:02.2/driver/0000:00:03.7/current_link_speed&path=//sys/class/pci_bus/0000:0f/device/driver/0000:00:02.1/driver/0000:00:02.2/driver/0000:00:03.7 HTTP/1.1" 200 262215 "-" "meta-externalagent/1.1 (+https://developers.facebook.com/docs/sharing/webmasters/crawler)"
74.7.227.154 - - [07/Nov/2025:00:26:43 +0000] "GET /entity/172068716.htm HTTP/1.1" 301 5 "-" "Mozilla/5.0 AppleWebKit/537.36 (KHTML, like Gecko; compatible; GPTBot/1.2; +https://openai.com/gptbot)"
57.141.0.11 - - [07/Nov/2025:00:26:43 +0000] "GET /karamba-spielsaal-erfahrungen-angeschlossen-testbericht-werfen-sie-einen-blick-auf-den-link-within-2025-pro-teutonia/?fileloc=//sys/class/pci_bus/0000:06/subsystem/0000:0d/device/driver/0000:00:02.3/subsystem/devices/0000:01:00.0/current_link_width&path=//sys/class/pci_bus/0000:06/subsystem/0000:0d/device/driver/0000:00:02.3/subsystem/devices/0000:01:00.0 HTTP/1.1" 200 262215 "-" "meta-externalagent/1.1 (+https://developers.facebook.com/docs/sharing/webmasters/crawler)"
57.141.0.24 - - [07/Nov/2025:00:26:43 +0000] "GET /karamba-spielsaal-erfahrungen-angeschlossen-testbericht-werfen-sie-einen-blick-auf-den-link-within-2025-pro-teutonia/?fileloc=//sys/class/pci_bus/0000:0a/subsystem/0000:07/device/driver/0000:00:02.7/driver/0000:00:02.3/class&path=//sys/class/pci_bus/0000:0a/subsystem/0000:07/device/driver/0000:00:02.7/driver/0000:00:02.3 HTTP/1.1" 200 262248 "-" "meta-externalagent/1.1 (+https://developers.facebook.com/docs/sharing/webmasters/crawler)"
216.73.216.147 - - [07/Nov/2025:00:26:44 +0000] "GET /entity/83192609.htm/ HTTP/1.1" 200 45435 "https://datainsightnow.com/entity/83192609.htm" "Mozilla/5.0 AppleWebKit/537.36 (KHTML, like Gecko; compatible; ClaudeBot/1.0; +claudebot@anthropic.com)"
57.141.0.52 - - [07/Nov/2025:00:26:44 +0000] "GET /karamba-spielsaal-erfahrungen-angeschlossen-testbericht-werfen-sie-einen-blick-auf-den-link-within-2025-pro-teutonia/?path=//sys/class/pci_bus/0000:04/subsystem/0000:11/subsystem/0000:04/subsystem/0000:0c/subsystem/0000:12 HTTP/1.1" 200 262209 "-" "meta-externalagent/1.1 (+https://developers.facebook.com/docs/sharing/webmasters/crawler)"
74.7.227.154 - - [07/Nov/2025:00:26:44 +0000] "GET /entity/172068716.htm/ HTTP/1.1" 200 45435 "-" "Mozilla/5.0 AppleWebKit/537.36 (KHTML, like Gecko; compatible; GPTBot/1.2; +https://openai.com/gptbot)"
57.141.0.14 - - [07/Nov/2025:00:26:44 +0000] "GET /karamba-spielsaal-erfahrungen-angeschlossen-testbericht-werfen-sie-einen-blick-auf-den-link-within-2025-pro-teutonia/?fileloc=//sys/class/pci_bus/0000:06/subsystem/0000:0f/subsystem/0000:0b/subsystem/0000:06/device/driver/0000:00:02.0/irq&path=//sys/class/pci_bus/0000:06/subsystem/0000:0f/subsystem/0000:0b/subsystem/0000:06/device/driver/0000:00:02.0 HTTP/1.1" 200 262209 "-" "meta-externalagent/1.1 (+https://developers.facebook.com/docs/sharing/webmasters/crawler)"
216.73.216.147 - - [07/Nov/2025:00:26:44 +0000] "GET /entity/738004436.htm HTTP/1.1" 301 5 "-" "Mozilla/5.0 AppleWebKit/537.36 (KHTML, like Gecko; compatible; ClaudeBot/1.0; +claudebot@anthropic.com)"
216.73.216.147 - - [07/Nov/2025:00:26:45 +0000] "GET /entity/738004436.htm/ HTTP/1.1" 200 45435 "https://datainsightnow.com/entity/738004436.htm" "Mozilla/5.0 AppleWebKit/537.36 (KHTML, like Gecko; compatible; ClaudeBot/1.0; +claudebot@anthropic.com)"
57.141.0.15 - - [07/Nov/2025:00:26:46 +0000] "GET /2025/03/13/?fileloc=//sys/class/pci_bus/0000:04/device/pci_bus/0000:04/device/driver/0000:00:02.0/power/wakeup_expire_count&path=//sys/class/pci_bus/0000:04/device/pci_bus/0000:04/device/driver/0000:00:02.0/power HTTP/1.1" 200 262264 "-" "meta-externalagent/1.1 (+https://developers.facebook.com/docs/sharing/webmasters/crawler)"
216.73.216.147 - - [07/Nov/2025:00:26:47 +0000] "GET /entity/168985851.htm HTTP/1.1" 301 5 "-" "Mozilla/5.0 AppleWebKit/537.36 (KHTML, like Gecko; compatible; ClaudeBot/1.0; +claudebot@anthropic.com)"
57.141.0.64 - - [07/Nov/2025:00:26:47 +0000] "GET /2025/03/06/page/39/?path=//sys/class/pci_bus/0000:02/device/driver/0000:00:02.2/driver/0000:00:03.1/driver/0000:00:02.0/driver/0000:00:02.6 HTTP/1.1" 200 262264 "-" "meta-externalagent/1.1 (+https://developers.facebook.com/docs/sharing/webmasters/crawler)"
216.73.216.147 - - [07/Nov/2025:00:26:48 +0000] "GET /entity/168985851.htm/ HTTP/1.1" 200 45435 "https://datainsightnow.com/entity/168985851.htm" "Mozilla/5.0 AppleWebKit/537.36 (KHTML, like Gecko; compatible; ClaudeBot/1.0; +claudebot@anthropic.com)"
57.141.0.1 - - [07/Nov/2025:00:26:48 +0000] "GET /2025/03/07/page/6/?fileloc=//sys/class/pci_bus/0000:07/subsystem/0000:01/subsystem/0000:0b/subsystem/0000:11/subsystem/0000:06/subsystem/0000:10/device/aer_dev_correctable&path=//sys/class/pci_bus/0000:07/subsystem/0000:01/subsystem/0000:0b/subsystem/0000:11/subsystem/0000:06/subsystem/0000:10/device HTTP/1.1" 200 262209 "-" "meta-externalagent/1.1 (+https://developers.facebook.com/docs/sharing/webmasters/crawler)"
57.141.0.47 - - [07/Nov/2025:00:26:49 +0000] "GET /karamba-spielsaal-erfahrungen-angeschlossen-testbericht-werfen-sie-einen-blick-auf-den-link-within-2025-pro-teutonia/?fileloc=//sys/class/pci_bus/0000:06/subsystem/0000:13/subsystem/0000:0b/device/driver/0000:00:02.4/driver/0000:00:03.3/d3cold_allowed&path=//sys/class/pci_bus/0000:06/subsystem/0000:13/subsystem/0000:0b/device/driver/0000:00:02.4/driver/0000:00:03.3 HTTP/1.1" 200 262209 "-" "meta-externalagent/1.1 (+https://developers.facebook.com/docs/sharing/webmasters/crawler)"
57.141.0.42 - - [07/Nov/2025:00:26:49 +0000] "GET /karamba-spielsaal-erfahrungen-angeschlossen-testbericht-werfen-sie-einen-blick-auf-den-link-within-2025-pro-teutonia/?path=//sys/class/pci_bus/0000:02/device/driver/0000:00:02.4/driver/0000:00:03.0/driver/0000:00:02.2/driver/0000:00:02.0 HTTP/1.1" 200 262216 "-" "meta-externalagent/1.1 (+https://developers.facebook.com/docs/sharing/webmasters/crawler)"
57.141.0.71 - - [07/Nov/2025:00:26:50 +0000] "GET /2025/03/07/page/6/?path=//sys/class/pci_bus/0000:05/subsystem/0000:05/device/driver/0000:00:03.1/driver/0000:00:02.2/0000:00:02.2:pcie002/subsystem/devices/0000:00:03.4:pcie010 HTTP/1.1" 200 262264 "-" "meta-externalagent/1.1 (+https://developers.facebook.com/docs/sharing/webmasters/crawler)"
66.135.21.75 - - [07/Nov/2025:00:26:50 +0000] "POST /wp-cron.php?doing_wp_cron=1762475210.3858850002288818359375 HTTP/1.1" 200 31 "-" "WordPress/6.3.1; https://datainsightnow.com"
