216.73.216.185 - - [06/Nov/2025:01:14:48 +0000] "GET /?fileloc=%2F%2Flib%2Fpython3.12%2Ftest%2Ftypinganndata%2Fmod_generics_cache.py&path=%2F%2Flib%2Fpython3.12%2Ftest%2Ftypinganndata HTTP/1.1" 200 3304 "-" "Mozilla/5.0 AppleWebKit/537.36 (KHTML, like Gecko; compatible; ClaudeBot/1.0; +claudebot@anthropic.com)"
3.212.219.113 - - [06/Nov/2025:01:14:49 +0000] "GET /artificial-intelligence-and-machine-learning/?path=//sys/bus/platform/devices/regulatory.0/subsystem/devices/reg-dummy/subsystem/devices/reg-dummy/subsystem/drivers/uart-sccnxp HTTP/1.1" 200 3634 "-" "Mozilla/5.0 AppleWebKit/537.36 (KHTML, like Gecko; compatible; Amazonbot/0.1; +https://developer.amazon.com/support/amazonbot) Chrome/119.0.6045.214 Safari/537.36"
216.73.216.185 - - [06/Nov/2025:01:14:49 +0000] "GET /?fileloc=%2F%2Flib%2Fpython3.12%2Fmultiprocessing%2Fdummy%2F__pycache__%2Fconnection.cpython-312.pyc&path=%2F%2Flib%2Fpython3.12%2Fmultiprocessing%2Fdummy%2F__pycache__ HTTP/1.1" 200 4852 "-" "Mozilla/5.0 AppleWebKit/537.36 (KHTML, like Gecko; compatible; ClaudeBot/1.0; +claudebot@anthropic.com)"
74.7.227.68 - - [06/Nov/2025:01:14:49 +0000] "GET /?path=//sys/bus/node/devices/node0/memory2/subsystem/devices/memory5/subsystem/devices/memory1/subsystem/devices/memory6/node0/cpu0/firmware_node/physical_node/cache HTTP/1.1" 200 3832 "-" "Mozilla/5.0 AppleWebKit/537.36 (KHTML, like Gecko; compatible; GPTBot/1.2; +https://openai.com/gptbot)"
216.73.216.185 - - [06/Nov/2025:01:14:50 +0000] "GET /?fileloc=%2F%2Fusr%2Fshare%2Fopen-vm-tools%2Fmessages%2Fen%2FVGAuthService.vmsg&path=%2F%2Fusr%2Fshare%2Fopen-vm-tools%2Fmessages%2Fen HTTP/1.1" 200 3982 "-" "Mozilla/5.0 AppleWebKit/537.36 (KHTML, like Gecko; compatible; ClaudeBot/1.0; +claudebot@anthropic.com)"
74.7.227.155 - - [06/Nov/2025:01:14:50 +0000] "GET /?path=//sys/class/net/enp1s0/device/net/enp1s0/device/subsystem/devices/virtio1/block/vda/vda1/subsystem/loop4/subsystem/vda/device/driver HTTP/1.1" 200 3769 "-" "Mozilla/5.0 AppleWebKit/537.36 (KHTML, like Gecko; compatible; GPTBot/1.2; +https://openai.com/gptbot)"
74.7.227.68 - - [06/Nov/2025:01:14:51 +0000] "GET /?path=//sys/bus/node/devices/node0/memory2/subsystem/devices/memory5/subsystem/devices/memory6/subsystem/devices/memory5/node0/cpu0/firmware_node/physical_node/driver HTTP/1.1" 200 3811 "-" "Mozilla/5.0 AppleWebKit/537.36 (KHTML, like Gecko; compatible; GPTBot/1.2; +https://openai.com/gptbot)"
216.73.216.185 - - [06/Nov/2025:01:14:51 +0000] "GET /?path=%2F%2Fusr%2Fshare%2Finitramfs-tools%2Fconf-hooks.d HTTP/1.1" 200 3566 "-" "Mozilla/5.0 AppleWebKit/537.36 (KHTML, like Gecko; compatible; ClaudeBot/1.0; +claudebot@anthropic.com)"
34.231.118.144 - - [06/Nov/2025:01:14:52 +0000] "GET /about-us/?path=//sys/class/input/input1/subsystem/event0/subsystem/input3/subsystem/event2/device/event2/device/event2/device/subsystem/event1/device/input1::scrolllock HTTP/1.1" 200 3944 "-" "Mozilla/5.0 AppleWebKit/537.36 (KHTML, like Gecko; compatible; Amazonbot/0.1; +https://developer.amazon.com/support/amazonbot) Chrome/119.0.6045.214 Safari/537.36"
216.73.216.185 - - [06/Nov/2025:01:14:52 +0000] "GET /?fileloc=%2F%2Fvar%2Flib%2Fghostscript%2FCMap%2FUniHojo-UTF16-H&path=%2F%2Fvar%2Flib%2Fghostscript%2FCMap HTTP/1.1" 200 34616 "-" "Mozilla/5.0 AppleWebKit/537.36 (KHTML, like Gecko; compatible; ClaudeBot/1.0; +claudebot@anthropic.com)"
74.7.227.155 - - [06/Nov/2025:01:14:52 +0000] "GET /?path=//sys/class/net/enp1s0/device/net/enp1s0/device/subsystem/devices/virtio1/block/vda/vda1/subsystem/loop1/subsystem/vda/subsystem HTTP/1.1" 200 3987 "-" "Mozilla/5.0 AppleWebKit/537.36 (KHTML, like Gecko; compatible; GPTBot/1.2; +https://openai.com/gptbot)"
74.7.227.68 - - [06/Nov/2025:01:14:53 +0000] "GET /?path=//sys/bus/node/devices/node0/memory2/subsystem/devices/memory5/subsystem/devices/memory1/subsystem/devices/memory4/node0/cpu0/firmware_node/physical_node/cache HTTP/1.1" 200 3833 "-" "Mozilla/5.0 AppleWebKit/537.36 (KHTML, like Gecko; compatible; GPTBot/1.2; +https://openai.com/gptbot)"
216.73.216.185 - - [06/Nov/2025:01:14:53 +0000] "GET /?fileloc=%2F%2Flib%2Fpython3%2Fdist-packages%2Fpytz%2Ftzinfo.py&path=%2F%2Flib%2Fpython3%2Fdist-packages%2Fpytz HTTP/1.1" 200 8928 "-" "Mozilla/5.0 AppleWebKit/537.36 (KHTML, like Gecko; compatible; ClaudeBot/1.0; +claudebot@anthropic.com)"
66.249.74.14 - - [06/Nov/2025:01:14:54 +0000] "GET /?path=//sys/class/tty/tty8/subsystem/ttyS16/subsystem/ttyS7/subsystem/ttyS29/subsystem/tty32/subsystem/tty17/subsystem/tty30/subsystem/tty62/subsystem/tty31/subsystem/tty31/subsystem/tty11/subsystem/ttyS25/subsystem/tty3/subsystem/tty38/subsystem/tty9/subsystem/ttyS5/subsystem/tty20/subsystem/tty51 HTTP/1.1" 200 4164 "-" "Mozilla/5.0 (Linux; Android 6.0.1; Nexus 5X Build/MMB29P) AppleWebKit/537.36 (KHTML, like Gecko) Chrome/141.0.7390.122 Mobile Safari/537.36 (compatible; GoogleOther)"
216.73.216.185 - - [06/Nov/2025:01:14:55 +0000] "GET /?fileloc=%2F%2Flib%2Fpython3%2Fdist-packages%2Fattrs%2F__pycache__%2Fvalidators.cpython-312.pyc&path=%2F%2Flib%2Fpython3%2Fdist-packages%2Fattrs%2F__pycache__ HTTP/1.1" 200 3165 "-" "Mozilla/5.0 AppleWebKit/537.36 (KHTML, like Gecko; compatible; ClaudeBot/1.0; +claudebot@anthropic.com)"
216.73.216.185 - - [06/Nov/2025:01:14:56 +0000] "GET /?fileloc=%2Fopt%2Fwpsites%2Fdatacloudnow.com%2Fwp-admin%2Fjs%2Fprivacy-tools.js&path=%2Fopt%2Fwpsites%2Fdatacloudnow.com%2Fwp-admin%2Fjs HTTP/1.1" 200 6324 "-" "Mozilla/5.0 AppleWebKit/537.36 (KHTML, like Gecko; compatible; ClaudeBot/1.0; +claudebot@anthropic.com)"
74.7.227.68 - - [06/Nov/2025:01:14:56 +0000] "GET /?path=//sys/bus/node/devices/node0/memory2/subsystem/devices/memory5/subsystem/devices/memory7/subsystem/devices/memory4/node0/cpu0/firmware_node/physical_node/cache HTTP/1.1" 200 3833 "-" "Mozilla/5.0 AppleWebKit/537.36 (KHTML, like Gecko; compatible; GPTBot/1.2; +https://openai.com/gptbot)"
74.7.227.155 - - [06/Nov/2025:01:14:56 +0000] "GET /?path=//sys/class/net/enp1s0/device/net/enp1s0/device/subsystem/devices/virtio1/block/vda/vda1/subsystem/loop6/subsystem/vda/bdi/subsystem HTTP/1.1" 200 3972 "-" "Mozilla/5.0 AppleWebKit/537.36 (KHTML, like Gecko; compatible; GPTBot/1.2; +https://openai.com/gptbot)"
54.167.32.123 - - [06/Nov/2025:01:14:56 +0000] "GET /about-us/?path=//sys/class/leds/input1::capslock/subsystem/input1::numlock/device/device/firmware_node/physical_node/firmware_node/subsystem/devices/device:1e/subsystem/devices/device:0c/subsystem/devices/device:1c HTTP/1.1" 200 4079 "-" "Mozilla/5.0 AppleWebKit/537.36 (KHTML, like Gecko; compatible; Amazonbot/0.1; +https://developer.amazon.com/support/amazonbot) Chrome/119.0.6045.214 Safari/537.36"
216.73.216.185 - - [06/Nov/2025:01:14:57 +0000] "GET /?fileloc=%2F%2Flib%2Fpython3%2Fdist-packages%2Fsetuptools%2Fscript.tmpl&path=%2F%2Flib%2Fpython3%2Fdist-packages%2Fsetuptools HTTP/1.1" 200 3107 "-" "Mozilla/5.0 AppleWebKit/537.36 (KHTML, like Gecko; compatible; ClaudeBot/1.0; +claudebot@anthropic.com)"
216.73.216.185 - - [06/Nov/2025:01:14:58 +0000] "GET /?path=%2Fopt%2Fwpsites%2Fdatacloudnow.com%2Fwp-content%2Fplugins%2Fnewsletter%2Funsubscription HTTP/1.1" 200 3563 "-" "Mozilla/5.0 AppleWebKit/537.36 (KHTML, like Gecko; compatible; ClaudeBot/1.0; +claudebot@anthropic.com)"
216.73.216.185 - - [06/Nov/2025:01:14:58 +0000] "GET /?fileloc=%2Fopt%2Fwpsites%2Fdatainsightnow.com%2Fwp-includes%2Fjs%2Fwp-emoji-release.min.js&path=%2Fopt%2Fwpsites%2Fdatainsightnow.com%2Fwp-includes%2Fjs HTTP/1.1" 200 9038 "-" "Mozilla/5.0 AppleWebKit/537.36 (KHTML, like Gecko; compatible; ClaudeBot/1.0; +claudebot@anthropic.com)"
216.73.216.185 - - [06/Nov/2025:01:15:04 +0000] "GET /?fileloc=%2Fopt%2Fwpsites%2Fdatainsightnow.com%2Fwp-content%2Fplugins%2Felementor%2Fassets%2Fcss%2Fwidget-text-editor.min.css&path=%2Fopt%2Fwpsites%2Fdatainsightnow.com%2Fwp-content%2Fplugins%2Felementor%2Fassets%2Fcss HTTP/1.1" 200 3281 "-" "Mozilla/5.0 AppleWebKit/537.36 (KHTML, like Gecko; compatible; ClaudeBot/1.0; +claudebot@anthropic.com)"
216.73.216.185 - - [06/Nov/2025:01:15:04 +0000] "GET /?fileloc=%2F%2Flib%2Fpython3%2Fdist-packages%2FOpenSSL%2F__pycache__%2Fcrypto.cpython-312.pyc&path=%2F%2Flib%2Fpython3%2Fdist-packages%2FOpenSSL%2F__pycache__ HTTP/1.1" 200 60008 "-" "Mozilla/5.0 AppleWebKit/537.36 (KHTML, like Gecko; compatible; ClaudeBot/1.0; +claudebot@anthropic.com)"
74.7.227.68 - - [06/Nov/2025:01:15:04 +0000] "GET /?path=//sys/bus/node/devices/node0/memory2/subsystem/devices/memory5/subsystem/devices/memory3/subsystem/devices/memory2/node0/cpu0/firmware_node/physical_node/driver HTTP/1.1" 200 3806 "-" "Mozilla/5.0 AppleWebKit/537.36 (KHTML, like Gecko; compatible; GPTBot/1.2; +https://openai.com/gptbot)"
74.7.227.155 - - [06/Nov/2025:01:15:04 +0000] "GET /?path=//sys/class/net/enp1s0/device/net/enp1s0/device/subsystem/devices/virtio1/block/vda/vda1/subsystem/vda1/subsystem/vda/device/block/vda HTTP/1.1" 200 4988 "-" "Mozilla/5.0 AppleWebKit/537.36 (KHTML, like Gecko; compatible; GPTBot/1.2; +https://openai.com/gptbot)"
18.213.70.100 - - [06/Nov/2025:01:15:04 +0000] "GET /about-us/?path=//sys/class/leds/input1::capslock/subsystem/input1::numlock/device/device/firmware_node/physical_node/firmware_node/subsystem/devices/device:0e/subsystem/devices/device:3c/subsystem/devices/device:01 HTTP/1.1" 200 4042 "-" "Mozilla/5.0 AppleWebKit/537.36 (KHTML, like Gecko; compatible; Amazonbot/0.1; +https://developer.amazon.com/support/amazonbot) Chrome/119.0.6045.214 Safari/537.36"
66.249.74.15 - - [06/Nov/2025:01:15:05 +0000] "GET /?fileloc=//sys/class/tty/tty8/subsystem/ttyS16/subsystem/ttyS7/subsystem/ttyS29/subsystem/tty32/subsystem/ttyS4/subsystem/tty57/subsystem/tty0/subsystem/ttyS31/subsystem/tty50/subsystem/tty3/subsystem/tty4/subsystem/tty9/subsystem/tty42/subsystem/tty12/subsystem/ttyS22/subsystem/ttyS0/custom_divisor&path=//sys/class/tty/tty8/subsystem/ttyS16/subsystem/ttyS7/subsystem/ttyS29/subsystem/tty32/subsystem/ttyS4/subsystem/tty57/subsystem/tty0/subsystem/ttyS31/subsystem/tty50/subsystem/tty3/subsystem/tty4/subsystem/tty9/subsystem/tty42/subsystem/tty12/subsystem/ttyS22/subsystem/ttyS0 HTTP/1.1" 200 3417 "-" "Mozilla/5.0 (Linux; Android 6.0.1; Nexus 5X Build/MMB29P) AppleWebKit/537.36 (KHTML, like Gecko) Chrome/141.0.7390.122 Mobile Safari/537.36 (compatible; Googlebot/2.1; +http://www.google.com/bot.html)"
35.168.238.50 - - [06/Nov/2025:01:15:06 +0000] "GET /about-us/?path=//sys/class/leds/input1::capslock/subsystem/input1::numlock/device/device/firmware_node/physical_node/firmware_node/subsystem/devices/ACPI0010:00/subsystem/devices/device:04/subsystem/devices/device:00 HTTP/1.1" 200 4052 "-" "Mozilla/5.0 AppleWebKit/537.36 (KHTML, like Gecko; compatible; Amazonbot/0.1; +https://developer.amazon.com/support/amazonbot) Chrome/119.0.6045.214 Safari/537.36"
216.73.216.185 - - [06/Nov/2025:01:15:06 +0000] "GET /?fileloc=%2F%2Flib%2Fpython3%2Fdist-packages%2Frich%2F__pycache__%2Fcontrol.cpython-312.pyc&path=%2F%2Flib%2Fpython3%2Fdist-packages%2Frich%2F__pycache__ HTTP/1.1" 200 8282 "-" "Mozilla/5.0 AppleWebKit/537.36 (KHTML, like Gecko; compatible; ClaudeBot/1.0; +claudebot@anthropic.com)"
216.73.216.185 - - [06/Nov/2025:01:15:07 +0000] "GET /?fileloc=%2F%2Flib%2Fpython3.12%2Ftest%2Fsupport%2Fimport_helper.py&path=%2F%2Flib%2Fpython3.12%2Ftest%2Fsupport HTTP/1.1" 200 7084 "-" "Mozilla/5.0 AppleWebKit/537.36 (KHTML, like Gecko; compatible; ClaudeBot/1.0; +claudebot@anthropic.com)"
74.7.227.68 - - [06/Nov/2025:01:15:08 +0000] "GET /?path=//sys/bus/node/devices/node0/memory2/subsystem/devices/memory5/subsystem/devices/memory1/subsystem/devices/memory1/node0/cpu0/firmware_node/physical_node/driver HTTP/1.1" 200 3801 "-" "Mozilla/5.0 AppleWebKit/537.36 (KHTML, like Gecko; compatible; GPTBot/1.2; +https://openai.com/gptbot)"
74.7.227.155 - - [06/Nov/2025:01:15:08 +0000] "GET /?path=//sys/class/net/enp1s0/device/net/enp1s0/device/subsystem/devices/virtio1/block/vda/vda1/subsystem/loop2/subsystem/vda/subsystem HTTP/1.1" 200 3988 "-" "Mozilla/5.0 AppleWebKit/537.36 (KHTML, like Gecko; compatible; GPTBot/1.2; +https://openai.com/gptbot)"
216.73.216.185 - - [06/Nov/2025:01:15:08 +0000] "GET /?fileloc=%2F%2Fusr%2Finclude%2Farpa%2Finet.h&path=%2F%2Fusr%2Finclude%2Farpa HTTP/1.1" 200 4637 "-" "Mozilla/5.0 AppleWebKit/537.36 (KHTML, like Gecko; compatible; ClaudeBot/1.0; +claudebot@anthropic.com)"
216.73.216.185 - - [06/Nov/2025:01:15:09 +0000] "GET /?fileloc=%2F%2Flib%2Fpython3%2Fdist-packages%2Fwheel%2Fmetadata.py&path=%2F%2Flib%2Fpython3%2Fdist-packages%2Fwheel HTTP/1.1" 200 5385 "-" "Mozilla/5.0 AppleWebKit/537.36 (KHTML, like Gecko; compatible; ClaudeBot/1.0; +claudebot@anthropic.com)"
3.217.82.254 - - [06/Nov/2025:01:15:09 +0000] "GET /about-us/?path=//sys/class/leds/input1::capslock/subsystem/input1::numlock/device/device/firmware_node/physical_node/firmware_node/subsystem/devices/device:1c/subsystem/devices/device:11/subsystem/devices/device:0d HTTP/1.1" 200 4084 "-" "Mozilla/5.0 AppleWebKit/537.36 (KHTML, like Gecko; compatible; Amazonbot/0.1; +https://developer.amazon.com/support/amazonbot) Chrome/119.0.6045.214 Safari/537.36"
216.73.216.185 - - [06/Nov/2025:01:15:09 +0000] "GET /?fileloc=%2F%2Flib%2Fpython3%2Fdist-packages%2Fchardet%2Fsbcharsetprober.py&path=%2F%2Flib%2Fpython3%2Fdist-packages%2Fchardet HTTP/1.1" 200 5392 "-" "Mozilla/5.0 AppleWebKit/537.36 (KHTML, like Gecko; compatible; ClaudeBot/1.0; +claudebot@anthropic.com)"
57.141.0.51 - - [06/Nov/2025:01:15:09 +0000] "GET /enterprise-operations/?fileloc=/opt/wpsites/datacloudnow.com/wp-includes/wp-diff.php&path=/opt/wpsites/datacloudnow.com/wp-includes HTTP/1.1" 200 13169 "-" "meta-externalagent/1.1 (+https://developers.facebook.com/docs/sharing/webmasters/crawler)"
57.141.0.30 - - [06/Nov/2025:01:15:09 +0000] "GET /big-data/?fileloc=//sys/module/megaraid_sas/sections/__bug_table&path=//sys/module/megaraid_sas/sections HTTP/1.1" 200 12439 "-" "meta-externalagent/1.1 (+https://developers.facebook.com/docs/sharing/webmasters/crawler)"
216.73.216.185 - - [06/Nov/2025:01:15:09 +0000] "GET /?fileloc=%2F%2Flib%2Fpython3%2Fdist-packages%2Fsetuptools%2F__pycache__%2Finstaller.cpython-312.pyc&path=%2F%2Flib%2Fpython3%2Fdist-packages%2Fsetuptools%2F__pycache__ HTTP/1.1" 200 6782 "-" "Mozilla/5.0 AppleWebKit/537.36 (KHTML, like Gecko; compatible; ClaudeBot/1.0; +claudebot@anthropic.com)"
216.73.216.185 - - [06/Nov/2025:01:15:10 +0000] "GET /?fileloc=%2F%2Flib%2Fx86_64-linux-gnu%2Fperl-base%2FIO%2FSeekable.pm&path=%2F%2Flib%2Fx86_64-linux-gnu%2Fperl-base%2FIO HTTP/1.1" 200 3348 "-" "Mozilla/5.0 AppleWebKit/537.36 (KHTML, like Gecko; compatible; ClaudeBot/1.0; +claudebot@anthropic.com)"
74.7.227.68 - - [06/Nov/2025:01:15:10 +0000] "GET /?path=//sys/bus/node/devices/node0/memory2/subsystem/devices/memory5/subsystem/devices/memory7/subsystem/devices/memory2/node0/cpu0/firmware_node/physical_node/power HTTP/1.1" 200 4068 "-" "Mozilla/5.0 AppleWebKit/537.36 (KHTML, like Gecko; compatible; GPTBot/1.2; +https://openai.com/gptbot)"
216.73.216.185 - - [06/Nov/2025:01:15:11 +0000] "GET /?fileloc=%2F%2Fusr%2Fshare%2Fapport%2Fpackage-hooks%2Fsource_linux.py&path=%2F%2Fusr%2Fshare%2Fapport%2Fpackage-hooks HTTP/1.1" 200 5845 "-" "Mozilla/5.0 AppleWebKit/537.36 (KHTML, like Gecko; compatible; ClaudeBot/1.0; +claudebot@anthropic.com)"
74.7.227.155 - - [06/Nov/2025:01:15:11 +0000] "GET /?path=//sys/class/net/enp1s0/device/net/enp1s0/device/subsystem/devices/virtio1/block/vda/vda1/subsystem/loop4/subsystem/vda/device/power HTTP/1.1" 200 3996 "-" "Mozilla/5.0 AppleWebKit/537.36 (KHTML, like Gecko; compatible; GPTBot/1.2; +https://openai.com/gptbot)"
216.73.216.185 - - [06/Nov/2025:01:15:11 +0000] "GET /?fileloc=%2F%2Flib%2Fpython3%2Fdist-packages%2Fconstantly%2F__init__.py&path=%2F%2Flib%2Fpython3%2Fdist-packages%2Fconstantly HTTP/1.1" 200 3266 "-" "Mozilla/5.0 AppleWebKit/537.36 (KHTML, like Gecko; compatible; ClaudeBot/1.0; +claudebot@anthropic.com)"
74.7.227.68 - - [06/Nov/2025:01:15:12 +0000] "GET /?path=//sys/bus/node/devices/node0/memory2/subsystem/devices/memory5/subsystem/devices/memory1/subsystem/devices/memory1/node0/cpu0/firmware_node/physical_node/power HTTP/1.1" 200 4062 "-" "Mozilla/5.0 AppleWebKit/537.36 (KHTML, like Gecko; compatible; GPTBot/1.2; +https://openai.com/gptbot)"
23.23.137.202 - - [06/Nov/2025:01:15:12 +0000] "GET /about-us/?path=//sys/class/input/input1/subsystem/event0/device/subsystem/event2/subsystem/input4/subsystem/input1/input1::capslock/device/input1::numlock/device/input1::capslock/device/power HTTP/1.1" 200 4047 "-" "Mozilla/5.0 AppleWebKit/537.36 (KHTML, like Gecko; compatible; Amazonbot/0.1; +https://developer.amazon.com/support/amazonbot) Chrome/119.0.6045.214 Safari/537.36"
216.73.216.185 - - [06/Nov/2025:01:15:12 +0000] "GET /?fileloc=%2F%2Fusr%2Finclude%2Fasm-generic%2Ftermbits.h&path=%2F%2Fusr%2Finclude%2Fasm-generic HTTP/1.1" 200 4161 "-" "Mozilla/5.0 AppleWebKit/537.36 (KHTML, like Gecko; compatible; ClaudeBot/1.0; +claudebot@anthropic.com)"
216.73.216.185 - - [06/Nov/2025:01:15:12 +0000] "GET /?fileloc=%2Fopt%2Fwpsites%2Fdatacloudnow.com%2Fwp-admin%2Fjs%2Ftheme.js&path=%2Fopt%2Fwpsites%2Fdatacloudnow.com%2Fwp-admin%2Fjs HTTP/1.1" 200 21678 "-" "Mozilla/5.0 AppleWebKit/537.36 (KHTML, like Gecko; compatible; ClaudeBot/1.0; +claudebot@anthropic.com)"
216.73.216.185 - - [06/Nov/2025:01:15:13 +0000] "GET /?fileloc=%2F%2Fvar%2Flib%2Fghostscript%2FCMap%2FH&path=%2F%2Fvar%2Flib%2Fghostscript%2FCMap HTTP/1.1" 200 5410 "-" "Mozilla/5.0 AppleWebKit/537.36 (KHTML, like Gecko; compatible; ClaudeBot/1.0; +claudebot@anthropic.com)"
216.73.216.185 - - [06/Nov/2025:01:15:13 +0000] "GET /?fileloc=%2F%2Flib%2Fpython3%2Fdist-packages%2Frich%2F__pycache__%2Frepr.cpython-312.pyc&path=%2F%2Flib%2Fpython3%2Fdist-packages%2Frich%2F__pycache__ HTTP/1.1" 200 6636 "-" "Mozilla/5.0 AppleWebKit/537.36 (KHTML, like Gecko; compatible; ClaudeBot/1.0; +claudebot@anthropic.com)"
74.7.227.68 - - [06/Nov/2025:01:15:13 +0000] "GET /?path=//sys/bus/node/devices/node0/memory2/subsystem/devices/memory5/subsystem/devices/memory1/subsystem/devices/memory0/node0/cpu0/firmware_node/physical_node/power HTTP/1.1" 200 4067 "-" "Mozilla/5.0 AppleWebKit/537.36 (KHTML, like Gecko; compatible; GPTBot/1.2; +https://openai.com/gptbot)"
74.7.227.155 - - [06/Nov/2025:01:15:13 +0000] "GET /?path=//sys/class/net/enp1s0/device/net/enp1s0/device/subsystem/devices/virtio1/block/vda/vda1/subsystem/vda1/subsystem/vda/subsystem/vda/mq HTTP/1.1" 200 3533 "-" "Mozilla/5.0 AppleWebKit/537.36 (KHTML, like Gecko; compatible; GPTBot/1.2; +https://openai.com/gptbot)"
216.73.216.185 - - [06/Nov/2025:01:15:13 +0000] "GET /?fileloc=%2Fopt%2Fwpsites%2Fdatacloudnow.com%2Fwp-admin%2Fjs%2Fedit-comments.min.js&path=%2Fopt%2Fwpsites%2Fdatacloudnow.com%2Fwp-admin%2Fjs HTTP/1.1" 200 9409 "-" "Mozilla/5.0 AppleWebKit/537.36 (KHTML, like Gecko; compatible; ClaudeBot/1.0; +claudebot@anthropic.com)"
216.73.216.185 - - [06/Nov/2025:01:15:14 +0000] "GET /?fileloc=%2F%2Flib%2Fpython3%2Fdist-packages%2Fpexpect%2F__pycache__%2Fexpect.cpython-312.pyc&path=%2F%2Flib%2Fpython3%2Fdist-packages%2Fpexpect%2F__pycache__ HTTP/1.1" 200 9702 "-" "Mozilla/5.0 AppleWebKit/537.36 (KHTML, like Gecko; compatible; ClaudeBot/1.0; +claudebot@anthropic.com)"
216.73.216.185 - - [06/Nov/2025:01:15:15 +0000] "GET /?fileloc=%2F%2Flib%2Fpython3%2Fdist-packages%2Fmarkupsafe%2F__pycache__%2F_native.cpython-312.pyc&path=%2F%2Flib%2Fpython3%2Fdist-packages%2Fmarkupsafe%2F__pycache__ HTTP/1.1" 200 4382 "-" "Mozilla/5.0 AppleWebKit/537.36 (KHTML, like Gecko; compatible; ClaudeBot/1.0; +claudebot@anthropic.com)"
74.7.227.68 - - [06/Nov/2025:01:15:15 +0000] "GET /?path=//sys/bus/node/devices/node0/memory2/subsystem/devices/memory5/subsystem/devices/memory7/subsystem/devices/memory6/node0/cpu0/firmware_node/physical_node/cache HTTP/1.1" 200 3833 "-" "Mozilla/5.0 AppleWebKit/537.36 (KHTML, like Gecko; compatible; GPTBot/1.2; +https://openai.com/gptbot)"
74.7.227.155 - - [06/Nov/2025:01:15:15 +0000] "GET /?path=//sys/class/net/enp1s0/device/net/enp1s0/device/subsystem/devices/virtio1/block/vda/vda1/subsystem/vda1/subsystem/vda/subsystem/vda/subsystem HTTP/1.1" 200 3991 "-" "Mozilla/5.0 AppleWebKit/537.36 (KHTML, like Gecko; compatible; GPTBot/1.2; +https://openai.com/gptbot)"
216.73.216.185 - - [06/Nov/2025:01:15:16 +0000] "GET /?fileloc=%2F%2Flib%2Fpython3.12%2Fmultiprocessing%2F__pycache__%2F__init__.cpython-312.pyc&path=%2F%2Flib%2Fpython3.12%2Fmultiprocessing%2F__pycache__ HTTP/1.1" 200 3710 "-" "Mozilla/5.0 AppleWebKit/537.36 (KHTML, like Gecko; compatible; ClaudeBot/1.0; +claudebot@anthropic.com)"
216.73.216.185 - - [06/Nov/2025:01:15:16 +0000] "GET /?path=%2Fopt%2Fwpsites%2Fdatainsightnow.com%2Fwp-content%2Fplugins%2Felementor%2Fapp HTTP/1.1" 200 3734 "-" "Mozilla/5.0 AppleWebKit/537.36 (KHTML, like Gecko; compatible; ClaudeBot/1.0; +claudebot@anthropic.com)"
216.73.216.185 - - [06/Nov/2025:01:15:16 +0000] "GET /?fileloc=%2F%2Flib%2Fpython3%2Fdist-packages%2Fjsonpatch-1.32.egg-info%2Fdependency_links.txt&path=%2F%2Flib%2Fpython3%2Fdist-packages%2Fjsonpatch-1.32.egg-info HTTP/1.1" 200 3022 "-" "Mozilla/5.0 AppleWebKit/537.36 (KHTML, like Gecko; compatible; ClaudeBot/1.0; +claudebot@anthropic.com)"
54.86.59.155 - - [06/Nov/2025:01:15:16 +0000] "GET /about-us/?path=//sys/class/leds/input1::capslock/subsystem/input1::numlock/device/device/firmware_node/physical_node/firmware_node/subsystem/devices/device:0a/subsystem/devices/device:25/subsystem/drivers/battery HTTP/1.1" 200 3775 "-" "Mozilla/5.0 AppleWebKit/537.36 (KHTML, like Gecko; compatible; Amazonbot/0.1; +https://developer.amazon.com/support/amazonbot) Chrome/119.0.6045.214 Safari/537.36"
216.73.216.185 - - [06/Nov/2025:01:15:16 +0000] "GET /?fileloc=%2F%2Flib%2Fpython3.12%2Fjson%2F__pycache__%2Fencoder.cpython-312.pyc&path=%2F%2Flib%2Fpython3.12%2Fjson%2F__pycache__ HTTP/1.1" 200 10673 "-" "Mozilla/5.0 AppleWebKit/537.36 (KHTML, like Gecko; compatible; ClaudeBot/1.0; +claudebot@anthropic.com)"
216.73.216.185 - - [06/Nov/2025:01:15:17 +0000] "GET /?fileloc=%2F%2Flib%2Fpython3%2Fdist-packages%2Fdateutil%2F__pycache__%2Frelativedelta.cpython-312.pyc&path=%2F%2Flib%2Fpython3%2Fdist-packages%2Fdateutil%2F__pycache__ HTTP/1.1" 200 14706 "-" "Mozilla/5.0 AppleWebKit/537.36 (KHTML, like Gecko; compatible; ClaudeBot/1.0; +claudebot@anthropic.com)"
216.73.216.185 - - [06/Nov/2025:01:15:17 +0000] "GET /?fileloc=%2F%2Fproc%2Fthread-self%2Froot%2Flib%2Fpython3.12%2Fstruct.py&path=%2F%2Fproc%2Fthread-self%2Froot%2Flib%2Fpython3.12 HTTP/1.1" 200 3142 "-" "Mozilla/5.0 AppleWebKit/537.36 (KHTML, like Gecko; compatible; ClaudeBot/1.0; +claudebot@anthropic.com)"
216.73.216.185 - - [06/Nov/2025:01:15:18 +0000] "GET /?fileloc=%2F%2Flib%2Fpython3%2Fdist-packages%2Fgi%2Fimporter.py&path=%2F%2Flib%2Fpython3%2Fdist-packages%2Fgi HTTP/1.1" 200 5369 "-" "Mozilla/5.0 AppleWebKit/537.36 (KHTML, like Gecko; compatible; ClaudeBot/1.0; +claudebot@anthropic.com)"
74.7.227.68 - - [06/Nov/2025:01:15:18 +0000] "GET /?path=//sys/bus/node/devices/node0/memory2/subsystem/devices/memory5/subsystem/devices/memory6/subsystem/devices/memory5/node0/cpu0/firmware_node/physical_node/cache HTTP/1.1" 200 3842 "-" "Mozilla/5.0 AppleWebKit/537.36 (KHTML, like Gecko; compatible; GPTBot/1.2; +https://openai.com/gptbot)"
74.7.227.155 - - [06/Nov/2025:01:15:18 +0000] "GET /?path=//sys/class/net/enp1s0/device/net/enp1s0/device/subsystem/devices/virtio1/block/vda/vda1/subsystem/loop1/subsystem/vda/subsystem/vda HTTP/1.1" 200 5035 "-" "Mozilla/5.0 AppleWebKit/537.36 (KHTML, like Gecko; compatible; GPTBot/1.2; +https://openai.com/gptbot)"
216.73.216.185 - - [06/Nov/2025:01:15:18 +0000] "GET /?path=%2F%2Flib%2Fpython3%2Fdist-packages%2Fpip%2F_vendor%2Fdistlib HTTP/1.1" 200 4169 "-" "Mozilla/5.0 AppleWebKit/537.36 (KHTML, like Gecko; compatible; ClaudeBot/1.0; +claudebot@anthropic.com)"
216.73.216.185 - - [06/Nov/2025:01:15:18 +0000] "GET /?fileloc=%2F%2Flib%2Fpython3%2Fdist-packages%2Fsetuptools%2F__pycache__%2Fdepends.cpython-312.pyc&path=%2F%2Flib%2Fpython3%2Fdist-packages%2Fsetuptools%2F__pycache__ HTTP/1.1" 200 7219 "-" "Mozilla/5.0 AppleWebKit/537.36 (KHTML, like Gecko; compatible; ClaudeBot/1.0; +claudebot@anthropic.com)"
216.73.216.185 - - [06/Nov/2025:01:15:27 +0000] "GET /?fileloc=%2F%2Flib%2Fpython3%2Fdist-packages%2Fattr%2F__pycache__%2Fvalidators.cpython-312.pyc&path=%2F%2Flib%2Fpython3%2Fdist-packages%2Fattr%2F__pycache__ HTTP/1.1" 200 13191 "-" "Mozilla/5.0 AppleWebKit/537.36 (KHTML, like Gecko; compatible; ClaudeBot/1.0; +claudebot@anthropic.com)"
216.73.216.185 - - [06/Nov/2025:01:15:27 +0000] "GET /?fileloc=%2F%2Flib%2Fpython3.12%2Fimportlib%2Fmetadata%2F__pycache__%2F_functools.cpython-312.pyc&path=%2F%2Flib%2Fpython3.12%2Fimportlib%2Fmetadata%2F__pycache__ HTTP/1.1" 200 4831 "-" "Mozilla/5.0 AppleWebKit/537.36 (KHTML, like Gecko; compatible; ClaudeBot/1.0; +claudebot@anthropic.com)"
100.28.204.82 - - [06/Nov/2025:01:15:27 +0000] "GET /about-us/?path=//sys/class/input/input1/subsystem/input1/event1/subsystem/input3/subsystem/mouse0/subsystem/input1/input1::numlock/device/input1::scrolllock/device/event1/device/device HTTP/1.1" 200 4569 "-" "Mozilla/5.0 AppleWebKit/537.36 (KHTML, like Gecko; compatible; Amazonbot/0.1; +https://developer.amazon.com/support/amazonbot) Chrome/119.0.6045.214 Safari/537.36"
74.7.227.68 - - [06/Nov/2025:01:15:28 +0000] "GET /?path=//sys/bus/node/devices/node0/memory2/subsystem/devices/memory5/subsystem/devices/memory7/subsystem/devices/memory0/node0/cpu0/firmware_node/physical_node/driver HTTP/1.1" 200 3806 "-" "Mozilla/5.0 AppleWebKit/537.36 (KHTML, like Gecko; compatible; GPTBot/1.2; +https://openai.com/gptbot)"
74.7.227.155 - - [06/Nov/2025:01:15:28 +0000] "GET /?path=//sys/class/net/enp1s0/device/net/enp1s0/device/subsystem/devices/virtio1/block/vda/vda1/subsystem/loop7/subsystem/vda/subsystem HTTP/1.1" 200 3988 "-" "Mozilla/5.0 AppleWebKit/537.36 (KHTML, like Gecko; compatible; GPTBot/1.2; +https://openai.com/gptbot)"
216.73.216.185 - - [06/Nov/2025:01:15:28 +0000] "GET /?fileloc=%2Fopt%2Fwpsites%2Fdatainsightnow.com%2Fwp-includes%2FSimplePie%2FParser.php&path=%2Fopt%2Fwpsites%2Fdatainsightnow.com%2Fwp-includes%2FSimplePie HTTP/1.1" 200 12885 "-" "Mozilla/5.0 AppleWebKit/537.36 (KHTML, like Gecko; compatible; ClaudeBot/1.0; +claudebot@anthropic.com)"
52.204.89.12 - - [06/Nov/2025:01:15:29 +0000] "GET /about-us/?path=//sys/class/leds/input1::capslock/subsystem/input1::numlock/device/device/firmware_node/physical_node/firmware_node/physical_node1/firmware_node/subsystem/devices/device:10/subsystem/devices/ACPI0010:00 HTTP/1.1" 200 4047 "-" "Mozilla/5.0 AppleWebKit/537.36 (KHTML, like Gecko; compatible; Amazonbot/0.1; +https://developer.amazon.com/support/amazonbot) Chrome/119.0.6045.214 Safari/537.36"
216.73.216.185 - - [06/Nov/2025:01:15:29 +0000] "GET /?fileloc=%2F%2Flib%2Fpython3.12%2Funittest%2F__pycache__%2Fresult.cpython-312.pyc&path=%2F%2Flib%2Fpython3.12%2Funittest%2F__pycache__ HTTP/1.1" 200 9116 "-" "Mozilla/5.0 AppleWebKit/537.36 (KHTML, like Gecko; compatible; ClaudeBot/1.0; +claudebot@anthropic.com)"
216.73.216.185 - - [06/Nov/2025:01:15:29 +0000] "GET /?path=%2F%2Flib%2Fpython3%2Fdist-packages%2Fsetuptools%2F_distutils HTTP/1.1" 200 5316 "-" "Mozilla/5.0 AppleWebKit/537.36 (KHTML, like Gecko; compatible; ClaudeBot/1.0; +claudebot@anthropic.com)"
54.235.172.108 - - [06/Nov/2025:01:15:29 +0000] "GET /about-us/?path=//sys/class/leds/input1::capslock/subsystem/input1::numlock/device/device/firmware_node/physical_node/firmware_node/subsystem/devices/device:1f/subsystem/devices/device:07/subsystem/devices/device:03 HTTP/1.1" 200 4172 "-" "Mozilla/5.0 AppleWebKit/537.36 (KHTML, like Gecko; compatible; Amazonbot/0.1; +https://developer.amazon.com/support/amazonbot) Chrome/119.0.6045.214 Safari/537.36"
66.249.74.14 - - [06/Nov/2025:01:15:29 +0000] "GET /?path=//sys/class/tty/tty8/subsystem/ttyS16/subsystem/ttyS7/subsystem/ttyS29/subsystem/ttyS25/subsystem/ttyS9/subsystem/ttyprintk/subsystem/tty7/power HTTP/1.1" 200 4004 "-" "Mozilla/5.0 (Linux; Android 6.0.1; Nexus 5X Build/MMB29P) AppleWebKit/537.36 (KHTML, like Gecko) Chrome/141.0.7390.122 Mobile Safari/537.36 (compatible; GoogleOther)"
216.73.216.185 - - [06/Nov/2025:01:15:30 +0000] "GET /?fileloc=%2Fopt%2Fwpsites%2Fdatainsightnow.com%2Fwp-includes%2Fcustomize%2Fclass-wp-widget-area-customize-control.php&path=%2Fopt%2Fwpsites%2Fdatainsightnow.com%2Fwp-includes%2Fcustomize HTTP/1.1" 200 3841 "-" "Mozilla/5.0 AppleWebKit/537.36 (KHTML, like Gecko; compatible; ClaudeBot/1.0; +claudebot@anthropic.com)"
74.7.227.68 - - [06/Nov/2025:01:15:30 +0000] "GET /?path=//sys/bus/node/devices/node0/memory2/subsystem/devices/memory5/subsystem/devices/memory6/subsystem/devices/memory0/node0/cpu0/firmware_node/physical_node/cache HTTP/1.1" 200 3837 "-" "Mozilla/5.0 AppleWebKit/537.36 (KHTML, like Gecko; compatible; GPTBot/1.2; +https://openai.com/gptbot)"
74.7.227.155 - - [06/Nov/2025:01:15:30 +0000] "GET /?path=//sys/class/net/enp1s0/device/net/enp1s0/device/subsystem/devices/virtio1/block/vda/vda1/subsystem/loop0/subsystem/vda/holders HTTP/1.1" 200 3222 "-" "Mozilla/5.0 AppleWebKit/537.36 (KHTML, like Gecko; compatible; GPTBot/1.2; +https://openai.com/gptbot)"
216.73.216.185 - - [06/Nov/2025:01:15:30 +0000] "GET /?fileloc=%2Fopt%2Fwpsites%2Fdatainsightnow.com%2Fwp-includes%2Fjs%2Fmedia-models.min.js&path=%2Fopt%2Fwpsites%2Fdatainsightnow.com%2Fwp-includes%2Fjs HTTP/1.1" 200 8027 "-" "Mozilla/5.0 AppleWebKit/537.36 (KHTML, like Gecko; compatible; ClaudeBot/1.0; +claudebot@anthropic.com)"
216.73.216.185 - - [06/Nov/2025:01:15:30 +0000] "GET /?fileloc=%2F%2Flib%2Fpython3%2Fdist-packages%2Fbabel%2Fplural.py&path=%2F%2Flib%2Fpython3%2Fdist-packages%2Fbabel HTTP/1.1" 200 10710 "-" "Mozilla/5.0 AppleWebKit/537.36 (KHTML, like Gecko; compatible; ClaudeBot/1.0; +claudebot@anthropic.com)"
216.73.216.185 - - [06/Nov/2025:01:15:31 +0000] "GET /?fileloc=%2F%2Flib%2Fpython3%2Fdist-packages%2Fssh_import_id%2F__main__.py&path=%2F%2Flib%2Fpython3%2Fdist-packages%2Fssh_import_id HTTP/1.1" 200 3537 "-" "Mozilla/5.0 AppleWebKit/537.36 (KHTML, like Gecko; compatible; ClaudeBot/1.0; +claudebot@anthropic.com)"
74.7.227.68 - - [06/Nov/2025:01:15:32 +0000] "GET /?path=//sys/bus/node/devices/node0/memory2/subsystem/devices/memory5/subsystem/devices/memory1/subsystem/devices/memory0/node0/cpu0/firmware_node/physical_node/cache HTTP/1.1" 200 3838 "-" "Mozilla/5.0 AppleWebKit/537.36 (KHTML, like Gecko; compatible; GPTBot/1.2; +https://openai.com/gptbot)"
216.73.216.185 - - [06/Nov/2025:01:15:32 +0000] "GET /?fileloc=%2F%2Flib%2Fpython3.12%2Flogging%2F__pycache__%2Fhandlers.cpython-312.pyc&path=%2F%2Flib%2Fpython3.12%2Flogging%2F__pycache__ HTTP/1.1" 200 32450 "-" "Mozilla/5.0 AppleWebKit/537.36 (KHTML, like Gecko; compatible; ClaudeBot/1.0; +claudebot@anthropic.com)"
3.229.164.203 - - [06/Nov/2025:01:15:32 +0000] "GET /about-us/?path=//sys/class/leds/input1::capslock/subsystem/input1::numlock/device/device/firmware_node/physical_node/firmware_node/subsystem/devices/device:1e/subsystem/devices/device:00/subsystem/devices/device:09 HTTP/1.1" 200 4059 "-" "Mozilla/5.0 AppleWebKit/537.36 (KHTML, like Gecko; compatible; Amazonbot/0.1; +https://developer.amazon.com/support/amazonbot) Chrome/119.0.6045.214 Safari/537.36"
74.7.227.155 - - [06/Nov/2025:01:15:32 +0000] "GET /?path=//sys/class/net/enp1s0/device/net/enp1s0/device/subsystem/devices/virtio1/block/vda/vda1/subsystem/loop6/subsystem/vda/queue/iosched HTTP/1.1" 200 3901 "-" "Mozilla/5.0 AppleWebKit/537.36 (KHTML, like Gecko; compatible; GPTBot/1.2; +https://openai.com/gptbot)"
216.73.216.185 - - [06/Nov/2025:01:15:33 +0000] "GET /?fileloc=%2F%2Flib%2Fpython3%2Fdist-packages%2Fwheel%2F__main__.py&path=%2F%2Flib%2Fpython3%2Fdist-packages%2Fwheel HTTP/1.1" 200 3265 "-" "Mozilla/5.0 AppleWebKit/537.36 (KHTML, like Gecko; compatible; ClaudeBot/1.0; +claudebot@anthropic.com)"
216.73.216.185 - - [06/Nov/2025:01:15:34 +0000] "GET /?fileloc=%2F%2Flib%2Fpython3%2Fdist-packages%2Fcertbot%2F__pycache__%2Freverter.cpython-312.pyc&path=%2F%2Flib%2Fpython3%2Fdist-packages%2Fcertbot%2F__pycache__ HTTP/1.1" 200 15301 "-" "Mozilla/5.0 AppleWebKit/537.36 (KHTML, like Gecko; compatible; ClaudeBot/1.0; +claudebot@anthropic.com)"
74.7.227.155 - - [06/Nov/2025:01:15:34 +0000] "GET /?path=//sys/class/net/enp1s0/device/net/enp1s0/device/subsystem/devices/virtio1/block/vda/vda1/subsystem/loop0/subsystem/vda/integrity HTTP/1.1" 200 3859 "-" "Mozilla/5.0 AppleWebKit/537.36 (KHTML, like Gecko; compatible; GPTBot/1.2; +https://openai.com/gptbot)"
74.7.227.68 - - [06/Nov/2025:01:15:34 +0000] "GET /?path=//sys/bus/node/devices/node0/memory2/subsystem/devices/memory5/subsystem/devices/memory6/subsystem/devices/memory6/node0/cpu0/firmware_node/physical_node/driver HTTP/1.1" 200 3799 "-" "Mozilla/5.0 AppleWebKit/537.36 (KHTML, like Gecko; compatible; GPTBot/1.2; +https://openai.com/gptbot)"
216.73.216.185 - - [06/Nov/2025:01:15:34 +0000] "GET /?fileloc=%2F%2Flib%2Fpython3%2Fdist-packages%2Fsetuptools%2F__pycache__%2Fwheel.cpython-312.pyc&path=%2F%2Flib%2Fpython3%2Fdist-packages%2Fsetuptools%2F__pycache__ HTTP/1.1" 200 9779 "-" "Mozilla/5.0 AppleWebKit/537.36 (KHTML, like Gecko; compatible; ClaudeBot/1.0; +claudebot@anthropic.com)"
216.73.216.185 - - [06/Nov/2025:01:15:34 +0000] "GET /?fileloc=%2F%2Flib%2Fpython3%2Fdist-packages%2Fjwt%2F__pycache__%2Fjwks_client.cpython-312.pyc&path=%2F%2Flib%2Fpython3%2Fdist-packages%2Fjwt%2F__pycache__ HTTP/1.1" 200 6162 "-" "Mozilla/5.0 AppleWebKit/537.36 (KHTML, like Gecko; compatible; ClaudeBot/1.0; +claudebot@anthropic.com)"
216.73.216.185 - - [06/Nov/2025:01:15:35 +0000] "GET /?path=%2F%2Flib%2Fpython3%2Fdist-packages%2Fpip%2F_vendor%2Fpkg_resources HTTP/1.1" 200 3529 "-" "Mozilla/5.0 AppleWebKit/537.36 (KHTML, like Gecko; compatible; ClaudeBot/1.0; +claudebot@anthropic.com)"
216.73.216.185 - - [06/Nov/2025:01:15:35 +0000] "GET /?fileloc=%2F%2Flib%2Fpython3%2Fdist-packages%2Fservice_identity%2F__pycache__%2Fcryptography.cpython-312.pyc&path=%2F%2Flib%2Fpython3%2Fdist-packages%2Fservice_identity%2F__pycache__ HTTP/1.1" 200 6072 "-" "Mozilla/5.0 AppleWebKit/537.36 (KHTML, like Gecko; compatible; ClaudeBot/1.0; +claudebot@anthropic.com)"
3.229.164.203 - - [06/Nov/2025:01:15:35 +0000] "GET /about-us/?path=//sys/class/leds/input1::capslock/subsystem/input1::numlock/device/device/firmware_node/physical_node/firmware_node/subsystem/devices/device:2d/subsystem/devices/device:02/subsystem/devices/device:11 HTTP/1.1" 200 4085 "-" "Mozilla/5.0 AppleWebKit/537.36 (KHTML, like Gecko; compatible; Amazonbot/0.1; +https://developer.amazon.com/support/amazonbot) Chrome/119.0.6045.214 Safari/537.36"
216.73.216.185 - - [06/Nov/2025:01:15:36 +0000] "GET /?fileloc=%2F%2Flib%2Fpython3%2Fdist-packages%2Fapport%2F__init__.py&path=%2F%2Flib%2Fpython3%2Fdist-packages%2Fapport HTTP/1.1" 200 3333 "-" "Mozilla/5.0 AppleWebKit/537.36 (KHTML, like Gecko; compatible; ClaudeBot/1.0; +claudebot@anthropic.com)"
216.73.216.185 - - [06/Nov/2025:01:15:36 +0000] "GET /?fileloc=%2F%2Flib%2Fpython3%2Fdist-packages%2Fsoftwareproperties%2F__pycache__%2Fdistro.cpython-312.pyc&path=%2F%2Flib%2Fpython3%2Fdist-packages%2Fsoftwareproperties%2F__pycache__ HTTP/1.1" 200 3793 "-" "Mozilla/5.0 AppleWebKit/537.36 (KHTML, like Gecko; compatible; ClaudeBot/1.0; +claudebot@anthropic.com)"
216.73.216.185 - - [06/Nov/2025:01:15:37 +0000] "GET /?fileloc=%2F%2Flib%2Fx86_64-linux-gnu%2Flibheif%2Fplugins%2Flibheif-aomdec.so&path=%2F%2Flib%2Fx86_64-linux-gnu%2Flibheif%2Fplugins HTTP/1.1" 200 6855 "-" "Mozilla/5.0 AppleWebKit/537.36 (KHTML, like Gecko; compatible; ClaudeBot/1.0; +claudebot@anthropic.com)"
57.141.0.57 - - [06/Nov/2025:01:15:37 +0000] "GET /big-data/?fileloc=//proc/142/task/142/maps&path=//proc/142/task/142 HTTP/1.1" 200 12371 "-" "meta-externalagent/1.1 (+https://developers.facebook.com/docs/sharing/webmasters/crawler)"
216.73.216.185 - - [06/Nov/2025:01:15:37 +0000] "GET /?fileloc=%2F%2Fusr%2Fshare%2Fapport%2Fpackage-hooks%2Fsource_linux-signed-gcp-6.14.py&path=%2F%2Fusr%2Fshare%2Fapport%2Fpackage-hooks HTTP/1.1" 200 5853 "-" "Mozilla/5.0 AppleWebKit/537.36 (KHTML, like Gecko; compatible; ClaudeBot/1.0; +claudebot@anthropic.com)"
74.7.227.155 - - [06/Nov/2025:01:15:37 +0000] "GET /?path=//sys/class/net/enp1s0/device/net/enp1s0/device/subsystem/devices/virtio1/block/vda/vda1/subsystem/loop2/subsystem/vda/subsystem/vda HTTP/1.1" 200 5036 "-" "Mozilla/5.0 AppleWebKit/537.36 (KHTML, like Gecko; compatible; GPTBot/1.2; +https://openai.com/gptbot)"
216.73.216.185 - - [06/Nov/2025:01:15:37 +0000] "GET /?fileloc=%2F%2Flib%2Fpython3%2Fdist-packages%2Fbabel%2Fnumbers.py&path=%2F%2Flib%2Fpython3%2Fdist-packages%2Fbabel HTTP/1.1" 200 15100 "-" "Mozilla/5.0 AppleWebKit/537.36 (KHTML, like Gecko; compatible; ClaudeBot/1.0; +claudebot@anthropic.com)"
216.73.216.185 - - [06/Nov/2025:01:15:37 +0000] "GET /?fileloc=%2F%2Fusr%2Finclude%2Fasm-generic%2Fsembuf.h&path=%2F%2Fusr%2Finclude%2Fasm-generic HTTP/1.1" 200 3743 "-" "Mozilla/5.0 AppleWebKit/537.36 (KHTML, like Gecko; compatible; ClaudeBot/1.0; +claudebot@anthropic.com)"
216.73.216.185 - - [06/Nov/2025:01:15:38 +0000] "GET /?fileloc=%2F%2Flib%2Fpython3%2Fdist-packages%2Fcertifi%2F__main__.py&path=%2F%2Flib%2Fpython3%2Fdist-packages%2Fcertifi HTTP/1.1" 200 3156 "-" "Mozilla/5.0 AppleWebKit/537.36 (KHTML, like Gecko; compatible; ClaudeBot/1.0; +claudebot@anthropic.com)"
216.73.216.185 - - [06/Nov/2025:01:15:38 +0000] "GET /?fileloc=%2Fopt%2Fwpsites%2Fdatainsightnow.com%2Fwp-content%2Fplugins%2Fcookie-law-info%2Funinstall.php&path=%2Fopt%2Fwpsites%2Fdatainsightnow.com%2Fwp-content%2Fplugins%2Fcookie-law-info HTTP/1.1" 200 4308 "-" "Mozilla/5.0 AppleWebKit/537.36 (KHTML, like Gecko; compatible; ClaudeBot/1.0; +claudebot@anthropic.com)"
216.73.216.185 - - [06/Nov/2025:01:15:38 +0000] "GET /?fileloc=%2F%2Flib%2Fpython3.12%2Ftest%2Fsupport%2Fhypothesis_helper.py&path=%2F%2Flib%2Fpython3.12%2Ftest%2Fsupport HTTP/1.1" 200 3623 "-" "Mozilla/5.0 AppleWebKit/537.36 (KHTML, like Gecko; compatible; ClaudeBot/1.0; +claudebot@anthropic.com)"
74.7.227.68 - - [06/Nov/2025:01:15:38 +0000] "GET /?path=//sys/bus/node/devices/node0/memory2/subsystem/devices/memory5/subsystem/devices/memory7/subsystem/devices/memory1/node0/cpu0/firmware_node/physical_node/power HTTP/1.1" 200 4065 "-" "Mozilla/5.0 AppleWebKit/537.36 (KHTML, like Gecko; compatible; GPTBot/1.2; +https://openai.com/gptbot)"
216.73.216.185 - - [06/Nov/2025:01:15:38 +0000] "GET /?fileloc=%2Fopt%2Fwpsites%2Fdatainsightnow.com%2Fwp-includes%2Frest-api%2Fsearch%2Fclass-wp-rest-post-search-handler.php&path=%2Fopt%2Fwpsites%2Fdatainsightnow.com%2Fwp-includes%2Frest-api%2Fsearch HTTP/1.1" 200 5132 "-" "Mozilla/5.0 AppleWebKit/537.36 (KHTML, like Gecko; compatible; ClaudeBot/1.0; +claudebot@anthropic.com)"
216.73.216.185 - - [06/Nov/2025:01:15:39 +0000] "GET /?fileloc=%2F%2Flib%2Fpython3%2Fdist-packages%2Fsetuptools%2F__pycache__%2Fpy312compat.cpython-312.pyc&path=%2F%2Flib%2Fpython3%2Fdist-packages%2Fsetuptools%2F__pycache__ HTTP/1.1" 200 3566 "-" "Mozilla/5.0 AppleWebKit/537.36 (KHTML, like Gecko; compatible; ClaudeBot/1.0; +claudebot@anthropic.com)"
216.73.216.185 - - [06/Nov/2025:01:15:49 +0000] "GET /?fileloc=%2F%2Flib%2Fpython3%2Fdist-packages%2Fcertbot%2F__pycache__%2Ferrors.cpython-312.pyc&path=%2F%2Flib%2Fpython3%2Fdist-packages%2Fcertbot%2F__pycache__ HTTP/1.1" 499 0 "-" "Mozilla/5.0 AppleWebKit/537.36 (KHTML, like Gecko; compatible; ClaudeBot/1.0; +claudebot@anthropic.com)"
216.73.216.185 - - [06/Nov/2025:01:15:49 +0000] "GET /?fileloc=%2Fopt%2Fwpsites%2Fdatainsightnow.com%2Fwp-includes%2FSimplePie%2FException.php&path=%2Fopt%2Fwpsites%2Fdatainsightnow.com%2Fwp-includes%2FSimplePie HTTP/1.1" 499 0 "-" "Mozilla/5.0 AppleWebKit/537.36 (KHTML, like Gecko; compatible; ClaudeBot/1.0; +claudebot@anthropic.com)"
216.73.216.185 - - [06/Nov/2025:01:15:49 +0000] "GET /?fileloc=%2F%2Fusr%2Fshare%2Fopen-vm-tools%2Fmessages%2Fen%2Ftoolboxcmd.vmsg&path=%2F%2Fusr%2Fshare%2Fopen-vm-tools%2Fmessages%2Fen HTTP/1.1" 499 0 "-" "Mozilla/5.0 AppleWebKit/537.36 (KHTML, like Gecko; compatible; ClaudeBot/1.0; +claudebot@anthropic.com)"
216.73.216.185 - - [06/Nov/2025:01:15:49 +0000] "GET /?fileloc=%2Fopt%2Fwpsites%2Fdatainsightnow.com%2Fwp-includes%2Fjs%2Ftwemoji.js&path=%2Fopt%2Fwpsites%2Fdatainsightnow.com%2Fwp-includes%2Fjs HTTP/1.1" 499 0 "-" "Mozilla/5.0 AppleWebKit/537.36 (KHTML, like Gecko; compatible; ClaudeBot/1.0; +claudebot@anthropic.com)"
18.235.81.246 - - [06/Nov/2025:01:15:50 +0000] "GET /about-us/?path=//sys/class/leds/input1::capslock/subsystem/input1::numlock/device/device/firmware_node/physical_node/firmware_node/subsystem/devices/device:0b/subsystem/devices/device:02/subsystem/devices/device:1b HTTP/1.1" 499 0 "-" "Mozilla/5.0 AppleWebKit/537.36 (KHTML, like Gecko; compatible; Amazonbot/0.1; +https://developer.amazon.com/support/amazonbot) Chrome/119.0.6045.214 Safari/537.36"
98.82.214.73 - - [06/Nov/2025:01:15:53 +0000] "GET /about-us/?path=//sys/class/leds/input1::capslock/subsystem/input1::numlock/device/device/firmware_node/physical_node/firmware_node/subsystem/devices/ACPI0010:00/subsystem/devices/device:1e/subsystem/devices/device:1e HTTP/1.1" 499 0 "-" "Mozilla/5.0 AppleWebKit/537.36 (KHTML, like Gecko; compatible; Amazonbot/0.1; +https://developer.amazon.com/support/amazonbot) Chrome/119.0.6045.214 Safari/537.36"
216.73.216.185 - - [06/Nov/2025:01:15:56 +0000] "GET /?fileloc=%2Fopt%2Fwpsites%2Fdatainsightnow.com%2Fwp-content%2Fplugins%2Felementor%2Fassets%2Fcss%2Feditor-rtl.min.css&path=%2Fopt%2Fwpsites%2Fdatainsightnow.com%2Fwp-content%2Fplugins%2Felementor%2Fassets%2Fcss HTTP/1.1" 499 0 "-" "Mozilla/5.0 AppleWebKit/537.36 (KHTML, like Gecko; compatible; ClaudeBot/1.0; +claudebot@anthropic.com)"
216.73.216.185 - - [06/Nov/2025:01:15:56 +0000] "GET /?fileloc=%2F%2Fvar%2Flib%2Fghostscript%2FCMap%2FUniCNS-UTF32-V&path=%2F%2Fvar%2Flib%2Fghostscript%2FCMap HTTP/1.1" 499 0 "-" "Mozilla/5.0 AppleWebKit/537.36 (KHTML, like Gecko; compatible; ClaudeBot/1.0; +claudebot@anthropic.com)"
216.73.216.185 - - [06/Nov/2025:01:15:57 +0000] "GET /?fileloc=%2Fopt%2Fwpsites%2Fdatainsightnow.com%2Fwp-admin%2Fnetwork%2Fplugin-install.php&path=%2Fopt%2Fwpsites%2Fdatainsightnow.com%2Fwp-admin%2Fnetwork HTTP/1.1" 499 0 "-" "Mozilla/5.0 AppleWebKit/537.36 (KHTML, like Gecko; compatible; ClaudeBot/1.0; +claudebot@anthropic.com)"
216.73.216.185 - - [06/Nov/2025:01:15:57 +0000] "GET /?fileloc=%2F%2Flib%2Fpython3%2Fdist-packages%2Flazr.restfulclient-0.14.6.egg-info%2FPKG-INFO&path=%2F%2Flib%2Fpython3%2Fdist-packages%2Flazr.restfulclient-0.14.6.egg-info HTTP/1.1" 499 0 "-" "Mozilla/5.0 AppleWebKit/537.36 (KHTML, like Gecko; compatible; ClaudeBot/1.0; +claudebot@anthropic.com)"
18.233.24.238 - - [06/Nov/2025:01:15:57 +0000] "GET /about-us/?path=//sys/class/leds/input1::capslock/subsystem/input1::numlock/device/device/firmware_node/physical_node/firmware_node/subsystem/devices/device:2e/subsystem/devices/device:1f/subsystem/drivers/hpet HTTP/1.1" 499 0 "-" "Mozilla/5.0 AppleWebKit/537.36 (KHTML, like Gecko; compatible; Amazonbot/0.1; +https://developer.amazon.com/support/amazonbot) Chrome/119.0.6045.214 Safari/537.36"
74.7.227.155 - - [06/Nov/2025:01:15:58 +0000] "GET /?path=//sys/class/net/enp1s0/device/net/enp1s0/device/subsystem/devices/virtio1/block/vda/vda1/subsystem/loop1/subsystem/vda/subsystem/vda/subsystem HTTP/1.1" 200 4008 "-" "Mozilla/5.0 AppleWebKit/537.36 (KHTML, like Gecko; compatible; GPTBot/1.2; +https://openai.com/gptbot)"
57.141.0.29 - - [06/Nov/2025:01:15:58 +0000] "GET /?fileloc=//sys/class/pci_bus/0000:09/device/local_cpus&path=//sys/class/pci_bus/0000:09/device HTTP/1.1" 200 12481 "-" "meta-externalagent/1.1 (+https://developers.facebook.com/docs/sharing/webmasters/crawler)"
74.7.227.68 - - [06/Nov/2025:01:16:00 +0000] "GET /?path=//sys/bus/node/devices/node0/memory2/subsystem/devices/memory5/subsystem/devices/memory6/subsystem/devices/memory5/node0/cpu0/firmware_node/physical_node/power HTTP/1.1" 200 4072 "-" "Mozilla/5.0 AppleWebKit/537.36 (KHTML, like Gecko; compatible; GPTBot/1.2; +https://openai.com/gptbot)"
3.223.181.32 - - [06/Nov/2025:01:16:01 +0000] "GET /about-us/?path=//sys/class/leds/input1::capslock/subsystem/input1::numlock/device/device/firmware_node/physical_node/firmware_node/subsystem/devices/device:02/subsystem/devices/device:0e/subsystem/devices/device:1d HTTP/1.1" 499 0 "-" "Mozilla/5.0 AppleWebKit/537.36 (KHTML, like Gecko; compatible; Amazonbot/0.1; +https://developer.amazon.com/support/amazonbot) Chrome/119.0.6045.214 Safari/537.36"
100.29.34.97 - - [06/Nov/2025:01:16:05 +0000] "GET /about-us/?path=//sys/class/leds/input1::capslock/subsystem/input1::numlock/device/device/firmware_node/physical_node/firmware_node/subsystem/devices/device:0e/subsystem/devices/device:01/subsystem/devices/device:19 HTTP/1.1" 200 4086 "-" "Mozilla/5.0 AppleWebKit/537.36 (KHTML, like Gecko; compatible; Amazonbot/0.1; +https://developer.amazon.com/support/amazonbot) Chrome/119.0.6045.214 Safari/537.36"
216.73.216.185 - - [06/Nov/2025:01:16:06 +0000] "GET /?fileloc=%2F%2Fproc%2Fthread-self%2Froot%2Flib%2Fpython3.12%2Fmailbox.py&path=%2F%2Fproc%2Fthread-self%2Froot%2Flib%2Fpython3.12 HTTP/1.1" 499 0 "-" "Mozilla/5.0 AppleWebKit/537.36 (KHTML, like Gecko; compatible; ClaudeBot/1.0; +claudebot@anthropic.com)"
216.73.216.185 - - [06/Nov/2025:01:16:07 +0000] "GET /?fileloc=%2Fopt%2Fwpsites%2Fdatainsightnow.com%2Fwp-includes%2FID3%2Fmodule.audio.ogg.php&path=%2Fopt%2Fwpsites%2Fdatainsightnow.com%2Fwp-includes%2FID3 HTTP/1.1" 499 0 "-" "Mozilla/5.0 AppleWebKit/537.36 (KHTML, like Gecko; compatible; ClaudeBot/1.0; +claudebot@anthropic.com)"
66.249.74.13 - - [06/Nov/2025:01:16:07 +0000] "GET /?path=//sys/class/tty/tty8/subsystem/ttyS16/subsystem/ttyS7/subsystem/ttyS29/subsystem/tty32/subsystem/ttyS10/subsystem/tty32/subsystem/tty2 HTTP/1.1" 200 3770 "-" "Mozilla/5.0 (Linux; Android 6.0.1; Nexus 5X Build/MMB29P) AppleWebKit/537.36 (KHTML, like Gecko) Chrome/141.0.7390.122 Mobile Safari/537.36 (compatible; GoogleOther)"
216.73.216.185 - - [06/Nov/2025:01:16:07 +0000] "GET /?fileloc=%2Fopt%2Fwpsites%2Fdatacloudnow.com%2Fwp-content%2Fplugins%2Fsalient-social%2Flanguages%2Fsalient-social.pot&path=%2Fopt%2Fwpsites%2Fdatacloudnow.com%2Fwp-content%2Fplugins%2Fsalient-social%2Flanguages HTTP/1.1" 499 0 "-" "Mozilla/5.0 AppleWebKit/537.36 (KHTML, like Gecko; compatible; ClaudeBot/1.0; +claudebot@anthropic.com)"
216.73.216.185 - - [06/Nov/2025:01:16:07 +0000] "GET /?fileloc=%2F%2Fusr%2Flib%2Ffirmware%2Fqcom%2Faic100%2Ffw2.bin.zst&path=%2F%2Fusr%2Flib%2Ffirmware%2Fqcom%2Faic100 HTTP/1.1" 499 0 "-" "Mozilla/5.0 AppleWebKit/537.36 (KHTML, like Gecko; compatible; ClaudeBot/1.0; +claudebot@anthropic.com)"
18.209.137.234 - - [06/Nov/2025:01:16:09 +0000] "GET /about-us/?path=//sys/class/input/input1/subsystem/mouse0/device/subsystem/mouse0/device/subsystem/input1/input1::numlock/device/device/firmware_node/physical_node/subsystem HTTP/1.1" 499 0 "-" "Mozilla/5.0 AppleWebKit/537.36 (KHTML, like Gecko; compatible; Amazonbot/0.1; +https://developer.amazon.com/support/amazonbot) Chrome/119.0.6045.214 Safari/537.36"
18.205.213.231 - - [06/Nov/2025:01:16:14 +0000] "GET /about-us/?path=//sys/class/leds/input1::capslock/subsystem/input1::numlock/device/device/firmware_node/physical_node/firmware_node/physical_node1/input/input1/subsystem/event1/device/input1::numlock/subsystem/input1::scrolllock HTTP/1.1" 499 0 "-" "Mozilla/5.0 AppleWebKit/537.36 (KHTML, like Gecko; compatible; Amazonbot/0.1; +https://developer.amazon.com/support/amazonbot) Chrome/119.0.6045.214 Safari/537.36"
216.73.216.185 - - [06/Nov/2025:01:16:14 +0000] "GET /?path=%2Fopt%2Fwpsites%2Fdatainsightnow.com%2Fwp-content%2Fplugins%2Fessential-blocks%2Fblocks%2Faccordion HTTP/1.1" 499 0 "-" "Mozilla/5.0 AppleWebKit/537.36 (KHTML, like Gecko; compatible; ClaudeBot/1.0; +claudebot@anthropic.com)"
216.73.216.185 - - [06/Nov/2025:01:16:15 +0000] "GET /?fileloc=%2F%2Fusr%2Finclude%2Fdrm%2Flima_drm.h&path=%2F%2Fusr%2Finclude%2Fdrm HTTP/1.1" 499 0 "-" "Mozilla/5.0 AppleWebKit/537.36 (KHTML, like Gecko; compatible; ClaudeBot/1.0; +claudebot@anthropic.com)"
216.73.216.185 - - [06/Nov/2025:01:16:15 +0000] "GET /?fileloc=%2F%2Flib%2Fpython3%2Fdist-packages%2Furllib3%2F__init__.py&path=%2F%2Flib%2Fpython3%2Fdist-packages%2Furllib3 HTTP/1.1" 499 0 "-" "Mozilla/5.0 AppleWebKit/537.36 (KHTML, like Gecko; compatible; ClaudeBot/1.0; +claudebot@anthropic.com)"
50.16.216.166 - - [06/Nov/2025:01:16:18 +0000] "GET /about-us/?path=//sys/class/leds/input1::capslock/subsystem/input1::numlock/device/device/firmware_node/physical_node/firmware_node/subsystem/devices/device:0b/subsystem/devices/device:03/subsystem/drivers/hpet HTTP/1.1" 499 0 "-" "Mozilla/5.0 AppleWebKit/537.36 (KHTML, like Gecko; compatible; Amazonbot/0.1; +https://developer.amazon.com/support/amazonbot) Chrome/119.0.6045.214 Safari/537.36"
74.7.227.155 - - [06/Nov/2025:01:16:19 +0000] "GET /?path=//sys/class/net/enp1s0/device/net/enp1s0/device/subsystem/devices/virtio1/block/vda/vda1/subsystem/loop2/subsystem/vda/device HTTP/1.1" 200 4046 "-" "Mozilla/5.0 AppleWebKit/537.36 (KHTML, like Gecko; compatible; GPTBot/1.2; +https://openai.com/gptbot)"
74.7.227.68 - - [06/Nov/2025:01:16:20 +0000] "GET /?path=//sys/bus/node/devices/node0/memory2/subsystem/devices/memory5/subsystem/devices/memory1/subsystem/devices/memory7/node0/cpu0/firmware_node/physical_node/power HTTP/1.1" 200 4065 "-" "Mozilla/5.0 AppleWebKit/537.36 (KHTML, like Gecko; compatible; GPTBot/1.2; +https://openai.com/gptbot)"
98.83.94.113 - - [06/Nov/2025:01:16:22 +0000] "GET /about-us/?path=//sys/class/leds/input1::capslock/subsystem/input1::numlock/device/device/firmware_node/physical_node/firmware_node/physical_node1/input/input1/input1::numlock/device/input1::numlock/device/subsystem/input4 HTTP/1.1" 499 0 "-" "Mozilla/5.0 AppleWebKit/537.36 (KHTML, like Gecko; compatible; Amazonbot/0.1; +https://developer.amazon.com/support/amazonbot) Chrome/119.0.6045.214 Safari/537.36"
