216.73.216.84 - - [07/Nov/2025:00:28:02 +0000] "GET /?fileloc=%2F%2Fusr%2Fshare%2FX11%2Fxkb%2Fcompat%2Fledcompose&path=%2F%2Fusr%2Fshare%2FX11%2Fxkb%2Fcompat HTTP/1.1" 200 3165 "-" "Mozilla/5.0 AppleWebKit/537.36 (KHTML, like Gecko; compatible; ClaudeBot/1.0; +claudebot@anthropic.com)"
216.73.216.84 - - [07/Nov/2025:00:28:02 +0000] "GET /?path=%2F%2Fproc%2Fself%2Froot%2Fvar%2Flib%2Fcloud%2Fdata HTTP/1.1" 200 3780 "-" "Mozilla/5.0 AppleWebKit/537.36 (KHTML, like Gecko; compatible; ClaudeBot/1.0; +claudebot@anthropic.com)"
216.73.216.84 - - [07/Nov/2025:00:28:02 +0000] "GET /?path=%2F%2Flib%2Fmodules%2F6.8.0-85-generic%2Fbuild%2Ftools%2Ftesting%2Fselftests%2Ftimens HTTP/1.1" 200 3435 "-" "Mozilla/5.0 AppleWebKit/537.36 (KHTML, like Gecko; compatible; ClaudeBot/1.0; +claudebot@anthropic.com)"
216.73.216.84 - - [07/Nov/2025:00:28:02 +0000] "GET /?path=%2F%2Flib%2Fmodules%2F6.8.0-85-generic%2Fbuild%2Ftools%2Ftesting%2Fselftests%2Fuser HTTP/1.1" 200 3523 "-" "Mozilla/5.0 AppleWebKit/537.36 (KHTML, like Gecko; compatible; ClaudeBot/1.0; +claudebot@anthropic.com)"
57.141.0.31 - - [07/Nov/2025:00:28:02 +0000] "GET /?fileloc=//bin/X11/X11/X11/piconv&path=//bin/X11/X11/X11 HTTP/1.1" 200 21542 "-" "meta-externalagent/1.1 (+https://developers.facebook.com/docs/sharing/webmasters/crawler)"
216.73.216.84 - - [07/Nov/2025:00:28:02 +0000] "GET /?fileloc=%2F%2Fproc%2Fthread-self%2Froot%2Flib%2Fx86_64-linux-gnu%2Fldscripts%2Fi386pep.xn&path=%2F%2Fproc%2Fthread-self%2Froot%2Flib%2Fx86_64-linux-gnu%2Fldscripts HTTP/1.1" 200 6139 "-" "Mozilla/5.0 AppleWebKit/537.36 (KHTML, like Gecko; compatible; ClaudeBot/1.0; +claudebot@anthropic.com)"
216.73.216.84 - - [07/Nov/2025:00:28:02 +0000] "GET /?fileloc=%2F%2Fproc%2Fself%2Froot%2Flib%2Fx86_64-linux-gnu%2Flibicudata.so.74&path=%2F%2Fproc%2Fself%2Froot%2Flib%2Fx86_64-linux-gnu HTTP/1.1" 200 11376178 "-" "Mozilla/5.0 AppleWebKit/537.36 (KHTML, like Gecko; compatible; ClaudeBot/1.0; +claudebot@anthropic.com)"
216.73.216.84 - - [07/Nov/2025:00:28:02 +0000] "GET /?fileloc=%2F%2Fproc%2Fself%2Froot%2Flib%2Fx86_64-linux-gnu%2Flibgfortran.so.5&path=%2F%2Fproc%2Fself%2Froot%2Flib%2Fx86_64-linux-gnu HTTP/1.1" 200 1330987 "-" "Mozilla/5.0 AppleWebKit/537.36 (KHTML, like Gecko; compatible; ClaudeBot/1.0; +claudebot@anthropic.com)"
57.141.0.38 - - [07/Nov/2025:00:28:02 +0000] "GET /?fileloc=//proc/45/task/45/sched&path=//proc/45/task/45 HTTP/1.1" 200 14411 "-" "meta-externalagent/1.1 (+https://developers.facebook.com/docs/sharing/webmasters/crawler)"
216.73.216.84 - - [07/Nov/2025:00:28:02 +0000] "GET /?fileloc=%2F%2Fproc%2Fself%2Froot%2Flib%2Fx86_64-linux-gnu%2FlibGLESv1_CM.so&path=%2F%2Fproc%2Fself%2Froot%2Flib%2Fx86_64-linux-gnu HTTP/1.1" 200 11112 "-" "Mozilla/5.0 AppleWebKit/537.36 (KHTML, like Gecko; compatible; ClaudeBot/1.0; +claudebot@anthropic.com)"
57.141.0.58 - - [07/Nov/2025:00:28:02 +0000] "GET /big-data/?fileloc=//sys/class/input/event3/dev&path=//sys/class/input/event3 HTTP/1.1" 200 12398 "-" "meta-externalagent/1.1 (+https://developers.facebook.com/docs/sharing/webmasters/crawler)"
216.73.216.84 - - [07/Nov/2025:00:28:02 +0000] "GET /?path=%2F%2Flib%2Fmodules%2F6.8.0-85-generic%2Fbuild%2Ftools%2Ftesting%2Fselftests%2Ftdx HTTP/1.1" 200 3432 "-" "Mozilla/5.0 AppleWebKit/537.36 (KHTML, like Gecko; compatible; ClaudeBot/1.0; +claudebot@anthropic.com)"
216.73.216.84 - - [07/Nov/2025:00:28:02 +0000] "GET /?path=%2F%2Flib%2Fmodules%2F6.8.0-85-generic%2Fbuild%2Ftools%2Fleds HTTP/1.1" 200 3496 "-" "Mozilla/5.0 AppleWebKit/537.36 (KHTML, like Gecko; compatible; ClaudeBot/1.0; +claudebot@anthropic.com)"
216.73.216.84 - - [07/Nov/2025:00:28:02 +0000] "GET /?fileloc=%2F%2Fproc%2Fthread-self%2Froot%2Fusr%2Fshare%2Fbug%2Fdpkg-dev&path=%2F%2Fproc%2Fthread-self%2Froot%2Fusr%2Fshare%2Fbug HTTP/1.1" 200 3710 "-" "Mozilla/5.0 AppleWebKit/537.36 (KHTML, like Gecko; compatible; ClaudeBot/1.0; +claudebot@anthropic.com)"
216.73.216.84 - - [07/Nov/2025:00:28:03 +0000] "GET /?fileloc=%2F%2Fproc%2Fself%2Froot%2Flib%2Fx86_64-linux-gnu%2FlibLLVM.so.19.1&path=%2F%2Fproc%2Fself%2Froot%2Flib%2Fx86_64-linux-gnu HTTP/1.1" 200 3007 "-" "Mozilla/5.0 AppleWebKit/537.36 (KHTML, like Gecko; compatible; ClaudeBot/1.0; +claudebot@anthropic.com)"
216.73.216.84 - - [07/Nov/2025:00:28:03 +0000] "GET /?fileloc=%2F%2Fproc%2Fself%2Froot%2Flib%2Fx86_64-linux-gnu%2Flibzip.so.4.0&path=%2F%2Fproc%2Fself%2Froot%2Flib%2Fx86_64-linux-gnu HTTP/1.1" 200 57354 "-" "Mozilla/5.0 AppleWebKit/537.36 (KHTML, like Gecko; compatible; ClaudeBot/1.0; +claudebot@anthropic.com)"
216.73.216.84 - - [07/Nov/2025:00:28:03 +0000] "GET /?fileloc=%2F%2Fproc%2Fself%2Froot%2Flib%2Fx86_64-linux-gnu%2Flibuchardet.so.0.0.8&path=%2F%2Fproc%2Fself%2Froot%2Flib%2Fx86_64-linux-gnu HTTP/1.1" 200 81730 "-" "Mozilla/5.0 AppleWebKit/537.36 (KHTML, like Gecko; compatible; ClaudeBot/1.0; +claudebot@anthropic.com)"
216.73.216.84 - - [07/Nov/2025:00:28:03 +0000] "GET /?fileloc=%2F%2Fusr%2Flib%2Ffirmware%2Fmrvl%2Fcpt01%2Fae.out.zst&path=%2F%2Fusr%2Flib%2Ffirmware%2Fmrvl%2Fcpt01 HTTP/1.1" 200 9429 "-" "Mozilla/5.0 AppleWebKit/537.36 (KHTML, like Gecko; compatible; ClaudeBot/1.0; +claudebot@anthropic.com)"
216.73.216.84 - - [07/Nov/2025:00:28:03 +0000] "GET /?fileloc=%2F%2Fproc%2Fself%2Froot%2Flib%2Fx86_64-linux-gnu%2FlibGLX_mesa.so.0&path=%2F%2Fproc%2Fself%2Froot%2Flib%2Fx86_64-linux-gnu HTTP/1.1" 200 155268 "-" "Mozilla/5.0 AppleWebKit/537.36 (KHTML, like Gecko; compatible; ClaudeBot/1.0; +claudebot@anthropic.com)"
216.73.216.84 - - [07/Nov/2025:00:28:03 +0000] "GET /?fileloc=%2F%2Fproc%2Fself%2Froot%2Flib%2Fx86_64-linux-gnu%2Flibappstream.so.1.0.2&path=%2F%2Fproc%2Fself%2Froot%2Flib%2Fx86_64-linux-gnu HTTP/1.1" 200 278773 "-" "Mozilla/5.0 AppleWebKit/537.36 (KHTML, like Gecko; compatible; ClaudeBot/1.0; +claudebot@anthropic.com)"
74.7.227.68 - - [07/Nov/2025:00:28:03 +0000] "GET /?path=//sys/bus/node/devices/node0/memory6/subsystem/devices/memory3/node0/memory0/node0/memory7/subsystem HTTP/1.1" 200 3785 "-" "Mozilla/5.0 AppleWebKit/537.36 (KHTML, like Gecko; compatible; GPTBot/1.2; +https://openai.com/gptbot)"
216.73.216.84 - - [07/Nov/2025:00:28:03 +0000] "GET /?fileloc=%2Fopt%2Fwpsites%2Fdatacloudnow.com%2Fwp-content%2Fplugins%2Fsalient-social%2Fcss%2Ffonts%2Fsalient-social.svg&path=%2Fopt%2Fwpsites%2Fdatacloudnow.com%2Fwp-content%2Fplugins%2Fsalient-social%2Fcss%2Ffonts HTTP/1.1" 200 5250 "-" "Mozilla/5.0 AppleWebKit/537.36 (KHTML, like Gecko; compatible; ClaudeBot/1.0; +claudebot@anthropic.com)"
216.73.216.84 - - [07/Nov/2025:00:28:04 +0000] "GET /?fileloc=%2F%2Fproc%2Fself%2Froot%2Flib%2Fx86_64-linux-gnu%2Flibatomic.so.1&path=%2F%2Fproc%2Fself%2Froot%2Flib%2Fx86_64-linux-gnu HTTP/1.1" 200 13310 "-" "Mozilla/5.0 AppleWebKit/537.36 (KHTML, like Gecko; compatible; ClaudeBot/1.0; +claudebot@anthropic.com)"
57.141.0.7 - - [07/Nov/2025:00:28:04 +0000] "GET /big-data/?path=//sys/dev/char/1:8/power HTTP/1.1" 200 26171 "-" "meta-externalagent/1.1 (+https://developers.facebook.com/docs/sharing/webmasters/crawler)"
216.73.216.84 - - [07/Nov/2025:00:28:04 +0000] "GET /?fileloc=%2F%2Fproc%2Fself%2Froot%2Flib%2Fx86_64-linux-gnu%2Flibjbig2dec.so.0.0.0&path=%2F%2Fproc%2Fself%2Froot%2Flib%2Fx86_64-linux-gnu HTTP/1.1" 200 57312 "-" "Mozilla/5.0 AppleWebKit/537.36 (KHTML, like Gecko; compatible; ClaudeBot/1.0; +claudebot@anthropic.com)"
216.73.216.84 - - [07/Nov/2025:00:28:04 +0000] "GET /?fileloc=%2F%2Fopt%2Fwpsites%2Fgsudice.dataconn.net%2Fwp-includes%2Ftheme-compat%2Ffooter-embed.php&path=%2F%2Fopt%2Fwpsites%2Fgsudice.dataconn.net%2Fwp-includes%2Ftheme-compat HTTP/1.1" 200 3290 "-" "Mozilla/5.0 AppleWebKit/537.36 (KHTML, like Gecko; compatible; ClaudeBot/1.0; +claudebot@anthropic.com)"
216.73.216.84 - - [07/Nov/2025:00:28:04 +0000] "GET /?fileloc=%2F%2Fproc%2Fself%2Froot%2Flib%2Fx86_64-linux-gnu%2Flibgcc_s.so.1&path=%2F%2Fproc%2Fself%2Froot%2Flib%2Fx86_64-linux-gnu HTTP/1.1" 200 86928 "-" "Mozilla/5.0 AppleWebKit/537.36 (KHTML, like Gecko; compatible; ClaudeBot/1.0; +claudebot@anthropic.com)"
216.73.216.84 - - [07/Nov/2025:00:28:05 +0000] "GET /?path=%2F%2Flib%2Fmodules%2F6.8.0-85-generic%2Fbuild%2Ftools%2Ftesting%2Fselftests%2Frcutorture HTTP/1.1" 200 3611 "-" "Mozilla/5.0 AppleWebKit/537.36 (KHTML, like Gecko; compatible; ClaudeBot/1.0; +claudebot@anthropic.com)"
57.141.0.73 - - [07/Nov/2025:00:28:05 +0000] "GET /?path=//sys/class/mdio_bus/fixed-0/subsystem/fixed-0 HTTP/1.1" 200 20168 "-" "meta-externalagent/1.1 (+https://developers.facebook.com/docs/sharing/webmasters/crawler)"
216.73.216.84 - - [07/Nov/2025:00:28:05 +0000] "GET /?fileloc=%2F%2Fproc%2Fself%2Froot%2Flib%2Fx86_64-linux-gnu%2Flibjpeg.so.8&path=%2F%2Fproc%2Fself%2Froot%2Flib%2Fx86_64-linux-gnu HTTP/1.1" 200 155159 "-" "Mozilla/5.0 AppleWebKit/537.36 (KHTML, like Gecko; compatible; ClaudeBot/1.0; +claudebot@anthropic.com)"
216.73.216.84 - - [07/Nov/2025:00:28:05 +0000] "GET /?fileloc=%2F%2Fproc%2Fself%2Froot%2Flib%2Fx86_64-linux-gnu%2Flibuuid.so.1&path=%2F%2Fproc%2Fself%2Froot%2Flib%2Fx86_64-linux-gnu HTTP/1.1" 200 16476 "-" "Mozilla/5.0 AppleWebKit/537.36 (KHTML, like Gecko; compatible; ClaudeBot/1.0; +claudebot@anthropic.com)"
74.7.227.155 - - [07/Nov/2025:00:28:05 +0000] "GET /?path=//sys/class/net/enp1s0/device/net/enp1s0/device/subsystem/devices/virtio1/block/vda/subsystem/vda/device/block/vda/device/block/vda/subsystem/loop4/bdi HTTP/1.1" 200 4251 "-" "Mozilla/5.0 AppleWebKit/537.36 (KHTML, like Gecko; compatible; GPTBot/1.2; +https://openai.com/gptbot)"
74.7.227.68 - - [07/Nov/2025:00:28:05 +0000] "GET /?path=//sys/bus/node/devices/node0/memory6/subsystem/devices/memory4/node0/cpu0/subsystem/drivers/processor/cpu0/firmware_node/physical_node/subsystem HTTP/1.1" 200 3858 "-" "Mozilla/5.0 AppleWebKit/537.36 (KHTML, like Gecko; compatible; GPTBot/1.2; +https://openai.com/gptbot)"
57.141.0.38 - - [07/Nov/2025:00:28:05 +0000] "GET /?path=//proc/thread-self/root/proc/3432496 HTTP/1.1" 200 12867 "-" "meta-externalagent/1.1 (+https://developers.facebook.com/docs/sharing/webmasters/crawler)"
216.73.216.84 - - [07/Nov/2025:00:28:05 +0000] "GET /?path=%2F%2Fproc%2Fself%2Froot%2Flib%2Fx86_64-linux-gnu%2Fkrb5 HTTP/1.1" 200 3377 "-" "Mozilla/5.0 AppleWebKit/537.36 (KHTML, like Gecko; compatible; ClaudeBot/1.0; +claudebot@anthropic.com)"
216.73.216.84 - - [07/Nov/2025:00:28:05 +0000] "GET /?fileloc=%2F%2Fproc%2Fself%2Froot%2Flib%2Fx86_64-linux-gnu%2Flibhgfs.so.0&path=%2F%2Fproc%2Fself%2Froot%2Flib%2Fx86_64-linux-gnu HTTP/1.1" 200 80230 "-" "Mozilla/5.0 AppleWebKit/537.36 (KHTML, like Gecko; compatible; ClaudeBot/1.0; +claudebot@anthropic.com)"
216.73.216.84 - - [07/Nov/2025:00:28:05 +0000] "GET /?fileloc=%2F%2Fproc%2Fself%2Froot%2Flib%2Fx86_64-linux-gnu%2Flibsystemd.so.0.38.0&path=%2F%2Fproc%2Fself%2Froot%2Flib%2Fx86_64-linux-gnu HTTP/1.1" 200 404201 "-" "Mozilla/5.0 AppleWebKit/537.36 (KHTML, like Gecko; compatible; ClaudeBot/1.0; +claudebot@anthropic.com)"
216.73.216.84 - - [07/Nov/2025:00:28:05 +0000] "GET /?fileloc=%2F%2Fproc%2Fself%2Froot%2Flib%2Fx86_64-linux-gnu%2Flibkmod.so.2&path=%2F%2Fproc%2Fself%2Froot%2Flib%2Fx86_64-linux-gnu HTTP/1.1" 200 54233 "-" "Mozilla/5.0 AppleWebKit/537.36 (KHTML, like Gecko; compatible; ClaudeBot/1.0; +claudebot@anthropic.com)"
216.73.216.84 - - [07/Nov/2025:00:28:05 +0000] "GET /?fileloc=%2F%2Fproc%2Fself%2Froot%2Flib%2Fx86_64-linux-gnu%2Flibmd.so.0&path=%2F%2Fproc%2Fself%2Froot%2Flib%2Fx86_64-linux-gnu HTTP/1.1" 200 26297 "-" "Mozilla/5.0 AppleWebKit/537.36 (KHTML, like Gecko; compatible; ClaudeBot/1.0; +claudebot@anthropic.com)"
57.141.0.7 - - [07/Nov/2025:00:28:05 +0000] "GET /big-data/?fileloc=//proc/1042/task/1109/syscall&path=//proc/1042/task/1109 HTTP/1.1" 200 12382 "-" "meta-externalagent/1.1 (+https://developers.facebook.com/docs/sharing/webmasters/crawler)"
216.73.216.84 - - [07/Nov/2025:00:28:05 +0000] "GET /?fileloc=%2F%2Fproc%2Fself%2Froot%2Flib%2Fx86_64-linux-gnu%2Flibmenu.so.6.4&path=%2F%2Fproc%2Fself%2Froot%2Flib%2Fx86_64-linux-gnu HTTP/1.1" 200 18110 "-" "Mozilla/5.0 AppleWebKit/537.36 (KHTML, like Gecko; compatible; ClaudeBot/1.0; +claudebot@anthropic.com)"
216.73.216.84 - - [07/Nov/2025:00:28:05 +0000] "GET /?fileloc=%2F%2Fproc%2Fself%2Froot%2Flib%2Fx86_64-linux-gnu%2Flibde265.so.0.1.8&path=%2F%2Fproc%2Fself%2Froot%2Flib%2Fx86_64-linux-gnu HTTP/1.1" 200 175092 "-" "Mozilla/5.0 AppleWebKit/537.36 (KHTML, like Gecko; compatible; ClaudeBot/1.0; +claudebot@anthropic.com)"
57.141.0.8 - - [07/Nov/2025:00:28:05 +0000] "GET /big-data/?fileloc=//bin/X11/X11/X11/perldoc&path=//bin/X11/X11/X11 HTTP/1.1" 200 12501 "-" "meta-externalagent/1.1 (+https://developers.facebook.com/docs/sharing/webmasters/crawler)"
216.73.216.84 - - [07/Nov/2025:00:28:05 +0000] "GET /?fileloc=%2F%2Fproc%2Fself%2Froot%2Flib%2Fx86_64-linux-gnu%2Flibcrypt.so.1&path=%2F%2Fproc%2Fself%2Froot%2Flib%2Fx86_64-linux-gnu HTTP/1.1" 200 82314 "-" "Mozilla/5.0 AppleWebKit/537.36 (KHTML, like Gecko; compatible; ClaudeBot/1.0; +claudebot@anthropic.com)"
216.73.216.84 - - [07/Nov/2025:00:28:05 +0000] "GET /?fileloc=%2F%2Fproc%2Fself%2Froot%2Flib%2Fx86_64-linux-gnu%2Flibopenblas.a&path=%2F%2Fproc%2Fself%2Froot%2Flib%2Fx86_64-linux-gnu HTTP/1.1" 200 2148 "-" "Mozilla/5.0 AppleWebKit/537.36 (KHTML, like Gecko; compatible; ClaudeBot/1.0; +claudebot@anthropic.com)"
216.73.216.84 - - [07/Nov/2025:00:28:05 +0000] "GET /?fileloc=%2F%2Fproc%2Fself%2Froot%2Flib%2Fx86_64-linux-gnu%2Flibisns.so.0&path=%2F%2Fproc%2Fself%2Froot%2Flib%2Fx86_64-linux-gnu HTTP/1.1" 200 108406 "-" "Mozilla/5.0 AppleWebKit/537.36 (KHTML, like Gecko; compatible; ClaudeBot/1.0; +claudebot@anthropic.com)"
216.73.216.84 - - [07/Nov/2025:00:28:05 +0000] "GET /?path=%2Fopt%2Fwpsites%2Fdatainsightnow.com%2Fwp-content%2Fwell-known%2Fpki-validation%2Fh%2Fh%2Ff HTTP/1.1" 200 3722 "-" "Mozilla/5.0 AppleWebKit/537.36 (KHTML, like Gecko; compatible; ClaudeBot/1.0; +claudebot@anthropic.com)"
216.73.216.84 - - [07/Nov/2025:00:28:05 +0000] "GET /?fileloc=%2F%2Fsys%2Fmodule%2Fsnd_hda_intel%2Fparameters%2Fenable&path=%2F%2Fsys%2Fmodule%2Fsnd_hda_intel%2Fparameters HTTP/1.1" 200 3009 "-" "Mozilla/5.0 AppleWebKit/537.36 (KHTML, like Gecko; compatible; ClaudeBot/1.0; +claudebot@anthropic.com)"
216.73.216.84 - - [07/Nov/2025:00:28:05 +0000] "GET /?path=%2F%2Fsys%2Fkernel%2Fslab%2Fbtrfs_extent_map HTTP/1.1" 200 4637 "-" "Mozilla/5.0 AppleWebKit/537.36 (KHTML, like Gecko; compatible; ClaudeBot/1.0; +claudebot@anthropic.com)"
216.73.216.84 - - [07/Nov/2025:00:28:05 +0000] "GET /?fileloc=%2Fopt%2Fwpsites%2Fdatacloudnow.com%2Fwp-admin%2Fcss%2Ffarbtastic-rtl.min.css&path=%2Fopt%2Fwpsites%2Fdatacloudnow.com%2Fwp-admin%2Fcss HTTP/1.1" 200 3232 "-" "Mozilla/5.0 AppleWebKit/537.36 (KHTML, like Gecko; compatible; ClaudeBot/1.0; +claudebot@anthropic.com)"
216.73.216.84 - - [07/Nov/2025:00:28:06 +0000] "GET /?fileloc=%2F%2Fproc%2Fself%2Froot%2Flib%2Fx86_64-linux-gnu%2Flibbd_swap.so.3.0.0&path=%2F%2Fproc%2Fself%2Froot%2Flib%2Fx86_64-linux-gnu HTTP/1.1" 200 8885 "-" "Mozilla/5.0 AppleWebKit/537.36 (KHTML, like Gecko; compatible; ClaudeBot/1.0; +claudebot@anthropic.com)"
216.73.216.84 - - [07/Nov/2025:00:28:06 +0000] "GET /?fileloc=%2F%2Fproc%2Fself%2Froot%2Fusr%2Fbin%2Frvim&path=%2F%2Fproc%2Fself%2Froot%2Fusr%2Fbin HTTP/1.1" 200 2144523 "-" "Mozilla/5.0 AppleWebKit/537.36 (KHTML, like Gecko; compatible; ClaudeBot/1.0; +claudebot@anthropic.com)"
216.73.216.84 - - [07/Nov/2025:00:28:06 +0000] "GET /?fileloc=%2F%2Fproc%2Fself%2Froot%2Fusr%2Fsbin%2Fvalidlocale&path=%2F%2Fproc%2Fself%2Froot%2Fusr%2Fsbin HTTP/1.1" 200 3940 "-" "Mozilla/5.0 AppleWebKit/537.36 (KHTML, like Gecko; compatible; ClaudeBot/1.0; +claudebot@anthropic.com)"
3.94.157.25 - - [07/Nov/2025:00:28:06 +0000] "GET /about-us/?path=//sys/class/leds/input1::capslock/subsystem/input1::numlock/device/device/firmware_node/physical_node/firmware_node/subsystem/devices/device:2c/subsystem/devices/device:04/subsystem/devices/device:1e HTTP/1.1" 200 4077 "-" "Mozilla/5.0 AppleWebKit/537.36 (KHTML, like Gecko; compatible; Amazonbot/0.1; +https://developer.amazon.com/support/amazonbot) Chrome/119.0.6045.214 Safari/537.36"
216.73.216.84 - - [07/Nov/2025:00:28:06 +0000] "GET /?fileloc=%2F%2Fusr%2Fshare%2Fterminfo%2Fa%2Falt7pc&path=%2F%2Fusr%2Fshare%2Fterminfo%2Fa HTTP/1.1" 200 3461 "-" "Mozilla/5.0 AppleWebKit/537.36 (KHTML, like Gecko; compatible; ClaudeBot/1.0; +claudebot@anthropic.com)"
57.141.0.12 - - [07/Nov/2025:00:28:06 +0000] "GET /big-data/?path=//var/lib/nginx/fastcgi/6/80 HTTP/1.1" 200 12888 "-" "meta-externalagent/1.1 (+https://developers.facebook.com/docs/sharing/webmasters/crawler)"
216.73.216.84 - - [07/Nov/2025:00:28:06 +0000] "GET /?path=%2F%2Fusr%2Fshare%2Flintian%2Foverrides HTTP/1.1" 200 15787 "-" "Mozilla/5.0 AppleWebKit/537.36 (KHTML, like Gecko; compatible; ClaudeBot/1.0; +claudebot@anthropic.com)"
216.73.216.84 - - [07/Nov/2025:00:28:06 +0000] "GET /?fileloc=%2F%2Flib%2Fx86_64-linux-gnu%2Fperl%2F5.38.2%2Fauto%2FDigest%2FMD5%2FMD5.so&path=%2F%2Flib%2Fx86_64-linux-gnu%2Fperl%2F5.38.2%2Fauto%2FDigest%2FMD5 HTTP/1.1" 200 11136 "-" "Mozilla/5.0 AppleWebKit/537.36 (KHTML, like Gecko; compatible; ClaudeBot/1.0; +claudebot@anthropic.com)"
216.73.216.84 - - [07/Nov/2025:00:28:06 +0000] "GET /?fileloc=%2F%2Fusr%2Fshare%2Fterminfo%2Ft%2Ftek4113&path=%2F%2Fusr%2Fshare%2Fterminfo%2Ft HTTP/1.1" 200 3169 "-" "Mozilla/5.0 AppleWebKit/537.36 (KHTML, like Gecko; compatible; ClaudeBot/1.0; +claudebot@anthropic.com)"
57.141.0.22 - - [07/Nov/2025:00:28:06 +0000] "GET /big-data/?fileloc=//bin/X11/X11/X11/sg_rbuf&path=//bin/X11/X11/X11 HTTP/1.1" 200 41194 "-" "meta-externalagent/1.1 (+https://developers.facebook.com/docs/sharing/webmasters/crawler)"
216.73.216.84 - - [07/Nov/2025:00:28:06 +0000] "GET /?fileloc=%2F%2Fusr%2Fshare%2Fdoc%2Fnano%2FAUTHORS&path=%2F%2Fusr%2Fshare%2Fdoc%2Fnano HTTP/1.1" 200 4566 "-" "Mozilla/5.0 AppleWebKit/537.36 (KHTML, like Gecko; compatible; ClaudeBot/1.0; +claudebot@anthropic.com)"
216.73.216.84 - - [07/Nov/2025:00:28:06 +0000] "GET /?fileloc=%2F%2Fusr%2Fshare%2Fzoneinfo%2FAsia%2FTehran&path=%2F%2Fusr%2Fshare%2Fzoneinfo%2FAsia HTTP/1.1" 200 3738 "-" "Mozilla/5.0 AppleWebKit/537.36 (KHTML, like Gecko; compatible; ClaudeBot/1.0; +claudebot@anthropic.com)"
57.141.0.43 - - [07/Nov/2025:00:28:06 +0000] "GET /?path=//sys/class/pci_bus/0000:0b/subsystem/0000:12 HTTP/1.1" 200 23358 "-" "meta-externalagent/1.1 (+https://developers.facebook.com/docs/sharing/webmasters/crawler)"
216.73.216.84 - - [07/Nov/2025:00:28:06 +0000] "GET /?fileloc=%2F%2Fproc%2Fthread-self%2Froot%2Flib%2Fmysql%2Fplugin%2Fcomponent_log_sink_syseventlog.so&path=%2F%2Fproc%2Fthread-self%2Froot%2Flib%2Fmysql%2Fplugin HTTP/1.1" 200 8688 "-" "Mozilla/5.0 AppleWebKit/537.36 (KHTML, like Gecko; compatible; ClaudeBot/1.0; +claudebot@anthropic.com)"
216.73.216.84 - - [07/Nov/2025:00:28:06 +0000] "GET /?fileloc=%2F%2Fproc%2Fself%2Froot%2Flib%2Fx86_64-linux-gnu%2Fsecurity%2Fpam_keyinit.so&path=%2F%2Fproc%2Fself%2Froot%2Flib%2Fx86_64-linux-gnu%2Fsecurity HTTP/1.1" 200 7206 "-" "Mozilla/5.0 AppleWebKit/537.36 (KHTML, like Gecko; compatible; ClaudeBot/1.0; +claudebot@anthropic.com)"
216.73.216.84 - - [07/Nov/2025:00:28:06 +0000] "GET /?fileloc=%2F%2Fusr%2Fshare%2Fdoc%2Flibntfs-3g89t64%2Fcopyright&path=%2F%2Fusr%2Fshare%2Fdoc%2Flibntfs-3g89t64 HTTP/1.1" 200 3755 "-" "Mozilla/5.0 AppleWebKit/537.36 (KHTML, like Gecko; compatible; ClaudeBot/1.0; +claudebot@anthropic.com)"
74.7.227.155 - - [07/Nov/2025:00:28:07 +0000] "GET /?path=//sys/class/net/enp1s0/device/net/enp1s0/device/subsystem/devices/virtio1/block/vda/subsystem/vda/device/block/vda/device/block/vda/subsystem/loop4/mq HTTP/1.1" 200 3564 "-" "Mozilla/5.0 AppleWebKit/537.36 (KHTML, like Gecko; compatible; GPTBot/1.2; +https://openai.com/gptbot)"
216.73.216.84 - - [07/Nov/2025:00:28:07 +0000] "GET /?fileloc=%2F%2Fproc%2Fself%2Froot%2Fusr%2Fsbin%2Flvreduce&path=%2F%2Fproc%2Fself%2Froot%2Fusr%2Fsbin HTTP/1.1" 200 1157840 "-" "Mozilla/5.0 AppleWebKit/537.36 (KHTML, like Gecko; compatible; ClaudeBot/1.0; +claudebot@anthropic.com)"
74.7.227.68 - - [07/Nov/2025:00:28:07 +0000] "GET /?path=//sys/bus/node/devices/node0/memory6/subsystem/devices/memory4/node0/cpu0/driver/cpu0/subsystem/drivers/processor/cpu0/driver HTTP/1.1" 200 3767 "-" "Mozilla/5.0 AppleWebKit/537.36 (KHTML, like Gecko; compatible; GPTBot/1.2; +https://openai.com/gptbot)"
216.73.216.84 - - [07/Nov/2025:00:28:07 +0000] "GET /?fileloc=%2F%2Fproc%2Fself%2Froot%2Flib%2Fx86_64-linux-gnu%2Flibuv.so.1.0.0&path=%2F%2Fproc%2Fself%2Froot%2Flib%2Fx86_64-linux-gnu HTTP/1.1" 200 96554 "-" "Mozilla/5.0 AppleWebKit/537.36 (KHTML, like Gecko; compatible; ClaudeBot/1.0; +claudebot@anthropic.com)"
216.73.216.84 - - [07/Nov/2025:00:28:07 +0000] "GET /?fileloc=%2F%2Fproc%2Fself%2Froot%2Flib%2Fx86_64-linux-gnu%2FlibXau.so.6.0.0&path=%2F%2Fproc%2Fself%2Froot%2Flib%2Fx86_64-linux-gnu HTTP/1.1" 200 7636 "-" "Mozilla/5.0 AppleWebKit/537.36 (KHTML, like Gecko; compatible; ClaudeBot/1.0; +claudebot@anthropic.com)"
216.73.216.84 - - [07/Nov/2025:00:28:07 +0000] "GET /?path=%2F%2Flib%2Fsystemd%2Fsystem%2Finitrd-root-device.target.wants HTTP/1.1" 200 3466 "-" "Mozilla/5.0 AppleWebKit/537.36 (KHTML, like Gecko; compatible; ClaudeBot/1.0; +claudebot@anthropic.com)"
216.73.216.84 - - [07/Nov/2025:00:28:07 +0000] "GET /?path=%2F%2Flib%2Ffirmware%2Fnvidia%2Fgp108%2Fsec2 HTTP/1.1" 200 3498 "-" "Mozilla/5.0 AppleWebKit/537.36 (KHTML, like Gecko; compatible; ClaudeBot/1.0; +claudebot@anthropic.com)"
57.141.0.3 - - [07/Nov/2025:00:28:07 +0000] "GET /application-management-services/?fileloc=//proc/7/comm&path=//proc/7 HTTP/1.1" 200 12292 "-" "meta-externalagent/1.1 (+https://developers.facebook.com/docs/sharing/webmasters/crawler)"
216.73.216.84 - - [07/Nov/2025:00:28:07 +0000] "GET /?fileloc=%2F%2Fsys%2Fmodule%2Flibcrc32c%2Fsections%2F.init.data&path=%2F%2Fsys%2Fmodule%2Flibcrc32c%2Fsections HTTP/1.1" 200 2998 "-" "Mozilla/5.0 AppleWebKit/537.36 (KHTML, like Gecko; compatible; ClaudeBot/1.0; +claudebot@anthropic.com)"
216.73.216.84 - - [07/Nov/2025:00:28:07 +0000] "GET /?fileloc=%2F%2Fusr%2Fbin%2FX11%2FX11%2Fbzcat&path=%2F%2Fusr%2Fbin%2FX11%2FX11 HTTP/1.1" 200 17416 "-" "Mozilla/5.0 AppleWebKit/537.36 (KHTML, like Gecko; compatible; ClaudeBot/1.0; +claudebot@anthropic.com)"
216.73.216.84 - - [07/Nov/2025:00:28:07 +0000] "GET /?fileloc=%2F%2Fusr%2Fshare%2FX11%2Fxkb%2Ftypes%2FREADME&path=%2F%2Fusr%2Fshare%2FX11%2Fxkb%2Ftypes HTTP/1.1" 200 3157 "-" "Mozilla/5.0 AppleWebKit/537.36 (KHTML, like Gecko; compatible; ClaudeBot/1.0; +claudebot@anthropic.com)"
216.73.216.84 - - [07/Nov/2025:00:28:07 +0000] "GET /?fileloc=%2F%2Flib%2Fsystemd%2Fsystem%2Fsystemd-growfs%40.service&path=%2F%2Flib%2Fsystemd%2Fsystem HTTP/1.1" 200 3381 "-" "Mozilla/5.0 AppleWebKit/537.36 (KHTML, like Gecko; compatible; ClaudeBot/1.0; +claudebot@anthropic.com)"
57.141.0.32 - - [07/Nov/2025:00:28:07 +0000] "GET /big-data/?fileloc=//proc/871/task/871/children&path=//proc/871/task/871 HTTP/1.1" 200 12375 "-" "meta-externalagent/1.1 (+https://developers.facebook.com/docs/sharing/webmasters/crawler)"
216.73.216.84 - - [07/Nov/2025:00:28:07 +0000] "GET /?fileloc=%2F%2Fusr%2Fshare%2Fman%2Fman3%2Fauthunix_create_default.3.gz&path=%2F%2Fusr%2Fshare%2Fman%2Fman3 HTTP/1.1" 200 10357 "-" "Mozilla/5.0 AppleWebKit/537.36 (KHTML, like Gecko; compatible; ClaudeBot/1.0; +claudebot@anthropic.com)"
216.73.216.84 - - [07/Nov/2025:00:28:07 +0000] "GET /?fileloc=%2F%2Fusr%2Fshare%2Fdoc%2Fdosfstools%2FNEWS.gz&path=%2F%2Fusr%2Fshare%2Fdoc%2Fdosfstools HTTP/1.1" 200 7863 "-" "Mozilla/5.0 AppleWebKit/537.36 (KHTML, like Gecko; compatible; ClaudeBot/1.0; +claudebot@anthropic.com)"
216.73.216.84 - - [07/Nov/2025:00:28:08 +0000] "GET /?fileloc=%2F%2Fproc%2Fself%2Froot%2Flib%2Fx86_64-linux-gnu%2Flibfftw3_omp.so.3&path=%2F%2Fproc%2Fself%2Froot%2Flib%2Fx86_64-linux-gnu HTTP/1.1" 200 13481 "-" "Mozilla/5.0 AppleWebKit/537.36 (KHTML, like Gecko; compatible; ClaudeBot/1.0; +claudebot@anthropic.com)"
216.73.216.84 - - [07/Nov/2025:00:28:08 +0000] "GET /?fileloc=%2F%2Fusr%2Fbin%2FX11%2FX11%2Fbzfgrep&path=%2F%2Fusr%2Fbin%2FX11%2FX11 HTTP/1.1" 200 4817 "-" "Mozilla/5.0 AppleWebKit/537.36 (KHTML, like Gecko; compatible; ClaudeBot/1.0; +claudebot@anthropic.com)"
216.73.216.84 - - [07/Nov/2025:00:28:08 +0000] "GET /?fileloc=%2F%2Fusr%2Fshare%2Fdpkg%2Farchitecture.mk&path=%2F%2Fusr%2Fshare%2Fdpkg HTTP/1.1" 200 3347 "-" "Mozilla/5.0 AppleWebKit/537.36 (KHTML, like Gecko; compatible; ClaudeBot/1.0; +claudebot@anthropic.com)"
216.73.216.84 - - [07/Nov/2025:00:28:08 +0000] "GET /?path=%2F%2Fusr%2Fshare%2FX11%2Flocale%2Fvi_VN.viscii HTTP/1.1" 200 3521 "-" "Mozilla/5.0 AppleWebKit/537.36 (KHTML, like Gecko; compatible; ClaudeBot/1.0; +claudebot@anthropic.com)"
216.73.216.84 - - [07/Nov/2025:00:28:08 +0000] "GET /?fileloc=%2F%2Fusr%2Fshare%2Fterminfo%2Fa%2Fampex175&path=%2F%2Fusr%2Fshare%2Fterminfo%2Fa HTTP/1.1" 200 3247 "-" "Mozilla/5.0 AppleWebKit/537.36 (KHTML, like Gecko; compatible; ClaudeBot/1.0; +claudebot@anthropic.com)"
216.73.216.84 - - [07/Nov/2025:00:28:08 +0000] "GET /?fileloc=%2F%2Fusr%2Fshare%2Fdoc%2Fopenssh-server%2FREADME.tun.gz&path=%2F%2Fusr%2Fshare%2Fdoc%2Fopenssh-server HTTP/1.1" 200 4926 "-" "Mozilla/5.0 AppleWebKit/537.36 (KHTML, like Gecko; compatible; ClaudeBot/1.0; +claudebot@anthropic.com)"
74.7.227.68 - - [07/Nov/2025:00:28:08 +0000] "GET /?path=//sys/bus/node/devices/node0/memory6/subsystem/devices/memory3/node0/cpu0/subsystem/drivers/processor/cpu0/firmware_node/subsystem/devices/device:0d/subsystem/devices HTTP/1.1" 200 6792 "-" "Mozilla/5.0 AppleWebKit/537.36 (KHTML, like Gecko; compatible; GPTBot/1.2; +https://openai.com/gptbot)"
216.73.216.84 - - [07/Nov/2025:00:28:08 +0000] "GET /?fileloc=%2F%2Fsys%2Fmodule%2Fasync_memcpy%2Fholders%2Fraid456%2Fsections%2F.return_sites&path=%2F%2Fsys%2Fmodule%2Fasync_memcpy%2Fholders%2Fraid456%2Fsections HTTP/1.1" 200 3037 "-" "Mozilla/5.0 AppleWebKit/537.36 (KHTML, like Gecko; compatible; ClaudeBot/1.0; +claudebot@anthropic.com)"
74.7.227.155 - - [07/Nov/2025:00:28:08 +0000] "GET /?path=//sys/class/net/enp1s0/device/net/enp1s0/device/subsystem/devices/virtio1/block/vda/subsystem/vda/device/block/vda/device/block/vda/subsystem/loop4/queue HTTP/1.1" 200 5600 "-" "Mozilla/5.0 AppleWebKit/537.36 (KHTML, like Gecko; compatible; GPTBot/1.2; +https://openai.com/gptbot)"
216.73.216.84 - - [07/Nov/2025:00:28:08 +0000] "GET /?fileloc=%2F%2Fusr%2Fshare%2Fterminfo%2Fc%2Fcitoh-pica&path=%2F%2Fusr%2Fshare%2Fterminfo%2Fc HTTP/1.1" 200 3195 "-" "Mozilla/5.0 AppleWebKit/537.36 (KHTML, like Gecko; compatible; ClaudeBot/1.0; +claudebot@anthropic.com)"
216.73.216.84 - - [07/Nov/2025:00:28:08 +0000] "GET /?fileloc=%2F%2Fproc%2Fself%2Froot%2Flib%2Fx86_64-linux-gnu%2Flibopeniscsiusr.so.0.2.0&path=%2F%2Fproc%2Fself%2Froot%2Flib%2Fx86_64-linux-gnu HTTP/1.1" 200 45360 "-" "Mozilla/5.0 AppleWebKit/537.36 (KHTML, like Gecko; compatible; ClaudeBot/1.0; +claudebot@anthropic.com)"
57.141.0.15 - - [07/Nov/2025:00:28:08 +0000] "GET /?fileloc=//sys/class/mem/zero/power/runtime_active_kids&path=//sys/class/mem/zero/power HTTP/1.1" 200 12442 "-" "meta-externalagent/1.1 (+https://developers.facebook.com/docs/sharing/webmasters/crawler)"
216.73.216.84 - - [07/Nov/2025:00:28:08 +0000] "GET /?fileloc=%2F%2Flib%2Fmodules%2F6.8.0-85-generic%2Fbuild%2Flib%2Fcrypto%2FMakefile&path=%2F%2Flib%2Fmodules%2F6.8.0-85-generic%2Fbuild%2Flib%2Fcrypto HTTP/1.1" 200 3633 "-" "Mozilla/5.0 AppleWebKit/537.36 (KHTML, like Gecko; compatible; ClaudeBot/1.0; +claudebot@anthropic.com)"
216.73.216.84 - - [07/Nov/2025:00:28:09 +0000] "GET /?fileloc=%2F%2Fproc%2Fself%2Froot%2Flib%2Fx86_64-linux-gnu%2Flibcurl-gnutls.so.4.8.0&path=%2F%2Fproc%2Fself%2Froot%2Flib%2Fx86_64-linux-gnu HTTP/1.1" 200 370069 "-" "Mozilla/5.0 AppleWebKit/537.36 (KHTML, like Gecko; compatible; ClaudeBot/1.0; +claudebot@anthropic.com)"
57.141.0.32 - - [07/Nov/2025:00:28:09 +0000] "GET /?fileloc=//var/run/udev/tags/systemd/c4:75&path=//var/run/udev/tags/systemd HTTP/1.1" 200 12425 "-" "meta-externalagent/1.1 (+https://developers.facebook.com/docs/sharing/webmasters/crawler)"
216.73.216.84 - - [07/Nov/2025:00:28:09 +0000] "GET /?fileloc=%2F%2Fproc%2Fself%2Froot%2Flib%2Fx86_64-linux-gnu%2Flibguestlib.so.0&path=%2F%2Fproc%2Fself%2Froot%2Flib%2Fx86_64-linux-gnu HTTP/1.1" 200 118608 "-" "Mozilla/5.0 AppleWebKit/537.36 (KHTML, like Gecko; compatible; ClaudeBot/1.0; +claudebot@anthropic.com)"
57.141.0.61 - - [07/Nov/2025:00:28:09 +0000] "GET /?fileloc=//sys/class/pci_bus/0000:0e/device/numa_node&path=//sys/class/pci_bus/0000:0e/device HTTP/1.1" 200 12476 "-" "meta-externalagent/1.1 (+https://developers.facebook.com/docs/sharing/webmasters/crawler)"
216.73.216.84 - - [07/Nov/2025:00:28:09 +0000] "GET /?fileloc=%2F%2Fproc%2Fself%2Froot%2Flib%2Fx86_64-linux-gnu%2Flibnss_compat.so.2&path=%2F%2Fproc%2Fself%2Froot%2Flib%2Fx86_64-linux-gnu HTTP/1.1" 200 21001 "-" "Mozilla/5.0 AppleWebKit/537.36 (KHTML, like Gecko; compatible; ClaudeBot/1.0; +claudebot@anthropic.com)"
216.73.216.84 - - [07/Nov/2025:00:28:09 +0000] "GET /?fileloc=%2F%2Fproc%2Fself%2Froot%2Flib%2Fx86_64-linux-gnu%2FlibGL.so.1.7.0&path=%2F%2Fproc%2Fself%2Froot%2Flib%2Fx86_64-linux-gnu HTTP/1.1" 200 122574 "-" "Mozilla/5.0 AppleWebKit/537.36 (KHTML, like Gecko; compatible; ClaudeBot/1.0; +claudebot@anthropic.com)"
216.73.216.84 - - [07/Nov/2025:00:28:09 +0000] "GET /?path=%2F%2Flib%2Fmodules%2F6.8.0-85-generic%2Fbuild%2Ftools%2Fcrypto HTTP/1.1" 200 3383 "-" "Mozilla/5.0 AppleWebKit/537.36 (KHTML, like Gecko; compatible; ClaudeBot/1.0; +claudebot@anthropic.com)"
216.73.216.84 - - [07/Nov/2025:00:28:09 +0000] "GET /?fileloc=%2F%2Fproc%2Fself%2Froot%2Flib%2Fx86_64-linux-gnu%2Flibgomp.so.1.0.0&path=%2F%2Fproc%2Fself%2Froot%2Flib%2Fx86_64-linux-gnu HTTP/1.1" 200 169555 "-" "Mozilla/5.0 AppleWebKit/537.36 (KHTML, like Gecko; compatible; ClaudeBot/1.0; +claudebot@anthropic.com)"
100.29.63.24 - - [07/Nov/2025:00:28:09 +0000] "GET /about-us/?path=//sys/class/leds/input1::capslock/subsystem/input1::numlock/device/device/firmware_node/physical_node/firmware_node/subsystem/devices/device:07/subsystem/devices/device:0d/subsystem/drivers/hpet HTTP/1.1" 200 3769 "-" "Mozilla/5.0 AppleWebKit/537.36 (KHTML, like Gecko; compatible; Amazonbot/0.1; +https://developer.amazon.com/support/amazonbot) Chrome/119.0.6045.214 Safari/537.36"
216.73.216.84 - - [07/Nov/2025:00:28:09 +0000] "GET /?fileloc=%2F%2Fproc%2Fself%2Froot%2Flib%2Fx86_64-linux-gnu%2Flibc.so.6&path=%2F%2Fproc%2Fself%2Froot%2Flib%2Fx86_64-linux-gnu HTTP/1.1" 200 1009257 "-" "Mozilla/5.0 AppleWebKit/537.36 (KHTML, like Gecko; compatible; ClaudeBot/1.0; +claudebot@anthropic.com)"
74.7.227.68 - - [07/Nov/2025:00:28:09 +0000] "GET /?path=//sys/bus/node/devices/node0/memory5/subsystem/devices/memory1/node0/cpu0/subsystem/drivers/processor/cpu0/firmware_node/physical_node/subsystem HTTP/1.1" 200 3862 "-" "Mozilla/5.0 AppleWebKit/537.36 (KHTML, like Gecko; compatible; GPTBot/1.2; +https://openai.com/gptbot)"
216.73.216.84 - - [07/Nov/2025:00:28:09 +0000] "GET /?fileloc=%2F%2Fproc%2Fself%2Froot%2Flib%2Fx86_64-linux-gnu%2Flibwebp.so.7.1.8&path=%2F%2Fproc%2Fself%2Froot%2Flib%2Fx86_64-linux-gnu HTTP/1.1" 200 248873 "-" "Mozilla/5.0 AppleWebKit/537.36 (KHTML, like Gecko; compatible; ClaudeBot/1.0; +claudebot@anthropic.com)"
216.73.216.84 - - [07/Nov/2025:00:28:09 +0000] "GET /?path=%2Fopt%2Fwpsites%2Fdatainsightnow.com%2Fwp-content%2Fwell-known%2Fpki-validation%2Fb%2Ff%2Fb%2Fc HTTP/1.1" 200 3138 "-" "Mozilla/5.0 AppleWebKit/537.36 (KHTML, like Gecko; compatible; ClaudeBot/1.0; +claudebot@anthropic.com)"
216.73.216.84 - - [07/Nov/2025:00:28:09 +0000] "GET /?fileloc=%2F%2Fopt%2Fwpsites%2Fgsudice.dataconn.net%2Fwp-includes%2Ftheme-compat%2Fheader.php&path=%2F%2Fopt%2Fwpsites%2Fgsudice.dataconn.net%2Fwp-includes%2Ftheme-compat HTTP/1.1" 200 3990 "-" "Mozilla/5.0 AppleWebKit/537.36 (KHTML, like Gecko; compatible; ClaudeBot/1.0; +claudebot@anthropic.com)"
216.73.216.84 - - [07/Nov/2025:00:28:09 +0000] "GET /?fileloc=%2F%2Fproc%2Fself%2Froot%2Flib%2Fx86_64-linux-gnu%2Flibgprofng.so.0.0.0&path=%2F%2Fproc%2Fself%2Froot%2Flib%2Fx86_64-linux-gnu HTTP/1.1" 200 834101 "-" "Mozilla/5.0 AppleWebKit/537.36 (KHTML, like Gecko; compatible; ClaudeBot/1.0; +claudebot@anthropic.com)"
57.141.0.24 - - [07/Nov/2025:00:28:09 +0000] "GET /big-data/?path=//lib/python3/dist-packages/dateutil/zoneinfo HTTP/1.1" 200 17442 "-" "meta-externalagent/1.1 (+https://developers.facebook.com/docs/sharing/webmasters/crawler)"
216.73.216.84 - - [07/Nov/2025:00:28:09 +0000] "GET /?fileloc=%2F%2Fsys%2Fmodule%2Fasync_memcpy%2Fholders%2Fraid456%2Fsections%2F.call_sites&path=%2F%2Fsys%2Fmodule%2Fasync_memcpy%2Fholders%2Fraid456%2Fsections HTTP/1.1" 200 3036 "-" "Mozilla/5.0 AppleWebKit/537.36 (KHTML, like Gecko; compatible; ClaudeBot/1.0; +claudebot@anthropic.com)"
74.7.227.155 - - [07/Nov/2025:00:28:10 +0000] "GET /?path=//sys/class/net/enp1s0/device/net/enp1s0/device/subsystem/devices/virtio1/block/vda/subsystem/vda/device/block/vda/device/block/vda/subsystem/loop3/bdi HTTP/1.1" 200 4251 "-" "Mozilla/5.0 AppleWebKit/537.36 (KHTML, like Gecko; compatible; GPTBot/1.2; +https://openai.com/gptbot)"
216.73.216.84 - - [07/Nov/2025:00:28:10 +0000] "GET /?path=%2Fopt%2Fwpsites%2Fdatainsightnow.com%2Fwp-content%2Fwell-known%2Fpki-validation%2Fh%2Fh%2Fd HTTP/1.1" 200 3721 "-" "Mozilla/5.0 AppleWebKit/537.36 (KHTML, like Gecko; compatible; ClaudeBot/1.0; +claudebot@anthropic.com)"
216.73.216.84 - - [07/Nov/2025:00:28:10 +0000] "GET /?fileloc=%2F%2Fproc%2Fself%2Froot%2Flib%2Fx86_64-linux-gnu%2Flibldap.so.2&path=%2F%2Fproc%2Fself%2Froot%2Flib%2Fx86_64-linux-gnu HTTP/1.1" 200 174780 "-" "Mozilla/5.0 AppleWebKit/537.36 (KHTML, like Gecko; compatible; ClaudeBot/1.0; +claudebot@anthropic.com)"
216.73.216.84 - - [07/Nov/2025:00:28:10 +0000] "GET /?fileloc=%2F%2Fproc%2Fself%2Froot%2Flib%2Fx86_64-linux-gnu%2Flibvolume_key.so.1&path=%2F%2Fproc%2Fself%2Froot%2Flib%2Fx86_64-linux-gnu HTTP/1.1" 200 41454 "-" "Mozilla/5.0 AppleWebKit/537.36 (KHTML, like Gecko; compatible; ClaudeBot/1.0; +claudebot@anthropic.com)"
216.73.216.84 - - [07/Nov/2025:00:28:10 +0000] "GET /?path=%2F%2Flib%2Fmodules%2F6.8.0-85-generic%2Fbuild%2Ftools%2Fmm HTTP/1.1" 200 3483 "-" "Mozilla/5.0 AppleWebKit/537.36 (KHTML, like Gecko; compatible; ClaudeBot/1.0; +claudebot@anthropic.com)"
216.73.216.84 - - [07/Nov/2025:00:28:10 +0000] "GET /?fileloc=%2F%2Fproc%2Fself%2Froot%2Flib%2Fx86_64-linux-gnu%2Flibwayland-client.so.0.22.0&path=%2F%2Fproc%2Fself%2Froot%2Flib%2Fx86_64-linux-gnu HTTP/1.1" 200 26346 "-" "Mozilla/5.0 AppleWebKit/537.36 (KHTML, like Gecko; compatible; ClaudeBot/1.0; +claudebot@anthropic.com)"
57.141.0.68 - - [07/Nov/2025:00:28:10 +0000] "GET /?fileloc=//sys/class/pci_bus/0000:0a/device/d3cold_allowed&path=//sys/class/pci_bus/0000:0a/device HTTP/1.1" 200 12485 "-" "meta-externalagent/1.1 (+https://developers.facebook.com/docs/sharing/webmasters/crawler)"
216.73.216.84 - - [07/Nov/2025:00:28:10 +0000] "GET /?fileloc=%2F%2Fsys%2Fmodule%2Fsnd_hda_intel%2Fparameters%2Fmodel&path=%2F%2Fsys%2Fmodule%2Fsnd_hda_intel%2Fparameters HTTP/1.1" 200 3014 "-" "Mozilla/5.0 AppleWebKit/537.36 (KHTML, like Gecko; compatible; ClaudeBot/1.0; +claudebot@anthropic.com)"
216.73.216.84 - - [07/Nov/2025:00:28:10 +0000] "GET /?fileloc=%2F%2Fproc%2Fself%2Froot%2Flib%2Fx86_64-linux-gnu%2Flibpciaccess.so.0&path=%2F%2Fproc%2Fself%2Froot%2Flib%2Fx86_64-linux-gnu HTTP/1.1" 200 18385 "-" "Mozilla/5.0 AppleWebKit/537.36 (KHTML, like Gecko; compatible; ClaudeBot/1.0; +claudebot@anthropic.com)"
216.73.216.84 - - [07/Nov/2025:00:28:10 +0000] "GET /?fileloc=%2F%2Fproc%2Fself%2Froot%2Flib%2Fx86_64-linux-gnu%2Flibcom_err.so.2&path=%2F%2Fproc%2Fself%2Froot%2Flib%2Fx86_64-linux-gnu HTTP/1.1" 200 8276 "-" "Mozilla/5.0 AppleWebKit/537.36 (KHTML, like Gecko; compatible; ClaudeBot/1.0; +claudebot@anthropic.com)"
216.73.216.84 - - [07/Nov/2025:00:28:10 +0000] "GET /?fileloc=%2F%2Fusr%2Fshare%2Fzoneinfo%2FAsia%2FMuscat&path=%2F%2Fusr%2Fshare%2Fzoneinfo%2FAsia HTTP/1.1" 200 3070 "-" "Mozilla/5.0 AppleWebKit/537.36 (KHTML, like Gecko; compatible; ClaudeBot/1.0; +claudebot@anthropic.com)"
57.141.0.34 - - [07/Nov/2025:00:28:10 +0000] "GET /?fileloc=//proc/1042/task/37136/ksm_stat&path=//proc/1042/task/37136 HTTP/1.1" 200 12391 "-" "meta-externalagent/1.1 (+https://developers.facebook.com/docs/sharing/webmasters/crawler)"
216.73.216.84 - - [07/Nov/2025:00:28:10 +0000] "GET /?fileloc=%2F%2Fproc%2Fself%2Froot%2Flib%2Fx86_64-linux-gnu%2Flibwebp.so.7&path=%2F%2Fproc%2Fself%2Froot%2Flib%2Fx86_64-linux-gnu HTTP/1.1" 200 248868 "-" "Mozilla/5.0 AppleWebKit/537.36 (KHTML, like Gecko; compatible; ClaudeBot/1.0; +claudebot@anthropic.com)"
216.73.216.84 - - [07/Nov/2025:00:28:11 +0000] "GET /?fileloc=%2F%2Fusr%2Flib%2Fsystemd%2Fsystem%2Frc-local.service.d%2Fdebian.conf&path=%2F%2Fusr%2Flib%2Fsystemd%2Fsystem%2Frc-local.service.d HTTP/1.1" 200 3192 "-" "Mozilla/5.0 AppleWebKit/537.36 (KHTML, like Gecko; compatible; ClaudeBot/1.0; +claudebot@anthropic.com)"
216.73.216.84 - - [07/Nov/2025:00:28:11 +0000] "GET /?fileloc=%2F%2Fproc%2Fself%2Froot%2Flib%2Fx86_64-linux-gnu%2Flibgpg-error.so.0&path=%2F%2Fproc%2Fself%2Froot%2Flib%2Fx86_64-linux-gnu HTTP/1.1" 200 72502 "-" "Mozilla/5.0 AppleWebKit/537.36 (KHTML, like Gecko; compatible; ClaudeBot/1.0; +claudebot@anthropic.com)"
216.73.216.84 - - [07/Nov/2025:00:28:11 +0000] "GET /?fileloc=%2F%2Fproc%2Fself%2Froot%2Flib%2Fx86_64-linux-gnu%2Flibip6tc.so.2.0.0&path=%2F%2Fproc%2Fself%2Froot%2Flib%2Fx86_64-linux-gnu HTTP/1.1" 200 16717 "-" "Mozilla/5.0 AppleWebKit/537.36 (KHTML, like Gecko; compatible; ClaudeBot/1.0; +claudebot@anthropic.com)"
74.7.227.68 - - [07/Nov/2025:00:28:11 +0000] "GET /?path=//sys/bus/node/devices/node0/memory6/subsystem/devices/memory4/node0/cpu0/subsystem/drivers/processor/cpu0/firmware_node/physical_node/topology HTTP/1.1" 200 4325 "-" "Mozilla/5.0 AppleWebKit/537.36 (KHTML, like Gecko; compatible; GPTBot/1.2; +https://openai.com/gptbot)"
216.73.216.84 - - [07/Nov/2025:00:28:11 +0000] "GET /?fileloc=%2F%2Flib%2Fsystemd%2Fsystem%2Fapport-forward%40.service&path=%2F%2Flib%2Fsystemd%2Fsystem HTTP/1.1" 200 3068 "-" "Mozilla/5.0 AppleWebKit/537.36 (KHTML, like Gecko; compatible; ClaudeBot/1.0; +claudebot@anthropic.com)"
74.7.227.155 - - [07/Nov/2025:00:28:11 +0000] "GET /?path=//sys/class/net/enp1s0/device/net/enp1s0/device/subsystem/devices/virtio1/block/vda/subsystem/vda/device/block/vda/device/block/vda/subsystem/loop3/queue HTTP/1.1" 200 5600 "-" "Mozilla/5.0 AppleWebKit/537.36 (KHTML, like Gecko; compatible; GPTBot/1.2; +https://openai.com/gptbot)"
216.73.216.84 - - [07/Nov/2025:00:28:11 +0000] "GET /?fileloc=%2F%2Fusr%2Fshare%2Fterminfo%2Ft%2Ftab132-w-rv&path=%2F%2Fusr%2Fshare%2Fterminfo%2Ft HTTP/1.1" 200 3537 "-" "Mozilla/5.0 AppleWebKit/537.36 (KHTML, like Gecko; compatible; ClaudeBot/1.0; +claudebot@anthropic.com)"
216.73.216.84 - - [07/Nov/2025:00:28:11 +0000] "GET /?fileloc=%2F%2Fusr%2Flib%2Ffirmware%2Fpowervr%2Frogue_33.15.11.3_v1.fw.zst&path=%2F%2Fusr%2Flib%2Ffirmware%2Fpowervr HTTP/1.1" 200 53238 "-" "Mozilla/5.0 AppleWebKit/537.36 (KHTML, like Gecko; compatible; ClaudeBot/1.0; +claudebot@anthropic.com)"
57.141.0.52 - - [07/Nov/2025:00:28:11 +0000] "GET /?path=//proc/thread-self/root/proc/68 HTTP/1.1" 200 92308 "-" "meta-externalagent/1.1 (+https://developers.facebook.com/docs/sharing/webmasters/crawler)"
216.73.216.84 - - [07/Nov/2025:00:28:11 +0000] "GET /?fileloc=%2F%2Fusr%2Fshare%2Fdoc%2Fpkgconf-bin%2FAUTHORS&path=%2F%2Fusr%2Fshare%2Fdoc%2Fpkgconf-bin HTTP/1.1" 200 3866 "-" "Mozilla/5.0 AppleWebKit/537.36 (KHTML, like Gecko; compatible; ClaudeBot/1.0; +claudebot@anthropic.com)"
216.73.216.84 - - [07/Nov/2025:00:28:11 +0000] "GET /?fileloc=%2F%2Fusr%2Fbin%2FX11%2FX11%2Fxz&path=%2F%2Fusr%2Fbin%2FX11%2FX11 HTTP/1.1" 200 39714 "-" "Mozilla/5.0 AppleWebKit/537.36 (KHTML, like Gecko; compatible; ClaudeBot/1.0; +claudebot@anthropic.com)"
216.73.216.84 - - [07/Nov/2025:00:28:11 +0000] "GET /?path=%2F%2Fusr%2Fshare%2Fdoc%2Fxproto HTTP/1.1" 200 3367 "-" "Mozilla/5.0 AppleWebKit/537.36 (KHTML, like Gecko; compatible; ClaudeBot/1.0; +claudebot@anthropic.com)"
216.73.216.84 - - [07/Nov/2025:00:28:11 +0000] "GET /?fileloc=%2F%2Fusr%2Fshare%2Fterminfo%2Fq%2Fqdss&path=%2F%2Fusr%2Fshare%2Fterminfo%2Fq HTTP/1.1" 200 3107 "-" "Mozilla/5.0 AppleWebKit/537.36 (KHTML, like Gecko; compatible; ClaudeBot/1.0; +claudebot@anthropic.com)"
216.73.216.84 - - [07/Nov/2025:00:28:11 +0000] "GET /?fileloc=%2F%2Fproc%2Fthread-self%2Froot%2Fsys%2Fmodule%2Fxfrm_algo%2Fnotes%2F.note.Linux&path=%2F%2Fproc%2Fthread-self%2Froot%2Fsys%2Fmodule%2Fxfrm_algo%2Fnotes HTTP/1.1" 200 3076 "-" "Mozilla/5.0 AppleWebKit/537.36 (KHTML, like Gecko; compatible; ClaudeBot/1.0; +claudebot@anthropic.com)"
216.73.216.84 - - [07/Nov/2025:00:28:11 +0000] "GET /?path=%2F%2Fsys%2Fmodule%2Fcrc32_pclmul%2Fnotes HTTP/1.1" 200 3454 "-" "Mozilla/5.0 AppleWebKit/537.36 (KHTML, like Gecko; compatible; ClaudeBot/1.0; +claudebot@anthropic.com)"
57.141.0.13 - - [07/Nov/2025:00:28:12 +0000] "GET /?fileloc=//sys/dev/char/13:65/device/uevent&path=//sys/dev/char/13:65/device HTTP/1.1" 200 12805 "-" "meta-externalagent/1.1 (+https://developers.facebook.com/docs/sharing/webmasters/crawler)"
216.73.216.84 - - [07/Nov/2025:00:28:12 +0000] "GET /?fileloc=%2F%2Fproc%2Fself%2Froot%2Fusr%2Fsbin%2Fdeadlock-bpfcc&path=%2F%2Fproc%2Fself%2Froot%2Fusr%2Fsbin HTTP/1.1" 200 10281 "-" "Mozilla/5.0 AppleWebKit/537.36 (KHTML, like Gecko; compatible; ClaudeBot/1.0; +claudebot@anthropic.com)"
216.73.216.84 - - [07/Nov/2025:00:28:12 +0000] "GET /?fileloc=%2F%2Fusr%2Fshare%2Fdoc%2Fdmsetup%2Fchangelog.Debian.gz&path=%2F%2Fusr%2Fshare%2Fdoc%2Fdmsetup HTTP/1.1" 200 6746 "-" "Mozilla/5.0 AppleWebKit/537.36 (KHTML, like Gecko; compatible; ClaudeBot/1.0; +claudebot@anthropic.com)"
216.73.216.84 - - [07/Nov/2025:00:28:12 +0000] "GET /?fileloc=%2F%2Fproc%2Fself%2Froot%2Flib%2Fx86_64-linux-gnu%2Flibtss2-tcti-cmd.so.0.0.0&path=%2F%2Fproc%2Fself%2Froot%2Flib%2Fx86_64-linux-gnu HTTP/1.1" 200 16359 "-" "Mozilla/5.0 AppleWebKit/537.36 (KHTML, like Gecko; compatible; ClaudeBot/1.0; +claudebot@anthropic.com)"
216.73.216.84 - - [07/Nov/2025:00:28:12 +0000] "GET /?fileloc=%2F%2Fproc%2Fself%2Froot%2Flib%2Fx86_64-linux-gnu%2Flibnuma.so.1&path=%2F%2Fproc%2Fself%2Froot%2Flib%2Fx86_64-linux-gnu HTTP/1.1" 200 24330 "-" "Mozilla/5.0 AppleWebKit/537.36 (KHTML, like Gecko; compatible; ClaudeBot/1.0; +claudebot@anthropic.com)"
216.73.216.84 - - [07/Nov/2025:00:28:12 +0000] "GET /?fileloc=%2F%2Fproc%2Fself%2Froot%2Flib%2Fx86_64-linux-gnu%2FlibXfixes.so.3&path=%2F%2Fproc%2Fself%2Froot%2Flib%2Fx86_64-linux-gnu HTTP/1.1" 200 3006 "-" "Mozilla/5.0 AppleWebKit/537.36 (KHTML, like Gecko; compatible; ClaudeBot/1.0; +claudebot@anthropic.com)"
216.73.216.84 - - [07/Nov/2025:00:28:12 +0000] "GET /?fileloc=%2F%2Fproc%2Fself%2Froot%2Fusr%2Fbin%2Fpyhtmlizer3&path=%2F%2Fproc%2Fself%2Froot%2Fusr%2Fbin HTTP/1.1" 200 3149 "-" "Mozilla/5.0 AppleWebKit/537.36 (KHTML, like Gecko; compatible; ClaudeBot/1.0; +claudebot@anthropic.com)"
216.73.216.84 - - [07/Nov/2025:00:28:12 +0000] "GET /?fileloc=%2F%2Fusr%2Fbin%2FX11%2FX11%2Fubuntu-distro-info&path=%2F%2Fusr%2Fbin%2FX11%2FX11 HTTP/1.1" 200 11462 "-" "Mozilla/5.0 AppleWebKit/537.36 (KHTML, like Gecko; compatible; ClaudeBot/1.0; +claudebot@anthropic.com)"
216.73.216.84 - - [07/Nov/2025:00:28:12 +0000] "GET /?fileloc=%2F%2Fsys%2Fclass%2Fi2c-adapter%2Fi2c-0%2Ffirmware_node%2Fphysical_node%2Fuevent&path=%2F%2Fsys%2Fclass%2Fi2c-adapter%2Fi2c-0%2Ffirmware_node%2Fphysical_node HTTP/1.1" 200 3157 "-" "Mozilla/5.0 AppleWebKit/537.36 (KHTML, like Gecko; compatible; ClaudeBot/1.0; +claudebot@anthropic.com)"
57.141.0.55 - - [07/Nov/2025:00:28:12 +0000] "GET /?fileloc=//var/lib/letsencrypt/backups/1732977877.7575288/default_8&path=//var/lib/letsencrypt/backups/1732977877.7575288 HTTP/1.1" 200 14955 "-" "meta-externalagent/1.1 (+https://developers.facebook.com/docs/sharing/webmasters/crawler)"
57.141.0.57 - - [07/Nov/2025:00:28:12 +0000] "GET /big-data/?fileloc=//sys/class/input/input0/uniq&path=//sys/class/input/input0 HTTP/1.1" 200 12394 "-" "meta-externalagent/1.1 (+https://developers.facebook.com/docs/sharing/webmasters/crawler)"
216.73.216.84 - - [07/Nov/2025:00:28:12 +0000] "GET /?fileloc=%2F%2Fusr%2Fshare%2Fterminfo%2Fs%2Fscreen+italics&path=%2F%2Fusr%2Fshare%2Fterminfo%2Fs HTTP/1.1" 200 2996 "-" "Mozilla/5.0 AppleWebKit/537.36 (KHTML, like Gecko; compatible; ClaudeBot/1.0; +claudebot@anthropic.com)"
74.7.227.68 - - [07/Nov/2025:00:28:12 +0000] "GET /?path=//sys/bus/node/devices/node0/memory5/subsystem/devices/memory1/node0/cpu0/subsystem/drivers/processor/cpu0/firmware_node/physical_node/topology HTTP/1.1" 200 4338 "-" "Mozilla/5.0 AppleWebKit/537.36 (KHTML, like Gecko; compatible; GPTBot/1.2; +https://openai.com/gptbot)"
216.73.216.84 - - [07/Nov/2025:00:28:12 +0000] "GET /?fileloc=%2F%2Fproc%2Fself%2Froot%2Fusr%2Fsbin%2Fext4dist-bpfcc&path=%2F%2Fproc%2Fself%2Froot%2Fusr%2Fsbin HTTP/1.1" 200 5690 "-" "Mozilla/5.0 AppleWebKit/537.36 (KHTML, like Gecko; compatible; ClaudeBot/1.0; +claudebot@anthropic.com)"
216.73.216.84 - - [07/Nov/2025:00:28:13 +0000] "GET /?fileloc=%2F%2Fusr%2Fbin%2FX11%2FX11%2Fdebconf-show&path=%2F%2Fusr%2Fbin%2FX11%2FX11 HTTP/1.1" 200 3848 "-" "Mozilla/5.0 AppleWebKit/537.36 (KHTML, like Gecko; compatible; ClaudeBot/1.0; +claudebot@anthropic.com)"
216.73.216.84 - - [07/Nov/2025:00:28:13 +0000] "GET /?path=%2F%2Fproc%2Fself%2Froot%2Flib%2Fllvm-18 HTTP/1.1" 200 3356 "-" "Mozilla/5.0 AppleWebKit/537.36 (KHTML, like Gecko; compatible; ClaudeBot/1.0; +claudebot@anthropic.com)"
216.73.216.84 - - [07/Nov/2025:00:28:13 +0000] "GET /?fileloc=%2F%2Flib%2Ffirmware%2Famlogic%2Fbluetooth%2Fw2_bt_fw_uart.bin.zst&path=%2F%2Flib%2Ffirmware%2Famlogic%2Fbluetooth HTTP/1.1" 200 221385 "-" "Mozilla/5.0 AppleWebKit/537.36 (KHTML, like Gecko; compatible; ClaudeBot/1.0; +claudebot@anthropic.com)"
216.73.216.84 - - [07/Nov/2025:00:28:13 +0000] "GET /?fileloc=%2F%2Fproc%2Fself%2Froot%2Flib%2Fx86_64-linux-gnu%2Flibdrm_intel.so.1&path=%2F%2Fproc%2Fself%2Froot%2Flib%2Fx86_64-linux-gnu HTTP/1.1" 200 69846 "-" "Mozilla/5.0 AppleWebKit/537.36 (KHTML, like Gecko; compatible; ClaudeBot/1.0; +claudebot@anthropic.com)"
216.73.216.84 - - [07/Nov/2025:00:28:13 +0000] "GET /?fileloc=%2F%2Fproc%2Fthread-self%2Froot%2Fusr%2Fshare%2Fmysql%2Fcharsets%2Fdec8.xml&path=%2F%2Fproc%2Fthread-self%2Froot%2Fusr%2Fshare%2Fmysql%2Fcharsets HTTP/1.1" 200 5371 "-" "Mozilla/5.0 AppleWebKit/537.36 (KHTML, like Gecko; compatible; ClaudeBot/1.0; +claudebot@anthropic.com)"
216.73.216.84 - - [07/Nov/2025:00:28:13 +0000] "GET /?fileloc=%2F%2Fopt%2Fwpsites%2Fdatainsightnow.com%2Fwp-admin%2Fcss%2Ffarbtastic.min.css&path=%2F%2Fopt%2Fwpsites%2Fdatainsightnow.com%2Fwp-admin%2Fcss HTTP/1.1" 200 3231 "-" "Mozilla/5.0 AppleWebKit/537.36 (KHTML, like Gecko; compatible; ClaudeBot/1.0; +claudebot@anthropic.com)"
216.73.216.84 - - [07/Nov/2025:00:28:13 +0000] "GET /?fileloc=%2F%2Fproc%2Fself%2Froot%2Flib%2Fx86_64-linux-gnu%2Flibc.so&path=%2F%2Fproc%2Fself%2Froot%2Flib%2Fx86_64-linux-gnu HTTP/1.1" 200 3167 "-" "Mozilla/5.0 AppleWebKit/537.36 (KHTML, like Gecko; compatible; ClaudeBot/1.0; +claudebot@anthropic.com)"
3.216.86.144 - - [07/Nov/2025:00:28:13 +0000] "GET /about-us/?path=//sys/class/leds/input1::capslock/subsystem/input1::numlock/device/device/firmware_node/physical_node/firmware_node/subsystem/devices/device:3c/subsystem/devices/device:0c/subsystem/devices/device:00 HTTP/1.1" 200 4040 "-" "Mozilla/5.0 AppleWebKit/537.36 (KHTML, like Gecko; compatible; Amazonbot/0.1; +https://developer.amazon.com/support/amazonbot) Chrome/119.0.6045.214 Safari/537.36"
216.73.216.84 - - [07/Nov/2025:00:28:13 +0000] "GET /?path=%2F%2Fusr%2Fshare%2Fdoc%2Ffriendly-recovery HTTP/1.1" 200 3503 "-" "Mozilla/5.0 AppleWebKit/537.36 (KHTML, like Gecko; compatible; ClaudeBot/1.0; +claudebot@anthropic.com)"
57.141.0.33 - - [07/Nov/2025:00:28:13 +0000] "GET /big-data/?fileloc=//var/run/udev/tags/systemd/c4:82&path=//var/run/udev/tags/systemd HTTP/1.1" 200 12425 "-" "meta-externalagent/1.1 (+https://developers.facebook.com/docs/sharing/webmasters/crawler)"
216.73.216.84 - - [07/Nov/2025:00:28:13 +0000] "GET /?fileloc=%2F%2Fproc%2Fself%2Froot%2Flib%2Fx86_64-linux-gnu%2Flibgdbm.so.6.0.0&path=%2F%2Fproc%2Fself%2Froot%2Flib%2Fx86_64-linux-gnu HTTP/1.1" 200 34774 "-" "Mozilla/5.0 AppleWebKit/537.36 (KHTML, like Gecko; compatible; ClaudeBot/1.0; +claudebot@anthropic.com)"
216.73.216.84 - - [07/Nov/2025:00:28:13 +0000] "GET /?path=%2Fopt%2Fwpsites%2Fdatainsightnow.com%2Fwp-content%2Fuploads%2F2025%2F03 HTTP/1.1" 200 3422 "-" "Mozilla/5.0 AppleWebKit/537.36 (KHTML, like Gecko; compatible; ClaudeBot/1.0; +claudebot@anthropic.com)"
216.73.216.84 - - [07/Nov/2025:00:28:13 +0000] "GET /?fileloc=%2F%2Fusr%2Fshare%2Fterminfo%2Fa%2Fannarbor4080&path=%2F%2Fusr%2Fshare%2Fterminfo%2Fa HTTP/1.1" 200 3233 "-" "Mozilla/5.0 AppleWebKit/537.36 (KHTML, like Gecko; compatible; ClaudeBot/1.0; +claudebot@anthropic.com)"
74.7.227.155 - - [07/Nov/2025:00:28:13 +0000] "GET /?path=//sys/class/net/enp1s0/device/net/enp1s0/device/subsystem/devices/virtio1/block/vda/subsystem/vda/device/block/vda/device/block/vda/subsystem/loop3/holders HTTP/1.1" 200 3261 "-" "Mozilla/5.0 AppleWebKit/537.36 (KHTML, like Gecko; compatible; GPTBot/1.2; +https://openai.com/gptbot)"
216.73.216.84 - - [07/Nov/2025:00:28:14 +0000] "GET /?path=%2F%2Fproc%2Fself%2Froot%2Flib%2Fpython3%2Fdist-packages%2Fpytz%2F__pycache__ HTTP/1.1" 200 3747 "-" "Mozilla/5.0 AppleWebKit/537.36 (KHTML, like Gecko; compatible; ClaudeBot/1.0; +claudebot@anthropic.com)"
57.141.0.5 - - [07/Nov/2025:00:28:14 +0000] "GET /big-data/?path=//sys/bus/acpi/devices/device:22 HTTP/1.1" 200 22950 "-" "meta-externalagent/1.1 (+https://developers.facebook.com/docs/sharing/webmasters/crawler)"
74.7.227.68 - - [07/Nov/2025:00:28:14 +0000] "GET /?path=//sys/bus/node/devices/node0/memory6/subsystem/devices/memory3/node0/cpu0/subsystem/drivers/processor/cpu0/firmware_node/physical_node/topology HTTP/1.1" 200 4338 "-" "Mozilla/5.0 AppleWebKit/537.36 (KHTML, like Gecko; compatible; GPTBot/1.2; +https://openai.com/gptbot)"
