216.73.216.84 - - [07/Nov/2025:00:25:50 +0000] "GET /?fileloc=%2F%2Fusr%2Flib%2Fpython3%2Fdist-packages%2Fjwt%2Fexceptions.py&path=%2F%2Fusr%2Flib%2Fpython3%2Fdist-packages%2Fjwt HTTP/1.1" 200 3328 "-" "Mozilla/5.0 AppleWebKit/537.36 (KHTML, like Gecko; compatible; ClaudeBot/1.0; +claudebot@anthropic.com)"
216.73.216.84 - - [07/Nov/2025:00:25:50 +0000] "GET /?fileloc=%2F%2Fusr%2Flib%2Fpython3.12%2Fsqlite3%2Fdbapi2.py&path=%2F%2Fusr%2Flib%2Fpython3.12%2Fsqlite3 HTTP/1.1" 200 4539 "-" "Mozilla/5.0 AppleWebKit/537.36 (KHTML, like Gecko; compatible; ClaudeBot/1.0; +claudebot@anthropic.com)"
216.73.216.84 - - [07/Nov/2025:00:25:50 +0000] "GET /?fileloc=%2F%2Fusr%2Fsrc%2Flinux-headers-6.8.0-85%2Finclude%2Flinux%2Fceph%2Fcls_lock_client.h&path=%2F%2Fusr%2Fsrc%2Flinux-headers-6.8.0-85%2Finclude%2Flinux%2Fceph HTTP/1.1" 200 3588 "-" "Mozilla/5.0 AppleWebKit/537.36 (KHTML, like Gecko; compatible; ClaudeBot/1.0; +claudebot@anthropic.com)"
216.73.216.84 - - [07/Nov/2025:00:25:50 +0000] "GET /?fileloc=%2F%2Fusr%2Flib%2Fpython3.12%2Fuuid.py&path=%2F%2Fusr%2Flib%2Fpython3.12 HTTP/1.1" 200 13544 "-" "Mozilla/5.0 AppleWebKit/537.36 (KHTML, like Gecko; compatible; ClaudeBot/1.0; +claudebot@anthropic.com)"
216.73.216.84 - - [07/Nov/2025:00:25:51 +0000] "GET /?fileloc=%2F%2Fusr%2Finclude%2Fpython3.12%2Fcpython%2Fodictobject.h&path=%2F%2Fusr%2Finclude%2Fpython3.12%2Fcpython HTTP/1.1" 200 3478 "-" "Mozilla/5.0 AppleWebKit/537.36 (KHTML, like Gecko; compatible; ClaudeBot/1.0; +claudebot@anthropic.com)"
216.73.216.84 - - [07/Nov/2025:00:25:51 +0000] "GET /?fileloc=%2F%2Fusr%2Fsrc%2Flinux-headers-6.8.0-85%2Finclude%2Flinux%2Fplatform_data%2Fasoc-s3c.h&path=%2F%2Fusr%2Fsrc%2Flinux-headers-6.8.0-85%2Finclude%2Flinux%2Fplatform_data HTTP/1.1" 200 3802 "-" "Mozilla/5.0 AppleWebKit/537.36 (KHTML, like Gecko; compatible; ClaudeBot/1.0; +claudebot@anthropic.com)"
216.73.216.84 - - [07/Nov/2025:00:25:51 +0000] "GET /?fileloc=%2F%2Fusr%2Fsrc%2Flinux-headers-6.8.0-85%2Finclude%2Flinux%2Fulpi%2Finterface.h&path=%2F%2Fusr%2Fsrc%2Flinux-headers-6.8.0-85%2Finclude%2Flinux%2Fulpi HTTP/1.1" 200 3291 "-" "Mozilla/5.0 AppleWebKit/537.36 (KHTML, like Gecko; compatible; ClaudeBot/1.0; +claudebot@anthropic.com)"
216.73.216.84 - - [07/Nov/2025:00:25:51 +0000] "GET /?fileloc=%2F%2Fusr%2Fsrc%2Flinux-headers-6.8.0-85%2Finclude%2Flinux%2Fphy%2Fpcie.h&path=%2F%2Fusr%2Fsrc%2Flinux-headers-6.8.0-85%2Finclude%2Flinux%2Fphy HTTP/1.1" 200 3170 "-" "Mozilla/5.0 AppleWebKit/537.36 (KHTML, like Gecko; compatible; ClaudeBot/1.0; +claudebot@anthropic.com)"
216.73.216.84 - - [07/Nov/2025:00:25:51 +0000] "GET /?fileloc=%2F%2Fusr%2Flib%2Fpython3%2Fdist-packages%2Ftwisted%2Fscripts%2Ftest%2Ftest_scripts.py&path=%2F%2Fusr%2Flib%2Fpython3%2Fdist-packages%2Ftwisted%2Fscripts%2Ftest HTTP/1.1" 200 4933 "-" "Mozilla/5.0 AppleWebKit/537.36 (KHTML, like Gecko; compatible; ClaudeBot/1.0; +claudebot@anthropic.com)"
74.7.227.68 - - [07/Nov/2025:00:25:51 +0000] "GET /?path=//sys/bus/node/devices/node0/memory6/subsystem/devices/memory4/node0/memory2/node0/memory4/subsystem HTTP/1.1" 200 3789 "-" "Mozilla/5.0 AppleWebKit/537.36 (KHTML, like Gecko; compatible; GPTBot/1.2; +https://openai.com/gptbot)"
216.73.216.84 - - [07/Nov/2025:00:25:51 +0000] "GET /?fileloc=%2F%2Fusr%2Fsrc%2Flinux-headers-6.8.0-85%2Finclude%2Flinux%2Fmmc%2Fsdio.h&path=%2F%2Fusr%2Fsrc%2Flinux-headers-6.8.0-85%2Finclude%2Flinux%2Fmmc HTTP/1.1" 200 5276 "-" "Mozilla/5.0 AppleWebKit/537.36 (KHTML, like Gecko; compatible; ClaudeBot/1.0; +claudebot@anthropic.com)"
216.73.216.84 - - [07/Nov/2025:00:25:51 +0000] "GET /?fileloc=%2F%2Fusr%2Fsrc%2Flinux-headers-6.8.0-85%2Finclude%2Flinux%2Fmfd%2Flpc_ich.h&path=%2F%2Fusr%2Fsrc%2Flinux-headers-6.8.0-85%2Finclude%2Flinux%2Fmfd HTTP/1.1" 200 3425 "-" "Mozilla/5.0 AppleWebKit/537.36 (KHTML, like Gecko; compatible; ClaudeBot/1.0; +claudebot@anthropic.com)"
216.73.216.84 - - [07/Nov/2025:00:25:51 +0000] "GET /?fileloc=%2F%2Fusr%2Flib%2Fpython3.12%2Fshelve.py&path=%2F%2Fusr%2Flib%2Fpython3.12 HTTP/1.1" 200 6058 "-" "Mozilla/5.0 AppleWebKit/537.36 (KHTML, like Gecko; compatible; ClaudeBot/1.0; +claudebot@anthropic.com)"
74.7.227.155 - - [07/Nov/2025:00:25:51 +0000] "GET /?path=//sys/class/net/enp1s0/device/net/enp1s0/device/subsystem/devices/virtio1/block/vda/subsystem/vda/device/block/vda/device/block/vda/subsystem/sr0/trace HTTP/1.1" 200 3811 "-" "Mozilla/5.0 AppleWebKit/537.36 (KHTML, like Gecko; compatible; GPTBot/1.2; +https://openai.com/gptbot)"
216.73.216.84 - - [07/Nov/2025:00:25:51 +0000] "GET /?fileloc=%2F%2Fusr%2Fsrc%2Flinux-headers-6.8.0-85%2Finclude%2Flinux%2Fspi%2Faltera.h&path=%2F%2Fusr%2Fsrc%2Flinux-headers-6.8.0-85%2Finclude%2Flinux%2Fspi HTTP/1.1" 200 3594 "-" "Mozilla/5.0 AppleWebKit/537.36 (KHTML, like Gecko; compatible; ClaudeBot/1.0; +claudebot@anthropic.com)"
216.73.216.84 - - [07/Nov/2025:00:25:51 +0000] "GET /?fileloc=%2F%2Fusr%2Fsrc%2Flinux-headers-6.8.0-85%2Finclude%2Flinux%2Fgpio%2Faspeed.h&path=%2F%2Fusr%2Fsrc%2Flinux-headers-6.8.0-85%2Finclude%2Flinux%2Fgpio HTTP/1.1" 200 3240 "-" "Mozilla/5.0 AppleWebKit/537.36 (KHTML, like Gecko; compatible; ClaudeBot/1.0; +claudebot@anthropic.com)"
216.73.216.84 - - [07/Nov/2025:00:25:51 +0000] "GET /?fileloc=%2F%2Fusr%2Fsrc%2Flinux-headers-6.8.0-85%2Finclude%2Flinux%2Fplatform_data%2Fshmob_drm.h&path=%2F%2Fusr%2Fsrc%2Flinux-headers-6.8.0-85%2Finclude%2Flinux%2Fplatform_data HTTP/1.1" 200 3417 "-" "Mozilla/5.0 AppleWebKit/537.36 (KHTML, like Gecko; compatible; ClaudeBot/1.0; +claudebot@anthropic.com)"
216.73.216.84 - - [07/Nov/2025:00:25:52 +0000] "GET /?fileloc=%2F%2Fusr%2Fsrc%2Flinux-headers-6.8.0-85%2Finclude%2Flinux%2Fplatform_data%2Fsi5351.h&path=%2F%2Fusr%2Fsrc%2Flinux-headers-6.8.0-85%2Finclude%2Flinux%2Fplatform_data HTTP/1.1" 200 4130 "-" "Mozilla/5.0 AppleWebKit/537.36 (KHTML, like Gecko; compatible; ClaudeBot/1.0; +claudebot@anthropic.com)"
216.73.216.84 - - [07/Nov/2025:00:25:52 +0000] "GET /?fileloc=%2F%2Fusr%2Flib%2Fpython3.12%2Fwarnings.py&path=%2F%2Fusr%2Flib%2Fpython3.12 HTTP/1.1" 200 10435 "-" "Mozilla/5.0 AppleWebKit/537.36 (KHTML, like Gecko; compatible; ClaudeBot/1.0; +claudebot@anthropic.com)"
216.73.216.84 - - [07/Nov/2025:00:25:52 +0000] "GET /?fileloc=%2F%2Fusr%2Flib%2Fpython3%2Fdist-packages%2Ftwisted%2Fpython%2F__pycache__%2Fprocutils.cpython-312.pyc&path=%2F%2Fusr%2Flib%2Fpython3%2Fdist-packages%2Ftwisted%2Fpython%2F__pycache__ HTTP/1.1" 200 4246 "-" "Mozilla/5.0 AppleWebKit/537.36 (KHTML, like Gecko; compatible; ClaudeBot/1.0; +claudebot@anthropic.com)"
216.73.216.84 - - [07/Nov/2025:00:25:52 +0000] "GET /?fileloc=%2F%2Fusr%2Fsrc%2Flinux-headers-6.8.0-85%2Finclude%2Flinux%2Fceph%2Fstriper.h&path=%2F%2Fusr%2Fsrc%2Flinux-headers-6.8.0-85%2Finclude%2Flinux%2Fceph HTTP/1.1" 200 3741 "-" "Mozilla/5.0 AppleWebKit/537.36 (KHTML, like Gecko; compatible; ClaudeBot/1.0; +claudebot@anthropic.com)"
216.73.216.84 - - [07/Nov/2025:00:25:52 +0000] "GET /?fileloc=%2F%2Fusr%2Flib%2Fpython3.12%2Fturtle.py&path=%2F%2Fusr%2Flib%2Fpython3.12 HTTP/1.1" 200 46876 "-" "Mozilla/5.0 AppleWebKit/537.36 (KHTML, like Gecko; compatible; ClaudeBot/1.0; +claudebot@anthropic.com)"
216.73.216.84 - - [07/Nov/2025:00:25:52 +0000] "GET /?fileloc=%2F%2Fusr%2Fsrc%2Flinux-headers-6.8.0-85%2Finclude%2Flinux%2Fmfd%2Fstm32-lptimer.h&path=%2F%2Fusr%2Fsrc%2Flinux-headers-6.8.0-85%2Finclude%2Flinux%2Fmfd HTTP/1.1" 200 3850 "-" "Mozilla/5.0 AppleWebKit/537.36 (KHTML, like Gecko; compatible; ClaudeBot/1.0; +claudebot@anthropic.com)"
216.73.216.84 - - [07/Nov/2025:00:25:52 +0000] "GET /?fileloc=%2F%2Fusr%2Fsrc%2Flinux-headers-6.8.0-85%2Finclude%2Flinux%2Fplatform_data%2Fmax6697.h&path=%2F%2Fusr%2Fsrc%2Flinux-headers-6.8.0-85%2Finclude%2Flinux%2Fplatform_data HTTP/1.1" 200 3484 "-" "Mozilla/5.0 AppleWebKit/537.36 (KHTML, like Gecko; compatible; ClaudeBot/1.0; +claudebot@anthropic.com)"
135.181.166.38 - - [07/Nov/2025:00:25:52 +0000] "GET /?path=/etc/depmod.d HTTP/1.1" 200 3335 "-" "Mozilla/5.0 (compatible; BLEXBot/1.0; +https://help.seranking.com/en/blex-crawler)"
216.73.216.84 - - [07/Nov/2025:00:25:52 +0000] "GET /?fileloc=%2F%2Fusr%2Flib%2Fpython3.12%2Funittest%2Fcase.py&path=%2F%2Fusr%2Flib%2Fpython3.12%2Funittest HTTP/1.1" 200 19320 "-" "Mozilla/5.0 AppleWebKit/537.36 (KHTML, like Gecko; compatible; ClaudeBot/1.0; +claudebot@anthropic.com)"
216.73.216.84 - - [07/Nov/2025:00:25:52 +0000] "GET /?fileloc=%2F%2Fusr%2Fsrc%2Flinux-headers-6.8.0-85%2Finclude%2Fuapi%2Fasm-generic%2Fsignal.h&path=%2F%2Fusr%2Fsrc%2Flinux-headers-6.8.0-85%2Finclude%2Fuapi%2Fasm-generic HTTP/1.1" 200 3908 "-" "Mozilla/5.0 AppleWebKit/537.36 (KHTML, like Gecko; compatible; ClaudeBot/1.0; +claudebot@anthropic.com)"
216.73.216.84 - - [07/Nov/2025:00:25:52 +0000] "GET /?path=%2F%2Fusr%2Fshare%2Fgcc%2Fpython HTTP/1.1" 200 3348 "-" "Mozilla/5.0 AppleWebKit/537.36 (KHTML, like Gecko; compatible; ClaudeBot/1.0; +claudebot@anthropic.com)"
216.73.216.84 - - [07/Nov/2025:00:25:52 +0000] "GET /?fileloc=%2F%2Fusr%2Fsrc%2Flinux-headers-6.8.0-85%2Finclude%2Flinux%2Fplatform_data%2Fg762.h&path=%2F%2Fusr%2Fsrc%2Flinux-headers-6.8.0-85%2Finclude%2Flinux%2Fplatform_data HTTP/1.1" 200 3455 "-" "Mozilla/5.0 AppleWebKit/537.36 (KHTML, like Gecko; compatible; ClaudeBot/1.0; +claudebot@anthropic.com)"
216.73.216.84 - - [07/Nov/2025:00:25:53 +0000] "GET /?fileloc=%2F%2Fusr%2Fsrc%2Flinux-headers-6.8.0-85%2Finclude%2Flinux%2Fplatform_data%2Fshtc1.h&path=%2F%2Fusr%2Fsrc%2Flinux-headers-6.8.0-85%2Finclude%2Flinux%2Fplatform_data HTTP/1.1" 200 3234 "-" "Mozilla/5.0 AppleWebKit/537.36 (KHTML, like Gecko; compatible; ClaudeBot/1.0; +claudebot@anthropic.com)"
216.73.216.84 - - [07/Nov/2025:00:25:53 +0000] "GET /?fileloc=%2F%2Fusr%2Fsrc%2Flinux-headers-6.8.0-85%2Finclude%2Fuapi%2Fasm-generic%2Ffcntl.h&path=%2F%2Fusr%2Fsrc%2Flinux-headers-6.8.0-85%2Finclude%2Fuapi%2Fasm-generic HTTP/1.1" 200 5398 "-" "Mozilla/5.0 AppleWebKit/537.36 (KHTML, like Gecko; compatible; ClaudeBot/1.0; +claudebot@anthropic.com)"
216.73.216.84 - - [07/Nov/2025:00:25:53 +0000] "GET /?fileloc=%2F%2Fusr%2Flib%2Fpython3.12%2Fdecimal.py&path=%2F%2Fusr%2Flib%2Fpython3.12 HTTP/1.1" 200 3061 "-" "Mozilla/5.0 AppleWebKit/537.36 (KHTML, like Gecko; compatible; ClaudeBot/1.0; +claudebot@anthropic.com)"
74.7.227.155 - - [07/Nov/2025:00:25:53 +0000] "GET /?path=//sys/class/net/enp1s0/device/net/enp1s0/device/subsystem/devices/virtio1/block/vda/subsystem/vda/device/block/vda/device/block/vda/subsystem/sr0/bdi HTTP/1.1" 200 4238 "-" "Mozilla/5.0 AppleWebKit/537.36 (KHTML, like Gecko; compatible; GPTBot/1.2; +https://openai.com/gptbot)"
216.73.216.84 - - [07/Nov/2025:00:25:53 +0000] "GET /?fileloc=%2F%2Fusr%2Finclude%2Fpython3.12%2Fcpython%2Fceval.h&path=%2F%2Fusr%2Finclude%2Fpython3.12%2Fcpython HTTP/1.1" 200 3686 "-" "Mozilla/5.0 AppleWebKit/537.36 (KHTML, like Gecko; compatible; ClaudeBot/1.0; +claudebot@anthropic.com)"
216.73.216.84 - - [07/Nov/2025:00:25:53 +0000] "GET /?fileloc=%2F%2Fusr%2Flib%2Fpython3%2Fdist-packages%2Foauthlib%2Furi_validate.py&path=%2F%2Fusr%2Flib%2Fpython3%2Fdist-packages%2Foauthlib HTTP/1.1" 200 5095 "-" "Mozilla/5.0 AppleWebKit/537.36 (KHTML, like Gecko; compatible; ClaudeBot/1.0; +claudebot@anthropic.com)"
216.73.216.84 - - [07/Nov/2025:00:25:53 +0000] "GET /?fileloc=%2F%2Fusr%2Fsrc%2Flinux-headers-6.8.0-85%2Finclude%2Flinux%2Fusb%2Fr8152.h&path=%2F%2Fusr%2Fsrc%2Flinux-headers-6.8.0-85%2Finclude%2Flinux%2Fusb HTTP/1.1" 200 3528 "-" "Mozilla/5.0 AppleWebKit/537.36 (KHTML, like Gecko; compatible; ClaudeBot/1.0; +claudebot@anthropic.com)"
216.73.216.84 - - [07/Nov/2025:00:25:53 +0000] "GET /?fileloc=%2F%2Fusr%2Fsrc%2Flinux-headers-6.8.0-85%2Finclude%2Flinux%2Flockd%2Fshare.h&path=%2F%2Fusr%2Fsrc%2Flinux-headers-6.8.0-85%2Finclude%2Flinux%2Flockd HTTP/1.1" 200 3419 "-" "Mozilla/5.0 AppleWebKit/537.36 (KHTML, like Gecko; compatible; ClaudeBot/1.0; +claudebot@anthropic.com)"
216.73.216.84 - - [07/Nov/2025:00:25:53 +0000] "GET /?fileloc=%2F%2Fusr%2Finclude%2Fpython3.12%2Fcpython%2Fpyframe.h&path=%2F%2Fusr%2Finclude%2Fpython3.12%2Fcpython HTTP/1.1" 200 3549 "-" "Mozilla/5.0 AppleWebKit/537.36 (KHTML, like Gecko; compatible; ClaudeBot/1.0; +claudebot@anthropic.com)"
216.73.216.84 - - [07/Nov/2025:00:25:53 +0000] "GET /?fileloc=%2F%2Fusr%2Fsrc%2Flinux-headers-6.8.0-85%2Finclude%2Flinux%2Fusb%2Fserial.h&path=%2F%2Fusr%2Fsrc%2Flinux-headers-6.8.0-85%2Finclude%2Flinux%2Fusb HTTP/1.1" 200 8388 "-" "Mozilla/5.0 AppleWebKit/537.36 (KHTML, like Gecko; compatible; ClaudeBot/1.0; +claudebot@anthropic.com)"
74.7.227.68 - - [07/Nov/2025:00:25:53 +0000] "GET /?path=//sys/bus/node/devices/node0/memory6/subsystem/devices/memory3/node0/memory5/node0/memory2/subsystem HTTP/1.1" 200 3784 "-" "Mozilla/5.0 AppleWebKit/537.36 (KHTML, like Gecko; compatible; GPTBot/1.2; +https://openai.com/gptbot)"
66.249.74.13 - - [07/Nov/2025:00:25:53 +0000] "GET /?path=//sys/class/tty/tty8/subsystem/ttyS16/subsystem/ttyS7/subsystem/ttyS29/subsystem/tty32/subsystem/tty11/subsystem/tty35/subsystem/tty22 HTTP/1.1" 200 3768 "-" "Mozilla/5.0 (Linux; Android 6.0.1; Nexus 5X Build/MMB29P) AppleWebKit/537.36 (KHTML, like Gecko) Chrome/141.0.7390.122 Mobile Safari/537.36 (compatible; GoogleOther)"
216.73.216.84 - - [07/Nov/2025:00:25:53 +0000] "GET /?fileloc=%2F%2Fusr%2Fsrc%2Flinux-headers-6.8.0-85%2Finclude%2Flinux%2Fplatform_data%2Fata-pxa.h&path=%2F%2Fusr%2Fsrc%2Flinux-headers-6.8.0-85%2Finclude%2Flinux%2Fplatform_data HTTP/1.1" 200 3293 "-" "Mozilla/5.0 AppleWebKit/537.36 (KHTML, like Gecko; compatible; ClaudeBot/1.0; +claudebot@anthropic.com)"
216.73.216.84 - - [07/Nov/2025:00:25:53 +0000] "GET /?fileloc=%2F%2Fusr%2Flib%2Fpython3.12%2Fcompileall.py&path=%2F%2Fusr%2Flib%2Fpython3.12 HTTP/1.1" 200 9114 "-" "Mozilla/5.0 AppleWebKit/537.36 (KHTML, like Gecko; compatible; ClaudeBot/1.0; +claudebot@anthropic.com)"
216.73.216.84 - - [07/Nov/2025:00:25:54 +0000] "GET /?fileloc=%2F%2Fusr%2Fsrc%2Flinux-headers-6.8.0-85%2Finclude%2Fuapi%2Fasm-generic%2Funistd.h&path=%2F%2Fusr%2Fsrc%2Flinux-headers-6.8.0-85%2Finclude%2Fuapi%2Fasm-generic HTTP/1.1" 200 10597 "-" "Mozilla/5.0 AppleWebKit/537.36 (KHTML, like Gecko; compatible; ClaudeBot/1.0; +claudebot@anthropic.com)"
216.73.216.84 - - [07/Nov/2025:00:25:54 +0000] "GET /?fileloc=%2F%2Fusr%2Flib%2Fpython3.12%2Fcgitb.py&path=%2F%2Fusr%2Flib%2Fpython3.12 HTTP/1.1" 200 7339 "-" "Mozilla/5.0 AppleWebKit/537.36 (KHTML, like Gecko; compatible; ClaudeBot/1.0; +claudebot@anthropic.com)"
216.73.216.84 - - [07/Nov/2025:00:25:54 +0000] "GET /?path=%2F%2Fusr%2Fsrc%2Flinux-headers-6.8.0-85%2Finclude%2Flinux%2Fplatform_data%2Fgpio HTTP/1.1" 200 3424 "-" "Mozilla/5.0 AppleWebKit/537.36 (KHTML, like Gecko; compatible; ClaudeBot/1.0; +claudebot@anthropic.com)"
216.73.216.84 - - [07/Nov/2025:00:25:54 +0000] "GET /?fileloc=%2F%2Fusr%2Finclude%2Flinux%2Frfkill.h&path=%2F%2Fusr%2Finclude%2Flinux HTTP/1.1" 200 5634 "-" "Mozilla/5.0 AppleWebKit/537.36 (KHTML, like Gecko; compatible; ClaudeBot/1.0; +claudebot@anthropic.com)"
216.73.216.84 - - [07/Nov/2025:00:25:54 +0000] "GET /?fileloc=%2F%2Fusr%2Fsrc%2Flinux-headers-6.8.0-85%2Finclude%2Flinux%2Fspi%2Fspi_gpio.h&path=%2F%2Fusr%2Fsrc%2Flinux-headers-6.8.0-85%2Finclude%2Flinux%2Fspi HTTP/1.1" 200 3425 "-" "Mozilla/5.0 AppleWebKit/537.36 (KHTML, like Gecko; compatible; ClaudeBot/1.0; +claudebot@anthropic.com)"
216.73.216.84 - - [07/Nov/2025:00:25:54 +0000] "GET /?fileloc=%2F%2Fusr%2Fsrc%2Flinux-headers-6.8.0-85%2Finclude%2Flinux%2Fplatform_data%2Fusb-omap1.h&path=%2F%2Fusr%2Fsrc%2Flinux-headers-6.8.0-85%2Finclude%2Flinux%2Fplatform_data HTTP/1.1" 200 3836 "-" "Mozilla/5.0 AppleWebKit/537.36 (KHTML, like Gecko; compatible; ClaudeBot/1.0; +claudebot@anthropic.com)"
216.73.216.84 - - [07/Nov/2025:00:25:54 +0000] "GET /?fileloc=%2F%2Fusr%2Fsrc%2Flinux-headers-6.8.0-85%2Finclude%2Flinux%2Fplatform_data%2Fmax732x.h&path=%2F%2Fusr%2Fsrc%2Flinux-headers-6.8.0-85%2Finclude%2Flinux%2Fplatform_data HTTP/1.1" 200 3208 "-" "Mozilla/5.0 AppleWebKit/537.36 (KHTML, like Gecko; compatible; ClaudeBot/1.0; +claudebot@anthropic.com)"
44.213.202.136 - - [07/Nov/2025:00:25:54 +0000] "GET /?path=//sys/devices/pnp0/00:03/firmware_node/physical_node/firmware_node/subsystem/devices/device:01/subsystem/devices/device:2e HTTP/1.1" 200 3914 "-" "Mozilla/5.0 AppleWebKit/537.36 (KHTML, like Gecko; compatible; Amazonbot/0.1; +https://developer.amazon.com/support/amazonbot) Chrome/119.0.6045.214 Safari/537.36"
216.73.216.84 - - [07/Nov/2025:00:25:54 +0000] "GET /?fileloc=%2F%2Fusr%2Fsrc%2Flinux-headers-6.8.0-85%2Finclude%2Flinux%2Fceph%2Fmon_client.h&path=%2F%2Fusr%2Fsrc%2Flinux-headers-6.8.0-85%2Finclude%2Flinux%2Fceph HTTP/1.1" 200 4540 "-" "Mozilla/5.0 AppleWebKit/537.36 (KHTML, like Gecko; compatible; ClaudeBot/1.0; +claudebot@anthropic.com)"
216.73.216.84 - - [07/Nov/2025:00:25:54 +0000] "GET /?fileloc=%2F%2Fusr%2Fsrc%2Flinux-headers-6.8.0-85%2Finclude%2Flinux%2Fplatform_data%2Fads7828.h&path=%2F%2Fusr%2Fsrc%2Flinux-headers-6.8.0-85%2Finclude%2Flinux%2Fplatform_data HTTP/1.1" 200 3423 "-" "Mozilla/5.0 AppleWebKit/537.36 (KHTML, like Gecko; compatible; ClaudeBot/1.0; +claudebot@anthropic.com)"
74.7.227.155 - - [07/Nov/2025:00:25:54 +0000] "GET /?path=//sys/class/net/enp1s0/device/net/enp1s0/device/subsystem/devices/virtio1/block/vda/subsystem/vda/device/block/vda/device/block/vda/subsystem/sr0/mq HTTP/1.1" 200 3561 "-" "Mozilla/5.0 AppleWebKit/537.36 (KHTML, like Gecko; compatible; GPTBot/1.2; +https://openai.com/gptbot)"
216.73.216.84 - - [07/Nov/2025:00:25:54 +0000] "GET /?fileloc=%2F%2Fusr%2Fsrc%2Flinux-headers-6.8.0-85%2Finclude%2Flinux%2Fplatform_data%2Fbcmgenet.h&path=%2F%2Fusr%2Fsrc%2Flinux-headers-6.8.0-85%2Finclude%2Flinux%2Fplatform_data HTTP/1.1" 200 3263 "-" "Mozilla/5.0 AppleWebKit/537.36 (KHTML, like Gecko; compatible; ClaudeBot/1.0; +claudebot@anthropic.com)"
216.73.216.84 - - [07/Nov/2025:00:25:54 +0000] "GET /?fileloc=%2F%2Fusr%2Flib%2Fpython3%2Fdist-packages%2Ftwisted%2Fpython%2F__pycache__%2F_release.cpython-312.pyc&path=%2F%2Fusr%2Flib%2Fpython3%2Fdist-packages%2Ftwisted%2Fpython%2F__pycache__ HTTP/1.1" 200 8328 "-" "Mozilla/5.0 AppleWebKit/537.36 (KHTML, like Gecko; compatible; ClaudeBot/1.0; +claudebot@anthropic.com)"
216.73.216.84 - - [07/Nov/2025:00:25:55 +0000] "GET /?fileloc=%2F%2Fusr%2Fsrc%2Flinux-headers-6.8.0-85%2Finclude%2Flinux%2Fmmc%2Fcore.h&path=%2F%2Fusr%2Fsrc%2Flinux-headers-6.8.0-85%2Finclude%2Flinux%2Fmmc HTTP/1.1" 200 5394 "-" "Mozilla/5.0 AppleWebKit/537.36 (KHTML, like Gecko; compatible; ClaudeBot/1.0; +claudebot@anthropic.com)"
216.73.216.84 - - [07/Nov/2025:00:25:55 +0000] "GET /?fileloc=%2F%2Fusr%2Fshare%2Fpython3%2Fpython.mk&path=%2F%2Fusr%2Fshare%2Fpython3 HTTP/1.1" 200 3785 "-" "Mozilla/5.0 AppleWebKit/537.36 (KHTML, like Gecko; compatible; ClaudeBot/1.0; +claudebot@anthropic.com)"
216.73.216.84 - - [07/Nov/2025:00:25:55 +0000] "GET /?fileloc=%2F%2Fusr%2Fsrc%2Flinux-headers-6.8.0-85%2Finclude%2Flinux%2Fgreybus%2Finterface.h&path=%2F%2Fusr%2Fsrc%2Flinux-headers-6.8.0-85%2Finclude%2Flinux%2Fgreybus HTTP/1.1" 200 3912 "-" "Mozilla/5.0 AppleWebKit/537.36 (KHTML, like Gecko; compatible; ClaudeBot/1.0; +claudebot@anthropic.com)"
74.7.227.68 - - [07/Nov/2025:00:25:55 +0000] "GET /?path=//sys/bus/node/devices/node0/memory6/subsystem/devices/memory3/node0/memory4/node0/memory2/subsystem HTTP/1.1" 200 3787 "-" "Mozilla/5.0 AppleWebKit/537.36 (KHTML, like Gecko; compatible; GPTBot/1.2; +https://openai.com/gptbot)"
216.73.216.84 - - [07/Nov/2025:00:25:55 +0000] "GET /?fileloc=%2F%2Fusr%2Flib%2Fpython3.12%2Fsqlite3%2Fdump.py&path=%2F%2Fusr%2Flib%2Fpython3.12%2Fsqlite3 HTTP/1.1" 200 4539 "-" "Mozilla/5.0 AppleWebKit/537.36 (KHTML, like Gecko; compatible; ClaudeBot/1.0; +claudebot@anthropic.com)"
216.73.216.84 - - [07/Nov/2025:00:25:55 +0000] "GET /?fileloc=%2F%2Fusr%2Fsrc%2Flinux-headers-6.8.0-85%2Finclude%2Flinux%2Fi3c%2Fdevice.h&path=%2F%2Fusr%2Fsrc%2Flinux-headers-6.8.0-85%2Finclude%2Flinux%2Fi3c HTTP/1.1" 200 6920 "-" "Mozilla/5.0 AppleWebKit/537.36 (KHTML, like Gecko; compatible; ClaudeBot/1.0; +claudebot@anthropic.com)"
216.73.216.84 - - [07/Nov/2025:00:25:55 +0000] "GET /?fileloc=%2F%2Fusr%2Finclude%2Fpython3.12%2Fcpython%2Flistobject.h&path=%2F%2Fusr%2Finclude%2Fpython3.12%2Fcpython HTTP/1.1" 200 3783 "-" "Mozilla/5.0 AppleWebKit/537.36 (KHTML, like Gecko; compatible; ClaudeBot/1.0; +claudebot@anthropic.com)"
216.73.216.84 - - [07/Nov/2025:00:25:55 +0000] "GET /?fileloc=%2F%2Fusr%2Flib%2Fpython3%2Fdist-packages%2Fjwt%2Futils.py&path=%2F%2Fusr%2Flib%2Fpython3%2Fdist-packages%2Fjwt HTTP/1.1" 200 4655 "-" "Mozilla/5.0 AppleWebKit/537.36 (KHTML, like Gecko; compatible; ClaudeBot/1.0; +claudebot@anthropic.com)"
216.73.216.84 - - [07/Nov/2025:00:25:55 +0000] "GET /?fileloc=%2F%2Fusr%2Fsrc%2Flinux-headers-6.8.0-85%2Finclude%2Flinux%2Frtc%2Fds1307.h&path=%2F%2Fusr%2Fsrc%2Flinux-headers-6.8.0-85%2Finclude%2Flinux%2Frtc HTTP/1.1" 200 3296 "-" "Mozilla/5.0 AppleWebKit/537.36 (KHTML, like Gecko; compatible; ClaudeBot/1.0; +claudebot@anthropic.com)"
216.73.216.84 - - [07/Nov/2025:00:25:55 +0000] "GET /?fileloc=%2F%2Fusr%2Flib%2Fpython3.12%2Furllib%2Frobotparser.py&path=%2F%2Fusr%2Flib%2Fpython3.12%2Furllib HTTP/1.1" 200 6133 "-" "Mozilla/5.0 AppleWebKit/537.36 (KHTML, like Gecko; compatible; ClaudeBot/1.0; +claudebot@anthropic.com)"
216.73.216.84 - - [07/Nov/2025:00:25:56 +0000] "GET /?fileloc=%2F%2Fusr%2Fsrc%2Flinux-headers-6.8.0-85%2Finclude%2Flinux%2Fplatform_data%2Fsh_mmcif.h&path=%2F%2Fusr%2Fsrc%2Flinux-headers-6.8.0-85%2Finclude%2Flinux%2Fplatform_data HTTP/1.1" 200 4952 "-" "Mozilla/5.0 AppleWebKit/537.36 (KHTML, like Gecko; compatible; ClaudeBot/1.0; +claudebot@anthropic.com)"
216.73.216.84 - - [07/Nov/2025:00:25:56 +0000] "GET /?fileloc=%2F%2Fusr%2Fsrc%2Flinux-headers-6.8.0-85%2Finclude%2Flinux%2Fplatform_data%2Famd_xdma.h&path=%2F%2Fusr%2Fsrc%2Flinux-headers-6.8.0-85%2Finclude%2Flinux%2Fplatform_data HTTP/1.1" 200 3436 "-" "Mozilla/5.0 AppleWebKit/537.36 (KHTML, like Gecko; compatible; ClaudeBot/1.0; +claudebot@anthropic.com)"
216.73.216.84 - - [07/Nov/2025:00:25:56 +0000] "GET /?fileloc=%2F%2Fusr%2Fsrc%2Flinux-headers-6.8.0-85%2Finclude%2Flinux%2Fmmc%2Fsdio_func.h&path=%2F%2Fusr%2Fsrc%2Flinux-headers-6.8.0-85%2Finclude%2Flinux%2Fmmc HTTP/1.1" 200 4854 "-" "Mozilla/5.0 AppleWebKit/537.36 (KHTML, like Gecko; compatible; ClaudeBot/1.0; +claudebot@anthropic.com)"
216.73.216.84 - - [07/Nov/2025:00:25:56 +0000] "GET /?fileloc=%2F%2Fusr%2Finclude%2Fpython3.12%2Fcpython%2Fmemoryobject.h&path=%2F%2Fusr%2Finclude%2Fpython3.12%2Fcpython HTTP/1.1" 200 3960 "-" "Mozilla/5.0 AppleWebKit/537.36 (KHTML, like Gecko; compatible; ClaudeBot/1.0; +claudebot@anthropic.com)"
216.73.216.84 - - [07/Nov/2025:00:25:56 +0000] "GET /?fileloc=%2F%2Fusr%2Fsrc%2Flinux-headers-6.8.0-85%2Finclude%2Flinux%2Fmmc%2Fpm.h&path=%2F%2Fusr%2Fsrc%2Flinux-headers-6.8.0-85%2Finclude%2Flinux%2Fmmc HTTP/1.1" 200 3558 "-" "Mozilla/5.0 AppleWebKit/537.36 (KHTML, like Gecko; compatible; ClaudeBot/1.0; +claudebot@anthropic.com)"
216.73.216.84 - - [07/Nov/2025:00:25:56 +0000] "GET /?fileloc=%2F%2Fusr%2Flib%2Fpython3.12%2Ffractions.py&path=%2F%2Fusr%2Flib%2Fpython3.12 HTTP/1.1" 200 15769 "-" "Mozilla/5.0 AppleWebKit/537.36 (KHTML, like Gecko; compatible; ClaudeBot/1.0; +claudebot@anthropic.com)"
216.73.216.84 - - [07/Nov/2025:00:25:56 +0000] "GET /?fileloc=%2F%2Fusr%2Fsrc%2Flinux-headers-6.8.0-85%2Finclude%2Flinux%2Fplatform_data%2Fkeypad-pxa27x.h&path=%2F%2Fusr%2Fsrc%2Flinux-headers-6.8.0-85%2Finclude%2Flinux%2Fplatform_data HTTP/1.1" 200 4050 "-" "Mozilla/5.0 AppleWebKit/537.36 (KHTML, like Gecko; compatible; ClaudeBot/1.0; +claudebot@anthropic.com)"
74.7.227.68 - - [07/Nov/2025:00:25:56 +0000] "GET /?path=//sys/bus/node/devices/node0/memory7/subsystem/devices/memory2/node0/memory6/node0/cpu0/firmware_node/subsystem/drivers/ec HTTP/1.1" 200 3666 "-" "Mozilla/5.0 AppleWebKit/537.36 (KHTML, like Gecko; compatible; GPTBot/1.2; +https://openai.com/gptbot)"
216.73.216.84 - - [07/Nov/2025:00:25:56 +0000] "GET /?fileloc=%2F%2Fusr%2Fsrc%2Flinux-headers-6.8.0-85%2Finclude%2Flinux%2Fplatform_data%2Fgpio-ath79.h&path=%2F%2Fusr%2Fsrc%2Flinux-headers-6.8.0-85%2Finclude%2Flinux%2Fplatform_data HTTP/1.1" 200 3266 "-" "Mozilla/5.0 AppleWebKit/537.36 (KHTML, like Gecko; compatible; ClaudeBot/1.0; +claudebot@anthropic.com)"
216.73.216.84 - - [07/Nov/2025:00:25:56 +0000] "GET /?fileloc=%2F%2Fusr%2Flib%2Fpython3.12%2Funittest%2Fmock.py&path=%2F%2Fusr%2Flib%2Fpython3.12%2Funittest HTTP/1.1" 200 35652 "-" "Mozilla/5.0 AppleWebKit/537.36 (KHTML, like Gecko; compatible; ClaudeBot/1.0; +claudebot@anthropic.com)"
216.73.216.84 - - [07/Nov/2025:00:25:56 +0000] "GET /?fileloc=%2F%2Fusr%2Fsrc%2Flinux-headers-6.8.0-85%2Finclude%2Flinux%2Fusb%2Ftcpm.h&path=%2F%2Fusr%2Fsrc%2Flinux-headers-6.8.0-85%2Finclude%2Flinux%2Fusb HTTP/1.1" 200 5704 "-" "Mozilla/5.0 AppleWebKit/537.36 (KHTML, like Gecko; compatible; ClaudeBot/1.0; +claudebot@anthropic.com)"
216.73.216.84 - - [07/Nov/2025:00:25:56 +0000] "GET /?fileloc=%2F%2Fusr%2Flib%2Fpython3.12%2Fcrypt.py&path=%2F%2Fusr%2Flib%2Fpython3.12 HTTP/1.1" 200 4856 "-" "Mozilla/5.0 AppleWebKit/537.36 (KHTML, like Gecko; compatible; ClaudeBot/1.0; +claudebot@anthropic.com)"
74.7.227.155 - - [07/Nov/2025:00:25:57 +0000] "GET /?path=//sys/class/net/enp1s0/device/net/enp1s0/device/subsystem/devices/virtio1/block/vda/subsystem/vda/device/block/vda/device/block/vda/vda1/trace HTTP/1.1" 200 3795 "-" "Mozilla/5.0 AppleWebKit/537.36 (KHTML, like Gecko; compatible; GPTBot/1.2; +https://openai.com/gptbot)"
216.73.216.84 - - [07/Nov/2025:00:25:57 +0000] "GET /?fileloc=%2F%2Fusr%2Fsrc%2Flinux-headers-6.8.0-85%2Finclude%2Flinux%2Fplatform_data%2Fmmc-pxamci.h&path=%2F%2Fusr%2Fsrc%2Flinux-headers-6.8.0-85%2Finclude%2Flinux%2Fplatform_data HTTP/1.1" 200 3405 "-" "Mozilla/5.0 AppleWebKit/537.36 (KHTML, like Gecko; compatible; ClaudeBot/1.0; +claudebot@anthropic.com)"
216.73.216.84 - - [07/Nov/2025:00:25:57 +0000] "GET /?fileloc=%2F%2Fusr%2Flib%2Fpython3.12%2Fssl.py&path=%2F%2Fusr%2Flib%2Fpython3.12 HTTP/1.1" 200 18771 "-" "Mozilla/5.0 AppleWebKit/537.36 (KHTML, like Gecko; compatible; ClaudeBot/1.0; +claudebot@anthropic.com)"
135.181.166.38 - - [07/Nov/2025:00:25:57 +0000] "GET /?path=/etc/iproute2 HTTP/1.1" 200 3864 "-" "Mozilla/5.0 (compatible; BLEXBot/1.0; +https://help.seranking.com/en/blex-crawler)"
216.73.216.84 - - [07/Nov/2025:00:25:57 +0000] "GET /?fileloc=%2F%2Fusr%2Fsrc%2Flinux-headers-6.8.0-85%2Finclude%2Flinux%2Fplatform_data%2Fmmp_dma.h&path=%2F%2Fusr%2Fsrc%2Flinux-headers-6.8.0-85%2Finclude%2Flinux%2Fplatform_data HTTP/1.1" 200 3247 "-" "Mozilla/5.0 AppleWebKit/537.36 (KHTML, like Gecko; compatible; ClaudeBot/1.0; +claudebot@anthropic.com)"
216.73.216.84 - - [07/Nov/2025:00:25:57 +0000] "GET /?fileloc=%2F%2Fusr%2Fsrc%2Flinux-headers-6.8.0-85%2Finclude%2Flinux%2Fplatform_data%2Fmv_usb.h&path=%2F%2Fusr%2Fsrc%2Flinux-headers-6.8.0-85%2Finclude%2Flinux%2Fplatform_data HTTP/1.1" 200 3529 "-" "Mozilla/5.0 AppleWebKit/537.36 (KHTML, like Gecko; compatible; ClaudeBot/1.0; +claudebot@anthropic.com)"
216.73.216.84 - - [07/Nov/2025:00:25:57 +0000] "GET /?fileloc=%2F%2Fusr%2Fsrc%2Flinux-headers-6.8.0-85%2Finclude%2Flinux%2Fcan%2Fcore.h&path=%2F%2Fusr%2Fsrc%2Flinux-headers-6.8.0-85%2Finclude%2Flinux%2Fcan HTTP/1.1" 200 3901 "-" "Mozilla/5.0 AppleWebKit/537.36 (KHTML, like Gecko; compatible; ClaudeBot/1.0; +claudebot@anthropic.com)"
216.73.216.84 - - [07/Nov/2025:00:25:57 +0000] "GET /?fileloc=%2F%2Fusr%2Fsrc%2Flinux-headers-6.8.0-85%2Finclude%2Flinux%2Fplatform_data%2Fpinctrl-single.h&path=%2F%2Fusr%2Fsrc%2Flinux-headers-6.8.0-85%2Finclude%2Flinux%2Fplatform_data HTTP/1.1" 200 3311 "-" "Mozilla/5.0 AppleWebKit/537.36 (KHTML, like Gecko; compatible; ClaudeBot/1.0; +claudebot@anthropic.com)"
52.45.29.57 - - [07/Nov/2025:00:25:57 +0000] "GET /about-us/?path=//sys/class/leds/input1::capslock/subsystem/input1::numlock/device/device/firmware_node/physical_node/firmware_node/subsystem/devices/device:1d/subsystem/devices/device:18/subsystem/drivers/button HTTP/1.1" 200 3886 "-" "Mozilla/5.0 AppleWebKit/537.36 (KHTML, like Gecko; compatible; Amazonbot/0.1; +https://developer.amazon.com/support/amazonbot) Chrome/119.0.6045.214 Safari/537.36"
216.73.216.84 - - [07/Nov/2025:00:25:57 +0000] "GET /?fileloc=%2F%2Fusr%2Fsrc%2Flinux-headers-6.8.0-85%2Finclude%2Flinux%2Fspi%2Fspi-mem.h&path=%2F%2Fusr%2Fsrc%2Flinux-headers-6.8.0-85%2Finclude%2Flinux%2Fspi HTTP/1.1" 200 7652 "-" "Mozilla/5.0 AppleWebKit/537.36 (KHTML, like Gecko; compatible; ClaudeBot/1.0; +claudebot@anthropic.com)"
216.73.216.84 - - [07/Nov/2025:00:25:57 +0000] "GET /?fileloc=%2F%2Fusr%2Fsrc%2Flinux-headers-6.8.0-85%2Finclude%2Flinux%2Fplatform_data%2Flv5207lp.h&path=%2F%2Fusr%2Fsrc%2Flinux-headers-6.8.0-85%2Finclude%2Flinux%2Fplatform_data HTTP/1.1" 200 3184 "-" "Mozilla/5.0 AppleWebKit/537.36 (KHTML, like Gecko; compatible; ClaudeBot/1.0; +claudebot@anthropic.com)"
216.73.216.84 - - [07/Nov/2025:00:25:57 +0000] "GET /?fileloc=%2F%2Fusr%2Fsrc%2Flinux-headers-6.8.0-85%2Finclude%2Flinux%2Fsunrpc%2Fdebug.h&path=%2F%2Fusr%2Fsrc%2Flinux-headers-6.8.0-85%2Finclude%2Flinux%2Fsunrpc HTTP/1.1" 200 3804 "-" "Mozilla/5.0 AppleWebKit/537.36 (KHTML, like Gecko; compatible; ClaudeBot/1.0; +claudebot@anthropic.com)"
216.73.216.84 - - [07/Nov/2025:00:25:57 +0000] "GET /?fileloc=%2F%2Fusr%2Fsrc%2Flinux-headers-6.8.0-85%2Finclude%2Flinux%2Fbyteorder%2Fbig_endian.h&path=%2F%2Fusr%2Fsrc%2Flinux-headers-6.8.0-85%2Finclude%2Flinux%2Fbyteorder HTTP/1.1" 200 3203 "-" "Mozilla/5.0 AppleWebKit/537.36 (KHTML, like Gecko; compatible; ClaudeBot/1.0; +claudebot@anthropic.com)"
216.73.216.84 - - [07/Nov/2025:00:25:57 +0000] "GET /?fileloc=%2F%2Fusr%2Fsrc%2Flinux-headers-6.8.0-85%2Finclude%2Flinux%2Fplatform_data%2Fdma-hsu.h&path=%2F%2Fusr%2Fsrc%2Flinux-headers-6.8.0-85%2Finclude%2Flinux%2Fplatform_data HTTP/1.1" 200 3239 "-" "Mozilla/5.0 AppleWebKit/537.36 (KHTML, like Gecko; compatible; ClaudeBot/1.0; +claudebot@anthropic.com)"
216.73.216.84 - - [07/Nov/2025:00:25:58 +0000] "GET /?fileloc=%2F%2Fusr%2Fsrc%2Flinux-headers-6.8.0-85%2Finclude%2Flinux%2Fspi%2Fxilinx_spi.h&path=%2F%2Fusr%2Fsrc%2Flinux-headers-6.8.0-85%2Finclude%2Flinux%2Fspi HTTP/1.1" 200 3368 "-" "Mozilla/5.0 AppleWebKit/537.36 (KHTML, like Gecko; compatible; ClaudeBot/1.0; +claudebot@anthropic.com)"
74.7.227.68 - - [07/Nov/2025:00:25:58 +0000] "GET /?path=//sys/bus/node/devices/node0/memory6/subsystem/devices/memory3/node0/memory4/node0/memory1/subsystem HTTP/1.1" 200 3787 "-" "Mozilla/5.0 AppleWebKit/537.36 (KHTML, like Gecko; compatible; GPTBot/1.2; +https://openai.com/gptbot)"
216.73.216.84 - - [07/Nov/2025:00:25:58 +0000] "GET /?fileloc=%2F%2Fusr%2Flib%2Fpython3.12%2Fgetpass.py&path=%2F%2Fusr%2Flib%2Fpython3.12 HTTP/1.1" 200 5420 "-" "Mozilla/5.0 AppleWebKit/537.36 (KHTML, like Gecko; compatible; ClaudeBot/1.0; +claudebot@anthropic.com)"
216.73.216.84 - - [07/Nov/2025:00:25:58 +0000] "GET /?fileloc=%2F%2Fusr%2Fsrc%2Flinux-headers-6.8.0-85%2Finclude%2Flinux%2Fplatform_data%2Fxtalk-bridge.h&path=%2F%2Fusr%2Fsrc%2Flinux-headers-6.8.0-85%2Finclude%2Flinux%2Fplatform_data HTTP/1.1" 200 3273 "-" "Mozilla/5.0 AppleWebKit/537.36 (KHTML, like Gecko; compatible; ClaudeBot/1.0; +claudebot@anthropic.com)"
216.73.216.84 - - [07/Nov/2025:00:25:58 +0000] "GET /?fileloc=%2F%2Fusr%2Fsrc%2Flinux-headers-6.8.0-85%2Finclude%2Flinux%2Fplatform_data%2Fusb3503.h&path=%2F%2Fusr%2Fsrc%2Flinux-headers-6.8.0-85%2Finclude%2Flinux%2Fplatform_data HTTP/1.1" 200 3254 "-" "Mozilla/5.0 AppleWebKit/537.36 (KHTML, like Gecko; compatible; ClaudeBot/1.0; +claudebot@anthropic.com)"
216.73.216.84 - - [07/Nov/2025:00:25:58 +0000] "GET /?fileloc=%2F%2Fusr%2Fsrc%2Flinux-headers-6.8.0-85%2Finclude%2Flinux%2Fplatform_data%2Fb53.h&path=%2F%2Fusr%2Fsrc%2Flinux-headers-6.8.0-85%2Finclude%2Flinux%2Fplatform_data HTTP/1.1" 200 3806 "-" "Mozilla/5.0 AppleWebKit/537.36 (KHTML, like Gecko; compatible; ClaudeBot/1.0; +claudebot@anthropic.com)"
216.73.216.84 - - [07/Nov/2025:00:25:58 +0000] "GET /?fileloc=%2F%2Fusr%2Flib%2Fpython3.12%2Frunpy.py&path=%2F%2Fusr%2Flib%2Fpython3.12 HTTP/1.1" 200 7749 "-" "Mozilla/5.0 AppleWebKit/537.36 (KHTML, like Gecko; compatible; ClaudeBot/1.0; +claudebot@anthropic.com)"
216.73.216.84 - - [07/Nov/2025:00:25:58 +0000] "GET /?fileloc=%2F%2Fusr%2Fsrc%2Flinux-headers-6.8.0-85%2Finclude%2Flinux%2Fdecompress%2Funzstd.h&path=%2F%2Fusr%2Fsrc%2Flinux-headers-6.8.0-85%2Finclude%2Flinux%2Fdecompress HTTP/1.1" 200 3219 "-" "Mozilla/5.0 AppleWebKit/537.36 (KHTML, like Gecko; compatible; ClaudeBot/1.0; +claudebot@anthropic.com)"
74.7.227.155 - - [07/Nov/2025:00:25:58 +0000] "GET /?fileloc=//sys/class/net/enp1s0/device/net/enp1s0/device/subsystem/devices/virtio1/block/vda/subsystem/vda/device/block/vda/device/block/vda/bdi/strict_limit&path=//sys/class/net/enp1s0/device/net/enp1s0/device/subsystem/devices/virtio1/block/vda/subsystem/vda/device/block/vda/device/block/vda/bdi HTTP/1.1" 200 3183 "-" "Mozilla/5.0 AppleWebKit/537.36 (KHTML, like Gecko; compatible; GPTBot/1.2; +https://openai.com/gptbot)"
216.73.216.84 - - [07/Nov/2025:00:25:58 +0000] "GET /?fileloc=%2F%2Fusr%2Fsrc%2Flinux-headers-6.8.0-85%2Finclude%2Flinux%2Fpse-pd%2Fpse.h&path=%2F%2Fusr%2Fsrc%2Flinux-headers-6.8.0-85%2Finclude%2Flinux%2Fpse-pd HTTP/1.1" 200 4356 "-" "Mozilla/5.0 AppleWebKit/537.36 (KHTML, like Gecko; compatible; ClaudeBot/1.0; +claudebot@anthropic.com)"
216.73.216.84 - - [07/Nov/2025:00:25:58 +0000] "GET /?fileloc=%2F%2Fusr%2Fsrc%2Flinux-headers-6.8.0-85%2Finclude%2Flinux%2Fusb%2Fof.h&path=%2F%2Fusr%2Fsrc%2Flinux-headers-6.8.0-85%2Finclude%2Flinux%2Fusb HTTP/1.1" 200 3590 "-" "Mozilla/5.0 AppleWebKit/537.36 (KHTML, like Gecko; compatible; ClaudeBot/1.0; +claudebot@anthropic.com)"
216.73.216.84 - - [07/Nov/2025:00:25:58 +0000] "GET /?fileloc=%2F%2Fusr%2Fsrc%2Flinux-headers-6.8.0-85%2Finclude%2Flinux%2Fplatform_data%2Fzforce_ts.h&path=%2F%2Fusr%2Fsrc%2Flinux-headers-6.8.0-85%2Finclude%2Flinux%2Fplatform_data HTTP/1.1" 200 3226 "-" "Mozilla/5.0 AppleWebKit/537.36 (KHTML, like Gecko; compatible; ClaudeBot/1.0; +claudebot@anthropic.com)"
216.73.216.84 - - [07/Nov/2025:00:25:58 +0000] "GET /?fileloc=%2F%2Fusr%2Fsrc%2Flinux-headers-6.8.0-85%2Finclude%2Flinux%2Fspi%2Fspi_bitbang.h&path=%2F%2Fusr%2Fsrc%2Flinux-headers-6.8.0-85%2Finclude%2Flinux%2Fspi HTTP/1.1" 200 3775 "-" "Mozilla/5.0 AppleWebKit/537.36 (KHTML, like Gecko; compatible; ClaudeBot/1.0; +claudebot@anthropic.com)"
216.73.216.84 - - [07/Nov/2025:00:25:59 +0000] "GET /?fileloc=%2F%2Fusr%2Fsrc%2Flinux-headers-6.8.0-85%2Finclude%2Flinux%2Fplatform_data%2Fmlxreg.h&path=%2F%2Fusr%2Fsrc%2Flinux-headers-6.8.0-85%2Finclude%2Flinux%2Fplatform_data HTTP/1.1" 200 5746 "-" "Mozilla/5.0 AppleWebKit/537.36 (KHTML, like Gecko; compatible; ClaudeBot/1.0; +claudebot@anthropic.com)"
216.73.216.84 - - [07/Nov/2025:00:25:59 +0000] "GET /?fileloc=%2F%2Fusr%2Finclude%2Fpython3.12%2Ftupleobject.h&path=%2F%2Fusr%2Finclude%2Fpython3.12 HTTP/1.1" 200 3734 "-" "Mozilla/5.0 AppleWebKit/537.36 (KHTML, like Gecko; compatible; ClaudeBot/1.0; +claudebot@anthropic.com)"
216.73.216.84 - - [07/Nov/2025:00:25:59 +0000] "GET /?fileloc=%2F%2Fusr%2Fsrc%2Flinux-headers-6.8.0-85%2Finclude%2Flinux%2Fgpio%2Fregmap.h&path=%2F%2Fusr%2Fsrc%2Flinux-headers-6.8.0-85%2Finclude%2Flinux%2Fgpio HTTP/1.1" 200 4413 "-" "Mozilla/5.0 AppleWebKit/537.36 (KHTML, like Gecko; compatible; ClaudeBot/1.0; +claudebot@anthropic.com)"
216.73.216.84 - - [07/Nov/2025:00:25:59 +0000] "GET /?fileloc=%2F%2Fusr%2Flib%2Fpython3.12%2Fhashlib.py&path=%2F%2Fusr%2Flib%2Fpython3.12 HTTP/1.1" 200 6614 "-" "Mozilla/5.0 AppleWebKit/537.36 (KHTML, like Gecko; compatible; ClaudeBot/1.0; +claudebot@anthropic.com)"
216.73.216.84 - - [07/Nov/2025:00:25:59 +0000] "GET /?fileloc=%2F%2Fusr%2Fsrc%2Flinux-headers-6.8.0-85%2Finclude%2Flinux%2Fi3c%2Fmaster.h&path=%2F%2Fusr%2Fsrc%2Flinux-headers-6.8.0-85%2Finclude%2Flinux%2Fi3c HTTP/1.1" 200 12267 "-" "Mozilla/5.0 AppleWebKit/537.36 (KHTML, like Gecko; compatible; ClaudeBot/1.0; +claudebot@anthropic.com)"
216.73.216.84 - - [07/Nov/2025:00:25:59 +0000] "GET /?fileloc=%2F%2Fusr%2Fsrc%2Flinux-headers-6.8.0-85%2Finclude%2Flinux%2Fplatform_data%2Flm3639_bl.h&path=%2F%2Fusr%2Fsrc%2Flinux-headers-6.8.0-85%2Finclude%2Flinux%2Fplatform_data HTTP/1.1" 200 3599 "-" "Mozilla/5.0 AppleWebKit/537.36 (KHTML, like Gecko; compatible; ClaudeBot/1.0; +claudebot@anthropic.com)"
216.73.216.84 - - [07/Nov/2025:00:25:59 +0000] "GET /?fileloc=%2F%2Fusr%2Finclude%2Fpython3.12%2Fmoduleobject.h&path=%2F%2Fusr%2Finclude%2Fpython3.12 HTTP/1.1" 200 4319 "-" "Mozilla/5.0 AppleWebKit/537.36 (KHTML, like Gecko; compatible; ClaudeBot/1.0; +claudebot@anthropic.com)"
216.73.216.84 - - [07/Nov/2025:00:25:59 +0000] "GET /?fileloc=%2F%2Fusr%2Finclude%2Fpython3.12%2Fobjimpl.h&path=%2F%2Fusr%2Finclude%2Fpython3.12 HTTP/1.1" 200 6646 "-" "Mozilla/5.0 AppleWebKit/537.36 (KHTML, like Gecko; compatible; ClaudeBot/1.0; +claudebot@anthropic.com)"
74.7.227.155 - - [07/Nov/2025:00:25:59 +0000] "GET /?path=//sys/class/net/enp1s0/device/net/enp1s0/device/subsystem/devices/virtio1/block/vda/subsystem/vda/device/block/vda/device/block/vda/bdi/power HTTP/1.1" 200 3998 "-" "Mozilla/5.0 AppleWebKit/537.36 (KHTML, like Gecko; compatible; GPTBot/1.2; +https://openai.com/gptbot)"
216.73.216.84 - - [07/Nov/2025:00:25:59 +0000] "GET /?fileloc=%2F%2Fusr%2Flib%2Fpython3.12%2Fsitecustomize.py&path=%2F%2Fusr%2Flib%2Fpython3.12 HTTP/1.1" 200 3067 "-" "Mozilla/5.0 AppleWebKit/537.36 (KHTML, like Gecko; compatible; ClaudeBot/1.0; +claudebot@anthropic.com)"
74.7.227.68 - - [07/Nov/2025:00:25:59 +0000] "GET /?path=//sys/bus/node/devices/node0/memory6/subsystem/devices/memory4/node0/cpu0/node0/cpu0/subsystem/drivers/processor HTTP/1.1" 200 3741 "-" "Mozilla/5.0 AppleWebKit/537.36 (KHTML, like Gecko; compatible; GPTBot/1.2; +https://openai.com/gptbot)"
216.73.216.84 - - [07/Nov/2025:00:25:59 +0000] "GET /?fileloc=%2F%2Fusr%2Flib%2Fpython3.12%2Fcsv.py&path=%2F%2Fusr%2Flib%2Fpython3.12 HTTP/1.1" 200 8631 "-" "Mozilla/5.0 AppleWebKit/537.36 (KHTML, like Gecko; compatible; ClaudeBot/1.0; +claudebot@anthropic.com)"
216.73.216.84 - - [07/Nov/2025:00:25:59 +0000] "GET /?fileloc=%2F%2Fusr%2Finclude%2Fpython3.12%2Fcpython%2Fmodsupport.h&path=%2F%2Fusr%2Finclude%2Fpython3.12%2Fcpython HTTP/1.1" 200 4240 "-" "Mozilla/5.0 AppleWebKit/537.36 (KHTML, like Gecko; compatible; ClaudeBot/1.0; +claudebot@anthropic.com)"
216.73.216.84 - - [07/Nov/2025:00:26:00 +0000] "GET /?fileloc=%2F%2Fusr%2Fsrc%2Flinux-headers-6.8.0-85%2Finclude%2Flinux%2Fspi%2Fspi_oc_tiny.h&path=%2F%2Fusr%2Fsrc%2Flinux-headers-6.8.0-85%2Finclude%2Flinux%2Fspi HTTP/1.1" 200 3272 "-" "Mozilla/5.0 AppleWebKit/537.36 (KHTML, like Gecko; compatible; ClaudeBot/1.0; +claudebot@anthropic.com)"
216.73.216.84 - - [07/Nov/2025:00:26:00 +0000] "GET /?fileloc=%2F%2Fusr%2Fsrc%2Flinux-headers-6.8.0-85%2Finclude%2Flinux%2Fplatform_data%2Fmmc-omap.h&path=%2F%2Fusr%2Fsrc%2Flinux-headers-6.8.0-85%2Finclude%2Flinux%2Fplatform_data HTTP/1.1" 200 4502 "-" "Mozilla/5.0 AppleWebKit/537.36 (KHTML, like Gecko; compatible; ClaudeBot/1.0; +claudebot@anthropic.com)"
216.73.216.84 - - [07/Nov/2025:00:26:00 +0000] "GET /?fileloc=%2F%2Fusr%2Flib%2Fpython3.12%2F_pydecimal.py&path=%2F%2Fusr%2Flib%2Fpython3.12 HTTP/1.1" 200 66207 "-" "Mozilla/5.0 AppleWebKit/537.36 (KHTML, like Gecko; compatible; ClaudeBot/1.0; +claudebot@anthropic.com)"
216.73.216.84 - - [07/Nov/2025:00:26:00 +0000] "GET /?fileloc=%2F%2Fusr%2Fsrc%2Flinux-headers-6.8.0-85%2Finclude%2Fuapi%2Fasm-generic%2Fbitsperlong.h&path=%2F%2Fusr%2Fsrc%2Flinux-headers-6.8.0-85%2Finclude%2Fuapi%2Fasm-generic HTTP/1.1" 200 3616 "-" "Mozilla/5.0 AppleWebKit/537.36 (KHTML, like Gecko; compatible; ClaudeBot/1.0; +claudebot@anthropic.com)"
216.73.216.84 - - [07/Nov/2025:00:26:00 +0000] "GET /?fileloc=%2F%2Fusr%2Finclude%2Fpython3.12%2Fcomplexobject.h&path=%2F%2Fusr%2Finclude%2Fpython3.12 HTTP/1.1" 200 3308 "-" "Mozilla/5.0 AppleWebKit/537.36 (KHTML, like Gecko; compatible; ClaudeBot/1.0; +claudebot@anthropic.com)"
216.73.216.84 - - [07/Nov/2025:00:26:00 +0000] "GET /?fileloc=%2F%2Fusr%2Finclude%2Fpython3.12%2Fcpython%2Fcompile.h&path=%2F%2Fusr%2Finclude%2Fpython3.12%2Fcpython HTTP/1.1" 200 4116 "-" "Mozilla/5.0 AppleWebKit/537.36 (KHTML, like Gecko; compatible; ClaudeBot/1.0; +claudebot@anthropic.com)"
216.73.216.84 - - [07/Nov/2025:00:26:00 +0000] "GET /?fileloc=%2F%2Fusr%2Flib%2Fpython3.12%2Fimaplib.py&path=%2F%2Fusr%2Flib%2Fpython3.12 HTTP/1.1" 200 21210 "-" "Mozilla/5.0 AppleWebKit/537.36 (KHTML, like Gecko; compatible; ClaudeBot/1.0; +claudebot@anthropic.com)"
216.73.216.84 - - [07/Nov/2025:00:26:00 +0000] "GET /?fileloc=%2F%2Fusr%2Fsrc%2Flinux-headers-6.8.0-85%2Finclude%2Flinux%2Fplatform_data%2Flm3630a_bl.h&path=%2F%2Fusr%2Fsrc%2Flinux-headers-6.8.0-85%2Finclude%2Flinux%2Fplatform_data HTTP/1.1" 200 3671 "-" "Mozilla/5.0 AppleWebKit/537.36 (KHTML, like Gecko; compatible; ClaudeBot/1.0; +claudebot@anthropic.com)"
216.73.216.84 - - [07/Nov/2025:00:26:00 +0000] "GET /?fileloc=%2F%2Fusr%2Fsrc%2Flinux-headers-6.8.0-85%2Finclude%2Flinux%2Fceph%2Fceph_features.h&path=%2F%2Fusr%2Fsrc%2Flinux-headers-6.8.0-85%2Finclude%2Flinux%2Fceph HTTP/1.1" 200 5882 "-" "Mozilla/5.0 AppleWebKit/537.36 (KHTML, like Gecko; compatible; ClaudeBot/1.0; +claudebot@anthropic.com)"
216.73.216.84 - - [07/Nov/2025:00:26:00 +0000] "GET /?fileloc=%2F%2Fusr%2Finclude%2Flinux%2Fpsci.h&path=%2F%2Fusr%2Finclude%2Flinux HTTP/1.1" 200 4658 "-" "Mozilla/5.0 AppleWebKit/537.36 (KHTML, like Gecko; compatible; ClaudeBot/1.0; +claudebot@anthropic.com)"
216.73.216.84 - - [07/Nov/2025:00:26:00 +0000] "GET /?fileloc=%2F%2Fusr%2Finclude%2Fpython3.12%2Fcpython%2Fpicklebufobject.h&path=%2F%2Fusr%2Finclude%2Fpython3.12%2Fcpython HTTP/1.1" 200 3413 "-" "Mozilla/5.0 AppleWebKit/537.36 (KHTML, like Gecko; compatible; ClaudeBot/1.0; +claudebot@anthropic.com)"
216.73.216.84 - - [07/Nov/2025:00:26:01 +0000] "GET /?fileloc=%2F%2Fusr%2Fsrc%2Flinux-headers-6.8.0-85%2Finclude%2Flinux%2Fmmc%2Fsd.h&path=%2F%2Fusr%2Fsrc%2Flinux-headers-6.8.0-85%2Finclude%2Flinux%2Fmmc HTTP/1.1" 200 4156 "-" "Mozilla/5.0 AppleWebKit/537.36 (KHTML, like Gecko; compatible; ClaudeBot/1.0; +claudebot@anthropic.com)"
74.7.227.68 - - [07/Nov/2025:00:26:01 +0000] "GET /?path=//sys/bus/node/devices/node0/memory6/subsystem/devices/memory4/node0/memory5/node0/memory1/subsystem HTTP/1.1" 200 3785 "-" "Mozilla/5.0 AppleWebKit/537.36 (KHTML, like Gecko; compatible; GPTBot/1.2; +https://openai.com/gptbot)"
216.73.216.84 - - [07/Nov/2025:00:26:01 +0000] "GET /?fileloc=%2F%2Fusr%2Finclude%2Flinux%2Fhiddev.h&path=%2F%2Fusr%2Finclude%2Flinux HTTP/1.1" 200 5546 "-" "Mozilla/5.0 AppleWebKit/537.36 (KHTML, like Gecko; compatible; ClaudeBot/1.0; +claudebot@anthropic.com)"
216.73.216.84 - - [07/Nov/2025:00:26:01 +0000] "GET /?fileloc=%2F%2Fusr%2Fsrc%2Flinux-headers-6.8.0-85%2Finclude%2Flinux%2Fplatform_data%2Fsdhci-pic32.h&path=%2F%2Fusr%2Fsrc%2Flinux-headers-6.8.0-85%2Finclude%2Flinux%2Fplatform_data HTTP/1.1" 200 3279 "-" "Mozilla/5.0 AppleWebKit/537.36 (KHTML, like Gecko; compatible; ClaudeBot/1.0; +claudebot@anthropic.com)"
216.73.216.84 - - [07/Nov/2025:00:26:01 +0000] "GET /?fileloc=%2F%2Fusr%2Flib%2Fpython3%2Fdist-packages%2Ftwisted%2Fpython%2F__pycache__%2Fzippath.cpython-312.pyc&path=%2F%2Fusr%2Flib%2Fpython3%2Fdist-packages%2Ftwisted%2Fpython%2F__pycache__ HTTP/1.1" 200 10561 "-" "Mozilla/5.0 AppleWebKit/537.36 (KHTML, like Gecko; compatible; ClaudeBot/1.0; +claudebot@anthropic.com)"
216.73.216.84 - - [07/Nov/2025:00:26:01 +0000] "GET /?fileloc=%2F%2Fusr%2Fsrc%2Flinux-headers-6.8.0-85%2Finclude%2Flinux%2Fusb%2Fusbnet.h&path=%2F%2Fusr%2Fsrc%2Flinux-headers-6.8.0-85%2Finclude%2Flinux%2Fusb HTTP/1.1" 200 6908 "-" "Mozilla/5.0 AppleWebKit/537.36 (KHTML, like Gecko; compatible; ClaudeBot/1.0; +claudebot@anthropic.com)"
216.73.216.84 - - [07/Nov/2025:00:26:01 +0000] "GET /?fileloc=%2F%2Fusr%2Fsrc%2Flinux-headers-6.8.0-85%2Finclude%2Flinux%2Fcan%2Flength.h&path=%2F%2Fusr%2Fsrc%2Flinux-headers-6.8.0-85%2Finclude%2Flinux%2Fcan HTTP/1.1" 200 5919 "-" "Mozilla/5.0 AppleWebKit/537.36 (KHTML, like Gecko; compatible; ClaudeBot/1.0; +claudebot@anthropic.com)"
216.73.216.84 - - [07/Nov/2025:00:26:01 +0000] "GET /?fileloc=%2F%2Fusr%2Flib%2Fpython3.12%2Ffileinput.py&path=%2F%2Fusr%2Flib%2Fpython3.12 HTTP/1.1" 200 7959 "-" "Mozilla/5.0 AppleWebKit/537.36 (KHTML, like Gecko; compatible; ClaudeBot/1.0; +claudebot@anthropic.com)"
216.73.216.84 - - [07/Nov/2025:00:26:01 +0000] "GET /?fileloc=%2F%2Fusr%2Fsrc%2Flinux-headers-6.8.0-85%2Finclude%2Flinux%2Fplatform_data%2Fmax6639.h&path=%2F%2Fusr%2Fsrc%2Flinux-headers-6.8.0-85%2Finclude%2Flinux%2Fplatform_data HTTP/1.1" 200 3297 "-" "Mozilla/5.0 AppleWebKit/537.36 (KHTML, like Gecko; compatible; ClaudeBot/1.0; +claudebot@anthropic.com)"
216.73.216.84 - - [07/Nov/2025:00:26:01 +0000] "GET /?fileloc=%2F%2Fusr%2Flib%2Fpython3.12%2Fpy_compile.py&path=%2F%2Fusr%2Flib%2Fpython3.12 HTTP/1.1" 200 5960 "-" "Mozilla/5.0 AppleWebKit/537.36 (KHTML, like Gecko; compatible; ClaudeBot/1.0; +claudebot@anthropic.com)"
74.7.227.155 - - [07/Nov/2025:00:26:01 +0000] "GET /?path=//sys/class/net/enp1s0/device/net/enp1s0/device/subsystem/devices/virtio1/block/vda/subsystem/vda/device/block/vda/device/block/vda/bdi/subsystem HTTP/1.1" 200 3996 "-" "Mozilla/5.0 AppleWebKit/537.36 (KHTML, like Gecko; compatible; GPTBot/1.2; +https://openai.com/gptbot)"
216.73.216.84 - - [07/Nov/2025:00:26:01 +0000] "GET /?fileloc=%2F%2Fusr%2Flib%2Fpython3%2Fdist-packages%2Ftwisted%2Fpython%2F__pycache__%2F_url.cpython-312.pyc&path=%2F%2Fusr%2Flib%2Fpython3%2Fdist-packages%2Ftwisted%2Fpython%2F__pycache__ HTTP/1.1" 200 3286 "-" "Mozilla/5.0 AppleWebKit/537.36 (KHTML, like Gecko; compatible; ClaudeBot/1.0; +claudebot@anthropic.com)"
216.73.216.84 - - [07/Nov/2025:00:26:01 +0000] "GET /?fileloc=%2F%2Fusr%2Fsrc%2Flinux-headers-6.8.0-85%2Finclude%2Fuapi%2Fxen%2Fgntdev.h&path=%2F%2Fusr%2Fsrc%2Flinux-headers-6.8.0-85%2Finclude%2Fuapi%2Fxen HTTP/1.1" 200 7448 "-" "Mozilla/5.0 AppleWebKit/537.36 (KHTML, like Gecko; compatible; ClaudeBot/1.0; +claudebot@anthropic.com)"
34.235.239.240 - - [07/Nov/2025:00:26:02 +0000] "GET /about-us/?path=//sys/class/leds/input1::capslock/subsystem/input1::numlock/device/device/firmware_node/physical_node/firmware_node/subsystem/devices/device:1d/subsystem/devices/device:1a/subsystem/devices/device:2a HTTP/1.1" 200 4087 "-" "Mozilla/5.0 AppleWebKit/537.36 (KHTML, like Gecko; compatible; Amazonbot/0.1; +https://developer.amazon.com/support/amazonbot) Chrome/119.0.6045.214 Safari/537.36"
216.73.216.84 - - [07/Nov/2025:00:26:02 +0000] "GET /?fileloc=%2F%2Fusr%2Fsrc%2Flinux-headers-6.8.0-85%2Finclude%2Flinux%2Flsm%2Fbpf.h&path=%2F%2Fusr%2Fsrc%2Flinux-headers-6.8.0-85%2Finclude%2Flinux%2Flsm HTTP/1.1" 200 3231 "-" "Mozilla/5.0 AppleWebKit/537.36 (KHTML, like Gecko; compatible; ClaudeBot/1.0; +claudebot@anthropic.com)"
216.73.216.84 - - [07/Nov/2025:00:26:02 +0000] "GET /?fileloc=%2F%2Fusr%2Flib%2Fpython3.12%2Fasyncio%2Ftimeouts.py&path=%2F%2Fusr%2Flib%2Fpython3.12%2Fasyncio HTTP/1.1" 200 4908 "-" "Mozilla/5.0 AppleWebKit/537.36 (KHTML, like Gecko; compatible; ClaudeBot/1.0; +claudebot@anthropic.com)"
216.73.216.84 - - [07/Nov/2025:00:26:02 +0000] "GET /?fileloc=%2F%2Fusr%2Fsrc%2Flinux-headers-6.8.0-85%2Finclude%2Flinux%2Fsched%2Ftask_stack.h&path=%2F%2Fusr%2Fsrc%2Flinux-headers-6.8.0-85%2Finclude%2Flinux%2Fsched HTTP/1.1" 200 4310 "-" "Mozilla/5.0 AppleWebKit/537.36 (KHTML, like Gecko; compatible; ClaudeBot/1.0; +claudebot@anthropic.com)"
216.73.216.84 - - [07/Nov/2025:00:26:02 +0000] "GET /?fileloc=%2F%2Fusr%2Flib%2Fpython3.12%2F_pyio.py&path=%2F%2Fusr%2Flib%2Fpython3.12 HTTP/1.1" 200 32269 "-" "Mozilla/5.0 AppleWebKit/537.36 (KHTML, like Gecko; compatible; ClaudeBot/1.0; +claudebot@anthropic.com)"
216.73.216.84 - - [07/Nov/2025:00:26:02 +0000] "GET /?fileloc=%2F%2Fusr%2Fsrc%2Flinux-headers-6.8.0-85%2Finclude%2Flinux%2Fplatform_data%2Fusb-omap.h&path=%2F%2Fusr%2Fsrc%2Flinux-headers-6.8.0-85%2Finclude%2Flinux%2Fplatform_data HTTP/1.1" 200 3685 "-" "Mozilla/5.0 AppleWebKit/537.36 (KHTML, like Gecko; compatible; ClaudeBot/1.0; +claudebot@anthropic.com)"
216.73.216.84 - - [07/Nov/2025:00:26:02 +0000] "GET /?fileloc=%2F%2Fusr%2Fsrc%2Flinux-headers-6.8.0-85%2Finclude%2Flinux%2Fplatform_data%2Fisl9305.h&path=%2F%2Fusr%2Fsrc%2Flinux-headers-6.8.0-85%2Finclude%2Flinux%2Fplatform_data HTTP/1.1" 200 3290 "-" "Mozilla/5.0 AppleWebKit/537.36 (KHTML, like Gecko; compatible; ClaudeBot/1.0; +claudebot@anthropic.com)"
216.73.216.84 - - [07/Nov/2025:00:26:02 +0000] "GET /?fileloc=%2F%2Fusr%2Flib%2Fpython3.12%2Fshutil.py&path=%2F%2Fusr%2Flib%2Fpython3.12 HTTP/1.1" 200 22244 "-" "Mozilla/5.0 AppleWebKit/537.36 (KHTML, like Gecko; compatible; ClaudeBot/1.0; +claudebot@anthropic.com)"
74.7.227.68 - - [07/Nov/2025:00:26:02 +0000] "GET /?path=//sys/bus/node/devices/node0/memory6/subsystem/devices/memory4/node0/memory1/node0/memory3/subsystem HTTP/1.1" 200 3785 "-" "Mozilla/5.0 AppleWebKit/537.36 (KHTML, like Gecko; compatible; GPTBot/1.2; +https://openai.com/gptbot)"
216.73.216.84 - - [07/Nov/2025:00:26:02 +0000] "GET /?fileloc=%2F%2Fusr%2Fsrc%2Flinux-headers-6.8.0-85%2Finclude%2Flinux%2Fceph%2Fceph_frag.h&path=%2F%2Fusr%2Fsrc%2Flinux-headers-6.8.0-85%2Finclude%2Flinux%2Fceph HTTP/1.1" 200 3880 "-" "Mozilla/5.0 AppleWebKit/537.36 (KHTML, like Gecko; compatible; ClaudeBot/1.0; +claudebot@anthropic.com)"
216.73.216.84 - - [07/Nov/2025:00:26:02 +0000] "GET /?fileloc=%2F%2Fusr%2Flib%2Fpython3.12%2Funittest%2Fsuite.py&path=%2F%2Fusr%2Flib%2Fpython3.12%2Funittest HTTP/1.1" 200 6578 "-" "Mozilla/5.0 AppleWebKit/537.36 (KHTML, like Gecko; compatible; ClaudeBot/1.0; +claudebot@anthropic.com)"
216.73.216.84 - - [07/Nov/2025:00:26:02 +0000] "GET /?fileloc=%2F%2Fusr%2Finclude%2Fpython3.12%2Fbytesobject.h&path=%2F%2Fusr%2Finclude%2Fpython3.12 HTTP/1.1" 200 4070 "-" "Mozilla/5.0 AppleWebKit/537.36 (KHTML, like Gecko; compatible; ClaudeBot/1.0; +claudebot@anthropic.com)"
