216.73.216.84 - - [07/Nov/2025:00:28:14 +0000] "GET /?fileloc=%2F%2Fusr%2Fshare%2Fterminfo%2Fs%2Fscreen-256color-bce&path=%2F%2Fusr%2Fshare%2Fterminfo%2Fs HTTP/1.1" 200 3821 "-" "Mozilla/5.0 AppleWebKit/537.36 (KHTML, like Gecko; compatible; ClaudeBot/1.0; +claudebot@anthropic.com)"
216.73.216.84 - - [07/Nov/2025:00:28:14 +0000] "GET /?fileloc=%2F%2Fusr%2Fshare%2Fterminfo%2Fa%2Favt-w-rv-ns&path=%2F%2Fusr%2Fshare%2Fterminfo%2Fa HTTP/1.1" 200 3734 "-" "Mozilla/5.0 AppleWebKit/537.36 (KHTML, like Gecko; compatible; ClaudeBot/1.0; +claudebot@anthropic.com)"
216.73.216.84 - - [07/Nov/2025:00:28:14 +0000] "GET /?path=%2F%2Fusr%2Fshare%2Fdoc%2Fos-prober HTTP/1.1" 200 3542 "-" "Mozilla/5.0 AppleWebKit/537.36 (KHTML, like Gecko; compatible; ClaudeBot/1.0; +claudebot@anthropic.com)"
66.249.74.15 - - [07/Nov/2025:00:28:14 +0000] "GET /?path=//sys/class/tty/tty8/subsystem/ttyS16/subsystem/ttyS7/subsystem/ttyS29/subsystem/ttyS25/subsystem/tty29/subsystem/tty29/subsystem/tty21/subsystem HTTP/1.1" 200 7131 "-" "Mozilla/5.0 (Linux; Android 6.0.1; Nexus 5X Build/MMB29P) AppleWebKit/537.36 (KHTML, like Gecko) Chrome/141.0.7390.122 Mobile Safari/537.36 (compatible; GoogleOther)"
216.73.216.84 - - [07/Nov/2025:00:28:14 +0000] "GET /?fileloc=%2F%2Fproc%2Fself%2Froot%2Flib%2Fx86_64-linux-gnu%2Flibssl.so.3&path=%2F%2Fproc%2Fself%2Froot%2Flib%2Fx86_64-linux-gnu HTTP/1.1" 200 289684 "-" "Mozilla/5.0 AppleWebKit/537.36 (KHTML, like Gecko; compatible; ClaudeBot/1.0; +claudebot@anthropic.com)"
57.141.0.58 - - [07/Nov/2025:00:28:14 +0000] "GET /?fileloc=//sys/class/pci_bus/0000:03/device/subsystem_vendor&path=//sys/class/pci_bus/0000:03/device HTTP/1.1" 200 12492 "-" "meta-externalagent/1.1 (+https://developers.facebook.com/docs/sharing/webmasters/crawler)"
216.73.216.84 - - [07/Nov/2025:00:28:14 +0000] "GET /?fileloc=%2F%2Fusr%2Fshare%2Fterminfo%2Ft%2Ftw52&path=%2F%2Fusr%2Fshare%2Fterminfo%2Ft HTTP/1.1" 200 3501 "-" "Mozilla/5.0 AppleWebKit/537.36 (KHTML, like Gecko; compatible; ClaudeBot/1.0; +claudebot@anthropic.com)"
216.73.216.84 - - [07/Nov/2025:00:28:14 +0000] "GET /?fileloc=%2F%2Fopt%2Fwpsites%2Fdatainsightnow.com%2Fwp-comments-post.php&path=%2F%2Fopt%2Fwpsites%2Fdatainsightnow.com HTTP/1.1" 200 4171 "-" "Mozilla/5.0 AppleWebKit/537.36 (KHTML, like Gecko; compatible; ClaudeBot/1.0; +claudebot@anthropic.com)"
216.73.216.84 - - [07/Nov/2025:00:28:14 +0000] "GET /?path=%2F%2Fproc%2Fself%2Froot%2Fvar%2Flib%2Fletsencrypt HTTP/1.1" 200 3440 "-" "Mozilla/5.0 AppleWebKit/537.36 (KHTML, like Gecko; compatible; ClaudeBot/1.0; +claudebot@anthropic.com)"
216.73.216.84 - - [07/Nov/2025:00:28:14 +0000] "GET /?fileloc=%2Fopt%2Fwpsites%2Fdatacloudnow.com%2Fwp-includes%2Fblocks%2Fcomment-template%2Fstyle.min.css&path=%2Fopt%2Fwpsites%2Fdatacloudnow.com%2Fwp-includes%2Fblocks%2Fcomment-template HTTP/1.1" 200 3167 "-" "Mozilla/5.0 AppleWebKit/537.36 (KHTML, like Gecko; compatible; ClaudeBot/1.0; +claudebot@anthropic.com)"
216.73.216.84 - - [07/Nov/2025:00:28:15 +0000] "GET /?fileloc=%2Fopt%2Fwpsites%2Fdatacloudnow.com%2Fwp-includes%2Fblocks%2Fgallery%2Ftheme-rtl.css&path=%2Fopt%2Fwpsites%2Fdatacloudnow.com%2Fwp-includes%2Fblocks%2Fgallery HTTP/1.1" 200 3894 "-" "Mozilla/5.0 AppleWebKit/537.36 (KHTML, like Gecko; compatible; ClaudeBot/1.0; +claudebot@anthropic.com)"
216.73.216.84 - - [07/Nov/2025:00:28:15 +0000] "GET /?fileloc=%2F%2Fproc%2Fself%2Froot%2Fusr%2Fbin%2Fapt-mark&path=%2F%2Fproc%2Fself%2Froot%2Fusr%2Fbin HTTP/1.1" 200 26981 "-" "Mozilla/5.0 AppleWebKit/537.36 (KHTML, like Gecko; compatible; ClaudeBot/1.0; +claudebot@anthropic.com)"
216.73.216.84 - - [07/Nov/2025:00:28:15 +0000] "GET /?fileloc=%2F%2Fproc%2Fself%2Froot%2Flib%2Fx86_64-linux-gnu%2FlibXpm.so.4&path=%2F%2Fproc%2Fself%2Froot%2Flib%2Fx86_64-linux-gnu HTTP/1.1" 200 38776 "-" "Mozilla/5.0 AppleWebKit/537.36 (KHTML, like Gecko; compatible; ClaudeBot/1.0; +claudebot@anthropic.com)"
57.141.0.5 - - [07/Nov/2025:00:28:15 +0000] "GET /?path=//var/lib/nginx/fastcgi/9/69 HTTP/1.1" 200 12882 "-" "meta-externalagent/1.1 (+https://developers.facebook.com/docs/sharing/webmasters/crawler)"
216.73.216.84 - - [07/Nov/2025:00:28:15 +0000] "GET /?fileloc=%2Fopt%2Fwpsites%2Fdatacloudnow.com%2Fwp-includes%2Fblocks%2Fcomments-pagination-previous%2Fblock.json&path=%2Fopt%2Fwpsites%2Fdatacloudnow.com%2Fwp-includes%2Fblocks%2Fcomments-pagination-previous HTTP/1.1" 200 3495 "-" "Mozilla/5.0 AppleWebKit/537.36 (KHTML, like Gecko; compatible; ClaudeBot/1.0; +claudebot@anthropic.com)"
216.73.216.84 - - [07/Nov/2025:00:28:15 +0000] "GET /?path=%2Fopt%2Fwpsites%2Fdatainsightnow.com%2Fwp-content%2Fuploads%2Fultimatemember%2F262 HTTP/1.1" 200 3433 "-" "Mozilla/5.0 AppleWebKit/537.36 (KHTML, like Gecko; compatible; ClaudeBot/1.0; +claudebot@anthropic.com)"
57.141.0.67 - - [07/Nov/2025:00:28:15 +0000] "GET /?path=//sys/bus/pci_express/devices/0000:00:02.3:pcie010/subsystem HTTP/1.1" 200 20777 "-" "meta-externalagent/1.1 (+https://developers.facebook.com/docs/sharing/webmasters/crawler)"
74.7.227.155 - - [07/Nov/2025:00:28:15 +0000] "GET /?path=//sys/class/net/enp1s0/device/net/enp1s0/device/subsystem/devices/virtio1/block/vda/subsystem/vda/device/block/vda/device/block/vda/subsystem/loop4/slaves HTTP/1.1" 200 3262 "-" "Mozilla/5.0 AppleWebKit/537.36 (KHTML, like Gecko; compatible; GPTBot/1.2; +https://openai.com/gptbot)"
216.73.216.84 - - [07/Nov/2025:00:28:15 +0000] "GET /?fileloc=%2F%2Fusr%2Fshare%2Fpublicsuffix%2Feffective_tld_names.dat&path=%2F%2Fusr%2Fshare%2Fpublicsuffix HTTP/1.1" 200 96306 "-" "Mozilla/5.0 AppleWebKit/537.36 (KHTML, like Gecko; compatible; ClaudeBot/1.0; +claudebot@anthropic.com)"
216.73.216.84 - - [07/Nov/2025:00:28:15 +0000] "GET /?path=%2F%2Fproc%2Fself%2Froot%2Flib%2Fpython3%2Fdist-packages%2Flandscape%2Fsysinfo HTTP/1.1" 200 4104 "-" "Mozilla/5.0 AppleWebKit/537.36 (KHTML, like Gecko; compatible; ClaudeBot/1.0; +claudebot@anthropic.com)"
216.73.216.84 - - [07/Nov/2025:00:28:15 +0000] "GET /?fileloc=%2F%2Fsys%2Fmodule%2Fnf_reject_ipv4%2Fnotes%2F.note.gnu.build-id&path=%2F%2Fsys%2Fmodule%2Fnf_reject_ipv4%2Fnotes HTTP/1.1" 200 3067 "-" "Mozilla/5.0 AppleWebKit/537.36 (KHTML, like Gecko; compatible; ClaudeBot/1.0; +claudebot@anthropic.com)"
216.73.216.84 - - [07/Nov/2025:00:28:15 +0000] "GET /?path=%2F%2Flib%2Ffirmware%2Fnvidia%2Fgp102%2Fsec2 HTTP/1.1" 200 3627 "-" "Mozilla/5.0 AppleWebKit/537.36 (KHTML, like Gecko; compatible; ClaudeBot/1.0; +claudebot@anthropic.com)"
216.73.216.84 - - [07/Nov/2025:00:28:15 +0000] "GET /?fileloc=%2F%2Fusr%2Fshare%2Fman%2Fman3%2Fpthread_mutex_consistent.3.gz&path=%2F%2Fusr%2Fshare%2Fman%2Fman3 HTTP/1.1" 200 4242 "-" "Mozilla/5.0 AppleWebKit/537.36 (KHTML, like Gecko; compatible; ClaudeBot/1.0; +claudebot@anthropic.com)"
135.181.166.38 - - [07/Nov/2025:00:28:15 +0000] "GET /?path=/lib/initcpio HTTP/1.1" 200 3322 "-" "Mozilla/5.0 (compatible; BLEXBot/1.0; +https://help.seranking.com/en/blex-crawler)"
216.73.216.84 - - [07/Nov/2025:00:28:15 +0000] "GET /?path=%2F%2Fusr%2Fshare%2Flocale%2Fam HTTP/1.1" 200 3352 "-" "Mozilla/5.0 AppleWebKit/537.36 (KHTML, like Gecko; compatible; ClaudeBot/1.0; +claudebot@anthropic.com)"
216.73.216.84 - - [07/Nov/2025:00:28:15 +0000] "GET /?fileloc=%2F%2Fproc%2Fself%2Froot%2Fusr%2Fbin%2Fpygmentize&path=%2F%2Fproc%2Fself%2Froot%2Fusr%2Fbin HTTP/1.1" 200 3144 "-" "Mozilla/5.0 AppleWebKit/537.36 (KHTML, like Gecko; compatible; ClaudeBot/1.0; +claudebot@anthropic.com)"
216.73.216.84 - - [07/Nov/2025:00:28:15 +0000] "GET /?fileloc=%2F%2Fusr%2Fshare%2Fzoneinfo%2FPacific%2FJohnston&path=%2F%2Fusr%2Fshare%2Fzoneinfo%2FPacific HTTP/1.1" 200 3174 "-" "Mozilla/5.0 AppleWebKit/537.36 (KHTML, like Gecko; compatible; ClaudeBot/1.0; +claudebot@anthropic.com)"
216.73.216.84 - - [07/Nov/2025:00:28:16 +0000] "GET /?fileloc=%2F%2Fusr%2Fshare%2Fterminfo%2Fi%2Firis-ansi&path=%2F%2Fusr%2Fshare%2Fterminfo%2Fi HTTP/1.1" 200 3560 "-" "Mozilla/5.0 AppleWebKit/537.36 (KHTML, like Gecko; compatible; ClaudeBot/1.0; +claudebot@anthropic.com)"
216.73.216.84 - - [07/Nov/2025:00:28:16 +0000] "GET /?fileloc=%2F%2Fsys%2Fmodule%2Ftcp_cubic%2Fparameters%2Finitial_ssthresh&path=%2F%2Fsys%2Fmodule%2Ftcp_cubic%2Fparameters HTTP/1.1" 200 3006 "-" "Mozilla/5.0 AppleWebKit/537.36 (KHTML, like Gecko; compatible; ClaudeBot/1.0; +claudebot@anthropic.com)"
216.73.216.84 - - [07/Nov/2025:00:28:16 +0000] "GET /?fileloc=%2Fopt%2Fwpsites%2Fdatacloudnow.com%2Fwp-includes%2Fblocks%2Fquery-pagination-next%2Fblock.json&path=%2Fopt%2Fwpsites%2Fdatacloudnow.com%2Fwp-includes%2Fblocks%2Fquery-pagination-next HTTP/1.1" 200 3478 "-" "Mozilla/5.0 AppleWebKit/537.36 (KHTML, like Gecko; compatible; ClaudeBot/1.0; +claudebot@anthropic.com)"
216.73.216.84 - - [07/Nov/2025:00:28:16 +0000] "GET /?fileloc=%2F%2Fusr%2Fshare%2Fterminfo%2Fs%2Fsun-s-e&path=%2F%2Fusr%2Fshare%2Fterminfo%2Fs HTTP/1.1" 200 3468 "-" "Mozilla/5.0 AppleWebKit/537.36 (KHTML, like Gecko; compatible; ClaudeBot/1.0; +claudebot@anthropic.com)"
216.73.216.84 - - [07/Nov/2025:00:28:16 +0000] "GET /?path=%2F%2Fusr%2Fshare%2Fbyobu%2Fwindows HTTP/1.1" 200 3372 "-" "Mozilla/5.0 AppleWebKit/537.36 (KHTML, like Gecko; compatible; ClaudeBot/1.0; +claudebot@anthropic.com)"
216.73.216.84 - - [07/Nov/2025:00:28:16 +0000] "GET /?fileloc=%2F%2Fusr%2Fbin%2FX11%2FX11%2Fntfsls&path=%2F%2Fusr%2Fbin%2FX11%2FX11 HTTP/1.1" 200 11881 "-" "Mozilla/5.0 AppleWebKit/537.36 (KHTML, like Gecko; compatible; ClaudeBot/1.0; +claudebot@anthropic.com)"
57.141.0.18 - - [07/Nov/2025:00:28:16 +0000] "GET /big-data/?path=//var/lib/nginx/fastcgi/9/95 HTTP/1.1" 200 12882 "-" "meta-externalagent/1.1 (+https://developers.facebook.com/docs/sharing/webmasters/crawler)"
216.73.216.84 - - [07/Nov/2025:00:28:16 +0000] "GET /?fileloc=%2F%2Fvar%2Flib%2Fsystemd%2Ftimers%2Fstamp-fstrim.timer&path=%2F%2Fvar%2Flib%2Fsystemd%2Ftimers HTTP/1.1" 200 2998 "-" "Mozilla/5.0 AppleWebKit/537.36 (KHTML, like Gecko; compatible; ClaudeBot/1.0; +claudebot@anthropic.com)"
216.73.216.84 - - [07/Nov/2025:00:28:16 +0000] "GET /?fileloc=%2F%2Fproc%2Fself%2Froot%2Fusr%2Fbin%2Fpy3compile&path=%2F%2Fproc%2Fself%2Froot%2Fusr%2Fbin HTTP/1.1" 200 8021 "-" "Mozilla/5.0 AppleWebKit/537.36 (KHTML, like Gecko; compatible; ClaudeBot/1.0; +claudebot@anthropic.com)"
216.73.216.84 - - [07/Nov/2025:00:28:16 +0000] "GET /?fileloc=%2F%2Fusr%2Fshare%2Fterminfo%2Fd%2Fdialogue80&path=%2F%2Fusr%2Fshare%2Fterminfo%2Fd HTTP/1.1" 200 3250 "-" "Mozilla/5.0 AppleWebKit/537.36 (KHTML, like Gecko; compatible; ClaudeBot/1.0; +claudebot@anthropic.com)"
57.141.0.16 - - [07/Nov/2025:00:28:16 +0000] "GET /?path=//sys/class/pci_bus/0000:0f/device/msi_irqs HTTP/1.1" 200 14443 "-" "meta-externalagent/1.1 (+https://developers.facebook.com/docs/sharing/webmasters/crawler)"
216.73.216.84 - - [07/Nov/2025:00:28:16 +0000] "GET /?fileloc=%2F%2Fproc%2Fself%2Froot%2Fusr%2Fbin%2Fx86_64-linux-gnu-elfedit&path=%2F%2Fproc%2Fself%2Froot%2Fusr%2Fbin HTTP/1.1" 200 16311 "-" "Mozilla/5.0 AppleWebKit/537.36 (KHTML, like Gecko; compatible; ClaudeBot/1.0; +claudebot@anthropic.com)"
216.73.216.84 - - [07/Nov/2025:00:28:16 +0000] "GET /?fileloc=%2F%2Fusr%2Fbin%2FX11%2FX11%2Fdpkg-deb&path=%2F%2Fusr%2Fbin%2FX11%2FX11 HTTP/1.1" 200 65764 "-" "Mozilla/5.0 AppleWebKit/537.36 (KHTML, like Gecko; compatible; ClaudeBot/1.0; +claudebot@anthropic.com)"
216.73.216.84 - - [07/Nov/2025:00:28:17 +0000] "GET /?fileloc=%2F%2Fusr%2Fshare%2Fterminfo%2Ff%2Ffortune&path=%2F%2Fusr%2Fshare%2Fterminfo%2Ff HTTP/1.1" 200 3377 "-" "Mozilla/5.0 AppleWebKit/537.36 (KHTML, like Gecko; compatible; ClaudeBot/1.0; +claudebot@anthropic.com)"
216.73.216.84 - - [07/Nov/2025:00:28:17 +0000] "GET /?path=%2F%2Fusr%2Fshare%2Fbyobu%2Fpixmaps HTTP/1.1" 200 3373 "-" "Mozilla/5.0 AppleWebKit/537.36 (KHTML, like Gecko; compatible; ClaudeBot/1.0; +claudebot@anthropic.com)"
216.73.216.84 - - [07/Nov/2025:00:28:17 +0000] "GET /?fileloc=%2F%2Fusr%2Fshare%2Fdoc%2Fphp8.3-zip%2FREADME.Debian.gz&path=%2F%2Fusr%2Fshare%2Fdoc%2Fphp8.3-zip HTTP/1.1" 200 6161 "-" "Mozilla/5.0 AppleWebKit/537.36 (KHTML, like Gecko; compatible; ClaudeBot/1.0; +claudebot@anthropic.com)"
57.141.0.52 - - [07/Nov/2025:00:28:17 +0000] "GET /?fileloc=//proc/self/stat&path=//proc/self HTTP/1.1" 200 12604 "-" "meta-externalagent/1.1 (+https://developers.facebook.com/docs/sharing/webmasters/crawler)"
216.73.216.84 - - [07/Nov/2025:00:28:17 +0000] "GET /?fileloc=%2F%2Flib%2Fsystemd%2Fsystem%2Fsysinit.target.wants%2Fdev-hugepages.mount&path=%2F%2Flib%2Fsystemd%2Fsystem%2Fsysinit.target.wants HTTP/1.1" 200 3474 "-" "Mozilla/5.0 AppleWebKit/537.36 (KHTML, like Gecko; compatible; ClaudeBot/1.0; +claudebot@anthropic.com)"
216.73.216.84 - - [07/Nov/2025:00:28:17 +0000] "GET /?fileloc=%2F%2Fusr%2Fshare%2Fterminfo%2Fa%2Fansisysk&path=%2F%2Fusr%2Fshare%2Fterminfo%2Fa HTTP/1.1" 200 3919 "-" "Mozilla/5.0 AppleWebKit/537.36 (KHTML, like Gecko; compatible; ClaudeBot/1.0; +claudebot@anthropic.com)"
57.141.0.8 - - [07/Nov/2025:00:28:17 +0000] "GET /big-data/?fileloc=//lib/python3.12/asyncio/__pycache__/unix_events.cpython-312.pyc&path=//lib/python3.12/asyncio/__pycache__ HTTP/1.1" 200 94378 "-" "meta-externalagent/1.1 (+https://developers.facebook.com/docs/sharing/webmasters/crawler)"
216.73.216.84 - - [07/Nov/2025:00:28:17 +0000] "GET /?fileloc=%2F%2Fusr%2Fshare%2Fterminfo%2Fa%2Fatt620&path=%2F%2Fusr%2Fshare%2Fterminfo%2Fa HTTP/1.1" 200 3927 "-" "Mozilla/5.0 AppleWebKit/537.36 (KHTML, like Gecko; compatible; ClaudeBot/1.0; +claudebot@anthropic.com)"
216.73.216.84 - - [07/Nov/2025:00:28:17 +0000] "GET /?fileloc=%2F%2Fusr%2Fshare%2Fterminfo%2Fc%2Fcons25-iso8859&path=%2F%2Fusr%2Fshare%2Fterminfo%2Fc HTTP/1.1" 200 3740 "-" "Mozilla/5.0 AppleWebKit/537.36 (KHTML, like Gecko; compatible; ClaudeBot/1.0; +claudebot@anthropic.com)"
216.73.216.84 - - [07/Nov/2025:00:28:17 +0000] "GET /?fileloc=%2Fopt%2Fwpsites%2Fdatacloudnow.com%2Fwp-includes%2Fblocks%2Fbutton%2Fblock.json&path=%2Fopt%2Fwpsites%2Fdatacloudnow.com%2Fwp-includes%2Fblocks%2Fbutton HTTP/1.1" 200 3829 "-" "Mozilla/5.0 AppleWebKit/537.36 (KHTML, like Gecko; compatible; ClaudeBot/1.0; +claudebot@anthropic.com)"
50.19.79.213 - - [07/Nov/2025:00:28:17 +0000] "GET /about-us/?path=//sys/class/leds/input1::capslock/subsystem/input1::numlock/device/device/firmware_node/physical_node/firmware_node/subsystem/devices/device:0d/subsystem/devices/device:3a/subsystem/devices/device:1e HTTP/1.1" 200 4087 "-" "Mozilla/5.0 AppleWebKit/537.36 (KHTML, like Gecko; compatible; Amazonbot/0.1; +https://developer.amazon.com/support/amazonbot) Chrome/119.0.6045.214 Safari/537.36"
216.73.216.84 - - [07/Nov/2025:00:28:17 +0000] "GET /?fileloc=%2F%2Fsys%2Fmodule%2Fraid6_pq%2Fsections%2F__patchable_function_entries&path=%2F%2Fsys%2Fmodule%2Fraid6_pq%2Fsections HTTP/1.1" 200 3014 "-" "Mozilla/5.0 AppleWebKit/537.36 (KHTML, like Gecko; compatible; ClaudeBot/1.0; +claudebot@anthropic.com)"
216.73.216.84 - - [07/Nov/2025:00:28:17 +0000] "GET /?fileloc=%2F%2Fusr%2Fshare%2Fzoneinfo%2FAsia%2FDili&path=%2F%2Fusr%2Fshare%2Fzoneinfo%2FAsia HTTP/1.1" 200 3131 "-" "Mozilla/5.0 AppleWebKit/537.36 (KHTML, like Gecko; compatible; ClaudeBot/1.0; +claudebot@anthropic.com)"
216.73.216.84 - - [07/Nov/2025:00:28:17 +0000] "GET /?path=%2F%2Fsys%2Fkernel%2Fslab%2Fkmalloc-rnd-01-1k HTTP/1.1" 200 4611 "-" "Mozilla/5.0 AppleWebKit/537.36 (KHTML, like Gecko; compatible; ClaudeBot/1.0; +claudebot@anthropic.com)"
57.141.0.21 - - [07/Nov/2025:00:28:17 +0000] "GET /?path=//sys/class/input/mouse1/device/mouse1 HTTP/1.1" 200 20093 "-" "meta-externalagent/1.1 (+https://developers.facebook.com/docs/sharing/webmasters/crawler)"
216.73.216.84 - - [07/Nov/2025:00:28:18 +0000] "GET /?fileloc=%2F%2Fusr%2Fshare%2Fterminfo%2Fp%2Fpe6100&path=%2F%2Fusr%2Fshare%2Fterminfo%2Fp HTTP/1.1" 200 3173 "-" "Mozilla/5.0 AppleWebKit/537.36 (KHTML, like Gecko; compatible; ClaudeBot/1.0; +claudebot@anthropic.com)"
216.73.216.84 - - [07/Nov/2025:00:28:18 +0000] "GET /?fileloc=%2F%2Fusr%2Fshare%2Fterminfo%2Fa%2Favt-ns&path=%2F%2Fusr%2Fshare%2Fterminfo%2Fa HTTP/1.1" 200 3687 "-" "Mozilla/5.0 AppleWebKit/537.36 (KHTML, like Gecko; compatible; ClaudeBot/1.0; +claudebot@anthropic.com)"
57.141.0.15 - - [07/Nov/2025:00:28:18 +0000] "GET /?fileloc=//lib/python3/dist-packages/gi/_option.py&path=//lib/python3/dist-packages/gi HTTP/1.1" 200 26720 "-" "meta-externalagent/1.1 (+https://developers.facebook.com/docs/sharing/webmasters/crawler)"
216.73.216.84 - - [07/Nov/2025:00:28:18 +0000] "GET /?fileloc=%2F%2Fvar%2Flib%2Fsystemd%2Ftimers%2Fstamp-mdcheck_continue.timer&path=%2F%2Fvar%2Flib%2Fsystemd%2Ftimers HTTP/1.1" 200 3002 "-" "Mozilla/5.0 AppleWebKit/537.36 (KHTML, like Gecko; compatible; ClaudeBot/1.0; +claudebot@anthropic.com)"
216.73.216.84 - - [07/Nov/2025:00:28:18 +0000] "GET /?fileloc=%2F%2Fusr%2Fshare%2Fdoc%2Fgroff-base%2Fchangelog.Debian.gz&path=%2F%2Fusr%2Fshare%2Fdoc%2Fgroff-base HTTP/1.1" 200 6031 "-" "Mozilla/5.0 AppleWebKit/537.36 (KHTML, like Gecko; compatible; ClaudeBot/1.0; +claudebot@anthropic.com)"
216.73.216.84 - - [07/Nov/2025:00:28:18 +0000] "GET /?fileloc=%2F%2Fproc%2Fthread-self%2Froot%2Flib%2Fx86_64-linux-gnu%2Fldscripts%2Felf_iamcu.xn&path=%2F%2Fproc%2Fthread-self%2Froot%2Flib%2Fx86_64-linux-gnu%2Fldscripts HTTP/1.1" 200 6052 "-" "Mozilla/5.0 AppleWebKit/537.36 (KHTML, like Gecko; compatible; ClaudeBot/1.0; +claudebot@anthropic.com)"
216.73.216.84 - - [07/Nov/2025:00:28:18 +0000] "GET /?fileloc=%2F%2Fusr%2Fshare%2Fterminfo%2Fm%2Fmt4520-rv&path=%2F%2Fusr%2Fshare%2Fterminfo%2Fm HTTP/1.1" 200 3437 "-" "Mozilla/5.0 AppleWebKit/537.36 (KHTML, like Gecko; compatible; ClaudeBot/1.0; +claudebot@anthropic.com)"
74.7.227.155 - - [07/Nov/2025:00:28:18 +0000] "GET /?path=//sys/class/net/enp1s0/device/net/enp1s0/device/subsystem/devices/virtio1/block/vda/subsystem/vda/device/block/vda/device/block/vda/subsystem/loop3/slaves HTTP/1.1" 200 3262 "-" "Mozilla/5.0 AppleWebKit/537.36 (KHTML, like Gecko; compatible; GPTBot/1.2; +https://openai.com/gptbot)"
216.73.216.84 - - [07/Nov/2025:00:28:18 +0000] "GET /?fileloc=%2F%2Fproc%2Fself%2Froot%2Fusr%2Fbin%2Ftruncate&path=%2F%2Fproc%2Fself%2Froot%2Fusr%2Fbin HTTP/1.1" 200 16889 "-" "Mozilla/5.0 AppleWebKit/537.36 (KHTML, like Gecko; compatible; ClaudeBot/1.0; +claudebot@anthropic.com)"
57.141.0.57 - - [07/Nov/2025:00:28:18 +0000] "GET /?path=//proc/thread-self/root/proc/17 HTTP/1.1" 200 92308 "-" "meta-externalagent/1.1 (+https://developers.facebook.com/docs/sharing/webmasters/crawler)"
216.73.216.84 - - [07/Nov/2025:00:28:18 +0000] "GET /?fileloc=%2F%2Fusr%2Fshare%2Fmime%2Fimage%2Fjpeg.xml&path=%2F%2Fusr%2Fshare%2Fmime%2Fimage HTTP/1.1" 200 4101 "-" "Mozilla/5.0 AppleWebKit/537.36 (KHTML, like Gecko; compatible; ClaudeBot/1.0; +claudebot@anthropic.com)"
216.73.216.84 - - [07/Nov/2025:00:28:18 +0000] "GET /?fileloc=%2F%2Fusr%2Fshare%2Fterminfo%2Fq%2Fqnxt2&path=%2F%2Fusr%2Fshare%2Fterminfo%2Fq HTTP/1.1" 200 3483 "-" "Mozilla/5.0 AppleWebKit/537.36 (KHTML, like Gecko; compatible; ClaudeBot/1.0; +claudebot@anthropic.com)"
216.73.216.84 - - [07/Nov/2025:00:28:18 +0000] "GET /?fileloc=%2F%2Fproc%2Fself%2Froot%2Fusr%2Fbin%2Frview&path=%2F%2Fproc%2Fself%2Froot%2Fusr%2Fbin HTTP/1.1" 200 2144524 "-" "Mozilla/5.0 AppleWebKit/537.36 (KHTML, like Gecko; compatible; ClaudeBot/1.0; +claudebot@anthropic.com)"
216.73.216.84 - - [07/Nov/2025:00:28:18 +0000] "GET /?path=%2F%2Flib%2Fmodules%2F6.8.0-85-generic%2Fbuild%2Ftools%2Ftesting%2Fselftests%2Fsplice HTTP/1.1" 200 3595 "-" "Mozilla/5.0 AppleWebKit/537.36 (KHTML, like Gecko; compatible; ClaudeBot/1.0; +claudebot@anthropic.com)"
216.73.216.84 - - [07/Nov/2025:00:28:19 +0000] "GET /?fileloc=%2F%2Fusr%2Fbin%2FX11%2FX11%2Fscsi_satl&path=%2F%2Fusr%2Fbin%2FX11%2FX11 HTTP/1.1" 200 4688 "-" "Mozilla/5.0 AppleWebKit/537.36 (KHTML, like Gecko; compatible; ClaudeBot/1.0; +claudebot@anthropic.com)"
216.73.216.84 - - [07/Nov/2025:00:28:19 +0000] "GET /?path=%2F%2Fsys%2Fmodule%2Fasync_xor%2Fholders HTTP/1.1" 200 3467 "-" "Mozilla/5.0 AppleWebKit/537.36 (KHTML, like Gecko; compatible; ClaudeBot/1.0; +claudebot@anthropic.com)"
57.141.0.30 - - [07/Nov/2025:00:28:19 +0000] "GET /big-data/?fileloc=//sys/class/misc/rfkill/dev&path=//sys/class/misc/rfkill HTTP/1.1" 200 12395 "-" "meta-externalagent/1.1 (+https://developers.facebook.com/docs/sharing/webmasters/crawler)"
216.73.216.84 - - [07/Nov/2025:00:28:19 +0000] "GET /?fileloc=%2F%2Fusr%2Fshare%2Fterminfo%2Fp%2Fpt210&path=%2F%2Fusr%2Fshare%2Fterminfo%2Fp HTTP/1.1" 200 3094 "-" "Mozilla/5.0 AppleWebKit/537.36 (KHTML, like Gecko; compatible; ClaudeBot/1.0; +claudebot@anthropic.com)"
216.73.216.84 - - [07/Nov/2025:00:28:19 +0000] "GET /?fileloc=%2F%2Fproc%2Fself%2Froot%2Fusr%2Fsbin%2Ftcpstates-bpfcc&path=%2F%2Fproc%2Fself%2Froot%2Fusr%2Fsbin HTTP/1.1" 200 7734 "-" "Mozilla/5.0 AppleWebKit/537.36 (KHTML, like Gecko; compatible; ClaudeBot/1.0; +claudebot@anthropic.com)"
216.73.216.84 - - [07/Nov/2025:00:28:19 +0000] "GET /?fileloc=%2F%2Fproc%2Fself%2Froot%2Flib%2Fx86_64-linux-gnu%2Flibbcc.so.0&path=%2F%2Fproc%2Fself%2Froot%2Flib%2Fx86_64-linux-gnu HTTP/1.1" 200 807770 "-" "Mozilla/5.0 AppleWebKit/537.36 (KHTML, like Gecko; compatible; ClaudeBot/1.0; +claudebot@anthropic.com)"
216.73.216.84 - - [07/Nov/2025:00:28:19 +0000] "GET /?path=%2F%2Fsys%2Fmodule%2Ftls%2Fsections HTTP/1.1" 200 4744 "-" "Mozilla/5.0 AppleWebKit/537.36 (KHTML, like Gecko; compatible; ClaudeBot/1.0; +claudebot@anthropic.com)"
216.73.216.84 - - [07/Nov/2025:00:28:19 +0000] "GET /?fileloc=%2F%2Fusr%2Fshare%2Fterminfo%2Ft%2Fts100&path=%2F%2Fusr%2Fshare%2Fterminfo%2Ft HTTP/1.1" 200 3624 "-" "Mozilla/5.0 AppleWebKit/537.36 (KHTML, like Gecko; compatible; ClaudeBot/1.0; +claudebot@anthropic.com)"
216.73.216.84 - - [07/Nov/2025:00:28:19 +0000] "GET /?fileloc=%2F%2Fusr%2Fshare%2Fterminfo%2Fa%2Faaa-unk&path=%2F%2Fusr%2Fshare%2Fterminfo%2Fa HTTP/1.1" 200 3686 "-" "Mozilla/5.0 AppleWebKit/537.36 (KHTML, like Gecko; compatible; ClaudeBot/1.0; +claudebot@anthropic.com)"
216.73.216.84 - - [07/Nov/2025:00:28:19 +0000] "GET /?fileloc=%2F%2Fproc%2Fself%2Froot%2Fusr%2Fsbin%2Fupdate-initramfs&path=%2F%2Fproc%2Fself%2Froot%2Fusr%2Fsbin HTTP/1.1" 200 5666 "-" "Mozilla/5.0 AppleWebKit/537.36 (KHTML, like Gecko; compatible; ClaudeBot/1.0; +claudebot@anthropic.com)"
216.73.216.84 - - [07/Nov/2025:00:28:19 +0000] "GET /?fileloc=%2F%2Fusr%2Fshare%2Fdoc%2Flibglx-mesa0%2Fcopyright&path=%2F%2Fusr%2Fshare%2Fdoc%2Flibglx-mesa0 HTTP/1.1" 200 8056 "-" "Mozilla/5.0 AppleWebKit/537.36 (KHTML, like Gecko; compatible; ClaudeBot/1.0; +claudebot@anthropic.com)"
216.73.216.84 - - [07/Nov/2025:00:28:19 +0000] "GET /?fileloc=%2F%2Fusr%2Fshare%2Fdoc%2Fgir1.2-glib-2.0%2Fcopyright&path=%2F%2Fusr%2Fshare%2Fdoc%2Fgir1.2-glib-2.0 HTTP/1.1" 200 23856 "-" "Mozilla/5.0 AppleWebKit/537.36 (KHTML, like Gecko; compatible; ClaudeBot/1.0; +claudebot@anthropic.com)"
216.73.216.84 - - [07/Nov/2025:00:28:20 +0000] "GET /?fileloc=%2F%2Fsys%2Fclass%2Fmisc%2Floop-control%2Fdev&path=%2F%2Fsys%2Fclass%2Fmisc%2Floop-control HTTP/1.1" 200 2998 "-" "Mozilla/5.0 AppleWebKit/537.36 (KHTML, like Gecko; compatible; ClaudeBot/1.0; +claudebot@anthropic.com)"
57.141.0.52 - - [07/Nov/2025:00:28:20 +0000] "GET /big-data/?fileloc=//sys/dev/char/189:128/configuration&path=//sys/dev/char/189:128 HTTP/1.1" 200 12378 "-" "meta-externalagent/1.1 (+https://developers.facebook.com/docs/sharing/webmasters/crawler)"
216.73.216.84 - - [07/Nov/2025:00:28:20 +0000] "GET /?fileloc=%2F%2Fusr%2Fshare%2Fterminfo%2Fa%2Fatt4410&path=%2F%2Fusr%2Fshare%2Fterminfo%2Fa HTTP/1.1" 200 3631 "-" "Mozilla/5.0 AppleWebKit/537.36 (KHTML, like Gecko; compatible; ClaudeBot/1.0; +claudebot@anthropic.com)"
57.141.0.37 - - [07/Nov/2025:00:28:20 +0000] "GET /?fileloc=//sys/class/pci_bus/0000:13/device/irq&path=//sys/class/pci_bus/0000:13/device HTTP/1.1" 200 12462 "-" "meta-externalagent/1.1 (+https://developers.facebook.com/docs/sharing/webmasters/crawler)"
216.73.216.84 - - [07/Nov/2025:00:28:20 +0000] "GET /?fileloc=%2F%2Fusr%2Flib%2Ffirmware%2Fipw2100-1.3-p.fw.zst&path=%2F%2Fusr%2Flib%2Ffirmware HTTP/1.1" 200 66974 "-" "Mozilla/5.0 AppleWebKit/537.36 (KHTML, like Gecko; compatible; ClaudeBot/1.0; +claudebot@anthropic.com)"
216.73.216.84 - - [07/Nov/2025:00:28:20 +0000] "GET /?fileloc=%2F%2Fusr%2Fshare%2Fterminfo%2Fa%2Fatt5425&path=%2F%2Fusr%2Fshare%2Fterminfo%2Fa HTTP/1.1" 200 3885 "-" "Mozilla/5.0 AppleWebKit/537.36 (KHTML, like Gecko; compatible; ClaudeBot/1.0; +claudebot@anthropic.com)"
216.73.216.84 - - [07/Nov/2025:00:28:20 +0000] "GET /?path=%2Fopt%2Fwpsites%2Fdatainsightnow.com%2Fwp-content%2Fwell-known%2Fpki-validation%2Fb%2Fg%2Fd HTTP/1.1" 200 3724 "-" "Mozilla/5.0 AppleWebKit/537.36 (KHTML, like Gecko; compatible; ClaudeBot/1.0; +claudebot@anthropic.com)"
74.7.227.155 - - [07/Nov/2025:00:28:20 +0000] "GET /?path=//sys/class/net/enp1s0/device/net/enp1s0/device/subsystem/devices/virtio1/block/vda/subsystem/vda/device/block/vda/device/block/vda/subsystem/loop4/trace HTTP/1.1" 200 3813 "-" "Mozilla/5.0 AppleWebKit/537.36 (KHTML, like Gecko; compatible; GPTBot/1.2; +https://openai.com/gptbot)"
216.73.216.84 - - [07/Nov/2025:00:28:20 +0000] "GET /?fileloc=%2F%2Fusr%2Flib%2Ffirmware%2Fmrvl%2Fcpt02%2Fie.out.zst&path=%2F%2Fusr%2Flib%2Ffirmware%2Fmrvl%2Fcpt02 HTTP/1.1" 200 29399 "-" "Mozilla/5.0 AppleWebKit/537.36 (KHTML, like Gecko; compatible; ClaudeBot/1.0; +claudebot@anthropic.com)"
216.73.216.84 - - [07/Nov/2025:00:28:20 +0000] "GET /?fileloc=%2F%2Fusr%2Fshare%2Fterminfo%2Ft%2Ftt&path=%2F%2Fusr%2Fshare%2Fterminfo%2Ft HTTP/1.1" 200 3214 "-" "Mozilla/5.0 AppleWebKit/537.36 (KHTML, like Gecko; compatible; ClaudeBot/1.0; +claudebot@anthropic.com)"
216.73.216.84 - - [07/Nov/2025:00:28:20 +0000] "GET /?fileloc=%2F%2Fusr%2Fshare%2Fterminfo%2Fp%2Fprism14-m&path=%2F%2Fusr%2Fshare%2Fterminfo%2Fp HTTP/1.1" 200 3400 "-" "Mozilla/5.0 AppleWebKit/537.36 (KHTML, like Gecko; compatible; ClaudeBot/1.0; +claudebot@anthropic.com)"
216.73.216.84 - - [07/Nov/2025:00:28:20 +0000] "GET /?fileloc=%2F%2Fsys%2Fmodule%2Fedac_core%2Fparameters%2Fcheck_pci_errors&path=%2F%2Fsys%2Fmodule%2Fedac_core%2Fparameters HTTP/1.1" 200 3004 "-" "Mozilla/5.0 AppleWebKit/537.36 (KHTML, like Gecko; compatible; ClaudeBot/1.0; +claudebot@anthropic.com)"
216.73.216.84 - - [07/Nov/2025:00:28:20 +0000] "GET /?fileloc=%2F%2Fsys%2Fmodule%2Flibcrc32c%2Fcoresize&path=%2F%2Fsys%2Fmodule%2Flibcrc32c HTTP/1.1" 200 2988 "-" "Mozilla/5.0 AppleWebKit/537.36 (KHTML, like Gecko; compatible; ClaudeBot/1.0; +claudebot@anthropic.com)"
57.141.0.49 - - [07/Nov/2025:00:28:20 +0000] "GET /?fileloc=//var/lib/letsencrypt/backups/1733854240.9580803/enterprisegis.net_15&path=//var/lib/letsencrypt/backups/1733854240.9580803 HTTP/1.1" 200 13453 "-" "meta-externalagent/1.1 (+https://developers.facebook.com/docs/sharing/webmasters/crawler)"
216.73.216.84 - - [07/Nov/2025:00:28:20 +0000] "GET /?fileloc=%2F%2Fproc%2Fself%2Froot%2Flib%2Fx86_64-linux-gnu%2Flibpopt.so.0.0.2&path=%2F%2Fproc%2Fself%2Froot%2Flib%2Fx86_64-linux-gnu HTTP/1.1" 200 27617 "-" "Mozilla/5.0 AppleWebKit/537.36 (KHTML, like Gecko; compatible; ClaudeBot/1.0; +claudebot@anthropic.com)"
216.73.216.84 - - [07/Nov/2025:00:28:21 +0000] "GET /?path=%2Fopt%2Fwpsites%2Fdatainsightnow.com%2Fwp-content%2Fuploads%2Fultimatemember%2F27 HTTP/1.1" 200 3432 "-" "Mozilla/5.0 AppleWebKit/537.36 (KHTML, like Gecko; compatible; ClaudeBot/1.0; +claudebot@anthropic.com)"
216.73.216.84 - - [07/Nov/2025:00:28:21 +0000] "GET /?fileloc=%2F%2Fusr%2Fshare%2Fcmake-3.28%2FTemplates%2FWindows%2FSplashScreen.png&path=%2F%2Fusr%2Fshare%2Fcmake-3.28%2FTemplates%2FWindows HTTP/1.1" 200 3898 "-" "Mozilla/5.0 AppleWebKit/537.36 (KHTML, like Gecko; compatible; ClaudeBot/1.0; +claudebot@anthropic.com)"
52.70.123.241 - - [07/Nov/2025:00:28:21 +0000] "GET /about-us/?path=//sys/class/leds/input1::capslock/subsystem/input1::numlock/device/device/firmware_node/physical_node/firmware_node/physical_node1/input/input1/subsystem/mouse0/subsystem/mice/subsystem/input5 HTTP/1.1" 200 4404 "-" "Mozilla/5.0 AppleWebKit/537.36 (KHTML, like Gecko; compatible; Amazonbot/0.1; +https://developer.amazon.com/support/amazonbot) Chrome/119.0.6045.214 Safari/537.36"
74.7.227.155 - - [07/Nov/2025:00:28:21 +0000] "GET /?path=//sys/class/net/enp1s0/device/net/enp1s0/device/subsystem/devices/virtio1/block/vda/subsystem/vda/device/block/vda/device/block/vda/subsystem/loop1/trace HTTP/1.1" 200 3813 "-" "Mozilla/5.0 AppleWebKit/537.36 (KHTML, like Gecko; compatible; GPTBot/1.2; +https://openai.com/gptbot)"
57.141.0.49 - - [07/Nov/2025:00:28:21 +0000] "GET /?fileloc=//sys/dev/char/13:34/power/runtime_active_kids&path=//sys/dev/char/13:34/power HTTP/1.1" 200 12452 "-" "meta-externalagent/1.1 (+https://developers.facebook.com/docs/sharing/webmasters/crawler)"
57.141.0.13 - - [07/Nov/2025:00:28:22 +0000] "GET /?path=//sys/class/misc/udmabuf/subsystem/hpet HTTP/1.1" 200 18720 "-" "meta-externalagent/1.1 (+https://developers.facebook.com/docs/sharing/webmasters/crawler)"
74.7.227.68 - - [07/Nov/2025:00:28:22 +0000] "GET /?path=//sys/bus/node/devices/node0/memory6/subsystem/devices/memory4/node0/cpu0/subsystem/drivers/processor/cpu0/firmware_node/physical_node/subsystem/devices HTTP/1.1" 200 3550 "-" "Mozilla/5.0 AppleWebKit/537.36 (KHTML, like Gecko; compatible; GPTBot/1.2; +https://openai.com/gptbot)"
57.141.0.36 - - [07/Nov/2025:00:28:22 +0000] "GET /?path=//var/lib/nginx/fastcgi/9/95 HTTP/1.1" 200 12888 "-" "meta-externalagent/1.1 (+https://developers.facebook.com/docs/sharing/webmasters/crawler)"
57.141.0.15 - - [07/Nov/2025:00:28:23 +0000] "GET /?path=//sys/dev/char/13:68/subsystem/event0 HTTP/1.1" 200 20064 "-" "meta-externalagent/1.1 (+https://developers.facebook.com/docs/sharing/webmasters/crawler)"
74.7.227.68 - - [07/Nov/2025:00:28:23 +0000] "GET /?path=//sys/bus/node/devices/node0/memory6/subsystem/devices/memory3/node0/cpu0/subsystem/drivers/processor/cpu0/firmware_node/subsystem/devices/device:0d/subsystem/devices/device:07 HTTP/1.1" 200 4041 "-" "Mozilla/5.0 AppleWebKit/537.36 (KHTML, like Gecko; compatible; GPTBot/1.2; +https://openai.com/gptbot)"
74.7.227.155 - - [07/Nov/2025:00:28:24 +0000] "GET /?path=//sys/class/net/enp1s0/device/net/enp1s0/device/subsystem/devices/virtio1/block/vda/subsystem/vda/device/block/vda/device/block/vda/subsystem/loop4/bdi/power HTTP/1.1" 200 4026 "-" "Mozilla/5.0 AppleWebKit/537.36 (KHTML, like Gecko; compatible; GPTBot/1.2; +https://openai.com/gptbot)"
74.7.227.68 - - [07/Nov/2025:00:28:25 +0000] "GET /?path=//sys/bus/node/devices/node0/memory6/subsystem/devices/memory4/node0/cpu0/subsystem/drivers/processor/cpu0/firmware_node/physical_node/power HTTP/1.1" 200 4070 "-" "Mozilla/5.0 AppleWebKit/537.36 (KHTML, like Gecko; compatible; GPTBot/1.2; +https://openai.com/gptbot)"
52.22.64.232 - - [07/Nov/2025:00:28:25 +0000] "GET /about-us/?path=//sys/class/input/input1/subsystem/event0/subsystem/input3/subsystem/event2/subsystem/input1/input1::capslock/device/device/firmware_node/physical_node1/firmware_node/physical_node/driver HTTP/1.1" 200 3710 "-" "Mozilla/5.0 AppleWebKit/537.36 (KHTML, like Gecko; compatible; Amazonbot/0.1; +https://developer.amazon.com/support/amazonbot) Chrome/119.0.6045.214 Safari/537.36"
57.141.0.10 - - [07/Nov/2025:00:28:26 +0000] "GET /big-data/?fileloc=//lib/python3.12/xml/etree/ElementInclude.py&path=//lib/python3.12/xml/etree HTTP/1.1" 200 19622 "-" "meta-externalagent/1.1 (+https://developers.facebook.com/docs/sharing/webmasters/crawler)"
74.7.227.68 - - [07/Nov/2025:00:28:26 +0000] "GET /?path=//sys/bus/node/devices/node0/memory5/subsystem/devices/memory1/node0/cpu0/subsystem/drivers/processor/cpu0/firmware_node/physical_node/power HTTP/1.1" 200 4080 "-" "Mozilla/5.0 AppleWebKit/537.36 (KHTML, like Gecko; compatible; GPTBot/1.2; +https://openai.com/gptbot)"
74.7.227.155 - - [07/Nov/2025:00:28:26 +0000] "GET /?path=//sys/class/net/enp1s0/device/net/enp1s0/device/subsystem/devices/virtio1/block/vda/subsystem/vda/device/block/vda/device/block/vda/subsystem/loop7/integrity HTTP/1.1" 200 3890 "-" "Mozilla/5.0 AppleWebKit/537.36 (KHTML, like Gecko; compatible; GPTBot/1.2; +https://openai.com/gptbot)"
57.141.0.65 - - [07/Nov/2025:00:28:26 +0000] "GET /?path=//sys/class/bdi/7:6/subsystem/253:0 HTTP/1.1" 200 30816 "-" "meta-externalagent/1.1 (+https://developers.facebook.com/docs/sharing/webmasters/crawler)"
57.141.0.16 - - [07/Nov/2025:00:28:27 +0000] "GET /?path=//sys/class/misc/cpu_dma_latency/subsystem/rfkill HTTP/1.1" 200 18896 "-" "meta-externalagent/1.1 (+https://developers.facebook.com/docs/sharing/webmasters/crawler)"
74.7.227.155 - - [07/Nov/2025:00:28:27 +0000] "GET /?path=//sys/class/net/enp1s0/device/net/enp1s0/device/subsystem/devices/virtio1/block/vda/subsystem/vda/device/block/vda/device/block/vda/subsystem/loop7/power HTTP/1.1" 200 4036 "-" "Mozilla/5.0 AppleWebKit/537.36 (KHTML, like Gecko; compatible; GPTBot/1.2; +https://openai.com/gptbot)"
57.141.0.2 - - [07/Nov/2025:00:28:27 +0000] "GET /big-data/?fileloc=//proc/12/task/12/schedstat&path=//proc/12/task/12 HTTP/1.1" 200 12384 "-" "meta-externalagent/1.1 (+https://developers.facebook.com/docs/sharing/webmasters/crawler)"
74.7.227.68 - - [07/Nov/2025:00:28:28 +0000] "GET /?path=//sys/bus/node/devices/node0/memory6/subsystem/devices/memory3/node0/cpu0/subsystem/drivers/processor/cpu0/firmware_node/physical_node/power HTTP/1.1" 200 4081 "-" "Mozilla/5.0 AppleWebKit/537.36 (KHTML, like Gecko; compatible; GPTBot/1.2; +https://openai.com/gptbot)"
74.7.227.155 - - [07/Nov/2025:00:28:29 +0000] "GET /?path=//sys/class/net/enp1s0/device/net/enp1s0/device/subsystem/devices/virtio1/block/vda/subsystem/vda/device/block/vda/device/block/vda/subsystem/loop3/bdi/power HTTP/1.1" 200 4026 "-" "Mozilla/5.0 AppleWebKit/537.36 (KHTML, like Gecko; compatible; GPTBot/1.2; +https://openai.com/gptbot)"
52.203.237.170 - - [07/Nov/2025:00:28:29 +0000] "GET /about-us/?path=//sys/class/input/input1/subsystem/input1/event1/subsystem/input3/subsystem/mouse0/subsystem/input1/input1::capslock/device/input1::capslock/device/event1/device/power HTTP/1.1" 200 3994 "-" "Mozilla/5.0 AppleWebKit/537.36 (KHTML, like Gecko; compatible; Amazonbot/0.1; +https://developer.amazon.com/support/amazonbot) Chrome/119.0.6045.214 Safari/537.36"
74.7.227.68 - - [07/Nov/2025:00:28:30 +0000] "GET /?path=//sys/bus/node/devices/node0/memory5/subsystem/devices/memory1/node0/memory4/node0/power HTTP/1.1" 200 3913 "-" "Mozilla/5.0 AppleWebKit/537.36 (KHTML, like Gecko; compatible; GPTBot/1.2; +https://openai.com/gptbot)"
74.7.227.68 - - [07/Nov/2025:00:28:31 +0000] "GET /?path=//sys/bus/node/devices/node0/memory6/subsystem/devices/memory3/node0/cpu0/subsystem/drivers/processor/cpu0/firmware_node/physical_node/subsystem HTTP/1.1" 200 3862 "-" "Mozilla/5.0 AppleWebKit/537.36 (KHTML, like Gecko; compatible; GPTBot/1.2; +https://openai.com/gptbot)"
74.7.227.155 - - [07/Nov/2025:00:28:32 +0000] "GET /?path=//sys/class/net/enp1s0/device/net/enp1s0/device/subsystem/devices/virtio1/block/vda/subsystem/vda/device/block/vda/device/block/vda/subsystem/loop7/holders HTTP/1.1" 200 3261 "-" "Mozilla/5.0 AppleWebKit/537.36 (KHTML, like Gecko; compatible; GPTBot/1.2; +https://openai.com/gptbot)"
74.7.227.68 - - [07/Nov/2025:00:28:32 +0000] "GET /?path=//sys/bus/node/devices/node0/memory6/subsystem/devices/memory3/node0/memory6/node0/cpu0 HTTP/1.1" 200 4038 "-" "Mozilla/5.0 AppleWebKit/537.36 (KHTML, like Gecko; compatible; GPTBot/1.2; +https://openai.com/gptbot)"
3.211.105.134 - - [07/Nov/2025:00:28:33 +0000] "GET /about-us/?path=//sys/class/leds/input1::capslock/subsystem/input1::numlock/device/device/firmware_node/physical_node/firmware_node/subsystem/devices/device:1e/subsystem/devices/device:30/subsystem/devices/device:0a HTTP/1.1" 200 4076 "-" "Mozilla/5.0 AppleWebKit/537.36 (KHTML, like Gecko; compatible; Amazonbot/0.1; +https://developer.amazon.com/support/amazonbot) Chrome/119.0.6045.214 Safari/537.36"
74.7.227.155 - - [07/Nov/2025:00:28:33 +0000] "GET /?path=//sys/class/net/enp1s0/device/net/enp1s0/device/subsystem/devices/virtio1/block/vda/subsystem/vda/device/block/vda/device/block/vda/subsystem/loop3/trace HTTP/1.1" 200 3813 "-" "Mozilla/5.0 AppleWebKit/537.36 (KHTML, like Gecko; compatible; GPTBot/1.2; +https://openai.com/gptbot)"
74.7.227.68 - - [07/Nov/2025:00:28:33 +0000] "GET /?path=//sys/bus/node/devices/node0/memory6/subsystem/devices/memory3/node0/memory3/node0/cpu0 HTTP/1.1" 200 4034 "-" "Mozilla/5.0 AppleWebKit/537.36 (KHTML, like Gecko; compatible; GPTBot/1.2; +https://openai.com/gptbot)"
74.7.227.68 - - [07/Nov/2025:00:28:35 +0000] "GET /?path=//sys/bus/node/devices/node0/memory5/subsystem/devices/memory1/node0/cpu0/subsystem/drivers/processor/cpu0/firmware_node/physical_node/subsystem/drivers HTTP/1.1" 200 3550 "-" "Mozilla/5.0 AppleWebKit/537.36 (KHTML, like Gecko; compatible; GPTBot/1.2; +https://openai.com/gptbot)"
74.7.227.155 - - [07/Nov/2025:00:28:35 +0000] "GET /?path=//sys/class/net/enp1s0/device/net/enp1s0/device/subsystem/devices/virtio1/block/vda/subsystem/vda/device/block/vda/device/block/vda/subsystem/loop4/power HTTP/1.1" 200 4036 "-" "Mozilla/5.0 AppleWebKit/537.36 (KHTML, like Gecko; compatible; GPTBot/1.2; +https://openai.com/gptbot)"
74.7.227.68 - - [07/Nov/2025:00:28:36 +0000] "GET /?path=//sys/bus/node/devices/node0/memory6/subsystem/devices/memory3/node0/memory4/node0/cpu0/hotplug HTTP/1.1" 200 3620 "-" "Mozilla/5.0 AppleWebKit/537.36 (KHTML, like Gecko; compatible; GPTBot/1.2; +https://openai.com/gptbot)"
74.7.227.155 - - [07/Nov/2025:00:28:36 +0000] "GET /?path=//sys/class/net/enp1s0/device/net/enp1s0/device/subsystem/devices/virtio1/block/vda/subsystem/vda/device/block/vda/device/block/vda/subsystem/loop4/holders HTTP/1.1" 200 3261 "-" "Mozilla/5.0 AppleWebKit/537.36 (KHTML, like Gecko; compatible; GPTBot/1.2; +https://openai.com/gptbot)"
74.7.227.155 - - [07/Nov/2025:00:28:37 +0000] "GET /?path=//sys/class/net/enp1s0/device/net/enp1s0/device/subsystem/devices/virtio1/block/vda/subsystem/vda/device/block/vda/device/block/vda/subsystem/loop3/integrity HTTP/1.1" 200 3890 "-" "Mozilla/5.0 AppleWebKit/537.36 (KHTML, like Gecko; compatible; GPTBot/1.2; +https://openai.com/gptbot)"
98.83.94.113 - - [07/Nov/2025:00:28:37 +0000] "GET /about-us/?path=//sys/class/leds/input1::capslock/subsystem/input1::numlock/device/device/firmware_node/physical_node/firmware_node/subsystem/devices/device:1e/subsystem/devices/device:17/subsystem/devices/device:01 HTTP/1.1" 200 4045 "-" "Mozilla/5.0 AppleWebKit/537.36 (KHTML, like Gecko; compatible; Amazonbot/0.1; +https://developer.amazon.com/support/amazonbot) Chrome/119.0.6045.214 Safari/537.36"
74.7.227.68 - - [07/Nov/2025:00:28:37 +0000] "GET /?path=//sys/bus/node/devices/node0/memory6/subsystem/devices/memory3/node0/memory2/node0/cpu0/hotplug HTTP/1.1" 200 3619 "-" "Mozilla/5.0 AppleWebKit/537.36 (KHTML, like Gecko; compatible; GPTBot/1.2; +https://openai.com/gptbot)"
74.7.227.68 - - [07/Nov/2025:00:28:39 +0000] "GET /?path=//sys/bus/node/devices/node0/memory5/subsystem/devices/memory1/node0/memory6/node0/cpu0/hotplug HTTP/1.1" 200 3620 "-" "Mozilla/5.0 AppleWebKit/537.36 (KHTML, like Gecko; compatible; GPTBot/1.2; +https://openai.com/gptbot)"
74.7.227.155 - - [07/Nov/2025:00:28:40 +0000] "GET /?path=//sys/class/net/enp1s0/device/net/enp1s0/device/subsystem/devices/virtio1/block/vda/subsystem/vda/device/block/vda/device/block/vda/subsystem/loop7/queue HTTP/1.1" 200 5600 "-" "Mozilla/5.0 AppleWebKit/537.36 (KHTML, like Gecko; compatible; GPTBot/1.2; +https://openai.com/gptbot)"
74.7.227.68 - - [07/Nov/2025:00:28:40 +0000] "GET /?path=//sys/bus/node/devices/node0/memory5/subsystem/devices/memory1/node0/cpu0/subsystem/drivers/processor/cpu0/firmware_node/physical_node/subsystem/devices HTTP/1.1" 200 3546 "-" "Mozilla/5.0 AppleWebKit/537.36 (KHTML, like Gecko; compatible; GPTBot/1.2; +https://openai.com/gptbot)"
18.209.201.119 - - [07/Nov/2025:00:28:41 +0000] "GET /about-us/?path=//sys/class/input/input1/subsystem/input1/event1/subsystem/input3/subsystem/event3/device/subsystem/input1/input1::capslock/device/event1/device/input1::numlock/device/event1 HTTP/1.1" 200 3849 "-" "Mozilla/5.0 AppleWebKit/537.36 (KHTML, like Gecko; compatible; Amazonbot/0.1; +https://developer.amazon.com/support/amazonbot) Chrome/119.0.6045.214 Safari/537.36"
74.7.227.155 - - [07/Nov/2025:00:28:41 +0000] "GET /?path=//sys/class/net/enp1s0/device/net/enp1s0/device/subsystem/devices/virtio1/block/vda/subsystem/vda/device/block/vda/device/block/vda/subsystem/sr0/queue/bsg/device/bsg HTTP/1.1" 200 3600 "-" "Mozilla/5.0 AppleWebKit/537.36 (KHTML, like Gecko; compatible; GPTBot/1.2; +https://openai.com/gptbot)"
74.7.227.68 - - [07/Nov/2025:00:28:41 +0000] "GET /?path=//sys/bus/node/devices/node0/memory6/subsystem/devices/memory4/node0/memory1/node0/cpu0/hotplug HTTP/1.1" 200 3623 "-" "Mozilla/5.0 AppleWebKit/537.36 (KHTML, like Gecko; compatible; GPTBot/1.2; +https://openai.com/gptbot)"
74.7.227.155 - - [07/Nov/2025:00:28:42 +0000] "GET /?path=//sys/class/net/enp1s0/device/net/enp1s0/device/subsystem/devices/virtio1/block/vda/subsystem/vda/device/block/vda/device/block/vda/subsystem/loop4/integrity HTTP/1.1" 200 3890 "-" "Mozilla/5.0 AppleWebKit/537.36 (KHTML, like Gecko; compatible; GPTBot/1.2; +https://openai.com/gptbot)"
216.73.216.84 - - [07/Nov/2025:00:28:42 +0000] "GET /?fileloc=%2Fopt%2Fwpsites%2Fdatainsightnow.com%2Fwp-content%2Fplugins%2Fessential-blocks%2Fassets%2Fcss%2Fwelcome.css&path=%2Fopt%2Fwpsites%2Fdatainsightnow.com%2Fwp-content%2Fplugins%2Fessential-blocks%2Fassets%2Fcss HTTP/1.1" 200 4615 "-" "Mozilla/5.0 AppleWebKit/537.36 (KHTML, like Gecko; compatible; ClaudeBot/1.0; +claudebot@anthropic.com)"
216.73.216.84 - - [07/Nov/2025:00:28:42 +0000] "GET /?fileloc=%2F%2Fusr%2Flib%2Fx86_64-linux-gnu%2Fperl5%2F5.38%2FProc%2FKillall.pm&path=%2F%2Fusr%2Flib%2Fx86_64-linux-gnu%2Fperl5%2F5.38%2FProc HTTP/1.1" 200 4435 "-" "Mozilla/5.0 AppleWebKit/537.36 (KHTML, like Gecko; compatible; ClaudeBot/1.0; +claudebot@anthropic.com)"
216.73.216.84 - - [07/Nov/2025:00:28:42 +0000] "GET /?fileloc=%2F%2Fproc%2Fself%2Froot%2Flib%2Fpython3%2Fdist-packages%2Fpygments%2Ftoken.py&path=%2F%2Fproc%2Fself%2Froot%2Flib%2Fpython3%2Fdist-packages%2Fpygments HTTP/1.1" 200 5320 "-" "Mozilla/5.0 AppleWebKit/537.36 (KHTML, like Gecko; compatible; ClaudeBot/1.0; +claudebot@anthropic.com)"
216.73.216.84 - - [07/Nov/2025:00:28:42 +0000] "GET /?path=%2F%2Fusr%2Flib%2Fpython3%2Fdist-packages%2Ftwisted%2Fweb%2Ftest%2F__pycache__ HTTP/1.1" 200 5024 "-" "Mozilla/5.0 AppleWebKit/537.36 (KHTML, like Gecko; compatible; ClaudeBot/1.0; +claudebot@anthropic.com)"
216.73.216.84 - - [07/Nov/2025:00:28:42 +0000] "GET /?path=%2F%2Fusr%2Flib%2Fpython3%2Fdist-packages%2Ftwisted%2Fpositioning%2Ftest%2F__pycache__ HTTP/1.1" 200 3694 "-" "Mozilla/5.0 AppleWebKit/537.36 (KHTML, like Gecko; compatible; ClaudeBot/1.0; +claudebot@anthropic.com)"
216.73.216.84 - - [07/Nov/2025:00:28:42 +0000] "GET /?fileloc=%2F%2Fproc%2Fself%2Froot%2Flib%2Fpython3%2Fdist-packages%2Fpygments%2Fscanner.py&path=%2F%2Fproc%2Fself%2Froot%2Flib%2Fpython3%2Fdist-packages%2Fpygments HTTP/1.1" 200 4331 "-" "Mozilla/5.0 AppleWebKit/537.36 (KHTML, like Gecko; compatible; ClaudeBot/1.0; +claudebot@anthropic.com)"
216.73.216.84 - - [07/Nov/2025:00:28:43 +0000] "GET /?path=%2F%2Fusr%2Flib%2Fpython3%2Fdist-packages%2Fsetuptools%2F_vendor%2Ftomli%2F__pycache__ HTTP/1.1" 200 3644 "-" "Mozilla/5.0 AppleWebKit/537.36 (KHTML, like Gecko; compatible; ClaudeBot/1.0; +claudebot@anthropic.com)"
216.73.216.84 - - [07/Nov/2025:00:28:43 +0000] "GET /?fileloc=%2F%2Fproc%2Fself%2Froot%2Flib%2Fpython3%2Fdist-packages%2Fsoftwareproperties%2FAptAuth.py&path=%2F%2Fproc%2Fself%2Froot%2Flib%2Fpython3%2Fdist-packages%2Fsoftwareproperties HTTP/1.1" 200 4437 "-" "Mozilla/5.0 AppleWebKit/537.36 (KHTML, like Gecko; compatible; ClaudeBot/1.0; +claudebot@anthropic.com)"
74.7.227.68 - - [07/Nov/2025:00:28:43 +0000] "GET /?path=//sys/bus/node/devices/node0/memory6/subsystem/devices/memory4/node0/cpu0/node0/cpu0/firmware_node HTTP/1.1" 200 3954 "-" "Mozilla/5.0 AppleWebKit/537.36 (KHTML, like Gecko; compatible; GPTBot/1.2; +https://openai.com/gptbot)"
216.73.216.84 - - [07/Nov/2025:00:28:43 +0000] "GET /?fileloc=%2F%2Fopt%2Fwpsites%2Fdatacloudnow.com%2Fwp-includes%2FText%2FDiff%2FRenderer.php&path=%2F%2Fopt%2Fwpsites%2Fdatacloudnow.com%2Fwp-includes%2FText%2FDiff HTTP/1.1" 200 5173 "-" "Mozilla/5.0 AppleWebKit/537.36 (KHTML, like Gecko; compatible; ClaudeBot/1.0; +claudebot@anthropic.com)"
216.73.216.84 - - [07/Nov/2025:00:28:43 +0000] "GET /?fileloc=%2F%2Fproc%2Fself%2Froot%2Flib%2Fpython3%2Fdist-packages%2Fufw%2Fbackend_iptables.py&path=%2F%2Fproc%2Fself%2Froot%2Flib%2Fpython3%2Fdist-packages%2Fufw HTTP/1.1" 200 18352 "-" "Mozilla/5.0 AppleWebKit/537.36 (KHTML, like Gecko; compatible; ClaudeBot/1.0; +claudebot@anthropic.com)"
216.73.216.84 - - [07/Nov/2025:00:28:43 +0000] "GET /?fileloc=%2F%2Fproc%2Fself%2Froot%2Flib%2Fpython3%2Fdist-packages%2Fjsonschema%2Fvalidators.py&path=%2F%2Fproc%2Fself%2Froot%2Flib%2Fpython3%2Fdist-packages%2Fjsonschema HTTP/1.1" 200 12839 "-" "Mozilla/5.0 AppleWebKit/537.36 (KHTML, like Gecko; compatible; ClaudeBot/1.0; +claudebot@anthropic.com)"
216.73.216.84 - - [07/Nov/2025:00:28:43 +0000] "GET /?path=%2F%2Fusr%2Flib%2Fpython3%2Fdist-packages%2Ftwisted%2F_threads%2Ftest%2F__pycache__ HTTP/1.1" 200 3690 "-" "Mozilla/5.0 AppleWebKit/537.36 (KHTML, like Gecko; compatible; ClaudeBot/1.0; +claudebot@anthropic.com)"
216.73.216.84 - - [07/Nov/2025:00:28:43 +0000] "GET /?fileloc=%2F%2Fproc%2Fself%2Froot%2Flib%2Fpython3%2Fdist-packages%2Fpygments%2Fformatter.py&path=%2F%2Fproc%2Fself%2Froot%2Flib%2Fpython3%2Fdist-packages%2Fpygments HTTP/1.1" 200 4918 "-" "Mozilla/5.0 AppleWebKit/537.36 (KHTML, like Gecko; compatible; ClaudeBot/1.0; +claudebot@anthropic.com)"
216.73.216.84 - - [07/Nov/2025:00:28:43 +0000] "GET /?fileloc=%2Fopt%2Fwpsites%2Fdatainsightnow.com%2Fwp-content%2Fplugins%2Fessential-blocks%2Fassets%2Fcss%2Ffslightbox.min.css&path=%2Fopt%2Fwpsites%2Fdatainsightnow.com%2Fwp-content%2Fplugins%2Fessential-blocks%2Fassets%2Fcss HTTP/1.1" 200 4284 "-" "Mozilla/5.0 AppleWebKit/537.36 (KHTML, like Gecko; compatible; ClaudeBot/1.0; +claudebot@anthropic.com)"
216.73.216.84 - - [07/Nov/2025:00:28:43 +0000] "GET /?fileloc=%2F%2Fproc%2Fself%2Froot%2Flib%2Fpython3%2Fdist-packages%2Fpygments%2Fcmdline.py&path=%2F%2Fproc%2Fself%2Froot%2Flib%2Fpython3%2Fdist-packages%2Fpygments HTTP/1.1" 200 10330 "-" "Mozilla/5.0 AppleWebKit/537.36 (KHTML, like Gecko; compatible; ClaudeBot/1.0; +claudebot@anthropic.com)"
216.73.216.84 - - [07/Nov/2025:00:28:43 +0000] "GET /?path=%2F%2Fopt%2Fwpsites%2Fdatainsightnow.com%2Fwp-includes%2Fblocks%2Fhome-link HTTP/1.1" 200 3492 "-" "Mozilla/5.0 AppleWebKit/537.36 (KHTML, like Gecko; compatible; ClaudeBot/1.0; +claudebot@anthropic.com)"
216.73.216.84 - - [07/Nov/2025:00:28:44 +0000] "GET /?path=%2F%2Fusr%2Flib%2Fpython3%2Fdist-packages%2Ftwisted%2Finternet%2Fiocpreactor%2F__pycache__ HTTP/1.1" 200 3820 "-" "Mozilla/5.0 AppleWebKit/537.36 (KHTML, like Gecko; compatible; ClaudeBot/1.0; +claudebot@anthropic.com)"
216.73.216.84 - - [07/Nov/2025:00:28:44 +0000] "GET /?fileloc=%2F%2Fproc%2Fself%2Froot%2Flib%2Fpython3%2Fdist-packages%2Fjwt%2Fjwks_client.py&path=%2F%2Fproc%2Fself%2Froot%2Flib%2Fpython3%2Fdist-packages%2Fjwt HTTP/1.1" 200 4492 "-" "Mozilla/5.0 AppleWebKit/537.36 (KHTML, like Gecko; compatible; ClaudeBot/1.0; +claudebot@anthropic.com)"
216.73.216.84 - - [07/Nov/2025:00:28:44 +0000] "GET /?fileloc=%2F%2Fproc%2Fself%2Froot%2Flib%2Fpython3%2Fdist-packages%2Fautomat%2F_methodical.py&path=%2F%2Fproc%2Fself%2Froot%2Flib%2Fpython3%2Fdist-packages%2Fautomat HTTP/1.1" 200 8132 "-" "Mozilla/5.0 AppleWebKit/537.36 (KHTML, like Gecko; compatible; ClaudeBot/1.0; +claudebot@anthropic.com)"
74.7.227.155 - - [07/Nov/2025:00:28:44 +0000] "GET /?path=//sys/class/net/enp1s0/device/net/enp1s0/device/subsystem/devices/virtio1/block/vda/subsystem/vda/device/block/vda/device/block/vda/subsystem/loop4/bdi/subsystem HTTP/1.1" 200 3973 "-" "Mozilla/5.0 AppleWebKit/537.36 (KHTML, like Gecko; compatible; GPTBot/1.2; +https://openai.com/gptbot)"
216.73.216.84 - - [07/Nov/2025:00:28:44 +0000] "GET /?fileloc=%2F%2Flib%2Fpython3.12%2Fconcurrent%2Ffutures%2F__pycache__%2Fthread.cpython-312.pyc&path=%2F%2Flib%2Fpython3.12%2Fconcurrent%2Ffutures%2F__pycache__ HTTP/1.1" 200 8332 "-" "Mozilla/5.0 AppleWebKit/537.36 (KHTML, like Gecko; compatible; ClaudeBot/1.0; +claudebot@anthropic.com)"
216.73.216.84 - - [07/Nov/2025:00:28:44 +0000] "GET /?fileloc=%2F%2Fproc%2Fself%2Froot%2Flib%2Fpython3%2Fdist-packages%2Fattrs%2Fvalidators.py&path=%2F%2Fproc%2Fself%2Froot%2Flib%2Fpython3%2Fdist-packages%2Fattrs HTTP/1.1" 200 3101 "-" "Mozilla/5.0 AppleWebKit/537.36 (KHTML, like Gecko; compatible; ClaudeBot/1.0; +claudebot@anthropic.com)"
135.181.166.38 - - [07/Nov/2025:00:28:44 +0000] "GET /?path=/lib/pm-utils HTTP/1.1" 200 3391 "-" "Mozilla/5.0 (compatible; BLEXBot/1.0; +https://help.seranking.com/en/blex-crawler)"
216.73.216.84 - - [07/Nov/2025:00:28:44 +0000] "GET /?fileloc=%2Fopt%2Fwpsites%2Fdatainsightnow.com%2Fwp-content%2Fplugins%2Fessential-blocks%2Fassets%2Fcss%2Ffont-awesome5.css&path=%2Fopt%2Fwpsites%2Fdatainsightnow.com%2Fwp-content%2Fplugins%2Fessential-blocks%2Fassets%2Fcss HTTP/1.1" 200 17595 "-" "Mozilla/5.0 AppleWebKit/537.36 (KHTML, like Gecko; compatible; ClaudeBot/1.0; +claudebot@anthropic.com)"
216.73.216.84 - - [07/Nov/2025:00:28:44 +0000] "GET /?path=%2F%2Fusr%2Flib%2Fpython3%2Fdist-packages%2Ftwisted%2Fprotocols%2Ftest%2F__pycache__ HTTP/1.1" 200 3582 "-" "Mozilla/5.0 AppleWebKit/537.36 (KHTML, like Gecko; compatible; ClaudeBot/1.0; +claudebot@anthropic.com)"
216.73.216.84 - - [07/Nov/2025:00:28:44 +0000] "GET /?fileloc=%2F%2Fproc%2Fself%2Froot%2Flib%2Fpython3%2Fdist-packages%2Fpygments%2Ffilter.py&path=%2F%2Fproc%2Fself%2Froot%2Flib%2Fpython3%2Fdist-packages%2Fpygments HTTP/1.1" 200 3884 "-" "Mozilla/5.0 AppleWebKit/537.36 (KHTML, like Gecko; compatible; ClaudeBot/1.0; +claudebot@anthropic.com)"
