57.141.0.12 - - [07/Nov/2025:00:29:22 +0000] "GET /?fileloc=//lib/python3.12/test/libregrtest/results.py&path=//lib/python3.12/test/libregrtest HTTP/1.1" 200 22097 "-" "meta-externalagent/1.1 (+https://developers.facebook.com/docs/sharing/webmasters/crawler)"
216.73.216.84 - - [07/Nov/2025:00:29:22 +0000] "GET /?fileloc=%2F%2Fsys%2Fmodule%2Fnf_tables%2Fsections%2F.return_sites&path=%2F%2Fsys%2Fmodule%2Fnf_tables%2Fsections HTTP/1.1" 200 3002 "-" "Mozilla/5.0 AppleWebKit/537.36 (KHTML, like Gecko; compatible; ClaudeBot/1.0; +claudebot@anthropic.com)"
57.141.0.50 - - [07/Nov/2025:00:29:22 +0000] "GET /?path=//sys/class/input/mouse1/device/id HTTP/1.1" 200 18868 "-" "meta-externalagent/1.1 (+https://developers.facebook.com/docs/sharing/webmasters/crawler)"
216.73.216.84 - - [07/Nov/2025:00:29:22 +0000] "GET /?fileloc=%2F%2Fsys%2Fmodule%2Fi2c_smbus%2Fsections%2F.rodata.str1.1&path=%2F%2Fsys%2Fmodule%2Fi2c_smbus%2Fsections HTTP/1.1" 200 3004 "-" "Mozilla/5.0 AppleWebKit/537.36 (KHTML, like Gecko; compatible; ClaudeBot/1.0; +claudebot@anthropic.com)"
216.73.216.84 - - [07/Nov/2025:00:29:22 +0000] "GET /?path=%2F%2Fproc%2F14%2Fnet%2Fdev_snmp6 HTTP/1.1" 200 3411 "-" "Mozilla/5.0 AppleWebKit/537.36 (KHTML, like Gecko; compatible; ClaudeBot/1.0; +claudebot@anthropic.com)"
216.73.216.84 - - [07/Nov/2025:00:29:22 +0000] "GET /?fileloc=%2F%2Fusr%2Fshare%2Fman%2Fman3%2Fregexec.3.gz&path=%2F%2Fusr%2Fshare%2Fman%2Fman3 HTTP/1.1" 200 6507 "-" "Mozilla/5.0 AppleWebKit/537.36 (KHTML, like Gecko; compatible; ClaudeBot/1.0; +claudebot@anthropic.com)"
74.7.227.68 - - [07/Nov/2025:00:29:22 +0000] "GET /?path=//sys/bus/node/devices/node0/memory6/subsystem/devices/memory3/node0/memory6/node0/memory0 HTTP/1.1" 200 4006 "-" "Mozilla/5.0 AppleWebKit/537.36 (KHTML, like Gecko; compatible; GPTBot/1.2; +https://openai.com/gptbot)"
216.73.216.84 - - [07/Nov/2025:00:29:22 +0000] "GET /?fileloc=%2F%2Fusr%2Fshare%2Fman%2Fman3%2Fkillpg.3.gz&path=%2F%2Fusr%2Fshare%2Fman%2Fman3 HTTP/1.1" 200 4441 "-" "Mozilla/5.0 AppleWebKit/537.36 (KHTML, like Gecko; compatible; ClaudeBot/1.0; +claudebot@anthropic.com)"
216.73.216.84 - - [07/Nov/2025:00:29:22 +0000] "GET /?fileloc=%2F%2Fusr%2Fshare%2Fman%2Fman3%2Fsin.3.gz&path=%2F%2Fusr%2Fshare%2Fman%2Fman3 HTTP/1.1" 200 4473 "-" "Mozilla/5.0 AppleWebKit/537.36 (KHTML, like Gecko; compatible; ClaudeBot/1.0; +claudebot@anthropic.com)"
216.73.216.84 - - [07/Nov/2025:00:29:23 +0000] "GET /?fileloc=%2F%2Fvar%2Flib%2Fdpkg%2Finfo%2Flibcc1-0%3Aamd64.shlibs&path=%2F%2Fvar%2Flib%2Fdpkg%2Finfo HTTP/1.1" 200 2999 "-" "Mozilla/5.0 AppleWebKit/537.36 (KHTML, like Gecko; compatible; ClaudeBot/1.0; +claudebot@anthropic.com)"
74.7.227.155 - - [07/Nov/2025:00:29:23 +0000] "GET /?fileloc=//sys/class/net/enp1s0/device/net/enp1s0/device/subsystem/devices/virtio1/block/vda/subsystem/vda/device/block/vda/device/block/vda/subsystem/sr0/device/cdl_supported&path=//sys/class/net/enp1s0/device/net/enp1s0/device/subsystem/devices/virtio1/block/vda/subsystem/vda/device/block/vda/device/block/vda/subsystem/sr0/device HTTP/1.1" 200 3205 "-" "Mozilla/5.0 AppleWebKit/537.36 (KHTML, like Gecko; compatible; GPTBot/1.2; +https://openai.com/gptbot)"
216.73.216.84 - - [07/Nov/2025:00:29:23 +0000] "GET /?fileloc=%2F%2Fusr%2Fshare%2Fman%2Fman3%2Fregex.3.gz&path=%2F%2Fusr%2Fshare%2Fman%2Fman3 HTTP/1.1" 200 6505 "-" "Mozilla/5.0 AppleWebKit/537.36 (KHTML, like Gecko; compatible; ClaudeBot/1.0; +claudebot@anthropic.com)"
57.141.0.13 - - [07/Nov/2025:00:29:23 +0000] "GET /?fileloc=//sys/class/input/input5/capabilities/sw&path=//sys/class/input/input5/capabilities HTTP/1.1" 200 12472 "-" "meta-externalagent/1.1 (+https://developers.facebook.com/docs/sharing/webmasters/crawler)"
216.73.216.84 - - [07/Nov/2025:00:29:23 +0000] "GET /?fileloc=%2F%2Fproc%2Fthread-self%2Froot%2Fsys%2Ffs%2Fcgroup%2Fsys-kernel-debug.mount%2Fmemory.reclaim&path=%2F%2Fproc%2Fthread-self%2Froot%2Fsys%2Ffs%2Fcgroup%2Fsys-kernel-debug.mount HTTP/1.1" 200 3056 "-" "Mozilla/5.0 AppleWebKit/537.36 (KHTML, like Gecko; compatible; ClaudeBot/1.0; +claudebot@anthropic.com)"
57.141.0.40 - - [07/Nov/2025:00:29:23 +0000] "GET /big-data/?path=//sys/bus/acpi/devices/device:1b HTTP/1.1" 200 22950 "-" "meta-externalagent/1.1 (+https://developers.facebook.com/docs/sharing/webmasters/crawler)"
216.73.216.84 - - [07/Nov/2025:00:29:23 +0000] "GET /?fileloc=%2F%2Fsys%2Fdev%2Fblock%2F11%3A0%2Fqueue%2Fbsg%2Fdevice%2Fscsi_level&path=%2F%2Fsys%2Fdev%2Fblock%2F11%3A0%2Fqueue%2Fbsg%2Fdevice HTTP/1.1" 200 3035 "-" "Mozilla/5.0 AppleWebKit/537.36 (KHTML, like Gecko; compatible; ClaudeBot/1.0; +claudebot@anthropic.com)"
216.73.216.84 - - [07/Nov/2025:00:29:23 +0000] "GET /?fileloc=%2F%2Fvar%2Flib%2Fdpkg%2Finfo%2Fcloud-guest-utils.list&path=%2F%2Fvar%2Flib%2Fdpkg%2Finfo HTTP/1.1" 200 3098 "-" "Mozilla/5.0 AppleWebKit/537.36 (KHTML, like Gecko; compatible; ClaudeBot/1.0; +claudebot@anthropic.com)"
216.73.216.84 - - [07/Nov/2025:00:29:23 +0000] "GET /?fileloc=%2F%2Fvar%2Flib%2Fdpkg%2Finfo%2Fpython3-systemd.md5sums&path=%2F%2Fvar%2Flib%2Fdpkg%2Finfo HTTP/1.1" 200 3638 "-" "Mozilla/5.0 AppleWebKit/537.36 (KHTML, like Gecko; compatible; ClaudeBot/1.0; +claudebot@anthropic.com)"
216.73.216.84 - - [07/Nov/2025:00:29:23 +0000] "GET /?fileloc=%2F%2Fsys%2Fkernel%2Fsecurity%2Fapparmor%2Fpolicy%2Fprofiles%2Fbusybox.7%2Fname&path=%2F%2Fsys%2Fkernel%2Fsecurity%2Fapparmor%2Fpolicy%2Fprofiles%2Fbusybox.7 HTTP/1.1" 200 3049 "-" "Mozilla/5.0 AppleWebKit/537.36 (KHTML, like Gecko; compatible; ClaudeBot/1.0; +claudebot@anthropic.com)"
216.73.216.84 - - [07/Nov/2025:00:29:23 +0000] "GET /?fileloc=%2F%2Fvar%2Flib%2Fdpkg%2Finfo%2Fpython3-packaging.list&path=%2F%2Fvar%2Flib%2Fdpkg%2Finfo HTTP/1.1" 200 3238 "-" "Mozilla/5.0 AppleWebKit/537.36 (KHTML, like Gecko; compatible; ClaudeBot/1.0; +claudebot@anthropic.com)"
216.73.216.84 - - [07/Nov/2025:00:29:23 +0000] "GET /?fileloc=%2F%2Fusr%2Fshare%2Fman%2Fman3%2Fisspace_l.3.gz&path=%2F%2Fusr%2Fshare%2Fman%2Fman3 HTTP/1.1" 200 5738 "-" "Mozilla/5.0 AppleWebKit/537.36 (KHTML, like Gecko; compatible; ClaudeBot/1.0; +claudebot@anthropic.com)"
57.141.0.70 - - [07/Nov/2025:00:29:23 +0000] "GET /big-data/?path=//lib/python3/dist-packages/CommandNotFound/__pycache__ HTTP/1.1" 200 17884 "-" "meta-externalagent/1.1 (+https://developers.facebook.com/docs/sharing/webmasters/crawler)"
216.73.216.84 - - [07/Nov/2025:00:29:23 +0000] "GET /?fileloc=%2F%2Fusr%2Fshare%2Fman%2Fman3%2Ferror_one_per_line.3.gz&path=%2F%2Fusr%2Fshare%2Fman%2Fman3 HTTP/1.1" 200 5315 "-" "Mozilla/5.0 AppleWebKit/537.36 (KHTML, like Gecko; compatible; ClaudeBot/1.0; +claudebot@anthropic.com)"
74.7.227.68 - - [07/Nov/2025:00:29:23 +0000] "GET /?path=//sys/bus/node/devices/node0/memory6/subsystem/devices/memory4/node0/memory6/node0/memory2 HTTP/1.1" 200 4017 "-" "Mozilla/5.0 AppleWebKit/537.36 (KHTML, like Gecko; compatible; GPTBot/1.2; +https://openai.com/gptbot)"
216.73.216.84 - - [07/Nov/2025:00:29:23 +0000] "GET /?fileloc=%2F%2Fvar%2Flib%2Fdpkg%2Finfo%2Flibpci3%3Aamd64.triggers&path=%2F%2Fvar%2Flib%2Fdpkg%2Finfo HTTP/1.1" 200 3043 "-" "Mozilla/5.0 AppleWebKit/537.36 (KHTML, like Gecko; compatible; ClaudeBot/1.0; +claudebot@anthropic.com)"
216.73.216.84 - - [07/Nov/2025:00:29:24 +0000] "GET /?path=%2F%2Fproc%2F3%2Fnet%2Fdev_snmp6 HTTP/1.1" 200 3407 "-" "Mozilla/5.0 AppleWebKit/537.36 (KHTML, like Gecko; compatible; ClaudeBot/1.0; +claudebot@anthropic.com)"
216.73.216.84 - - [07/Nov/2025:00:29:24 +0000] "GET /?path=%2F%2Fproc%2Fthread-self%2Froot%2Fusr%2Fgames HTTP/1.1" 200 3074 "-" "Mozilla/5.0 AppleWebKit/537.36 (KHTML, like Gecko; compatible; ClaudeBot/1.0; +claudebot@anthropic.com)"
216.73.216.84 - - [07/Nov/2025:00:29:24 +0000] "GET /?fileloc=%2F%2Fusr%2Fshare%2Fman%2Fman3%2Fcexp2f.3.gz&path=%2F%2Fusr%2Fshare%2Fman%2Fman3 HTTP/1.1" 200 3557 "-" "Mozilla/5.0 AppleWebKit/537.36 (KHTML, like Gecko; compatible; ClaudeBot/1.0; +claudebot@anthropic.com)"
216.73.216.84 - - [07/Nov/2025:00:29:24 +0000] "GET /?path=%2F%2Fsys%2Fclass%2Fsound%2Ftimer%2Fsubsystem%2Ftimer HTTP/1.1" 200 3588 "-" "Mozilla/5.0 AppleWebKit/537.36 (KHTML, like Gecko; compatible; ClaudeBot/1.0; +claudebot@anthropic.com)"
57.141.0.35 - - [07/Nov/2025:00:29:24 +0000] "GET /?fileloc=//lib/python3/dist-packages/certbot/reverter.py&path=//lib/python3/dist-packages/certbot HTTP/1.1" 200 36066 "-" "meta-externalagent/1.1 (+https://developers.facebook.com/docs/sharing/webmasters/crawler)"
216.73.216.84 - - [07/Nov/2025:00:29:24 +0000] "GET /?fileloc=%2F%2Fvar%2Flib%2Fdpkg%2Finfo%2Fopen-iscsi.triggers&path=%2F%2Fvar%2Flib%2Fdpkg%2Finfo HTTP/1.1" 200 3050 "-" "Mozilla/5.0 AppleWebKit/537.36 (KHTML, like Gecko; compatible; ClaudeBot/1.0; +claudebot@anthropic.com)"
216.73.216.84 - - [07/Nov/2025:00:29:24 +0000] "GET /?fileloc=%2F%2Fusr%2Fshare%2Fman%2Fman3%2Fmodf.3.gz&path=%2F%2Fusr%2Fshare%2Fman%2Fman3 HTTP/1.1" 200 4219 "-" "Mozilla/5.0 AppleWebKit/537.36 (KHTML, like Gecko; compatible; ClaudeBot/1.0; +claudebot@anthropic.com)"
216.73.216.84 - - [07/Nov/2025:00:29:24 +0000] "GET /?fileloc=%2F%2Fvar%2Flib%2Fdpkg%2Finfo%2Fappstream.triggers&path=%2F%2Fvar%2Flib%2Fdpkg%2Finfo HTTP/1.1" 200 3029 "-" "Mozilla/5.0 AppleWebKit/537.36 (KHTML, like Gecko; compatible; ClaudeBot/1.0; +claudebot@anthropic.com)"
216.73.216.84 - - [07/Nov/2025:00:29:24 +0000] "GET /?fileloc=%2F%2Fvar%2Flib%2Fdpkg%2Finfo%2Fx11-common.conffiles&path=%2F%2Fvar%2Flib%2Fdpkg%2Finfo HTTP/1.1" 200 3154 "-" "Mozilla/5.0 AppleWebKit/537.36 (KHTML, like Gecko; compatible; ClaudeBot/1.0; +claudebot@anthropic.com)"
216.73.216.84 - - [07/Nov/2025:00:29:24 +0000] "GET /?fileloc=%2F%2Fvar%2Flib%2Fdpkg%2Finfo%2Fsysstat.conffiles&path=%2F%2Fvar%2Flib%2Fdpkg%2Finfo HTTP/1.1" 200 3018 "-" "Mozilla/5.0 AppleWebKit/537.36 (KHTML, like Gecko; compatible; ClaudeBot/1.0; +claudebot@anthropic.com)"
57.141.0.66 - - [07/Nov/2025:00:29:24 +0000] "GET /?fileloc=//sys/bus/pci_express/devices/0000:00:02.5:pcie001/uevent&path=//sys/bus/pci_express/devices/0000:00:02.5:pcie001 HTTP/1.1" 200 12542 "-" "meta-externalagent/1.1 (+https://developers.facebook.com/docs/sharing/webmasters/crawler)"
216.73.216.84 - - [07/Nov/2025:00:29:24 +0000] "GET /?fileloc=%2F%2Fsys%2Fmodule%2Fip_tables%2Fsections%2F__jump_table&path=%2F%2Fsys%2Fmodule%2Fip_tables%2Fsections HTTP/1.1" 200 3000 "-" "Mozilla/5.0 AppleWebKit/537.36 (KHTML, like Gecko; compatible; ClaudeBot/1.0; +claudebot@anthropic.com)"
74.7.227.68 - - [07/Nov/2025:00:29:24 +0000] "GET /?path=//sys/bus/node/devices/node0/memory6/subsystem/devices/memory3/node0/memory6/node0/memory3 HTTP/1.1" 200 4002 "-" "Mozilla/5.0 AppleWebKit/537.36 (KHTML, like Gecko; compatible; GPTBot/1.2; +https://openai.com/gptbot)"
216.73.216.84 - - [07/Nov/2025:00:29:24 +0000] "GET /?fileloc=%2F%2Fbin%2FX11%2FX11%2FX11%2Fzipnote&path=%2F%2Fbin%2FX11%2FX11%2FX11 HTTP/1.1" 200 32943 "-" "Mozilla/5.0 AppleWebKit/537.36 (KHTML, like Gecko; compatible; ClaudeBot/1.0; +claudebot@anthropic.com)"
216.73.216.84 - - [07/Nov/2025:00:29:25 +0000] "GET /?fileloc=%2F%2Fusr%2Fshare%2Fman%2Fman3%2Fstrverscmp.3.gz&path=%2F%2Fusr%2Fshare%2Fman%2Fman3 HTTP/1.1" 200 4908 "-" "Mozilla/5.0 AppleWebKit/537.36 (KHTML, like Gecko; compatible; ClaudeBot/1.0; +claudebot@anthropic.com)"
216.73.216.84 - - [07/Nov/2025:00:29:25 +0000] "GET /?fileloc=%2F%2Fsys%2Fdev%2Fblock%2F11%3A0%2Fqueue%2Fbsg%2Fdevice%2Faccess_state&path=%2F%2Fsys%2Fdev%2Fblock%2F11%3A0%2Fqueue%2Fbsg%2Fdevice HTTP/1.1" 200 3036 "-" "Mozilla/5.0 AppleWebKit/537.36 (KHTML, like Gecko; compatible; ClaudeBot/1.0; +claudebot@anthropic.com)"
216.73.216.84 - - [07/Nov/2025:00:29:25 +0000] "GET /?fileloc=%2F%2Fvar%2Flib%2Fdpkg%2Finfo%2Flibhogweed6t64%3Aamd64.shlibs&path=%2F%2Fvar%2Flib%2Fdpkg%2Finfo HTTP/1.1" 200 3017 "-" "Mozilla/5.0 AppleWebKit/537.36 (KHTML, like Gecko; compatible; ClaudeBot/1.0; +claudebot@anthropic.com)"
57.141.0.36 - - [07/Nov/2025:00:29:25 +0000] "GET /?fileloc=//proc/28/net/dev_snmp6/lo&path=//proc/28/net/dev_snmp6 HTTP/1.1" 200 14828 "-" "meta-externalagent/1.1 (+https://developers.facebook.com/docs/sharing/webmasters/crawler)"
216.73.216.84 - - [07/Nov/2025:00:29:25 +0000] "GET /?fileloc=%2F%2Fsys%2Fkernel%2Fsecurity%2Fapparmor%2Fpolicy%2Fraw_data%2F54%2Fabi&path=%2F%2Fsys%2Fkernel%2Fsecurity%2Fapparmor%2Fpolicy%2Fraw_data%2F54 HTTP/1.1" 200 3043 "-" "Mozilla/5.0 AppleWebKit/537.36 (KHTML, like Gecko; compatible; ClaudeBot/1.0; +claudebot@anthropic.com)"
216.73.216.84 - - [07/Nov/2025:00:29:25 +0000] "GET /?fileloc=%2F%2Fusr%2Fshare%2Fman%2Fman3%2Ffopen.3.gz&path=%2F%2Fusr%2Fshare%2Fman%2Fman3 HTTP/1.1" 200 6660 "-" "Mozilla/5.0 AppleWebKit/537.36 (KHTML, like Gecko; compatible; ClaudeBot/1.0; +claudebot@anthropic.com)"
216.73.216.84 - - [07/Nov/2025:00:29:25 +0000] "GET /?fileloc=%2F%2Fproc%2Fthread-self%2Froot%2Fusr%2Fshare%2Fkeyrings%2Fubuntu-pro-anbox-cloud.gpg&path=%2F%2Fproc%2Fthread-self%2Froot%2Fusr%2Fshare%2Fkeyrings HTTP/1.1" 200 4283 "-" "Mozilla/5.0 AppleWebKit/537.36 (KHTML, like Gecko; compatible; ClaudeBot/1.0; +claudebot@anthropic.com)"
3.227.180.70 - - [07/Nov/2025:00:29:25 +0000] "GET /about-us/?path=//sys/class/input/input1/subsystem/mice/subsystem/input1/subsystem/mouse0/device/subsystem/input1/device/firmware_node/physical_node1/input/input1/input1::numlock/device/event1 HTTP/1.1" 200 3874 "-" "Mozilla/5.0 AppleWebKit/537.36 (KHTML, like Gecko; compatible; Amazonbot/0.1; +https://developer.amazon.com/support/amazonbot) Chrome/119.0.6045.214 Safari/537.36"
74.7.227.155 - - [07/Nov/2025:00:29:25 +0000] "GET /?path=//sys/class/net/enp1s0/device/net/enp1s0/device/subsystem/devices/virtio1/block/vda/subsystem/vda/device/block/vda/device/block/vda/subsystem/sr0/device/subsystem HTTP/1.1" 200 3898 "-" "Mozilla/5.0 AppleWebKit/537.36 (KHTML, like Gecko; compatible; GPTBot/1.2; +https://openai.com/gptbot)"
216.73.216.84 - - [07/Nov/2025:00:29:25 +0000] "GET /?fileloc=%2F%2Fvar%2Flib%2Fdpkg%2Falternatives%2Fiptables&path=%2F%2Fvar%2Flib%2Fdpkg%2Falternatives HTTP/1.1" 200 3068 "-" "Mozilla/5.0 AppleWebKit/537.36 (KHTML, like Gecko; compatible; ClaudeBot/1.0; +claudebot@anthropic.com)"
216.73.216.84 - - [07/Nov/2025:00:29:25 +0000] "GET /?fileloc=%2F%2Fusr%2Flib%2Fgrub%2Fx86_64-efi%2Fplainmount.mod&path=%2F%2Fusr%2Flib%2Fgrub%2Fx86_64-efi HTTP/1.1" 200 7023 "-" "Mozilla/5.0 AppleWebKit/537.36 (KHTML, like Gecko; compatible; ClaudeBot/1.0; +claudebot@anthropic.com)"
216.73.216.84 - - [07/Nov/2025:00:29:25 +0000] "GET /?fileloc=%2F%2Fusr%2Fshare%2Fman%2Fman3%2Fsetenv.3.gz&path=%2F%2Fusr%2Fshare%2Fman%2Fman3 HTTP/1.1" 200 4660 "-" "Mozilla/5.0 AppleWebKit/537.36 (KHTML, like Gecko; compatible; ClaudeBot/1.0; +claudebot@anthropic.com)"
216.73.216.84 - - [07/Nov/2025:00:29:25 +0000] "GET /?path=%2F%2Fvar%2Flib%2Fmecab%2Fdic%2Fipadic HTTP/1.1" 200 3589 "-" "Mozilla/5.0 AppleWebKit/537.36 (KHTML, like Gecko; compatible; ClaudeBot/1.0; +claudebot@anthropic.com)"
216.73.216.84 - - [07/Nov/2025:00:29:25 +0000] "GET /?fileloc=%2F%2Fsys%2Fblock%2Floop7%2Fsubsystem%2Floop7%2Fqueue%2Fdax&path=%2F%2Fsys%2Fblock%2Floop7%2Fsubsystem%2Floop7%2Fqueue HTTP/1.1" 200 3013 "-" "Mozilla/5.0 AppleWebKit/537.36 (KHTML, like Gecko; compatible; ClaudeBot/1.0; +claudebot@anthropic.com)"
216.73.216.84 - - [07/Nov/2025:00:29:26 +0000] "GET /?fileloc=%2F%2Fsys%2Fkernel%2Fsecurity%2Fapparmor%2Fpolicy%2Fprofiles%2Flxc-create.33%2Fraw_abi&path=%2F%2Fsys%2Fkernel%2Fsecurity%2Fapparmor%2Fpolicy%2Fprofiles%2Flxc-create.33 HTTP/1.1" 200 3055 "-" "Mozilla/5.0 AppleWebKit/537.36 (KHTML, like Gecko; compatible; ClaudeBot/1.0; +claudebot@anthropic.com)"
216.73.216.84 - - [07/Nov/2025:00:29:26 +0000] "GET /?fileloc=%2F%2Fvar%2Flib%2Fdpkg%2Finfo%2Flibudev1%3Aamd64.triggers&path=%2F%2Fvar%2Flib%2Fdpkg%2Finfo HTTP/1.1" 200 3044 "-" "Mozilla/5.0 AppleWebKit/537.36 (KHTML, like Gecko; compatible; ClaudeBot/1.0; +claudebot@anthropic.com)"
216.73.216.84 - - [07/Nov/2025:00:29:26 +0000] "GET /?fileloc=%2F%2Fusr%2Fshare%2Fman%2Fman3%2FSIMPLEQ_INSERT_HEAD.3.gz&path=%2F%2Fusr%2Fshare%2Fman%2Fman3 HTTP/1.1" 200 6018 "-" "Mozilla/5.0 AppleWebKit/537.36 (KHTML, like Gecko; compatible; ClaudeBot/1.0; +claudebot@anthropic.com)"
216.73.216.84 - - [07/Nov/2025:00:29:26 +0000] "GET /?fileloc=%2F%2Fusr%2Fshare%2Fman%2Fman3%2Faio_write.3.gz&path=%2F%2Fusr%2Fshare%2Fman%2Fman3 HTTP/1.1" 200 4728 "-" "Mozilla/5.0 AppleWebKit/537.36 (KHTML, like Gecko; compatible; ClaudeBot/1.0; +claudebot@anthropic.com)"
216.73.216.84 - - [07/Nov/2025:00:29:26 +0000] "GET /?fileloc=%2F%2Fsys%2Fkernel%2Fsecurity%2Fapparmor%2Fpolicy%2Fprofiles%2Fch-run.10%2Fname&path=%2F%2Fsys%2Fkernel%2Fsecurity%2Fapparmor%2Fpolicy%2Fprofiles%2Fch-run.10 HTTP/1.1" 200 3047 "-" "Mozilla/5.0 AppleWebKit/537.36 (KHTML, like Gecko; compatible; ClaudeBot/1.0; +claudebot@anthropic.com)"
216.73.216.84 - - [07/Nov/2025:00:29:26 +0000] "GET /?fileloc=%2F%2Fsys%2Fmodule%2Fip_tables%2Fsections%2F.text.unlikely&path=%2F%2Fsys%2Fmodule%2Fip_tables%2Fsections HTTP/1.1" 200 3004 "-" "Mozilla/5.0 AppleWebKit/537.36 (KHTML, like Gecko; compatible; ClaudeBot/1.0; +claudebot@anthropic.com)"
74.7.227.68 - - [07/Nov/2025:00:29:26 +0000] "GET /?path=//sys/bus/node/devices/node0/memory6/subsystem/devices/memory3/node0/memory6/node0/memory7 HTTP/1.1" 200 4007 "-" "Mozilla/5.0 AppleWebKit/537.36 (KHTML, like Gecko; compatible; GPTBot/1.2; +https://openai.com/gptbot)"
216.73.216.84 - - [07/Nov/2025:00:29:26 +0000] "GET /?fileloc=%2F%2Fvar%2Flib%2Fdpkg%2Finfo%2Flibxmlb2%3Aamd64.triggers&path=%2F%2Fvar%2Flib%2Fdpkg%2Finfo HTTP/1.1" 200 3045 "-" "Mozilla/5.0 AppleWebKit/537.36 (KHTML, like Gecko; compatible; ClaudeBot/1.0; +claudebot@anthropic.com)"
57.141.0.7 - - [07/Nov/2025:00:29:26 +0000] "GET /big-data/?fileloc=//proc/1042/task/1083/ksm_merging_pages&path=//proc/1042/task/1083 HTTP/1.1" 200 12384 "-" "meta-externalagent/1.1 (+https://developers.facebook.com/docs/sharing/webmasters/crawler)"
57.141.0.29 - - [07/Nov/2025:00:29:26 +0000] "GET /?path=//sys/dev/char/29:0/subsystem/fbcon HTTP/1.1" 200 21683 "-" "meta-externalagent/1.1 (+https://developers.facebook.com/docs/sharing/webmasters/crawler)"
216.73.216.84 - - [07/Nov/2025:00:29:26 +0000] "GET /?fileloc=%2F%2Fusr%2Flib%2Fgrub%2Fx86_64-efi%2Fcpuid.mod&path=%2F%2Fusr%2Flib%2Fgrub%2Fx86_64-efi HTTP/1.1" 200 3848 "-" "Mozilla/5.0 AppleWebKit/537.36 (KHTML, like Gecko; compatible; ClaudeBot/1.0; +claudebot@anthropic.com)"
216.73.216.84 - - [07/Nov/2025:00:29:26 +0000] "GET /?fileloc=%2F%2Fvar%2Flib%2Fdpkg%2Finfo%2Flinux-modules-6.8.0-87-generic.postinst&path=%2F%2Fvar%2Flib%2Fdpkg%2Finfo HTTP/1.1" 200 3270 "-" "Mozilla/5.0 AppleWebKit/537.36 (KHTML, like Gecko; compatible; ClaudeBot/1.0; +claudebot@anthropic.com)"
216.73.216.84 - - [07/Nov/2025:00:29:26 +0000] "GET /?fileloc=%2F%2Fvar%2Flib%2Fdpkg%2Finfo%2Flinux-modules-extra-6.8.0-48-generic.list&path=%2F%2Fvar%2Flib%2Fdpkg%2Finfo HTTP/1.1" 200 2996 "-" "Mozilla/5.0 AppleWebKit/537.36 (KHTML, like Gecko; compatible; ClaudeBot/1.0; +claudebot@anthropic.com)"
57.141.0.23 - - [07/Nov/2025:00:29:27 +0000] "GET /?fileloc=//proc/142/task/142/gid_map&path=//proc/142/task/142 HTTP/1.1" 200 12379 "-" "meta-externalagent/1.1 (+https://developers.facebook.com/docs/sharing/webmasters/crawler)"
216.73.216.84 - - [07/Nov/2025:00:29:27 +0000] "GET /?fileloc=%2F%2Fvar%2Flib%2Fdpkg%2Finfo%2Flibupower-glib3%3Aamd64.shlibs&path=%2F%2Fvar%2Flib%2Fdpkg%2Finfo HTTP/1.1" 200 3019 "-" "Mozilla/5.0 AppleWebKit/537.36 (KHTML, like Gecko; compatible; ClaudeBot/1.0; +claudebot@anthropic.com)"
216.73.216.84 - - [07/Nov/2025:00:29:27 +0000] "GET /?fileloc=%2F%2Fbin%2FX11%2FX11%2FX11%2Fsplit&path=%2F%2Fbin%2FX11%2FX11%2FX11 HTTP/1.1" 200 27578 "-" "Mozilla/5.0 AppleWebKit/537.36 (KHTML, like Gecko; compatible; ClaudeBot/1.0; +claudebot@anthropic.com)"
216.73.216.84 - - [07/Nov/2025:00:29:27 +0000] "GET /?path=%2F%2Fproc%2F39%2Fnet%2Fdev_snmp6 HTTP/1.1" 200 3410 "-" "Mozilla/5.0 AppleWebKit/537.36 (KHTML, like Gecko; compatible; ClaudeBot/1.0; +claudebot@anthropic.com)"
216.73.216.84 - - [07/Nov/2025:00:29:27 +0000] "GET /?fileloc=%2F%2Fvar%2Flib%2Fdpkg%2Finfo%2Flibncurses6%3Aamd64.shlibs&path=%2F%2Fvar%2Flib%2Fdpkg%2Finfo HTTP/1.1" 200 3041 "-" "Mozilla/5.0 AppleWebKit/537.36 (KHTML, like Gecko; compatible; ClaudeBot/1.0; +claudebot@anthropic.com)"
74.7.227.155 - - [07/Nov/2025:00:29:27 +0000] "GET /?path=//sys/class/net/enp1s0/device/net/enp1s0/device/subsystem/devices/virtio1/block/vda/subsystem/vda/device/block/vda/device/block/vda/subsystem/sr0/subsystem HTTP/1.1" 200 3974 "-" "Mozilla/5.0 AppleWebKit/537.36 (KHTML, like Gecko; compatible; GPTBot/1.2; +https://openai.com/gptbot)"
216.73.216.84 - - [07/Nov/2025:00:29:27 +0000] "GET /?fileloc=%2F%2Fusr%2Fshare%2Fmime%2Fvideo%2Fquicktime.xml&path=%2F%2Fusr%2Fshare%2Fmime%2Fvideo HTTP/1.1" 200 3957 "-" "Mozilla/5.0 AppleWebKit/537.36 (KHTML, like Gecko; compatible; ClaudeBot/1.0; +claudebot@anthropic.com)"
216.73.216.84 - - [07/Nov/2025:00:29:27 +0000] "GET /?fileloc=%2F%2Fsys%2Fmodule%2Fgarp%2Fnotes%2F.note.gnu.build-id&path=%2F%2Fsys%2Fmodule%2Fgarp%2Fnotes HTTP/1.1" 200 3069 "-" "Mozilla/5.0 AppleWebKit/537.36 (KHTML, like Gecko; compatible; ClaudeBot/1.0; +claudebot@anthropic.com)"
57.141.0.23 - - [07/Nov/2025:00:29:27 +0000] "GET /?fileloc=//bin/X11/X11/X11/ntfscat&path=//bin/X11/X11/X11 HTTP/1.1" 200 44633 "-" "meta-externalagent/1.1 (+https://developers.facebook.com/docs/sharing/webmasters/crawler)"
216.73.216.84 - - [07/Nov/2025:00:29:27 +0000] "GET /?fileloc=%2F%2Fbin%2FX11%2FX11%2FX11%2Fvmtoolsd&path=%2F%2Fbin%2FX11%2FX11%2FX11 HTTP/1.1" 200 31693 "-" "Mozilla/5.0 AppleWebKit/537.36 (KHTML, like Gecko; compatible; ClaudeBot/1.0; +claudebot@anthropic.com)"
216.73.216.84 - - [07/Nov/2025:00:29:27 +0000] "GET /?fileloc=%2F%2Fbin%2FX11%2FX11%2FX11%2Funcompress&path=%2F%2Fbin%2FX11%2FX11%2FX11 HTTP/1.1" 200 4207 "-" "Mozilla/5.0 AppleWebKit/537.36 (KHTML, like Gecko; compatible; ClaudeBot/1.0; +claudebot@anthropic.com)"
216.73.216.84 - - [07/Nov/2025:00:29:27 +0000] "GET /?fileloc=%2F%2Fusr%2Fshare%2Fman%2Fman3%2Ftmpfile.3.gz&path=%2F%2Fusr%2Fshare%2Fman%2Fman3 HTTP/1.1" 200 4292 "-" "Mozilla/5.0 AppleWebKit/537.36 (KHTML, like Gecko; compatible; ClaudeBot/1.0; +claudebot@anthropic.com)"
216.73.216.84 - - [07/Nov/2025:00:29:27 +0000] "GET /?fileloc=%2F%2Fsys%2Fkernel%2Fsecurity%2Fapparmor%2Fpolicy%2Fraw_data%2F60%2Fabi&path=%2F%2Fsys%2Fkernel%2Fsecurity%2Fapparmor%2Fpolicy%2Fraw_data%2F60 HTTP/1.1" 200 3043 "-" "Mozilla/5.0 AppleWebKit/537.36 (KHTML, like Gecko; compatible; ClaudeBot/1.0; +claudebot@anthropic.com)"
216.73.216.84 - - [07/Nov/2025:00:29:27 +0000] "GET /?path=%2F%2Fproc%2F221%2Fnet%2Fdev_snmp6 HTTP/1.1" 200 3055 "-" "Mozilla/5.0 AppleWebKit/537.36 (KHTML, like Gecko; compatible; ClaudeBot/1.0; +claudebot@anthropic.com)"
57.141.0.39 - - [07/Nov/2025:00:29:28 +0000] "GET /big-data/?fileloc=//proc/40/task/40/ksm_stat&path=//proc/40/task/40 HTTP/1.1" 200 12359 "-" "meta-externalagent/1.1 (+https://developers.facebook.com/docs/sharing/webmasters/crawler)"
216.73.216.84 - - [07/Nov/2025:00:29:28 +0000] "GET /?path=%2F%2Fproc%2F57%2Fnet%2Fdev_snmp6 HTTP/1.1" 200 3410 "-" "Mozilla/5.0 AppleWebKit/537.36 (KHTML, like Gecko; compatible; ClaudeBot/1.0; +claudebot@anthropic.com)"
216.73.216.84 - - [07/Nov/2025:00:29:28 +0000] "GET /?fileloc=%2F%2Fvar%2Flib%2Fdpkg%2Finfo%2Flibjson-glib-1.0-0%3Aamd64.symbols&path=%2F%2Fvar%2Flib%2Fdpkg%2Finfo HTTP/1.1" 200 4425 "-" "Mozilla/5.0 AppleWebKit/537.36 (KHTML, like Gecko; compatible; ClaudeBot/1.0; +claudebot@anthropic.com)"
216.73.216.84 - - [07/Nov/2025:00:29:28 +0000] "GET /?fileloc=%2F%2Fbin%2FX11%2FX11%2FX11%2Fx86_64-linux-gnu-lto-dump&path=%2F%2Fbin%2FX11%2FX11%2FX11 HTTP/1.1" 200 12911641 "-" "Mozilla/5.0 AppleWebKit/537.36 (KHTML, like Gecko; compatible; ClaudeBot/1.0; +claudebot@anthropic.com)"
74.7.227.68 - - [07/Nov/2025:00:29:28 +0000] "GET /?path=//sys/bus/node/devices/node0/memory6/subsystem/devices/memory3/node0/memory6/node0/memory6 HTTP/1.1" 200 4003 "-" "Mozilla/5.0 AppleWebKit/537.36 (KHTML, like Gecko; compatible; GPTBot/1.2; +https://openai.com/gptbot)"
216.73.216.84 - - [07/Nov/2025:00:29:28 +0000] "GET /?fileloc=%2F%2Fusr%2Flib%2Fgrub%2Fx86_64-efi%2Fpart_amiga.mod&path=%2F%2Fusr%2Flib%2Fgrub%2Fx86_64-efi HTTP/1.1" 200 4032 "-" "Mozilla/5.0 AppleWebKit/537.36 (KHTML, like Gecko; compatible; ClaudeBot/1.0; +claudebot@anthropic.com)"
74.7.227.155 - - [07/Nov/2025:00:29:28 +0000] "GET /?path=//sys/class/net/enp1s0/device/net/enp1s0/device/subsystem/devices/virtio1/block/vda/subsystem/vda/device/block/vda/device/block/vda/subsystem/sr0/device/scsi_generic HTTP/1.1" 200 3582 "-" "Mozilla/5.0 AppleWebKit/537.36 (KHTML, like Gecko; compatible; GPTBot/1.2; +https://openai.com/gptbot)"
216.73.216.84 - - [07/Nov/2025:00:29:28 +0000] "GET /?fileloc=%2F%2Fvar%2Flib%2Fdpkg%2Finfo%2Fpython3-jmespath.md5sums&path=%2F%2Fvar%2Flib%2Fdpkg%2Finfo HTTP/1.1" 200 3573 "-" "Mozilla/5.0 AppleWebKit/537.36 (KHTML, like Gecko; compatible; ClaudeBot/1.0; +claudebot@anthropic.com)"
57.141.0.61 - - [07/Nov/2025:00:29:28 +0000] "GET /big-data/?path=//var/lib/nginx/fastcgi/1/74 HTTP/1.1" 200 12888 "-" "meta-externalagent/1.1 (+https://developers.facebook.com/docs/sharing/webmasters/crawler)"
216.73.216.84 - - [07/Nov/2025:00:29:28 +0000] "GET /?fileloc=%2F%2Fusr%2Flib%2Fgrub%2Fx86_64-efi%2Fminicmd.mod&path=%2F%2Fusr%2Flib%2Fgrub%2Fx86_64-efi HTTP/1.1" 200 5137 "-" "Mozilla/5.0 AppleWebKit/537.36 (KHTML, like Gecko; compatible; ClaudeBot/1.0; +claudebot@anthropic.com)"
216.73.216.84 - - [07/Nov/2025:00:29:28 +0000] "GET /?fileloc=%2F%2Fsys%2Fmodule%2Finput_leds%2Fsections%2F.return_sites&path=%2F%2Fsys%2Fmodule%2Finput_leds%2Fsections HTTP/1.1" 200 3001 "-" "Mozilla/5.0 AppleWebKit/537.36 (KHTML, like Gecko; compatible; ClaudeBot/1.0; +claudebot@anthropic.com)"
216.73.216.84 - - [07/Nov/2025:00:29:28 +0000] "GET /?fileloc=%2F%2Fvar%2Flib%2Fdpkg%2Finfo%2Fbind9-libs%3Aamd64.shlibs&path=%2F%2Fvar%2Flib%2Fdpkg%2Finfo HTTP/1.1" 200 3061 "-" "Mozilla/5.0 AppleWebKit/537.36 (KHTML, like Gecko; compatible; ClaudeBot/1.0; +claudebot@anthropic.com)"
216.73.216.84 - - [07/Nov/2025:00:29:28 +0000] "GET /?fileloc=%2F%2Fusr%2Fshare%2Fman%2Fman3%2Fcrypt.3.gz&path=%2F%2Fusr%2Fshare%2Fman%2Fman3 HTTP/1.1" 200 6874 "-" "Mozilla/5.0 AppleWebKit/537.36 (KHTML, like Gecko; compatible; ClaudeBot/1.0; +claudebot@anthropic.com)"
57.141.0.51 - - [07/Nov/2025:00:29:28 +0000] "GET /?fileloc=//bin/X11/X11/X11/col4&path=//bin/X11/X11/X11 HTTP/1.1" 200 13418 "-" "meta-externalagent/1.1 (+https://developers.facebook.com/docs/sharing/webmasters/crawler)"
216.73.216.84 - - [07/Nov/2025:00:29:28 +0000] "GET /?path=%2F%2Fsys%2Fclass%2Finput%2Fevent1%2Fsubsystem%2Fmouse2%2Fdevice HTTP/1.1" 200 4062 "-" "Mozilla/5.0 AppleWebKit/537.36 (KHTML, like Gecko; compatible; ClaudeBot/1.0; +claudebot@anthropic.com)"
216.73.216.84 - - [07/Nov/2025:00:29:29 +0000] "GET /?fileloc=%2F%2Fusr%2Fshare%2Fman%2Fman3%2Farc4random_uniform.3.gz&path=%2F%2Fusr%2Fshare%2Fman%2Fman3 HTTP/1.1" 200 4131 "-" "Mozilla/5.0 AppleWebKit/537.36 (KHTML, like Gecko; compatible; ClaudeBot/1.0; +claudebot@anthropic.com)"
216.73.216.84 - - [07/Nov/2025:00:29:29 +0000] "GET /?fileloc=%2F%2Fusr%2Flib%2Fgrub%2Fx86_64-efi%2Fodc.mod&path=%2F%2Fusr%2Flib%2Fgrub%2Fx86_64-efi HTTP/1.1" 200 4777 "-" "Mozilla/5.0 AppleWebKit/537.36 (KHTML, like Gecko; compatible; ClaudeBot/1.0; +claudebot@anthropic.com)"
216.73.216.84 - - [07/Nov/2025:00:29:29 +0000] "GET /?fileloc=%2F%2Fproc%2Fthread-self%2Froot%2Fusr%2Fshare%2Fkeyrings%2Fubuntu-pro-cis.gpg&path=%2F%2Fproc%2Fthread-self%2Froot%2Fusr%2Fshare%2Fkeyrings HTTP/1.1" 200 5328 "-" "Mozilla/5.0 AppleWebKit/537.36 (KHTML, like Gecko; compatible; ClaudeBot/1.0; +claudebot@anthropic.com)"
216.73.216.84 - - [07/Nov/2025:00:29:29 +0000] "GET /?fileloc=%2F%2Fvar%2Flib%2Fdpkg%2Finfo%2Flibxdmcp6%3Aamd64.triggers&path=%2F%2Fvar%2Flib%2Fdpkg%2Finfo HTTP/1.1" 200 3045 "-" "Mozilla/5.0 AppleWebKit/537.36 (KHTML, like Gecko; compatible; ClaudeBot/1.0; +claudebot@anthropic.com)"
216.73.216.84 - - [07/Nov/2025:00:29:29 +0000] "GET /?fileloc=%2F%2Fusr%2Flib%2Fgrub%2Fx86_64-efi%2Flsefi.mod&path=%2F%2Fusr%2Flib%2Fgrub%2Fx86_64-efi HTTP/1.1" 200 5163 "-" "Mozilla/5.0 AppleWebKit/537.36 (KHTML, like Gecko; compatible; ClaudeBot/1.0; +claudebot@anthropic.com)"
216.73.216.84 - - [07/Nov/2025:00:29:29 +0000] "GET /?fileloc=%2F%2Fusr%2Fshare%2Fman%2Fman3%2Flround.3.gz&path=%2F%2Fusr%2Fshare%2Fman%2Fman3 HTTP/1.1" 200 4338 "-" "Mozilla/5.0 AppleWebKit/537.36 (KHTML, like Gecko; compatible; ClaudeBot/1.0; +claudebot@anthropic.com)"
74.7.227.155 - - [07/Nov/2025:00:29:29 +0000] "GET /?path=//sys/class/net/enp1s0/device/net/enp1s0/device/subsystem/devices/virtio1/block/vda/subsystem/vda/device/block/vda/device/block/vda/subsystem/loop7/subsystem/vda1 HTTP/1.1" 200 4316 "-" "Mozilla/5.0 AppleWebKit/537.36 (KHTML, like Gecko; compatible; GPTBot/1.2; +https://openai.com/gptbot)"
52.6.5.24 - - [07/Nov/2025:00:29:29 +0000] "GET /about-us/?path=//sys/class/leds/input1::capslock/subsystem/input1::numlock/device/device/firmware_node/physical_node/firmware_node/physical_node1/input/input1/subsystem/input0/subsystem/input0/subsystem/input0/event0 HTTP/1.1" 200 3904 "-" "Mozilla/5.0 AppleWebKit/537.36 (KHTML, like Gecko; compatible; Amazonbot/0.1; +https://developer.amazon.com/support/amazonbot) Chrome/119.0.6045.214 Safari/537.36"
57.141.0.6 - - [07/Nov/2025:00:29:29 +0000] "GET /?path=//sys/bus/pci_express/devices/0000:00:02.5:pcie001/subsystem HTTP/1.1" 200 20777 "-" "meta-externalagent/1.1 (+https://developers.facebook.com/docs/sharing/webmasters/crawler)"
216.73.216.84 - - [07/Nov/2025:00:29:29 +0000] "GET /?fileloc=%2F%2Fusr%2Fshare%2Fman%2Fman3%2Fceill.3.gz&path=%2F%2Fusr%2Fshare%2Fman%2Fman3 HTTP/1.1" 200 4529 "-" "Mozilla/5.0 AppleWebKit/537.36 (KHTML, like Gecko; compatible; ClaudeBot/1.0; +claudebot@anthropic.com)"
74.7.227.68 - - [07/Nov/2025:00:29:29 +0000] "GET /?path=//sys/bus/node/devices/node0/memory6/subsystem/devices/memory3/node0/memory6/node0/memory5 HTTP/1.1" 200 4005 "-" "Mozilla/5.0 AppleWebKit/537.36 (KHTML, like Gecko; compatible; GPTBot/1.2; +https://openai.com/gptbot)"
216.73.216.84 - - [07/Nov/2025:00:29:29 +0000] "GET /?fileloc=%2F%2Fvar%2Flib%2Fdpkg%2Finfo%2Ftcpdump.list&path=%2F%2Fvar%2Flib%2Fdpkg%2Finfo HTTP/1.1" 200 3170 "-" "Mozilla/5.0 AppleWebKit/537.36 (KHTML, like Gecko; compatible; ClaudeBot/1.0; +claudebot@anthropic.com)"
216.73.216.84 - - [07/Nov/2025:00:29:29 +0000] "GET /?fileloc=%2F%2Fsys%2Fblock%2Floop7%2Fsubsystem%2Floop7%2Fqueue%2Fmax_discard_segments&path=%2F%2Fsys%2Fblock%2Floop7%2Fsubsystem%2Floop7%2Fqueue HTTP/1.1" 200 3024 "-" "Mozilla/5.0 AppleWebKit/537.36 (KHTML, like Gecko; compatible; ClaudeBot/1.0; +claudebot@anthropic.com)"
216.73.216.84 - - [07/Nov/2025:00:29:29 +0000] "GET /?fileloc=%2F%2Fsys%2Fblock%2Floop7%2Fqueue%2Fnr_zones&path=%2F%2Fsys%2Fblock%2Floop7%2Fqueue HTTP/1.1" 200 2999 "-" "Mozilla/5.0 AppleWebKit/537.36 (KHTML, like Gecko; compatible; ClaudeBot/1.0; +claudebot@anthropic.com)"
216.73.216.84 - - [07/Nov/2025:00:29:29 +0000] "GET /?fileloc=%2F%2Fvar%2Flib%2Fdpkg%2Finfo%2Flinux-image-6.8.0-87-generic.postrm&path=%2F%2Fvar%2Flib%2Fdpkg%2Finfo HTTP/1.1" 200 3625 "-" "Mozilla/5.0 AppleWebKit/537.36 (KHTML, like Gecko; compatible; ClaudeBot/1.0; +claudebot@anthropic.com)"
216.73.216.84 - - [07/Nov/2025:00:29:30 +0000] "GET /?path=%2F%2Fproc%2F161%2Ftask%2F161%2Fnet%2Fvlan HTTP/1.1" 200 3376 "-" "Mozilla/5.0 AppleWebKit/537.36 (KHTML, like Gecko; compatible; ClaudeBot/1.0; +claudebot@anthropic.com)"
216.73.216.84 - - [07/Nov/2025:00:29:30 +0000] "GET /?path=%2F%2Fvar%2Frun%2Fsystemd%2Fpropagate%2Fsystemd-udevd.service HTTP/1.1" 200 3075 "-" "Mozilla/5.0 AppleWebKit/537.36 (KHTML, like Gecko; compatible; ClaudeBot/1.0; +claudebot@anthropic.com)"
216.73.216.84 - - [07/Nov/2025:00:29:30 +0000] "GET /?fileloc=%2F%2Fsys%2Fkernel%2Fslab%2Fkmalloc-rnd-12-96%2Forder&path=%2F%2Fsys%2Fkernel%2Fslab%2Fkmalloc-rnd-12-96 HTTP/1.1" 200 3005 "-" "Mozilla/5.0 AppleWebKit/537.36 (KHTML, like Gecko; compatible; ClaudeBot/1.0; +claudebot@anthropic.com)"
216.73.216.84 - - [07/Nov/2025:00:29:30 +0000] "GET /?fileloc=%2F%2Fsys%2Fmodule%2Fnf_tables%2Fsections%2F.call_sites&path=%2F%2Fsys%2Fmodule%2Fnf_tables%2Fsections HTTP/1.1" 200 3001 "-" "Mozilla/5.0 AppleWebKit/537.36 (KHTML, like Gecko; compatible; ClaudeBot/1.0; +claudebot@anthropic.com)"
216.73.216.84 - - [07/Nov/2025:00:29:30 +0000] "GET /?fileloc=%2F%2Fsys%2Fmodule%2Fsnd_pcm%2Fholders%2Fsnd_hda_intel%2Fsections%2F.retpoline_sites&path=%2F%2Fsys%2Fmodule%2Fsnd_pcm%2Fholders%2Fsnd_hda_intel%2Fsections HTTP/1.1" 200 3037 "-" "Mozilla/5.0 AppleWebKit/537.36 (KHTML, like Gecko; compatible; ClaudeBot/1.0; +claudebot@anthropic.com)"
216.73.216.84 - - [07/Nov/2025:00:29:30 +0000] "GET /?path=%2F%2Fproc%2Fthread-self%2Froot%2Fsys%2Fmodule%2Fmdio%2Fnotes HTTP/1.1" 200 3496 "-" "Mozilla/5.0 AppleWebKit/537.36 (KHTML, like Gecko; compatible; ClaudeBot/1.0; +claudebot@anthropic.com)"
216.73.216.84 - - [07/Nov/2025:00:29:30 +0000] "GET /?fileloc=%2F%2Fvar%2Flib%2Fdpkg%2Finfo%2Flibwrap0%3Aamd64.shlibs&path=%2F%2Fvar%2Flib%2Fdpkg%2Finfo HTTP/1.1" 200 3011 "-" "Mozilla/5.0 AppleWebKit/537.36 (KHTML, like Gecko; compatible; ClaudeBot/1.0; +claudebot@anthropic.com)"
216.73.216.84 - - [07/Nov/2025:00:29:30 +0000] "GET /?fileloc=%2F%2Fopt%2Fwpsites%2Fgsudice.dataconn.net%2Fwp-includes%2Fblocks%2Fpost-date%2Fblock.json&path=%2F%2Fopt%2Fwpsites%2Fgsudice.dataconn.net%2Fwp-includes%2Fblocks%2Fpost-date HTTP/1.1" 200 3524 "-" "Mozilla/5.0 AppleWebKit/537.36 (KHTML, like Gecko; compatible; ClaudeBot/1.0; +claudebot@anthropic.com)"
216.73.216.84 - - [07/Nov/2025:00:29:30 +0000] "GET /?fileloc=%2F%2Fusr%2Fshare%2Fpoppler%2FcMap%2FAdobe-CNS1%2FAdobe-CNS1-3&path=%2F%2Fusr%2Fshare%2Fpoppler%2FcMap%2FAdobe-CNS1 HTTP/1.1" 200 5004 "-" "Mozilla/5.0 AppleWebKit/537.36 (KHTML, like Gecko; compatible; ClaudeBot/1.0; +claudebot@anthropic.com)"
216.73.216.84 - - [07/Nov/2025:00:29:30 +0000] "GET /?fileloc=%2F%2Fvar%2Flib%2Fdpkg%2Finfo%2Fghostscript.list&path=%2F%2Fvar%2Flib%2Fdpkg%2Finfo HTTP/1.1" 200 3375 "-" "Mozilla/5.0 AppleWebKit/537.36 (KHTML, like Gecko; compatible; ClaudeBot/1.0; +claudebot@anthropic.com)"
74.7.227.68 - - [07/Nov/2025:00:29:30 +0000] "GET /?path=//sys/bus/node/devices/node0/memory6/subsystem/devices/memory3/node0/memory6/node0/memory4 HTTP/1.1" 200 4006 "-" "Mozilla/5.0 AppleWebKit/537.36 (KHTML, like Gecko; compatible; GPTBot/1.2; +https://openai.com/gptbot)"
216.73.216.84 - - [07/Nov/2025:00:29:30 +0000] "GET /?fileloc=%2F%2Fbin%2FX11%2FX11%2FX11%2Fbtrfs-convert&path=%2F%2Fbin%2FX11%2FX11%2FX11 HTTP/1.1" 200 319348 "-" "Mozilla/5.0 AppleWebKit/537.36 (KHTML, like Gecko; compatible; ClaudeBot/1.0; +claudebot@anthropic.com)"
135.181.166.38 - - [07/Nov/2025:00:29:30 +0000] "GET /?path=/proc/sysvipc HTTP/1.1" 200 3419 "-" "Mozilla/5.0 (compatible; BLEXBot/1.0; +https://help.seranking.com/en/blex-crawler)"
216.73.216.84 - - [07/Nov/2025:00:29:31 +0000] "GET /?path=%2F%2Fproc%2Fthread-self%2Froot%2Fsys%2Fmodule%2Fxt_hl%2Fnotes HTTP/1.1" 200 3497 "-" "Mozilla/5.0 AppleWebKit/537.36 (KHTML, like Gecko; compatible; ClaudeBot/1.0; +claudebot@anthropic.com)"
216.73.216.84 - - [07/Nov/2025:00:29:31 +0000] "GET /?fileloc=%2F%2Fusr%2Flib%2Fgrub%2Fx86_64-efi%2Floadbios.mod&path=%2F%2Fusr%2Flib%2Fgrub%2Fx86_64-efi HTTP/1.1" 200 4702 "-" "Mozilla/5.0 AppleWebKit/537.36 (KHTML, like Gecko; compatible; ClaudeBot/1.0; +claudebot@anthropic.com)"
216.73.216.84 - - [07/Nov/2025:00:29:31 +0000] "GET /?fileloc=%2F%2Fsys%2Fkernel%2Fsecurity%2Fapparmor%2Fpolicy%2Fraw_data%2F46%2Fabi&path=%2F%2Fsys%2Fkernel%2Fsecurity%2Fapparmor%2Fpolicy%2Fraw_data%2F46 HTTP/1.1" 200 3043 "-" "Mozilla/5.0 AppleWebKit/537.36 (KHTML, like Gecko; compatible; ClaudeBot/1.0; +claudebot@anthropic.com)"
216.73.216.84 - - [07/Nov/2025:00:29:31 +0000] "GET /?fileloc=%2F%2Fbin%2FX11%2FX11%2FX11%2Flzgrep&path=%2F%2Fbin%2FX11%2FX11%2FX11 HTTP/1.1" 200 7830 "-" "Mozilla/5.0 AppleWebKit/537.36 (KHTML, like Gecko; compatible; ClaudeBot/1.0; +claudebot@anthropic.com)"
216.73.216.84 - - [07/Nov/2025:00:29:31 +0000] "GET /?fileloc=%2F%2Fusr%2Fshare%2Fman%2Fman3%2Fclog10l.3.gz&path=%2F%2Fusr%2Fshare%2Fman%2Fman3 HTTP/1.1" 200 3863 "-" "Mozilla/5.0 AppleWebKit/537.36 (KHTML, like Gecko; compatible; ClaudeBot/1.0; +claudebot@anthropic.com)"
216.73.216.84 - - [07/Nov/2025:00:29:31 +0000] "GET /?fileloc=%2F%2Fsys%2Fkernel%2Fsecurity%2Fapparmor%2Fpolicy%2Fraw_data%2F59%2Fabi&path=%2F%2Fsys%2Fkernel%2Fsecurity%2Fapparmor%2Fpolicy%2Fraw_data%2F59 HTTP/1.1" 200 3042 "-" "Mozilla/5.0 AppleWebKit/537.36 (KHTML, like Gecko; compatible; ClaudeBot/1.0; +claudebot@anthropic.com)"
216.73.216.84 - - [07/Nov/2025:00:29:31 +0000] "GET /?fileloc=%2F%2Fusr%2Fshare%2Fman%2Fman3%2Fconfstr.3.gz&path=%2F%2Fusr%2Fshare%2Fman%2Fman3 HTTP/1.1" 200 4638 "-" "Mozilla/5.0 AppleWebKit/537.36 (KHTML, like Gecko; compatible; ClaudeBot/1.0; +claudebot@anthropic.com)"
216.73.216.84 - - [07/Nov/2025:00:29:31 +0000] "GET /?fileloc=%2F%2Fusr%2Fshare%2Fmime%2Ftext%2Fx-dsl.xml&path=%2F%2Fusr%2Fshare%2Fmime%2Ftext HTTP/1.1" 200 4025 "-" "Mozilla/5.0 AppleWebKit/537.36 (KHTML, like Gecko; compatible; ClaudeBot/1.0; +claudebot@anthropic.com)"
216.73.216.84 - - [07/Nov/2025:00:29:31 +0000] "GET /?fileloc=%2F%2Fsys%2Fdevices%2Fpci0000%3A00%2Ffirmware_node%2Fdevice%3A44%2Fdevice%3A45%2Fpath&path=%2F%2Fsys%2Fdevices%2Fpci0000%3A00%2Ffirmware_node%2Fdevice%3A44%2Fdevice%3A45 HTTP/1.1" 200 3052 "-" "Mozilla/5.0 AppleWebKit/537.36 (KHTML, like Gecko; compatible; ClaudeBot/1.0; +claudebot@anthropic.com)"
216.73.216.84 - - [07/Nov/2025:00:29:31 +0000] "GET /?fileloc=%2F%2Fsys%2Fkernel%2Fsecurity%2Fapparmor%2Fpolicy%2Fprofiles%2Fnvidia_modprobe.43%2Fmode&path=%2F%2Fsys%2Fkernel%2Fsecurity%2Fapparmor%2Fpolicy%2Fprofiles%2Fnvidia_modprobe.43 HTTP/1.1" 200 3057 "-" "Mozilla/5.0 AppleWebKit/537.36 (KHTML, like Gecko; compatible; ClaudeBot/1.0; +claudebot@anthropic.com)"
216.73.216.84 - - [07/Nov/2025:00:29:31 +0000] "GET /?fileloc=%2F%2Fbin%2FX11%2FX11%2FX11%2Fpico&path=%2F%2Fbin%2FX11%2FX11%2FX11 HTTP/1.1" 200 144679 "-" "Mozilla/5.0 AppleWebKit/537.36 (KHTML, like Gecko; compatible; ClaudeBot/1.0; +claudebot@anthropic.com)"
216.73.216.84 - - [07/Nov/2025:00:29:32 +0000] "GET /?fileloc=%2F%2Fusr%2Fshare%2Fman%2Fman3%2Fsvctcp_create.3.gz&path=%2F%2Fusr%2Fshare%2Fman%2Fman3 HTTP/1.1" 200 10349 "-" "Mozilla/5.0 AppleWebKit/537.36 (KHTML, like Gecko; compatible; ClaudeBot/1.0; +claudebot@anthropic.com)"
216.73.216.84 - - [07/Nov/2025:00:29:32 +0000] "GET /?fileloc=%2F%2Fsys%2Fmodule%2Flpc_ich%2Fsections%2F.data&path=%2F%2Fsys%2Fmodule%2Flpc_ich%2Fsections HTTP/1.1" 200 2996 "-" "Mozilla/5.0 AppleWebKit/537.36 (KHTML, like Gecko; compatible; ClaudeBot/1.0; +claudebot@anthropic.com)"
74.7.227.155 - - [07/Nov/2025:00:29:32 +0000] "GET /?path=//sys/class/net/enp1s0/device/net/enp1s0/device/subsystem/devices/virtio1/block/vda/subsystem/vda/device/block/vda/device/block/vda/subsystem/vda/vda2 HTTP/1.1" 200 4326 "-" "Mozilla/5.0 AppleWebKit/537.36 (KHTML, like Gecko; compatible; GPTBot/1.2; +https://openai.com/gptbot)"
216.73.216.84 - - [07/Nov/2025:00:29:32 +0000] "GET /?fileloc=%2F%2Fusr%2Fshare%2Fman%2Fman3%2Fcmsg.3.gz&path=%2F%2Fusr%2Fshare%2Fman%2Fman3 HTTP/1.1" 200 5682 "-" "Mozilla/5.0 AppleWebKit/537.36 (KHTML, like Gecko; compatible; ClaudeBot/1.0; +claudebot@anthropic.com)"
216.73.216.84 - - [07/Nov/2025:00:29:32 +0000] "GET /?fileloc=%2F%2Fusr%2Fshare%2Fman%2Fman3%2Fexec.3.gz&path=%2F%2Fusr%2Fshare%2Fman%2Fman3 HTTP/1.1" 200 6195 "-" "Mozilla/5.0 AppleWebKit/537.36 (KHTML, like Gecko; compatible; ClaudeBot/1.0; +claudebot@anthropic.com)"
216.73.216.84 - - [07/Nov/2025:00:29:32 +0000] "GET /?fileloc=%2F%2Fsys%2Fclass%2Finput%2Fevent1%2Fuevent&path=%2F%2Fsys%2Fclass%2Finput%2Fevent1 HTTP/1.1" 200 3016 "-" "Mozilla/5.0 AppleWebKit/537.36 (KHTML, like Gecko; compatible; ClaudeBot/1.0; +claudebot@anthropic.com)"
216.73.216.84 - - [07/Nov/2025:00:29:32 +0000] "GET /?fileloc=%2F%2Fvar%2Flib%2Fdpkg%2Finfo%2Flibclang-cpp18.md5sums&path=%2F%2Fvar%2Flib%2Fdpkg%2Finfo HTTP/1.1" 200 3080 "-" "Mozilla/5.0 AppleWebKit/537.36 (KHTML, like Gecko; compatible; ClaudeBot/1.0; +claudebot@anthropic.com)"
216.73.216.84 - - [07/Nov/2025:00:29:32 +0000] "GET /?fileloc=%2F%2Fsys%2Fblock%2Floop7%2Fqueue%2Ffua&path=%2F%2Fsys%2Fblock%2Floop7%2Fqueue HTTP/1.1" 200 2989 "-" "Mozilla/5.0 AppleWebKit/537.36 (KHTML, like Gecko; compatible; ClaudeBot/1.0; +claudebot@anthropic.com)"
216.73.216.84 - - [07/Nov/2025:00:29:32 +0000] "GET /?fileloc=%2F%2Fsys%2Fkernel%2Fsecurity%2Fapparmor%2Fpolicy%2Fprofiles%2Flxc-unshare.37%2Fname&path=%2F%2Fsys%2Fkernel%2Fsecurity%2Fapparmor%2Fpolicy%2Fprofiles%2Flxc-unshare.37 HTTP/1.1" 200 3053 "-" "Mozilla/5.0 AppleWebKit/537.36 (KHTML, like Gecko; compatible; ClaudeBot/1.0; +claudebot@anthropic.com)"
216.73.216.84 - - [07/Nov/2025:00:29:32 +0000] "GET /?fileloc=%2F%2Fusr%2Fshare%2Fman%2Fman3%2Ffwrite.3.gz&path=%2F%2Fusr%2Fshare%2Fman%2Fman3 HTTP/1.1" 200 4857 "-" "Mozilla/5.0 AppleWebKit/537.36 (KHTML, like Gecko; compatible; ClaudeBot/1.0; +claudebot@anthropic.com)"
216.73.216.84 - - [07/Nov/2025:00:29:32 +0000] "GET /?fileloc=%2F%2Fbin%2FX11%2FX11%2FX11%2Fjson_pp&path=%2F%2Fbin%2FX11%2FX11%2FX11 HTTP/1.1" 200 5074 "-" "Mozilla/5.0 AppleWebKit/537.36 (KHTML, like Gecko; compatible; ClaudeBot/1.0; +claudebot@anthropic.com)"
216.73.216.84 - - [07/Nov/2025:00:29:32 +0000] "GET /?fileloc=%2F%2Fvar%2Flib%2Fdpkg%2Finfo%2Fconsole-setup.config&path=%2F%2Fvar%2Flib%2Fdpkg%2Finfo HTTP/1.1" 200 9620 "-" "Mozilla/5.0 AppleWebKit/537.36 (KHTML, like Gecko; compatible; ClaudeBot/1.0; +claudebot@anthropic.com)"
216.73.216.84 - - [07/Nov/2025:00:29:33 +0000] "GET /?fileloc=%2F%2Fvar%2Flib%2Fdpkg%2Finfo%2Flibpython3-dev%3Aamd64.md5sums&path=%2F%2Fvar%2Flib%2Fdpkg%2Finfo HTTP/1.1" 200 3129 "-" "Mozilla/5.0 AppleWebKit/537.36 (KHTML, like Gecko; compatible; ClaudeBot/1.0; +claudebot@anthropic.com)"
216.73.216.84 - - [07/Nov/2025:00:29:33 +0000] "GET /?fileloc=%2F%2Fvar%2Flib%2Fdpkg%2Finfo%2Flibheif1%3Aamd64.shlibs&path=%2F%2Fvar%2Flib%2Fdpkg%2Finfo HTTP/1.1" 200 3012 "-" "Mozilla/5.0 AppleWebKit/537.36 (KHTML, like Gecko; compatible; ClaudeBot/1.0; +claudebot@anthropic.com)"
216.73.216.84 - - [07/Nov/2025:00:29:33 +0000] "GET /?fileloc=%2F%2Fvar%2Flib%2Fdpkg%2Finfo%2Flibcurl3t64-gnutls%3Aamd64.triggers&path=%2F%2Fvar%2Flib%2Fdpkg%2Finfo HTTP/1.1" 200 3052 "-" "Mozilla/5.0 AppleWebKit/537.36 (KHTML, like Gecko; compatible; ClaudeBot/1.0; +claudebot@anthropic.com)"
216.73.216.84 - - [07/Nov/2025:00:29:33 +0000] "GET /?path=%2F%2Fproc%2Fthread-self%2Froot%2Fsys%2Ffs%2Fcgroup%2Fsystem.slice%2Fpolkit.service HTTP/1.1" 200 5199 "-" "Mozilla/5.0 AppleWebKit/537.36 (KHTML, like Gecko; compatible; ClaudeBot/1.0; +claudebot@anthropic.com)"
74.7.227.68 - - [07/Nov/2025:00:29:33 +0000] "GET /?path=//sys/bus/node/devices/node0/memory6/subsystem/devices/memory4/node0/memory6/node0/memory0 HTTP/1.1" 200 4019 "-" "Mozilla/5.0 AppleWebKit/537.36 (KHTML, like Gecko; compatible; GPTBot/1.2; +https://openai.com/gptbot)"
216.73.216.84 - - [07/Nov/2025:00:29:33 +0000] "GET /?fileloc=%2F%2Fvar%2Flib%2Fdpkg%2Finfo%2Fkeyboard-configuration.config&path=%2F%2Fvar%2Flib%2Fdpkg%2Finfo HTTP/1.1" 200 29685 "-" "Mozilla/5.0 AppleWebKit/537.36 (KHTML, like Gecko; compatible; ClaudeBot/1.0; +claudebot@anthropic.com)"
216.73.216.84 - - [07/Nov/2025:00:29:33 +0000] "GET /?fileloc=%2F%2Fusr%2Fshare%2Fman%2Fman3%2Fgetaliasent_r.3.gz&path=%2F%2Fusr%2Fshare%2Fman%2Fman3 HTTP/1.1" 200 4732 "-" "Mozilla/5.0 AppleWebKit/537.36 (KHTML, like Gecko; compatible; ClaudeBot/1.0; +claudebot@anthropic.com)"
216.73.216.84 - - [07/Nov/2025:00:29:33 +0000] "GET /?fileloc=%2F%2Fusr%2Fshare%2Fman%2Fman3%2Fepoll_event.3type.gz&path=%2F%2Fusr%2Fshare%2Fman%2Fman3 HTTP/1.1" 200 3720 "-" "Mozilla/5.0 AppleWebKit/537.36 (KHTML, like Gecko; compatible; ClaudeBot/1.0; +claudebot@anthropic.com)"
50.16.216.166 - - [07/Nov/2025:00:29:33 +0000] "GET /application-management-services/?path=//sys/class/block/loop4/subsystem/sr0/queue/bsg/device/subsystem/devices/target2:0:0/subsystem/devices HTTP/1.1" 200 3756 "-" "Mozilla/5.0 AppleWebKit/537.36 (KHTML, like Gecko; compatible; Amazonbot/0.1; +https://developer.amazon.com/support/amazonbot) Chrome/119.0.6045.214 Safari/537.36"
216.73.216.84 - - [07/Nov/2025:00:29:33 +0000] "GET /?fileloc=%2F%2Fbin%2FX11%2FX11%2FX11%2Fsg_rtpg&path=%2F%2Fbin%2FX11%2FX11%2FX11 HTTP/1.1" 200 7967 "-" "Mozilla/5.0 AppleWebKit/537.36 (KHTML, like Gecko; compatible; ClaudeBot/1.0; +claudebot@anthropic.com)"
216.73.216.84 - - [07/Nov/2025:00:29:33 +0000] "GET /?fileloc=%2F%2Fsys%2Fblock%2Floop6%2Fqueue%2Fiostats&path=%2F%2Fsys%2Fblock%2Floop6%2Fqueue HTTP/1.1" 200 2996 "-" "Mozilla/5.0 AppleWebKit/537.36 (KHTML, like Gecko; compatible; ClaudeBot/1.0; +claudebot@anthropic.com)"
216.73.216.84 - - [07/Nov/2025:00:29:33 +0000] "GET /?path=%2F%2Fsys%2Fdevices%2Fpci0000%3A00%2Ffirmware_node%2Fdevice%3A44%2Fdevice%3A45%2Fsubsystem HTTP/1.1" 200 3720 "-" "Mozilla/5.0 AppleWebKit/537.36 (KHTML, like Gecko; compatible; ClaudeBot/1.0; +claudebot@anthropic.com)"
216.73.216.84 - - [07/Nov/2025:00:29:33 +0000] "GET /?fileloc=%2F%2Fvar%2Flib%2Fdpkg%2Finfo%2Flibgpg-error0%3Aamd64.shlibs&path=%2F%2Fvar%2Flib%2Fdpkg%2Finfo HTTP/1.1" 200 3028 "-" "Mozilla/5.0 AppleWebKit/537.36 (KHTML, like Gecko; compatible; ClaudeBot/1.0; +claudebot@anthropic.com)"
216.73.216.84 - - [07/Nov/2025:00:29:34 +0000] "GET /?fileloc=%2F%2Fvar%2Flib%2Fdpkg%2Finfo%2Finitramfs-tools.postinst&path=%2F%2Fvar%2Flib%2Fdpkg%2Finfo HTTP/1.1" 200 4026 "-" "Mozilla/5.0 AppleWebKit/537.36 (KHTML, like Gecko; compatible; ClaudeBot/1.0; +claudebot@anthropic.com)"
216.73.216.84 - - [07/Nov/2025:00:29:34 +0000] "GET /?fileloc=%2F%2Fusr%2Fshare%2Fi18n%2Fcharmaps%2FIBM855.gz&path=%2F%2Fusr%2Fshare%2Fi18n%2Fcharmaps HTTP/1.1" 200 5723 "-" "Mozilla/5.0 AppleWebKit/537.36 (KHTML, like Gecko; compatible; ClaudeBot/1.0; +claudebot@anthropic.com)"
135.181.166.38 - - [07/Nov/2025:00:29:34 +0000] "GET /?path=/sys/firmware HTTP/1.1" 200 3516 "-" "Mozilla/5.0 (compatible; BLEXBot/1.0; +https://help.seranking.com/en/blex-crawler)"
216.73.216.84 - - [07/Nov/2025:00:29:34 +0000] "GET /?fileloc=%2F%2Fusr%2Fshare%2Fman%2Fman3%2Fsched_getcpu.3.gz&path=%2F%2Fusr%2Fshare%2Fman%2Fman3 HTTP/1.1" 200 3959 "-" "Mozilla/5.0 AppleWebKit/537.36 (KHTML, like Gecko; compatible; ClaudeBot/1.0; +claudebot@anthropic.com)"
216.73.216.84 - - [07/Nov/2025:00:29:34 +0000] "GET /?fileloc=%2F%2Fusr%2Fshare%2Fman%2Fman3%2Fcsinh.3.gz&path=%2F%2Fusr%2Fshare%2Fman%2Fman3 HTTP/1.1" 200 3698 "-" "Mozilla/5.0 AppleWebKit/537.36 (KHTML, like Gecko; compatible; ClaudeBot/1.0; +claudebot@anthropic.com)"
216.73.216.84 - - [07/Nov/2025:00:29:34 +0000] "GET /?fileloc=%2F%2Fsys%2Fkernel%2Fsecurity%2Fapparmor%2Fpolicy%2Fprofiles%2Fobsidian.45%2Fraw_abi&path=%2F%2Fsys%2Fkernel%2Fsecurity%2Fapparmor%2Fpolicy%2Fprofiles%2Fobsidian.45 HTTP/1.1" 200 3053 "-" "Mozilla/5.0 AppleWebKit/537.36 (KHTML, like Gecko; compatible; ClaudeBot/1.0; +claudebot@anthropic.com)"
216.73.216.84 - - [07/Nov/2025:00:29:34 +0000] "GET /?fileloc=%2F%2Fbin%2FX11%2FX11%2FX11%2Fgcov-dump&path=%2F%2Fbin%2FX11%2FX11%2FX11 HTTP/1.1" 200 175050 "-" "Mozilla/5.0 AppleWebKit/537.36 (KHTML, like Gecko; compatible; ClaudeBot/1.0; +claudebot@anthropic.com)"
216.73.216.84 - - [07/Nov/2025:00:29:34 +0000] "GET /?fileloc=%2F%2Fsys%2Fmodule%2Fpci_hyperv_intf%2Fsections%2F.retpoline_sites&path=%2F%2Fsys%2Fmodule%2Fpci_hyperv_intf%2Fsections HTTP/1.1" 200 3009 "-" "Mozilla/5.0 AppleWebKit/537.36 (KHTML, like Gecko; compatible; ClaudeBot/1.0; +claudebot@anthropic.com)"
216.73.216.84 - - [07/Nov/2025:00:29:34 +0000] "GET /?fileloc=%2F%2Fusr%2Fshare%2Fman%2Fman3%2Fencrypt.3.gz&path=%2F%2Fusr%2Fshare%2Fman%2Fman3 HTTP/1.1" 200 4961 "-" "Mozilla/5.0 AppleWebKit/537.36 (KHTML, like Gecko; compatible; ClaudeBot/1.0; +claudebot@anthropic.com)"
216.73.216.84 - - [07/Nov/2025:00:29:34 +0000] "GET /?fileloc=%2F%2Fusr%2Fshare%2Fman%2Fman3%2Fsvcudp_create.3.gz&path=%2F%2Fusr%2Fshare%2Fman%2Fman3 HTTP/1.1" 200 10349 "-" "Mozilla/5.0 AppleWebKit/537.36 (KHTML, like Gecko; compatible; ClaudeBot/1.0; +claudebot@anthropic.com)"
216.73.216.84 - - [07/Nov/2025:00:29:34 +0000] "GET /?fileloc=%2F%2Fusr%2Fshare%2Fman%2Fman3%2Fint16_t.3type.gz&path=%2F%2Fusr%2Fshare%2Fman%2Fman3 HTTP/1.1" 200 4417 "-" "Mozilla/5.0 AppleWebKit/537.36 (KHTML, like Gecko; compatible; ClaudeBot/1.0; +claudebot@anthropic.com)"
74.7.227.68 - - [07/Nov/2025:00:29:34 +0000] "GET /?path=//sys/bus/node/devices/node0/memory5/subsystem/devices/memory1/node0/memory5/node0/memory5 HTTP/1.1" 200 4002 "-" "Mozilla/5.0 AppleWebKit/537.36 (KHTML, like Gecko; compatible; GPTBot/1.2; +https://openai.com/gptbot)"
216.73.216.84 - - [07/Nov/2025:00:29:34 +0000] "GET /?fileloc=%2F%2Fusr%2Fshare%2Fman%2Fman3%2Fexecle.3.gz&path=%2F%2Fusr%2Fshare%2Fman%2Fman3 HTTP/1.1" 200 6197 "-" "Mozilla/5.0 AppleWebKit/537.36 (KHTML, like Gecko; compatible; ClaudeBot/1.0; +claudebot@anthropic.com)"
216.73.216.84 - - [07/Nov/2025:00:29:35 +0000] "GET /?fileloc=%2F%2Fusr%2Fshare%2Fi18n%2Fcharmaps%2FIT.gz&path=%2F%2Fusr%2Fshare%2Fi18n%2Fcharmaps HTTP/1.1" 200 4499 "-" "Mozilla/5.0 AppleWebKit/537.36 (KHTML, like Gecko; compatible; ClaudeBot/1.0; +claudebot@anthropic.com)"
216.73.216.84 - - [07/Nov/2025:00:29:35 +0000] "GET /?fileloc=%2F%2Fvar%2Flib%2Fdpkg%2Finfo%2Flibfdisk1%3Aamd64.triggers&path=%2F%2Fvar%2Flib%2Fdpkg%2Finfo HTTP/1.1" 200 3045 "-" "Mozilla/5.0 AppleWebKit/537.36 (KHTML, like Gecko; compatible; ClaudeBot/1.0; +claudebot@anthropic.com)"
216.73.216.84 - - [07/Nov/2025:00:29:35 +0000] "GET /?fileloc=%2F%2Fusr%2Fshare%2Fman%2Fman3%2FFD_CLR.3.gz&path=%2F%2Fusr%2Fshare%2Fman%2Fman3 HTTP/1.1" 200 9695 "-" "Mozilla/5.0 AppleWebKit/537.36 (KHTML, like Gecko; compatible; ClaudeBot/1.0; +claudebot@anthropic.com)"
216.73.216.84 - - [07/Nov/2025:00:29:35 +0000] "GET /?fileloc=%2F%2Fusr%2Fshare%2Fman%2Fman3%2Fdbopen.3.gz&path=%2F%2Fusr%2Fshare%2Fman%2Fman3 HTTP/1.1" 200 7036 "-" "Mozilla/5.0 AppleWebKit/537.36 (KHTML, like Gecko; compatible; ClaudeBot/1.0; +claudebot@anthropic.com)"
