74.7.227.68 - - [07/Nov/2025:00:12:26 +0000] "GET /?path=//sys/bus/node/devices/node0/memory6/subsystem/devices/memory4/node0/cpu0/driver/cpu0/cache/index2 HTTP/1.1" 200 4021 "-" "Mozilla/5.0 AppleWebKit/537.36 (KHTML, like Gecko; compatible; GPTBot/1.2; +https://openai.com/gptbot)"
74.7.227.155 - - [07/Nov/2025:00:12:26 +0000] "GET /?path=//sys/class/net/enp1s0/device/net/enp1s0/device/subsystem/devices/virtio1/block/vda/device/block/vda/vda1/subsystem/vda/device/block/vda/subsystem/loop1/holders HTTP/1.1" 200 3279 "-" "Mozilla/5.0 AppleWebKit/537.36 (KHTML, like Gecko; compatible; GPTBot/1.2; +https://openai.com/gptbot)"
216.73.216.84 - - [07/Nov/2025:00:12:26 +0000] "GET /?fileloc=%2F%2Fsys%2Fkernel%2Fsecurity%2Fapparmor%2Fpolicy%2Fraw_data%2F57%2Fcompressed_size&path=%2F%2Fsys%2Fkernel%2Fsecurity%2Fapparmor%2Fpolicy%2Fraw_data%2F57 HTTP/1.1" 200 3050 "-" "Mozilla/5.0 AppleWebKit/537.36 (KHTML, like Gecko; compatible; ClaudeBot/1.0; +claudebot@anthropic.com)"
216.73.216.84 - - [07/Nov/2025:00:12:27 +0000] "GET /?fileloc=%2F%2Fsys%2Fkernel%2Fsecurity%2Fapparmor%2Fpolicy%2Fraw_data%2F26%2Fcompressed_size&path=%2F%2Fsys%2Fkernel%2Fsecurity%2Fapparmor%2Fpolicy%2Fraw_data%2F26 HTTP/1.1" 200 3051 "-" "Mozilla/5.0 AppleWebKit/537.36 (KHTML, like Gecko; compatible; ClaudeBot/1.0; +claudebot@anthropic.com)"
74.7.227.68 - - [07/Nov/2025:00:12:27 +0000] "GET /?path=//sys/bus/node/devices/node0/memory6/subsystem/devices/memory4/node0/cpu0/node0/memory0/power HTTP/1.1" 200 3894 "-" "Mozilla/5.0 AppleWebKit/537.36 (KHTML, like Gecko; compatible; GPTBot/1.2; +https://openai.com/gptbot)"
216.73.216.84 - - [07/Nov/2025:00:12:27 +0000] "GET /?fileloc=%2F%2Fsys%2Fmodule%2Fsnd_pcm%2Fholders%2Fsnd_hda_intel%2Fsections%2F.static_call_sites&path=%2F%2Fsys%2Fmodule%2Fsnd_pcm%2Fholders%2Fsnd_hda_intel%2Fsections HTTP/1.1" 200 3039 "-" "Mozilla/5.0 AppleWebKit/537.36 (KHTML, like Gecko; compatible; ClaudeBot/1.0; +claudebot@anthropic.com)"
216.73.216.84 - - [07/Nov/2025:00:12:28 +0000] "GET /?fileloc=%2F%2Fsys%2Fkernel%2Fsecurity%2Fapparmor%2Fpolicy%2Fraw_data%2F59%2Frevision&path=%2F%2Fsys%2Fkernel%2Fsecurity%2Fapparmor%2Fpolicy%2Fraw_data%2F59 HTTP/1.1" 200 3044 "-" "Mozilla/5.0 AppleWebKit/537.36 (KHTML, like Gecko; compatible; ClaudeBot/1.0; +claudebot@anthropic.com)"
74.7.227.68 - - [07/Nov/2025:00:12:28 +0000] "GET /?path=//sys/bus/node/devices/node0/memory5/subsystem/devices/memory1/node0/memory2/node0/cpu0/cache HTTP/1.1" 200 3748 "-" "Mozilla/5.0 AppleWebKit/537.36 (KHTML, like Gecko; compatible; GPTBot/1.2; +https://openai.com/gptbot)"
216.73.216.84 - - [07/Nov/2025:00:12:28 +0000] "GET /?fileloc=%2F%2Fsys%2Fkernel%2Fsecurity%2Fapparmor%2Fpolicy%2Fraw_data%2F26%2Fsha256&path=%2F%2Fsys%2Fkernel%2Fsecurity%2Fapparmor%2Fpolicy%2Fraw_data%2F26 HTTP/1.1" 200 3045 "-" "Mozilla/5.0 AppleWebKit/537.36 (KHTML, like Gecko; compatible; ClaudeBot/1.0; +claudebot@anthropic.com)"
216.73.216.84 - - [07/Nov/2025:00:12:28 +0000] "GET /?fileloc=%2F%2Fsys%2Fkernel%2Fsecurity%2Fapparmor%2Fpolicy%2Fprofiles%2Fsbuild-clean.70%2Fraw_data&path=%2F%2Fsys%2Fkernel%2Fsecurity%2Fapparmor%2Fpolicy%2Fprofiles%2Fsbuild-clean.70 HTTP/1.1" 200 3057 "-" "Mozilla/5.0 AppleWebKit/537.36 (KHTML, like Gecko; compatible; ClaudeBot/1.0; +claudebot@anthropic.com)"
216.73.216.84 - - [07/Nov/2025:00:12:29 +0000] "GET /?fileloc=%2F%2Fsys%2Fkernel%2Fsecurity%2Fapparmor%2Fpolicy%2Fraw_data%2F58%2Fcompressed_size&path=%2F%2Fsys%2Fkernel%2Fsecurity%2Fapparmor%2Fpolicy%2Fraw_data%2F58 HTTP/1.1" 200 3050 "-" "Mozilla/5.0 AppleWebKit/537.36 (KHTML, like Gecko; compatible; ClaudeBot/1.0; +claudebot@anthropic.com)"
74.7.227.155 - - [07/Nov/2025:00:12:29 +0000] "GET /?path=//sys/class/net/enp1s0/device/net/enp1s0/device/subsystem/devices/virtio1/block/vda/device/block/vda/vda1/subsystem/vda/device/block/vda/subsystem/loop1/subsystem HTTP/1.1" 200 4016 "-" "Mozilla/5.0 AppleWebKit/537.36 (KHTML, like Gecko; compatible; GPTBot/1.2; +https://openai.com/gptbot)"
216.73.216.84 - - [07/Nov/2025:00:12:29 +0000] "GET /?fileloc=%2F%2Fsys%2Fkernel%2Fsecurity%2Fapparmor%2Fpolicy%2Fprofiles%2Frpm.58%2Fraw_sha256&path=%2F%2Fsys%2Fkernel%2Fsecurity%2Fapparmor%2Fpolicy%2Fprofiles%2Frpm.58 HTTP/1.1" 200 3051 "-" "Mozilla/5.0 AppleWebKit/537.36 (KHTML, like Gecko; compatible; ClaudeBot/1.0; +claudebot@anthropic.com)"
74.7.227.68 - - [07/Nov/2025:00:12:29 +0000] "GET /?path=//sys/bus/node/devices/node0/memory5/subsystem/devices/memory1/node0/cpu0/subsystem/drivers/processor/cpu0/cache HTTP/1.1" 200 3787 "-" "Mozilla/5.0 AppleWebKit/537.36 (KHTML, like Gecko; compatible; GPTBot/1.2; +https://openai.com/gptbot)"
216.73.216.84 - - [07/Nov/2025:00:12:29 +0000] "GET /?fileloc=%2F%2Fsys%2Fkernel%2Fsecurity%2Fapparmor%2Fpolicy%2Fraw_data%2F39%2Fcompressed_size&path=%2F%2Fsys%2Fkernel%2Fsecurity%2Fapparmor%2Fpolicy%2Fraw_data%2F39 HTTP/1.1" 200 3050 "-" "Mozilla/5.0 AppleWebKit/537.36 (KHTML, like Gecko; compatible; ClaudeBot/1.0; +claudebot@anthropic.com)"
107.23.62.75 - - [07/Nov/2025:00:12:29 +0000] "GET /about-us/?path=//sys/class/leds/input1::capslock/subsystem/input1::numlock/device/device/firmware_node/physical_node/firmware_node/subsystem/devices/device:0f/subsystem/devices/device:3b/subsystem/devices/device:00 HTTP/1.1" 200 4048 "-" "Mozilla/5.0 AppleWebKit/537.36 (KHTML, like Gecko; compatible; Amazonbot/0.1; +https://developer.amazon.com/support/amazonbot) Chrome/119.0.6045.214 Safari/537.36"
216.73.216.84 - - [07/Nov/2025:00:12:30 +0000] "GET /?fileloc=%2F%2Fusr%2Fshare%2Flocale%2Fko%2FLC_MESSAGES%2Fapt.mo&path=%2F%2Fusr%2Fshare%2Flocale%2Fko%2FLC_MESSAGES HTTP/1.1" 200 15121 "-" "Mozilla/5.0 AppleWebKit/537.36 (KHTML, like Gecko; compatible; ClaudeBot/1.0; +claudebot@anthropic.com)"
57.141.0.33 - - [07/Nov/2025:00:12:30 +0000] "GET /big-data/?fileloc=//sys/module/intel_rapl_common/sections/.init.text&path=//sys/module/intel_rapl_common/sections HTTP/1.1" 200 12458 "-" "meta-externalagent/1.1 (+https://developers.facebook.com/docs/sharing/webmasters/crawler)"
216.73.216.84 - - [07/Nov/2025:00:12:30 +0000] "GET /?fileloc=%2F%2Fsys%2Fkernel%2Fsecurity%2Fapparmor%2Fpolicy%2Fprofiles%2Fobsidian.45%2Fmode&path=%2F%2Fsys%2Fkernel%2Fsecurity%2Fapparmor%2Fpolicy%2Fprofiles%2Fobsidian.45 HTTP/1.1" 200 3050 "-" "Mozilla/5.0 AppleWebKit/537.36 (KHTML, like Gecko; compatible; ClaudeBot/1.0; +claudebot@anthropic.com)"
216.73.216.84 - - [07/Nov/2025:00:12:30 +0000] "GET /?fileloc=%2F%2Flib%2Fmodules%2F6.8.0-85-generic%2Fbuild%2Ffs%2Fnls%2FKconfig&path=%2F%2Flib%2Fmodules%2F6.8.0-85-generic%2Fbuild%2Ffs%2Fnls HTTP/1.1" 200 6907 "-" "Mozilla/5.0 AppleWebKit/537.36 (KHTML, like Gecko; compatible; ClaudeBot/1.0; +claudebot@anthropic.com)"
74.7.227.155 - - [07/Nov/2025:00:12:30 +0000] "GET /?path=//sys/class/net/enp1s0/device/net/enp1s0/device/subsystem/devices/virtio1/block/vda/device/block/vda/subsystem/vda1/subsystem/vda/device/block/vda/vda2/subsystem HTTP/1.1" 200 4025 "-" "Mozilla/5.0 AppleWebKit/537.36 (KHTML, like Gecko; compatible; GPTBot/1.2; +https://openai.com/gptbot)"
216.73.216.84 - - [07/Nov/2025:00:12:30 +0000] "GET /?fileloc=%2F%2Fsys%2Fkernel%2Fsecurity%2Fapparmor%2Fpolicy%2Fprofiles%2Flxc-create.33%2Fsha256&path=%2F%2Fsys%2Fkernel%2Fsecurity%2Fapparmor%2Fpolicy%2Fprofiles%2Flxc-create.33 HTTP/1.1" 200 3054 "-" "Mozilla/5.0 AppleWebKit/537.36 (KHTML, like Gecko; compatible; ClaudeBot/1.0; +claudebot@anthropic.com)"
216.73.216.84 - - [07/Nov/2025:00:12:31 +0000] "GET /?fileloc=%2F%2Fsys%2Fkernel%2Fsecurity%2Fapparmor%2Fpolicy%2Fraw_data%2F65%2Fcompressed_size&path=%2F%2Fsys%2Fkernel%2Fsecurity%2Fapparmor%2Fpolicy%2Fraw_data%2F65 HTTP/1.1" 200 3050 "-" "Mozilla/5.0 AppleWebKit/537.36 (KHTML, like Gecko; compatible; ClaudeBot/1.0; +claudebot@anthropic.com)"
74.7.227.68 - - [07/Nov/2025:00:12:31 +0000] "GET /?path=//sys/bus/node/devices/node0/memory5/subsystem/devices/memory1/node0/cpu0/subsystem/drivers/processor/cpu0/driver HTTP/1.1" 200 3743 "-" "Mozilla/5.0 AppleWebKit/537.36 (KHTML, like Gecko; compatible; GPTBot/1.2; +https://openai.com/gptbot)"
216.73.216.84 - - [07/Nov/2025:00:12:31 +0000] "GET /?fileloc=%2F%2Fsys%2Fkernel%2Fsecurity%2Fapparmor%2Fpolicy%2Fraw_data%2F58%2Fsha256&path=%2F%2Fsys%2Fkernel%2Fsecurity%2Fapparmor%2Fpolicy%2Fraw_data%2F58 HTTP/1.1" 200 3044 "-" "Mozilla/5.0 AppleWebKit/537.36 (KHTML, like Gecko; compatible; ClaudeBot/1.0; +claudebot@anthropic.com)"
216.73.216.84 - - [07/Nov/2025:00:12:31 +0000] "GET /?fileloc=%2F%2Fsys%2Fkernel%2Fsecurity%2Fapparmor%2Fpolicy%2Fraw_data%2F57%2Fsha256&path=%2F%2Fsys%2Fkernel%2Fsecurity%2Fapparmor%2Fpolicy%2Fraw_data%2F57 HTTP/1.1" 200 3044 "-" "Mozilla/5.0 AppleWebKit/537.36 (KHTML, like Gecko; compatible; ClaudeBot/1.0; +claudebot@anthropic.com)"
216.73.216.84 - - [07/Nov/2025:00:12:31 +0000] "GET /?fileloc=%2F%2Fsys%2Fkernel%2Fsecurity%2Fapparmor%2Fpolicy%2Fraw_data%2F8%2Fsha256&path=%2F%2Fsys%2Fkernel%2Fsecurity%2Fapparmor%2Fpolicy%2Fraw_data%2F8 HTTP/1.1" 200 3042 "-" "Mozilla/5.0 AppleWebKit/537.36 (KHTML, like Gecko; compatible; ClaudeBot/1.0; +claudebot@anthropic.com)"
216.73.216.84 - - [07/Nov/2025:00:12:31 +0000] "GET /?fileloc=%2F%2Fsys%2Fkernel%2Fsecurity%2Fapparmor%2Fpolicy%2Fraw_data%2F46%2Frevision&path=%2F%2Fsys%2Fkernel%2Fsecurity%2Fapparmor%2Fpolicy%2Fraw_data%2F46 HTTP/1.1" 200 3045 "-" "Mozilla/5.0 AppleWebKit/537.36 (KHTML, like Gecko; compatible; ClaudeBot/1.0; +claudebot@anthropic.com)"
74.7.227.155 - - [07/Nov/2025:00:12:32 +0000] "GET /?path=//sys/class/net/enp1s0/device/net/enp1s0/device/subsystem/devices/virtio1/block/vda/device/block/vda/vda1/subsystem/vda/device/block/vda/subsystem/loop1/integrity HTTP/1.1" 200 3929 "-" "Mozilla/5.0 AppleWebKit/537.36 (KHTML, like Gecko; compatible; GPTBot/1.2; +https://openai.com/gptbot)"
216.73.216.84 - - [07/Nov/2025:00:12:32 +0000] "GET /?fileloc=%2F%2Fsys%2Fkernel%2Fsecurity%2Fapparmor%2Fpolicy%2Fraw_data%2F8%2Fcompressed_size&path=%2F%2Fsys%2Fkernel%2Fsecurity%2Fapparmor%2Fpolicy%2Fraw_data%2F8 HTTP/1.1" 200 3047 "-" "Mozilla/5.0 AppleWebKit/537.36 (KHTML, like Gecko; compatible; ClaudeBot/1.0; +claudebot@anthropic.com)"
216.73.216.84 - - [07/Nov/2025:00:12:32 +0000] "GET /?fileloc=%2F%2Fsys%2Fkernel%2Fsecurity%2Fapparmor%2Fpolicy%2Fprofiles%2Flinux-sandbox.29%2Fmode&path=%2F%2Fsys%2Fkernel%2Fsecurity%2Fapparmor%2Fpolicy%2Fprofiles%2Flinux-sandbox.29 HTTP/1.1" 200 3055 "-" "Mozilla/5.0 AppleWebKit/537.36 (KHTML, like Gecko; compatible; ClaudeBot/1.0; +claudebot@anthropic.com)"
216.73.216.84 - - [07/Nov/2025:00:12:32 +0000] "GET /?fileloc=%2F%2Fsys%2Fblock%2Floop7%2Fsubsystem%2Floop7%2Fqueue%2Fdiscard_max_hw_bytes&path=%2F%2Fsys%2Fblock%2Floop7%2Fsubsystem%2Floop7%2Fqueue HTTP/1.1" 200 3026 "-" "Mozilla/5.0 AppleWebKit/537.36 (KHTML, like Gecko; compatible; ClaudeBot/1.0; +claudebot@anthropic.com)"
216.73.216.84 - - [07/Nov/2025:00:12:32 +0000] "GET /?fileloc=%2F%2Fsys%2Fkernel%2Fsecurity%2Fapparmor%2Fpolicy%2Fraw_data%2F39%2Fsha256&path=%2F%2Fsys%2Fkernel%2Fsecurity%2Fapparmor%2Fpolicy%2Fraw_data%2F39 HTTP/1.1" 200 3044 "-" "Mozilla/5.0 AppleWebKit/537.36 (KHTML, like Gecko; compatible; ClaudeBot/1.0; +claudebot@anthropic.com)"
216.73.216.84 - - [07/Nov/2025:00:12:32 +0000] "GET /?path=%2F%2Fusr%2Fshare%2Flocale%2Fce%2FLC_MESSAGES HTTP/1.1" 200 3506 "-" "Mozilla/5.0 AppleWebKit/537.36 (KHTML, like Gecko; compatible; ClaudeBot/1.0; +claudebot@anthropic.com)"
216.73.216.84 - - [07/Nov/2025:00:12:33 +0000] "GET /?fileloc=%2F%2Fsys%2Fkernel%2Fsecurity%2Fapparmor%2Fpolicy%2Fraw_data%2F65%2Fsha256&path=%2F%2Fsys%2Fkernel%2Fsecurity%2Fapparmor%2Fpolicy%2Fraw_data%2F65 HTTP/1.1" 200 3044 "-" "Mozilla/5.0 AppleWebKit/537.36 (KHTML, like Gecko; compatible; ClaudeBot/1.0; +claudebot@anthropic.com)"
74.7.227.68 - - [07/Nov/2025:00:12:33 +0000] "GET /?path=//sys/bus/node/devices/node0/memory6/subsystem/devices/memory4/node0/cpu0/node0/memory3/power HTTP/1.1" 200 3893 "-" "Mozilla/5.0 AppleWebKit/537.36 (KHTML, like Gecko; compatible; GPTBot/1.2; +https://openai.com/gptbot)"
216.73.216.84 - - [07/Nov/2025:00:12:33 +0000] "GET /?fileloc=%2F%2Fusr%2Fshare%2Fpoppler%2FcMap%2FAdobe-Korea1%2FUniKS-UTF32-V&path=%2F%2Fusr%2Fshare%2Fpoppler%2FcMap%2FAdobe-Korea1 HTTP/1.1" 200 4421 "-" "Mozilla/5.0 AppleWebKit/537.36 (KHTML, like Gecko; compatible; ClaudeBot/1.0; +claudebot@anthropic.com)"
216.73.216.84 - - [07/Nov/2025:00:12:33 +0000] "GET /?fileloc=%2F%2Fproc%2Fthread-self%2Froot%2Fsys%2Ffs%2Fcgroup%2Fsys-kernel-debug.mount%2Fpids.max&path=%2F%2Fproc%2Fthread-self%2Froot%2Fsys%2Ffs%2Fcgroup%2Fsys-kernel-debug.mount HTTP/1.1" 200 3053 "-" "Mozilla/5.0 AppleWebKit/537.36 (KHTML, like Gecko; compatible; ClaudeBot/1.0; +claudebot@anthropic.com)"
216.73.216.84 - - [07/Nov/2025:00:12:33 +0000] "GET /?fileloc=%2F%2Fsys%2Fblock%2Floop7%2Fsubsystem%2Floop7%2Fqueue%2Fdma_alignment&path=%2F%2Fsys%2Fblock%2Floop7%2Fsubsystem%2Floop7%2Fqueue HTTP/1.1" 200 3018 "-" "Mozilla/5.0 AppleWebKit/537.36 (KHTML, like Gecko; compatible; ClaudeBot/1.0; +claudebot@anthropic.com)"
100.24.167.60 - - [07/Nov/2025:00:12:33 +0000] "GET /about-us/?path=//sys/class/leds/input1::capslock/subsystem/input1::numlock/device/device/firmware_node/physical_node/firmware_node/subsystem/devices/device:2d/subsystem/devices/device:06/subsystem/devices/device:1d HTTP/1.1" 200 4070 "-" "Mozilla/5.0 AppleWebKit/537.36 (KHTML, like Gecko; compatible; Amazonbot/0.1; +https://developer.amazon.com/support/amazonbot) Chrome/119.0.6045.214 Safari/537.36"
216.73.216.84 - - [07/Nov/2025:00:12:33 +0000] "GET /?fileloc=%2F%2Fsys%2Fkernel%2Fsecurity%2Fapparmor%2Fpolicy%2Fprofiles%2Fsbuild-clean.70%2Fattach&path=%2F%2Fsys%2Fkernel%2Fsecurity%2Fapparmor%2Fpolicy%2Fprofiles%2Fsbuild-clean.70 HTTP/1.1" 200 3054 "-" "Mozilla/5.0 AppleWebKit/537.36 (KHTML, like Gecko; compatible; ClaudeBot/1.0; +claudebot@anthropic.com)"
216.73.216.84 - - [07/Nov/2025:00:12:33 +0000] "GET /?fileloc=%2F%2Fsys%2Fkernel%2Fsecurity%2Fapparmor%2Fpolicy%2Fprofiles%2Fch-checkns.9%2Fraw_data&path=%2F%2Fsys%2Fkernel%2Fsecurity%2Fapparmor%2Fpolicy%2Fprofiles%2Fch-checkns.9 HTTP/1.1" 200 3052 "-" "Mozilla/5.0 AppleWebKit/537.36 (KHTML, like Gecko; compatible; ClaudeBot/1.0; +claudebot@anthropic.com)"
216.73.216.84 - - [07/Nov/2025:00:12:33 +0000] "GET /?fileloc=%2F%2Fsys%2Fkernel%2Fsecurity%2Fapparmor%2Fpolicy%2Fraw_data%2F47%2Fcompressed_size&path=%2F%2Fsys%2Fkernel%2Fsecurity%2Fapparmor%2Fpolicy%2Fraw_data%2F47 HTTP/1.1" 200 3050 "-" "Mozilla/5.0 AppleWebKit/537.36 (KHTML, like Gecko; compatible; ClaudeBot/1.0; +claudebot@anthropic.com)"
216.73.216.84 - - [07/Nov/2025:00:12:34 +0000] "GET /?fileloc=%2F%2Fsys%2Fmodule%2Fmlx5_core%2Fnotes%2F.note.Linux&path=%2F%2Fsys%2Fmodule%2Fmlx5_core%2Fnotes HTTP/1.1" 200 3028 "-" "Mozilla/5.0 AppleWebKit/537.36 (KHTML, like Gecko; compatible; ClaudeBot/1.0; +claudebot@anthropic.com)"
216.73.216.84 - - [07/Nov/2025:00:12:34 +0000] "GET /?path=%2F%2Fproc%2Fthread-self%2Froot%2Flib%2Fdpkg%2Fmethods%2Fapt HTTP/1.1" 200 3660 "-" "Mozilla/5.0 AppleWebKit/537.36 (KHTML, like Gecko; compatible; ClaudeBot/1.0; +claudebot@anthropic.com)"
74.7.227.155 - - [07/Nov/2025:00:12:34 +0000] "GET /?path=//sys/class/net/enp1s0/device/net/enp1s0/device/subsystem/devices/virtio1/block/vda/device/block/vda/subsystem/loop1/subsystem/vda/device/block/vda/vda2/subsystem/vda HTTP/1.1" 200 4975 "-" "Mozilla/5.0 AppleWebKit/537.36 (KHTML, like Gecko; compatible; GPTBot/1.2; +https://openai.com/gptbot)"
216.73.216.84 - - [07/Nov/2025:00:12:34 +0000] "GET /?fileloc=%2F%2Fsys%2Fkernel%2Fsecurity%2Fapparmor%2Fpolicy%2Fraw_data%2F47%2Fsha256&path=%2F%2Fsys%2Fkernel%2Fsecurity%2Fapparmor%2Fpolicy%2Fraw_data%2F47 HTTP/1.1" 200 3044 "-" "Mozilla/5.0 AppleWebKit/537.36 (KHTML, like Gecko; compatible; ClaudeBot/1.0; +claudebot@anthropic.com)"
216.73.216.84 - - [07/Nov/2025:00:12:34 +0000] "GET /?fileloc=%2F%2Fsys%2Fkernel%2Fsecurity%2Fapparmor%2Fpolicy%2Fprofiles%2Fpodman.51%2Flearning_count&path=%2F%2Fsys%2Fkernel%2Fsecurity%2Fapparmor%2Fpolicy%2Fprofiles%2Fpodman.51 HTTP/1.1" 200 3057 "-" "Mozilla/5.0 AppleWebKit/537.36 (KHTML, like Gecko; compatible; ClaudeBot/1.0; +claudebot@anthropic.com)"
216.73.216.84 - - [07/Nov/2025:00:12:34 +0000] "GET /?fileloc=%2F%2Fsys%2Fkernel%2Fsecurity%2Fapparmor%2Fpolicy%2Fraw_data%2F37%2Fraw_data&path=%2F%2Fsys%2Fkernel%2Fsecurity%2Fapparmor%2Fpolicy%2Fraw_data%2F37 HTTP/1.1" 200 3041 "-" "Mozilla/5.0 AppleWebKit/537.36 (KHTML, like Gecko; compatible; ClaudeBot/1.0; +claudebot@anthropic.com)"
216.73.216.84 - - [07/Nov/2025:00:12:34 +0000] "GET /?fileloc=%2F%2Fsys%2Fkernel%2Fsecurity%2Fapparmor%2Fpolicy%2Fprofiles%2Flinux-sandbox.29%2Fsha256&path=%2F%2Fsys%2Fkernel%2Fsecurity%2Fapparmor%2Fpolicy%2Fprofiles%2Flinux-sandbox.29 HTTP/1.1" 200 3057 "-" "Mozilla/5.0 AppleWebKit/537.36 (KHTML, like Gecko; compatible; ClaudeBot/1.0; +claudebot@anthropic.com)"
216.73.216.84 - - [07/Nov/2025:00:12:34 +0000] "GET /?fileloc=%2F%2Fsys%2Fkernel%2Fsecurity%2Fapparmor%2Fpolicy%2Fraw_data%2F36%2Fcompressed_size&path=%2F%2Fsys%2Fkernel%2Fsecurity%2Fapparmor%2Fpolicy%2Fraw_data%2F36 HTTP/1.1" 200 3051 "-" "Mozilla/5.0 AppleWebKit/537.36 (KHTML, like Gecko; compatible; ClaudeBot/1.0; +claudebot@anthropic.com)"
216.73.216.84 - - [07/Nov/2025:00:12:34 +0000] "GET /?path=%2F%2Fproc%2Fthread-self%2Froot%2Fusr%2Fshare%2Fbug%2Fgrub-efi-amd64 HTTP/1.1" 200 3496 "-" "Mozilla/5.0 AppleWebKit/537.36 (KHTML, like Gecko; compatible; ClaudeBot/1.0; +claudebot@anthropic.com)"
216.73.216.84 - - [07/Nov/2025:00:12:34 +0000] "GET /?fileloc=%2F%2Fusr%2Fshare%2Fpoppler%2FcMap%2FAdobe-Korea1%2FKSCms-UHC-HW-V&path=%2F%2Fusr%2Fshare%2Fpoppler%2FcMap%2FAdobe-Korea1 HTTP/1.1" 200 4405 "-" "Mozilla/5.0 AppleWebKit/537.36 (KHTML, like Gecko; compatible; ClaudeBot/1.0; +claudebot@anthropic.com)"
216.73.216.84 - - [07/Nov/2025:00:12:35 +0000] "GET /?fileloc=%2F%2Fsys%2Fkernel%2Fsecurity%2Fapparmor%2Fpolicy%2Fprofiles%2Fobsidian.45%2Fsha256&path=%2F%2Fsys%2Fkernel%2Fsecurity%2Fapparmor%2Fpolicy%2Fprofiles%2Fobsidian.45 HTTP/1.1" 200 3052 "-" "Mozilla/5.0 AppleWebKit/537.36 (KHTML, like Gecko; compatible; ClaudeBot/1.0; +claudebot@anthropic.com)"
216.73.216.84 - - [07/Nov/2025:00:12:35 +0000] "GET /?fileloc=%2F%2Fproc%2Fthread-self%2Froot%2Fusr%2Fshare%2Fzoneinfo%2Fiso3166.tab&path=%2F%2Fproc%2Fthread-self%2Froot%2Fusr%2Fshare%2Fzoneinfo HTTP/1.1" 200 6034 "-" "Mozilla/5.0 AppleWebKit/537.36 (KHTML, like Gecko; compatible; ClaudeBot/1.0; +claudebot@anthropic.com)"
74.7.227.68 - - [07/Nov/2025:00:12:35 +0000] "GET /?path=//sys/bus/node/devices/node0/memory5/subsystem/devices/memory1/node0/cpu0/subsystem/drivers/processor/cpu0/power HTTP/1.1" 200 4010 "-" "Mozilla/5.0 AppleWebKit/537.36 (KHTML, like Gecko; compatible; GPTBot/1.2; +https://openai.com/gptbot)"
216.73.216.84 - - [07/Nov/2025:00:12:35 +0000] "GET /?fileloc=%2F%2Fsys%2Fkernel%2Fsecurity%2Fapparmor%2Fpolicy%2Fraw_data%2F83%2Fraw_data&path=%2F%2Fsys%2Fkernel%2Fsecurity%2Fapparmor%2Fpolicy%2Fraw_data%2F83 HTTP/1.1" 200 3041 "-" "Mozilla/5.0 AppleWebKit/537.36 (KHTML, like Gecko; compatible; ClaudeBot/1.0; +claudebot@anthropic.com)"
216.73.216.84 - - [07/Nov/2025:00:12:35 +0000] "GET /?fileloc=%2F%2Fusr%2Fshare%2Fpoppler%2FcMap%2FAdobe-Korea1%2FUCS2-KSCpc-EUC&path=%2F%2Fusr%2Fshare%2Fpoppler%2FcMap%2FAdobe-Korea1 HTTP/1.1" 200 71210 "-" "Mozilla/5.0 AppleWebKit/537.36 (KHTML, like Gecko; compatible; ClaudeBot/1.0; +claudebot@anthropic.com)"
216.73.216.84 - - [07/Nov/2025:00:12:35 +0000] "GET /?fileloc=%2F%2Fusr%2Fshare%2Fpoppler%2FcMap%2FAdobe-CNS1%2FB5pc-UCS2C&path=%2F%2Fusr%2Fshare%2Fpoppler%2FcMap%2FAdobe-CNS1 HTTP/1.1" 200 119380 "-" "Mozilla/5.0 AppleWebKit/537.36 (KHTML, like Gecko; compatible; ClaudeBot/1.0; +claudebot@anthropic.com)"
216.73.216.84 - - [07/Nov/2025:00:12:35 +0000] "GET /?fileloc=%2F%2Fsys%2Fkernel%2Fsecurity%2Fapparmor%2Fpolicy%2Fraw_data%2F37%2Frevision&path=%2F%2Fsys%2Fkernel%2Fsecurity%2Fapparmor%2Fpolicy%2Fraw_data%2F37 HTTP/1.1" 200 3044 "-" "Mozilla/5.0 AppleWebKit/537.36 (KHTML, like Gecko; compatible; ClaudeBot/1.0; +claudebot@anthropic.com)"
216.73.216.84 - - [07/Nov/2025:00:12:35 +0000] "GET /?fileloc=%2F%2Fsys%2Fkernel%2Fsecurity%2Fapparmor%2Fpolicy%2Fraw_data%2F16%2Fraw_data&path=%2F%2Fsys%2Fkernel%2Fsecurity%2Fapparmor%2Fpolicy%2Fraw_data%2F16 HTTP/1.1" 200 3042 "-" "Mozilla/5.0 AppleWebKit/537.36 (KHTML, like Gecko; compatible; ClaudeBot/1.0; +claudebot@anthropic.com)"
216.73.216.84 - - [07/Nov/2025:00:12:35 +0000] "GET /?fileloc=%2F%2Fusr%2Fshare%2Fpoppler%2FcMap%2FAdobe-CNS1%2FUCS2-ETen-B5&path=%2F%2Fusr%2Fshare%2Fpoppler%2FcMap%2FAdobe-CNS1 HTTP/1.1" 200 125090 "-" "Mozilla/5.0 AppleWebKit/537.36 (KHTML, like Gecko; compatible; ClaudeBot/1.0; +claudebot@anthropic.com)"
216.73.216.84 - - [07/Nov/2025:00:12:35 +0000] "GET /?fileloc=%2F%2Fsys%2Fkernel%2Fsecurity%2Fapparmor%2Fpolicy%2Fraw_data%2F41%2Fcompressed_size&path=%2F%2Fsys%2Fkernel%2Fsecurity%2Fapparmor%2Fpolicy%2Fraw_data%2F41 HTTP/1.1" 200 3049 "-" "Mozilla/5.0 AppleWebKit/537.36 (KHTML, like Gecko; compatible; ClaudeBot/1.0; +claudebot@anthropic.com)"
216.73.216.84 - - [07/Nov/2025:00:12:36 +0000] "GET /?fileloc=%2F%2Fsys%2Fkernel%2Fsecurity%2Fapparmor%2Fpolicy%2Fraw_data%2F83%2Frevision&path=%2F%2Fsys%2Fkernel%2Fsecurity%2Fapparmor%2Fpolicy%2Fraw_data%2F83 HTTP/1.1" 200 3044 "-" "Mozilla/5.0 AppleWebKit/537.36 (KHTML, like Gecko; compatible; ClaudeBot/1.0; +claudebot@anthropic.com)"
216.73.216.84 - - [07/Nov/2025:00:12:36 +0000] "GET /?fileloc=%2F%2Fusr%2Fshare%2Fpoppler%2FcMap%2FAdobe-Korea1%2FUniKS-UTF8-V&path=%2F%2Fusr%2Fshare%2Fpoppler%2FcMap%2FAdobe-Korea1 HTTP/1.1" 200 4421 "-" "Mozilla/5.0 AppleWebKit/537.36 (KHTML, like Gecko; compatible; ClaudeBot/1.0; +claudebot@anthropic.com)"
216.73.216.84 - - [07/Nov/2025:00:12:36 +0000] "GET /?fileloc=%2F%2Fsys%2Fkernel%2Fsecurity%2Fapparmor%2Fpolicy%2Fraw_data%2F1%2Fcompressed_size&path=%2F%2Fsys%2Fkernel%2Fsecurity%2Fapparmor%2Fpolicy%2Fraw_data%2F1 HTTP/1.1" 200 3047 "-" "Mozilla/5.0 AppleWebKit/537.36 (KHTML, like Gecko; compatible; ClaudeBot/1.0; +claudebot@anthropic.com)"
216.73.216.84 - - [07/Nov/2025:00:12:36 +0000] "GET /?fileloc=%2F%2Fsys%2Fmodule%2Fsnd_pcm%2Fholders%2Fsnd_hda_intel%2Fsections%2F.call_sites&path=%2F%2Fsys%2Fmodule%2Fsnd_pcm%2Fholders%2Fsnd_hda_intel%2Fsections HTTP/1.1" 200 3033 "-" "Mozilla/5.0 AppleWebKit/537.36 (KHTML, like Gecko; compatible; ClaudeBot/1.0; +claudebot@anthropic.com)"
216.73.216.84 - - [07/Nov/2025:00:12:36 +0000] "GET /?fileloc=%2F%2Fproc%2Fthread-self%2Froot%2Fsys%2Ffs%2Fcgroup%2Fsys-kernel-debug.mount%2Fmemory.current&path=%2F%2Fproc%2Fthread-self%2Froot%2Fsys%2Ffs%2Fcgroup%2Fsys-kernel-debug.mount HTTP/1.1" 200 3056 "-" "Mozilla/5.0 AppleWebKit/537.36 (KHTML, like Gecko; compatible; ClaudeBot/1.0; +claudebot@anthropic.com)"
216.73.216.84 - - [07/Nov/2025:00:12:36 +0000] "GET /?fileloc=%2F%2Fsys%2Fkernel%2Fsecurity%2Fapparmor%2Fpolicy%2Fraw_data%2F26%2Fraw_data&path=%2F%2Fsys%2Fkernel%2Fsecurity%2Fapparmor%2Fpolicy%2Fraw_data%2F26 HTTP/1.1" 200 3042 "-" "Mozilla/5.0 AppleWebKit/537.36 (KHTML, like Gecko; compatible; ClaudeBot/1.0; +claudebot@anthropic.com)"
216.73.216.84 - - [07/Nov/2025:00:12:36 +0000] "GET /?fileloc=%2F%2Fusr%2Fshare%2Fpoppler%2FcMap%2FAdobe-CNS1%2FCNS1-V&path=%2F%2Fusr%2Fshare%2Fpoppler%2FcMap%2FAdobe-CNS1 HTTP/1.1" 200 4353 "-" "Mozilla/5.0 AppleWebKit/537.36 (KHTML, like Gecko; compatible; ClaudeBot/1.0; +claudebot@anthropic.com)"
216.73.216.84 - - [07/Nov/2025:00:12:36 +0000] "GET /?fileloc=%2F%2Fsys%2Fkernel%2Fsecurity%2Fapparmor%2Fpolicy%2Fraw_data%2F1%2Fsha256&path=%2F%2Fsys%2Fkernel%2Fsecurity%2Fapparmor%2Fpolicy%2Fraw_data%2F1 HTTP/1.1" 200 3041 "-" "Mozilla/5.0 AppleWebKit/537.36 (KHTML, like Gecko; compatible; ClaudeBot/1.0; +claudebot@anthropic.com)"
216.73.216.84 - - [07/Nov/2025:00:12:36 +0000] "GET /?fileloc=%2F%2Fsys%2Fkernel%2Fsecurity%2Fapparmor%2Fpolicy%2Fraw_data%2F26%2Frevision&path=%2F%2Fsys%2Fkernel%2Fsecurity%2Fapparmor%2Fpolicy%2Fraw_data%2F26 HTTP/1.1" 200 3045 "-" "Mozilla/5.0 AppleWebKit/537.36 (KHTML, like Gecko; compatible; ClaudeBot/1.0; +claudebot@anthropic.com)"
216.73.216.84 - - [07/Nov/2025:00:12:36 +0000] "GET /?fileloc=%2F%2Fsys%2Fkernel%2Fsecurity%2Fapparmor%2Fpolicy%2Fraw_data%2F8%2Frevision&path=%2F%2Fsys%2Fkernel%2Fsecurity%2Fapparmor%2Fpolicy%2Fraw_data%2F8 HTTP/1.1" 200 3041 "-" "Mozilla/5.0 AppleWebKit/537.36 (KHTML, like Gecko; compatible; ClaudeBot/1.0; +claudebot@anthropic.com)"
216.73.216.84 - - [07/Nov/2025:00:12:36 +0000] "GET /?fileloc=%2F%2Fsys%2Fmodule%2Fsnd_pcm%2Fholders%2Fsnd_hda_intel%2Fsections%2F__mcount_loc&path=%2F%2Fsys%2Fmodule%2Fsnd_pcm%2Fholders%2Fsnd_hda_intel%2Fsections HTTP/1.1" 200 3036 "-" "Mozilla/5.0 AppleWebKit/537.36 (KHTML, like Gecko; compatible; ClaudeBot/1.0; +claudebot@anthropic.com)"
74.7.227.155 - - [07/Nov/2025:00:12:37 +0000] "GET /?fileloc=//sys/class/net/enp1s0/device/net/enp1s0/device/subsystem/devices/virtio1/block/vda/device/block/vda/subsystem/vda1/subsystem/vda/device/block/vda/vda1/subsystem/vda/hidden&path=//sys/class/net/enp1s0/device/net/enp1s0/device/subsystem/devices/virtio1/block/vda/device/block/vda/subsystem/vda1/subsystem/vda/device/block/vda/vda1/subsystem/vda HTTP/1.1" 200 3234 "-" "Mozilla/5.0 AppleWebKit/537.36 (KHTML, like Gecko; compatible; GPTBot/1.2; +https://openai.com/gptbot)"
216.73.216.84 - - [07/Nov/2025:00:12:37 +0000] "GET /?fileloc=%2F%2Fsys%2Fkernel%2Fsecurity%2Fapparmor%2Fpolicy%2Fraw_data%2F36%2Fsha256&path=%2F%2Fsys%2Fkernel%2Fsecurity%2Fapparmor%2Fpolicy%2Fraw_data%2F36 HTTP/1.1" 200 3045 "-" "Mozilla/5.0 AppleWebKit/537.36 (KHTML, like Gecko; compatible; ClaudeBot/1.0; +claudebot@anthropic.com)"
216.73.216.84 - - [07/Nov/2025:00:12:37 +0000] "GET /?fileloc=%2F%2Fsys%2Fkernel%2Fsecurity%2Fapparmor%2Fpolicy%2Fprofiles%2Fch-checkns.9%2Fattach&path=%2F%2Fsys%2Fkernel%2Fsecurity%2Fapparmor%2Fpolicy%2Fprofiles%2Fch-checkns.9 HTTP/1.1" 200 3049 "-" "Mozilla/5.0 AppleWebKit/537.36 (KHTML, like Gecko; compatible; ClaudeBot/1.0; +claudebot@anthropic.com)"
216.73.216.84 - - [07/Nov/2025:00:12:37 +0000] "GET /?fileloc=%2F%2Fsys%2Fkernel%2Fsecurity%2Fapparmor%2Fpolicy%2Fprofiles%2Flxc-create.33%2Fraw_data&path=%2F%2Fsys%2Fkernel%2Fsecurity%2Fapparmor%2Fpolicy%2Fprofiles%2Flxc-create.33 HTTP/1.1" 200 3055 "-" "Mozilla/5.0 AppleWebKit/537.36 (KHTML, like Gecko; compatible; ClaudeBot/1.0; +claudebot@anthropic.com)"
74.7.227.68 - - [07/Nov/2025:00:12:37 +0000] "GET /?path=//sys/bus/node/devices/node0/memory6/subsystem/devices/memory3/node0/memory7/node0/cpu0/power HTTP/1.1" 200 3948 "-" "Mozilla/5.0 AppleWebKit/537.36 (KHTML, like Gecko; compatible; GPTBot/1.2; +https://openai.com/gptbot)"
216.73.216.84 - - [07/Nov/2025:00:12:37 +0000] "GET /?fileloc=%2F%2Fsys%2Fkernel%2Fsecurity%2Fapparmor%2Fpolicy%2Fprofiles%2Fsbuild-update.77%2Fname&path=%2F%2Fsys%2Fkernel%2Fsecurity%2Fapparmor%2Fpolicy%2Fprofiles%2Fsbuild-update.77 HTTP/1.1" 200 3054 "-" "Mozilla/5.0 AppleWebKit/537.36 (KHTML, like Gecko; compatible; ClaudeBot/1.0; +claudebot@anthropic.com)"
216.73.216.84 - - [07/Nov/2025:00:12:37 +0000] "GET /?fileloc=%2F%2Fsys%2Fkernel%2Fsecurity%2Fapparmor%2Fpolicy%2Fraw_data%2F16%2Frevision&path=%2F%2Fsys%2Fkernel%2Fsecurity%2Fapparmor%2Fpolicy%2Fraw_data%2F16 HTTP/1.1" 200 3045 "-" "Mozilla/5.0 AppleWebKit/537.36 (KHTML, like Gecko; compatible; ClaudeBot/1.0; +claudebot@anthropic.com)"
216.73.216.84 - - [07/Nov/2025:00:12:37 +0000] "GET /?fileloc=%2F%2Fsys%2Fkernel%2Fsecurity%2Fapparmor%2Fpolicy%2Fraw_data%2F41%2Fsha256&path=%2F%2Fsys%2Fkernel%2Fsecurity%2Fapparmor%2Fpolicy%2Fraw_data%2F41 HTTP/1.1" 200 3043 "-" "Mozilla/5.0 AppleWebKit/537.36 (KHTML, like Gecko; compatible; ClaudeBot/1.0; +claudebot@anthropic.com)"
216.73.216.84 - - [07/Nov/2025:00:12:37 +0000] "GET /?fileloc=%2F%2Fsys%2Fclass%2Fi2c-dev%2Fi2c-0%2Fpower%2Fcontrol&path=%2F%2Fsys%2Fclass%2Fi2c-dev%2Fi2c-0%2Fpower HTTP/1.1" 200 3006 "-" "Mozilla/5.0 AppleWebKit/537.36 (KHTML, like Gecko; compatible; ClaudeBot/1.0; +claudebot@anthropic.com)"
216.73.216.84 - - [07/Nov/2025:00:12:37 +0000] "GET /?fileloc=%2F%2Fsys%2Fkernel%2Fsecurity%2Fapparmor%2Fpolicy%2Fraw_data%2F8%2Fraw_data&path=%2F%2Fsys%2Fkernel%2Fsecurity%2Fapparmor%2Fpolicy%2Fraw_data%2F8 HTTP/1.1" 200 3038 "-" "Mozilla/5.0 AppleWebKit/537.36 (KHTML, like Gecko; compatible; ClaudeBot/1.0; +claudebot@anthropic.com)"
3.89.176.255 - - [07/Nov/2025:00:12:37 +0000] "GET /about-us/?path=//sys/class/leds/input1::capslock/subsystem/input1::numlock/device/device/firmware_node/physical_node/firmware_node/physical_node1/input/input1/subsystem/input0/event0/device/subsystem/input4/id HTTP/1.1" 200 3814 "-" "Mozilla/5.0 AppleWebKit/537.36 (KHTML, like Gecko; compatible; Amazonbot/0.1; +https://developer.amazon.com/support/amazonbot) Chrome/119.0.6045.214 Safari/537.36"
216.73.216.84 - - [07/Nov/2025:00:12:37 +0000] "GET /?fileloc=%2F%2Fsys%2Fkernel%2Fsecurity%2Fapparmor%2Fpolicy%2Fprofiles%2Flxc-unshare.37%2Flearning_count&path=%2F%2Fsys%2Fkernel%2Fsecurity%2Fapparmor%2Fpolicy%2Fprofiles%2Flxc-unshare.37 HTTP/1.1" 200 3062 "-" "Mozilla/5.0 AppleWebKit/537.36 (KHTML, like Gecko; compatible; ClaudeBot/1.0; +claudebot@anthropic.com)"
216.73.216.84 - - [07/Nov/2025:00:12:37 +0000] "GET /?fileloc=%2F%2Fsys%2Fkernel%2Fsecurity%2Fapparmor%2Fpolicy%2Fprofiles%2Flibcamerify.28%2Fraw_sha256&path=%2F%2Fsys%2Fkernel%2Fsecurity%2Fapparmor%2Fpolicy%2Fprofiles%2Flibcamerify.28 HTTP/1.1" 200 3059 "-" "Mozilla/5.0 AppleWebKit/537.36 (KHTML, like Gecko; compatible; ClaudeBot/1.0; +claudebot@anthropic.com)"
216.73.216.84 - - [07/Nov/2025:00:12:37 +0000] "GET /?fileloc=%2F%2Fsys%2Fkernel%2Fsecurity%2Fapparmor%2Fpolicy%2Fprofiles%2Fsbuild-unhold.76%2Fraw_sha256&path=%2F%2Fsys%2Fkernel%2Fsecurity%2Fapparmor%2Fpolicy%2Fprofiles%2Fsbuild-unhold.76 HTTP/1.1" 200 3059 "-" "Mozilla/5.0 AppleWebKit/537.36 (KHTML, like Gecko; compatible; ClaudeBot/1.0; +claudebot@anthropic.com)"
216.73.216.84 - - [07/Nov/2025:00:12:38 +0000] "GET /?fileloc=%2F%2Fsys%2Fkernel%2Fsecurity%2Fapparmor%2Fpolicy%2Fraw_data%2F58%2Fraw_data&path=%2F%2Fsys%2Fkernel%2Fsecurity%2Fapparmor%2Fpolicy%2Fraw_data%2F58 HTTP/1.1" 200 3041 "-" "Mozilla/5.0 AppleWebKit/537.36 (KHTML, like Gecko; compatible; ClaudeBot/1.0; +claudebot@anthropic.com)"
57.141.0.52 - - [07/Nov/2025:00:12:38 +0000] "GET /big-data/?fileloc=//sys/module/bnxt_en/sections/__kcrctab&path=//sys/module/bnxt_en/sections HTTP/1.1" 200 12404 "-" "meta-externalagent/1.1 (+https://developers.facebook.com/docs/sharing/webmasters/crawler)"
57.141.0.16 - - [07/Nov/2025:00:12:38 +0000] "GET /big-data/?path=//sys/bus/pci/devices/0000:00:02.4 HTTP/1.1" 200 87452 "-" "meta-externalagent/1.1 (+https://developers.facebook.com/docs/sharing/webmasters/crawler)"
74.7.227.68 - - [07/Nov/2025:00:12:38 +0000] "GET /?path=//sys/bus/node/devices/node0/memory6/subsystem/devices/memory4/node0/memory7/node0/subsystem/drivers HTTP/1.1" 200 3180 "-" "Mozilla/5.0 AppleWebKit/537.36 (KHTML, like Gecko; compatible; GPTBot/1.2; +https://openai.com/gptbot)"
57.141.0.62 - - [07/Nov/2025:00:12:39 +0000] "GET /?path=//sys/class/misc/hpet/subsystem/mcelog HTTP/1.1" 200 18683 "-" "meta-externalagent/1.1 (+https://developers.facebook.com/docs/sharing/webmasters/crawler)"
57.141.0.30 - - [07/Nov/2025:00:12:39 +0000] "GET /?path=//lib/python3/dist-packages/packaging/__pycache__ HTTP/1.1" 200 35648 "-" "meta-externalagent/1.1 (+https://developers.facebook.com/docs/sharing/webmasters/crawler)"
74.7.227.155 - - [07/Nov/2025:00:12:39 +0000] "GET /?path=//sys/class/net/enp1s0/device/net/enp1s0/device/subsystem/devices/virtio1/block/vda/device/block/vda/vda1/subsystem/vda/device/block/vda/subsystem/loop1/trace HTTP/1.1" 200 3845 "-" "Mozilla/5.0 AppleWebKit/537.36 (KHTML, like Gecko; compatible; GPTBot/1.2; +https://openai.com/gptbot)"
57.141.0.49 - - [07/Nov/2025:00:12:39 +0000] "GET /?path=//sys/class/pci_bus/0000:0a/subsystem/0000:07 HTTP/1.1" 200 23380 "-" "meta-externalagent/1.1 (+https://developers.facebook.com/docs/sharing/webmasters/crawler)"
74.7.227.68 - - [07/Nov/2025:00:12:40 +0000] "GET /?path=//sys/bus/node/devices/node0/memory6/subsystem/devices/memory4/node0/cpu0/node0/memory7/power HTTP/1.1" 200 3894 "-" "Mozilla/5.0 AppleWebKit/537.36 (KHTML, like Gecko; compatible; GPTBot/1.2; +https://openai.com/gptbot)"
57.141.0.36 - - [07/Nov/2025:00:12:40 +0000] "GET /?fileloc=//bin/X11/X11/X11/podchecker&path=//bin/X11/X11/X11 HTTP/1.1" 200 16386 "-" "meta-externalagent/1.1 (+https://developers.facebook.com/docs/sharing/webmasters/crawler)"
57.141.0.18 - - [07/Nov/2025:00:12:40 +0000] "GET /?fileloc=//sys/class/pci_bus/0000:0e/device/subordinate_bus_number&path=//sys/class/pci_bus/0000:0e/device HTTP/1.1" 200 12494 "-" "meta-externalagent/1.1 (+https://developers.facebook.com/docs/sharing/webmasters/crawler)"
74.7.227.68 - - [07/Nov/2025:00:12:41 +0000] "GET /?path=//sys/bus/node/devices/node0/memory5/subsystem/devices/memory1/node0/cpu0/node0/memory1/power HTTP/1.1" 200 3889 "-" "Mozilla/5.0 AppleWebKit/537.36 (KHTML, like Gecko; compatible; GPTBot/1.2; +https://openai.com/gptbot)"
74.7.227.155 - - [07/Nov/2025:00:12:41 +0000] "GET /?path=//sys/class/net/enp1s0/device/net/enp1s0/device/subsystem/devices/virtio1/block/vda/device/block/vda/subsystem/vda1/subsystem/vda/device/block/vda/vda2/trace HTTP/1.1" 200 3847 "-" "Mozilla/5.0 AppleWebKit/537.36 (KHTML, like Gecko; compatible; GPTBot/1.2; +https://openai.com/gptbot)"
52.45.15.233 - - [07/Nov/2025:00:12:41 +0000] "GET /about-us/?path=//sys/class/input/input1/subsystem/mouse0/subsystem/event1/device/subsystem/input1/event1/device/subsystem/input1/device/input/input1/input1::scrolllock/power HTTP/1.1" 200 4013 "-" "Mozilla/5.0 AppleWebKit/537.36 (KHTML, like Gecko; compatible; Amazonbot/0.1; +https://developer.amazon.com/support/amazonbot) Chrome/119.0.6045.214 Safari/537.36"
57.141.0.5 - - [07/Nov/2025:00:12:41 +0000] "GET /?fileloc=//lib/python3/dist-packages/pyasn1_modules/rfc8209.py&path=//lib/python3/dist-packages/pyasn1_modules HTTP/1.1" 200 12863 "-" "meta-externalagent/1.1 (+https://developers.facebook.com/docs/sharing/webmasters/crawler)"
57.141.0.51 - - [07/Nov/2025:00:12:42 +0000] "GET /?fileloc=//sys/dev/char/29:0/device/power_state&path=//sys/dev/char/29:0/device HTTP/1.1" 200 12431 "-" "meta-externalagent/1.1 (+https://developers.facebook.com/docs/sharing/webmasters/crawler)"
74.7.227.68 - - [07/Nov/2025:00:12:42 +0000] "GET /?path=//sys/bus/node/devices/node0/memory6/subsystem/devices/memory3/node0/memory4/node0/cpu0/cache HTTP/1.1" 200 3752 "-" "Mozilla/5.0 AppleWebKit/537.36 (KHTML, like Gecko; compatible; GPTBot/1.2; +https://openai.com/gptbot)"
74.7.227.155 - - [07/Nov/2025:00:12:42 +0000] "GET /?path=//sys/class/net/enp1s0/device/net/enp1s0/device/subsystem/devices/virtio1/block/vda/device/block/vda/vda2/subsystem/vda/device/block/vda/subsystem/vda/vda1/trace HTTP/1.1" 200 3852 "-" "Mozilla/5.0 AppleWebKit/537.36 (KHTML, like Gecko; compatible; GPTBot/1.2; +https://openai.com/gptbot)"
57.141.0.11 - - [07/Nov/2025:00:12:42 +0000] "GET /?path=//proc/thread-self/root/proc/92 HTTP/1.1" 200 92308 "-" "meta-externalagent/1.1 (+https://developers.facebook.com/docs/sharing/webmasters/crawler)"
57.141.0.57 - - [07/Nov/2025:00:12:43 +0000] "GET /big-data/?fileloc=//sys/module/pci_hyperv_intf/sections/__patchable_function_entries&path=//sys/module/pci_hyperv_intf/sections HTTP/1.1" 200 12468 "-" "meta-externalagent/1.1 (+https://developers.facebook.com/docs/sharing/webmasters/crawler)"
57.141.0.32 - - [07/Nov/2025:00:12:43 +0000] "GET /big-data/?path=//sys/dev/char/5:0/power HTTP/1.1" 200 26171 "-" "meta-externalagent/1.1 (+https://developers.facebook.com/docs/sharing/webmasters/crawler)"
74.7.227.68 - - [07/Nov/2025:00:12:44 +0000] "GET /?path=//sys/bus/node/devices/node0/memory6/subsystem/devices/memory3/node0/memory1/node0/cpu0/cache HTTP/1.1" 200 3748 "-" "Mozilla/5.0 AppleWebKit/537.36 (KHTML, like Gecko; compatible; GPTBot/1.2; +https://openai.com/gptbot)"
57.141.0.5 - - [07/Nov/2025:00:12:44 +0000] "GET /application-management-services/?fileloc=//proc/18/patch_state&path=//proc/18 HTTP/1.1" 200 12286 "-" "meta-externalagent/1.1 (+https://developers.facebook.com/docs/sharing/webmasters/crawler)"
57.141.0.48 - - [07/Nov/2025:00:12:44 +0000] "GET /?path=//sys/bus/platform/devices/alarmtimer.0.auto/driver HTTP/1.1" 200 19112 "-" "meta-externalagent/1.1 (+https://developers.facebook.com/docs/sharing/webmasters/crawler)"
57.141.0.17 - - [07/Nov/2025:00:12:44 +0000] "GET /?fileloc=//sys/class/pci_bus/0000:12/device/secondary_bus_number&path=//sys/class/pci_bus/0000:12/device HTTP/1.1" 200 12479 "-" "meta-externalagent/1.1 (+https://developers.facebook.com/docs/sharing/webmasters/crawler)"
74.7.227.68 - - [07/Nov/2025:00:12:45 +0000] "GET /?fileloc=//sys/bus/node/devices/node0/memory6/subsystem/devices/memory4/node0/cpu0/driver/cpu0/cache/index2/id&path=//sys/bus/node/devices/node0/memory6/subsystem/devices/memory4/node0/cpu0/driver/cpu0/cache/index2 HTTP/1.1" 200 3125 "-" "Mozilla/5.0 AppleWebKit/537.36 (KHTML, like Gecko; compatible; GPTBot/1.2; +https://openai.com/gptbot)"
74.7.227.155 - - [07/Nov/2025:00:12:45 +0000] "GET /?path=//sys/class/net/enp1s0/device/net/enp1s0/device/subsystem/devices/virtio1/block/vda/device/block/vda/vda2/subsystem/vda/device/block/vda/subsystem/vda/vda1/holders HTTP/1.1" 200 3282 "-" "Mozilla/5.0 AppleWebKit/537.36 (KHTML, like Gecko; compatible; GPTBot/1.2; +https://openai.com/gptbot)"
3.94.40.182 - - [07/Nov/2025:00:12:45 +0000] "GET /about-us/?path=//sys/class/leds/input1::capslock/subsystem/input1::numlock/device/subsystem/event2/subsystem/event0/subsystem/input1/device/input/input1/event1/device/input1::scrolllock/device/power HTTP/1.1" 200 4066 "-" "Mozilla/5.0 AppleWebKit/537.36 (KHTML, like Gecko; compatible; Amazonbot/0.1; +https://developer.amazon.com/support/amazonbot) Chrome/119.0.6045.214 Safari/537.36"
57.141.0.62 - - [07/Nov/2025:00:12:46 +0000] "GET /big-data/?fileloc=//sys/module/libahci/sections/__ksymtab_strings&path=//sys/module/libahci/sections HTTP/1.1" 200 12420 "-" "meta-externalagent/1.1 (+https://developers.facebook.com/docs/sharing/webmasters/crawler)"
57.141.0.29 - - [07/Nov/2025:00:12:46 +0000] "GET /big-data/?fileloc=//sys/dev/char/116:3/pcm_class&path=//sys/dev/char/116:3 HTTP/1.1" 200 12384 "-" "meta-externalagent/1.1 (+https://developers.facebook.com/docs/sharing/webmasters/crawler)"
74.7.227.68 - - [07/Nov/2025:00:12:46 +0000] "GET /?path=//sys/bus/node/devices/node0/memory6/subsystem/devices/memory3/node0/memory5/node0/cpu0/power HTTP/1.1" 200 3948 "-" "Mozilla/5.0 AppleWebKit/537.36 (KHTML, like Gecko; compatible; GPTBot/1.2; +https://openai.com/gptbot)"
74.7.227.155 - - [07/Nov/2025:00:12:46 +0000] "GET /?path=//sys/class/net/enp1s0/device/net/enp1s0/device/subsystem/devices/virtio1/block/vda/device/block/vda/vda2/subsystem/vda/device/block/vda/subsystem/vda/vda1/subsystem HTTP/1.1" 200 4011 "-" "Mozilla/5.0 AppleWebKit/537.36 (KHTML, like Gecko; compatible; GPTBot/1.2; +https://openai.com/gptbot)"
57.141.0.50 - - [07/Nov/2025:00:12:47 +0000] "GET /big-data/?fileloc=//bin/my_print_defaults&path=//bin HTTP/1.1" 200 276332 "-" "meta-externalagent/1.1 (+https://developers.facebook.com/docs/sharing/webmasters/crawler)"
74.7.227.68 - - [07/Nov/2025:00:12:47 +0000] "GET /?path=//sys/bus/node/devices/node0/memory5/subsystem/devices/memory1/node0/memory3/node0/cpu0/power HTTP/1.1" 200 3947 "-" "Mozilla/5.0 AppleWebKit/537.36 (KHTML, like Gecko; compatible; GPTBot/1.2; +https://openai.com/gptbot)"
74.7.227.155 - - [07/Nov/2025:00:12:48 +0000] "GET /?path=//sys/class/net/enp1s0/device/net/enp1s0/device/subsystem/devices/virtio1/block/vda/device/block/vda/vda2/subsystem/vda/device/block/vda/subsystem/vda/vda1/power HTTP/1.1" 200 4048 "-" "Mozilla/5.0 AppleWebKit/537.36 (KHTML, like Gecko; compatible; GPTBot/1.2; +https://openai.com/gptbot)"
74.7.227.68 - - [07/Nov/2025:00:12:49 +0000] "GET /?path=//sys/bus/node/devices/node0/memory5/subsystem/devices/memory1/node0/cpu0/driver/cpu0/cache/index0 HTTP/1.1" 200 4022 "-" "Mozilla/5.0 AppleWebKit/537.36 (KHTML, like Gecko; compatible; GPTBot/1.2; +https://openai.com/gptbot)"
52.201.155.215 - - [07/Nov/2025:00:12:49 +0000] "GET /about-us/?path=//sys/class/leds/input1::capslock/subsystem/input1::numlock/device/device/firmware_node/physical_node/firmware_node/subsystem/devices/device:0f/subsystem/devices/device:2d/subsystem/devices/device:0b HTTP/1.1" 200 4085 "-" "Mozilla/5.0 AppleWebKit/537.36 (KHTML, like Gecko; compatible; Amazonbot/0.1; +https://developer.amazon.com/support/amazonbot) Chrome/119.0.6045.214 Safari/537.36"
74.7.227.155 - - [07/Nov/2025:00:12:50 +0000] "GET /?path=//sys/class/net/enp1s0/device/net/enp1s0/device/subsystem/devices/virtio1/block/vda/device/block/vda/vda1/subsystem/vda/device/block/vda/subsystem/loop1/subsystem/vda HTTP/1.1" 200 4978 "-" "Mozilla/5.0 AppleWebKit/537.36 (KHTML, like Gecko; compatible; GPTBot/1.2; +https://openai.com/gptbot)"
74.7.227.68 - - [07/Nov/2025:00:12:50 +0000] "GET /?path=//sys/bus/node/devices/node0/memory6/subsystem/devices/memory3/node0/memory2/node0/cpu0/driver HTTP/1.1" 200 3705 "-" "Mozilla/5.0 AppleWebKit/537.36 (KHTML, like Gecko; compatible; GPTBot/1.2; +https://openai.com/gptbot)"
57.141.0.67 - - [07/Nov/2025:00:12:51 +0000] "GET /?path=//var/lib/nginx/fastcgi/7/97 HTTP/1.1" 200 12874 "-" "meta-externalagent/1.1 (+https://developers.facebook.com/docs/sharing/webmasters/crawler)"
74.7.227.155 - - [07/Nov/2025:00:12:51 +0000] "GET /?path=//sys/class/net/enp1s0/device/net/enp1s0/device/subsystem/devices/virtio1/block/vda/device/block/vda/vda1/subsystem/vda/device/block/vda/subsystem/sr0 HTTP/1.1" 200 4922 "-" "Mozilla/5.0 AppleWebKit/537.36 (KHTML, like Gecko; compatible; GPTBot/1.2; +https://openai.com/gptbot)"
66.249.74.13 - - [07/Nov/2025:00:12:51 +0000] "GET /?path=//sys/class/tty/tty8/subsystem/ttyS16/subsystem/ttyS7/subsystem/ttyS29/subsystem/ttyS25/subsystem/ttyS12/subsystem/tty21/subsystem/tty30 HTTP/1.1" 200 3758 "-" "Mozilla/5.0 (Linux; Android 6.0.1; Nexus 5X Build/MMB29P) AppleWebKit/537.36 (KHTML, like Gecko) Chrome/141.0.7390.122 Mobile Safari/537.36 (compatible; GoogleOther)"
74.7.227.68 - - [07/Nov/2025:00:12:52 +0000] "GET /?path=//sys/bus/node/devices/node0/memory6/subsystem/devices/memory3/node0/memory0/node0/cpu0/cache HTTP/1.1" 200 3756 "-" "Mozilla/5.0 AppleWebKit/537.36 (KHTML, like Gecko; compatible; GPTBot/1.2; +https://openai.com/gptbot)"
57.141.0.34 - - [07/Nov/2025:00:12:52 +0000] "GET /?path=//var/lib/nginx/fastcgi/9/86 HTTP/1.1" 200 12874 "-" "meta-externalagent/1.1 (+https://developers.facebook.com/docs/sharing/webmasters/crawler)"
50.16.72.185 - - [07/Nov/2025:00:12:53 +0000] "GET /about-us/?path=//sys/class/leds/input1::capslock/subsystem/input1::numlock/device/device/firmware_node/physical_node/firmware_node/subsystem/devices/device:0e/subsystem/devices/device:0f/subsystem/drivers/thermal HTTP/1.1" 200 3774 "-" "Mozilla/5.0 AppleWebKit/537.36 (KHTML, like Gecko; compatible; Amazonbot/0.1; +https://developer.amazon.com/support/amazonbot) Chrome/119.0.6045.214 Safari/537.36"
135.181.166.38 - - [07/Nov/2025:00:12:53 +0000] "GET /?path=/proc/1042 HTTP/1.1" 200 3032 "-" "Mozilla/5.0 (compatible; BLEXBot/1.0; +https://help.seranking.com/en/blex-crawler)"
74.7.227.155 - - [07/Nov/2025:00:12:54 +0000] "GET /?path=//sys/class/net/enp1s0/device/net/enp1s0/device/subsystem/devices/virtio1/block/vda/device/block/vda/subsystem/vda/vda2/subsystem/vda/device/block/vda/vda2 HTTP/1.1" 200 4313 "-" "Mozilla/5.0 AppleWebKit/537.36 (KHTML, like Gecko; compatible; GPTBot/1.2; +https://openai.com/gptbot)"
74.7.227.68 - - [07/Nov/2025:00:12:54 +0000] "GET /?path=//sys/bus/node/devices/node0/memory6/subsystem/devices/memory3/node0/memory2/node0/cpu0/cache HTTP/1.1" 200 3748 "-" "Mozilla/5.0 AppleWebKit/537.36 (KHTML, like Gecko; compatible; GPTBot/1.2; +https://openai.com/gptbot)"
66.249.74.13 - - [07/Nov/2025:00:12:54 +0000] "GET /?fileloc=//sys/class/tty/tty8/subsystem/ttyS16/subsystem/ttyS7/subsystem/ttyS29/subsystem/ttyS25/subsystem/ttyS25/subsystem/ttyS25/subsystem/ttyS13/console&path=//sys/class/tty/tty8/subsystem/ttyS16/subsystem/ttyS7/subsystem/ttyS29/subsystem/ttyS25/subsystem/ttyS25/subsystem/ttyS25/subsystem/ttyS13 HTTP/1.1" 200 3123 "-" "Mozilla/5.0 (Linux; Android 6.0.1; Nexus 5X Build/MMB29P) AppleWebKit/537.36 (KHTML, like Gecko) Chrome/141.0.7390.122 Mobile Safari/537.36 (compatible; GoogleOther)"
51.68.236.90 - - [07/Nov/2025:00:12:55 +0000] "GET /robots.txt HTTP/1.1" 200 4344 "-" "Mozilla/5.0 (compatible; MJ12bot/v2.0.4; http://mj12bot.com/)"
74.7.227.68 - - [07/Nov/2025:00:12:56 +0000] "GET /?path=//sys/bus/node/devices/node0/memory6/subsystem/devices/memory3/node0/cpu0/node0/cpu0/topology HTTP/1.1" 200 4188 "-" "Mozilla/5.0 AppleWebKit/537.36 (KHTML, like Gecko; compatible; GPTBot/1.2; +https://openai.com/gptbot)"
51.68.236.90 - - [07/Nov/2025:00:12:56 +0000] "GET / HTTP/1.1" 200 4344 "-" "Mozilla/5.0 (compatible; MJ12bot/v2.0.4; http://mj12bot.com/)"
74.7.227.155 - - [07/Nov/2025:00:12:56 +0000] "GET /?path=//sys/class/net/enp1s0/device/net/enp1s0/device/subsystem/devices/virtio1/block/vda/device/block/vda/subsystem/loop3/subsystem/vda/device/block/vda/mq/0 HTTP/1.1" 200 3832 "-" "Mozilla/5.0 AppleWebKit/537.36 (KHTML, like Gecko; compatible; GPTBot/1.2; +https://openai.com/gptbot)"
3.225.45.252 - - [07/Nov/2025:00:12:57 +0000] "GET /about-us/?path=//sys/class/leds/input1::capslock/subsystem/input1::numlock/device/device/firmware_node/physical_node/firmware_node/subsystem/devices/device:0d/subsystem/devices/device:02/subsystem/devices/device:12 HTTP/1.1" 200 4086 "-" "Mozilla/5.0 AppleWebKit/537.36 (KHTML, like Gecko; compatible; Amazonbot/0.1; +https://developer.amazon.com/support/amazonbot) Chrome/119.0.6045.214 Safari/537.36"
74.7.227.155 - - [07/Nov/2025:00:12:57 +0000] "GET /?path=//sys/class/net/enp1s0/device/net/enp1s0/device/subsystem/devices/virtio1/block/vda/device/block/vda/vda1/subsystem/vda/device/block/vda/subsystem/loop1/mq HTTP/1.1" 200 3592 "-" "Mozilla/5.0 AppleWebKit/537.36 (KHTML, like Gecko; compatible; GPTBot/1.2; +https://openai.com/gptbot)"
74.7.227.68 - - [07/Nov/2025:00:12:57 +0000] "GET /?path=//sys/bus/node/devices/node0/memory6/subsystem/devices/memory4/node0/memory2/node0/cpu0/driver HTTP/1.1" 200 3709 "-" "Mozilla/5.0 AppleWebKit/537.36 (KHTML, like Gecko; compatible; GPTBot/1.2; +https://openai.com/gptbot)"
135.181.166.38 - - [07/Nov/2025:00:12:59 +0000] "GET /?path=/proc/1122 HTTP/1.1" 200 3032 "-" "Mozilla/5.0 (compatible; BLEXBot/1.0; +https://help.seranking.com/en/blex-crawler)"
74.7.227.155 - - [07/Nov/2025:00:12:59 +0000] "GET /?path=//sys/class/net/enp1s0/device/net/enp1s0/device/subsystem/devices/virtio1/block/vda/device/block/vda/subsystem/vda1/subsystem/vda/device/block/vda/vda2/power HTTP/1.1" 200 4045 "-" "Mozilla/5.0 AppleWebKit/537.36 (KHTML, like Gecko; compatible; GPTBot/1.2; +https://openai.com/gptbot)"
74.7.227.68 - - [07/Nov/2025:00:12:59 +0000] "GET /?path=//sys/bus/node/devices/node0/memory6/subsystem/devices/memory4/node0/cpu0/driver/cpu0/cache/index3 HTTP/1.1" 200 4021 "-" "Mozilla/5.0 AppleWebKit/537.36 (KHTML, like Gecko; compatible; GPTBot/1.2; +https://openai.com/gptbot)"
74.7.227.68 - - [07/Nov/2025:00:13:00 +0000] "GET /?path=//sys/bus/node/devices/node0/memory5/subsystem/devices/memory1/node0/memory0/node0/cpu0/power HTTP/1.1" 200 3952 "-" "Mozilla/5.0 AppleWebKit/537.36 (KHTML, like Gecko; compatible; GPTBot/1.2; +https://openai.com/gptbot)"
18.206.47.187 - - [07/Nov/2025:00:13:01 +0000] "GET /about-us/?path=//sys/class/leds/input1::capslock/subsystem/input1::numlock/device/device/firmware_node/physical_node/firmware_node/physical_node1/firmware_node/subsystem/devices/device:2e/subsystem/devices/device:2c HTTP/1.1" 200 4063 "-" "Mozilla/5.0 AppleWebKit/537.36 (KHTML, like Gecko; compatible; Amazonbot/0.1; +https://developer.amazon.com/support/amazonbot) Chrome/119.0.6045.214 Safari/537.36"
74.7.227.155 - - [07/Nov/2025:00:13:01 +0000] "GET /?path=//sys/class/net/enp1s0/device/net/enp1s0/device/subsystem/devices/virtio1/block/vda/device/block/vda/subsystem/loop0/subsystem/vda/device/block/vda/mq/0 HTTP/1.1" 200 3832 "-" "Mozilla/5.0 AppleWebKit/537.36 (KHTML, like Gecko; compatible; GPTBot/1.2; +https://openai.com/gptbot)"
74.7.227.68 - - [07/Nov/2025:00:13:02 +0000] "GET /?path=//sys/bus/node/devices/node0/memory6/subsystem/devices/memory4/node0/memory3/node0/cpu0/power HTTP/1.1" 200 3952 "-" "Mozilla/5.0 AppleWebKit/537.36 (KHTML, like Gecko; compatible; GPTBot/1.2; +https://openai.com/gptbot)"
135.181.166.38 - - [07/Nov/2025:00:13:02 +0000] "GET /?path=/proc/acpi HTTP/1.1" 200 3328 "-" "Mozilla/5.0 (compatible; BLEXBot/1.0; +https://help.seranking.com/en/blex-crawler)"
74.7.227.155 - - [07/Nov/2025:00:13:03 +0000] "GET /?path=//sys/class/net/enp1s0/device/net/enp1s0/device/subsystem/devices/virtio1/block/vda/device/block/vda/vda2/subsystem/vda/device/block/vda/device/driver/virtio1 HTTP/1.1" 200 4162 "-" "Mozilla/5.0 AppleWebKit/537.36 (KHTML, like Gecko; compatible; GPTBot/1.2; +https://openai.com/gptbot)"
74.7.227.68 - - [07/Nov/2025:00:13:04 +0000] "GET /?path=//sys/bus/node/devices/node0/memory6/subsystem/devices/memory3/node0/cpu0/node0/memory0/power HTTP/1.1" 200 3892 "-" "Mozilla/5.0 AppleWebKit/537.36 (KHTML, like Gecko; compatible; GPTBot/1.2; +https://openai.com/gptbot)"
74.7.227.155 - - [07/Nov/2025:00:13:05 +0000] "GET /?path=//sys/class/net/enp1s0/device/net/enp1s0/device/subsystem/devices/virtio1/block/vda/device/block/vda/vda1/subsystem/vda/subsystem/vda/device/block/vda/mq/0 HTTP/1.1" 200 3833 "-" "Mozilla/5.0 AppleWebKit/537.36 (KHTML, like Gecko; compatible; GPTBot/1.2; +https://openai.com/gptbot)"
