74.7.227.68 - - [07/Nov/2025:00:28:44 +0000] "GET /?path=//sys/bus/node/devices/node0/memory5/subsystem/devices/memory1/node0/memory3/node0/cpu0/hotplug HTTP/1.1" 200 3619 "-" "Mozilla/5.0 AppleWebKit/537.36 (KHTML, like Gecko; compatible; GPTBot/1.2; +https://openai.com/gptbot)"
216.73.216.84 - - [07/Nov/2025:00:28:44 +0000] "GET /?path=%2F%2Fopt%2Fwpsites%2Fdatacloudnow.com%2Fwp-includes%2FText%2FDiff%2FEngine HTTP/1.1" 200 3611 "-" "Mozilla/5.0 AppleWebKit/537.36 (KHTML, like Gecko; compatible; ClaudeBot/1.0; +claudebot@anthropic.com)"
216.73.216.84 - - [07/Nov/2025:00:28:44 +0000] "GET /?fileloc=%2F%2Fproc%2Fself%2Froot%2Flib%2Fpython3%2Fdist-packages%2Fsoftwareproperties%2Fcloudarchive.py&path=%2F%2Fproc%2Fself%2Froot%2Flib%2Fpython3%2Fdist-packages%2Fsoftwareproperties HTTP/1.1" 200 5272 "-" "Mozilla/5.0 AppleWebKit/537.36 (KHTML, like Gecko; compatible; ClaudeBot/1.0; +claudebot@anthropic.com)"
216.73.216.84 - - [07/Nov/2025:00:28:44 +0000] "GET /?fileloc=%2Fopt%2Fwpsites%2Fdatainsightnow.com%2Fwp-content%2Fplugins%2Fessential-blocks%2Fassets%2Fcss%2Ftwentytwenty.css&path=%2Fopt%2Fwpsites%2Fdatainsightnow.com%2Fwp-content%2Fplugins%2Fessential-blocks%2Fassets%2Fcss HTTP/1.1" 200 4260 "-" "Mozilla/5.0 AppleWebKit/537.36 (KHTML, like Gecko; compatible; ClaudeBot/1.0; +claudebot@anthropic.com)"
216.73.216.84 - - [07/Nov/2025:00:28:45 +0000] "GET /?fileloc=%2F%2Fproc%2Fself%2Froot%2Flib%2Fpython3%2Fdist-packages%2Fnetplan%2Fparser.py&path=%2F%2Fproc%2Fself%2Froot%2Flib%2Fpython3%2Fdist-packages%2Fnetplan HTTP/1.1" 200 4072 "-" "Mozilla/5.0 AppleWebKit/537.36 (KHTML, like Gecko; compatible; ClaudeBot/1.0; +claudebot@anthropic.com)"
216.73.216.84 - - [07/Nov/2025:00:28:45 +0000] "GET /?fileloc=%2F%2Fproc%2Fself%2Froot%2Flib%2Fpython3%2Fdist-packages%2Frequests%2Fstatus_codes.py&path=%2F%2Fproc%2Fself%2Froot%2Flib%2Fpython3%2Fdist-packages%2Frequests HTTP/1.1" 200 4959 "-" "Mozilla/5.0 AppleWebKit/537.36 (KHTML, like Gecko; compatible; ClaudeBot/1.0; +claudebot@anthropic.com)"
216.73.216.84 - - [07/Nov/2025:00:28:45 +0000] "GET /?fileloc=%2F%2Fproc%2Fself%2Froot%2Flib%2Fpython3%2Fdist-packages%2Fpygments%2Fmodeline.py&path=%2F%2Fproc%2Fself%2Froot%2Flib%2Fpython3%2Fdist-packages%2Fpygments HTTP/1.1" 200 3559 "-" "Mozilla/5.0 AppleWebKit/537.36 (KHTML, like Gecko; compatible; ClaudeBot/1.0; +claudebot@anthropic.com)"
216.73.216.84 - - [07/Nov/2025:00:28:45 +0000] "GET /?fileloc=%2F%2Fproc%2Fself%2Froot%2Flib%2Fpython3%2Fdist-packages%2Fnetplan%2F_utils.py&path=%2F%2Fproc%2Fself%2Froot%2Flib%2Fpython3%2Fdist-packages%2Fnetplan HTTP/1.1" 200 5767 "-" "Mozilla/5.0 AppleWebKit/537.36 (KHTML, like Gecko; compatible; ClaudeBot/1.0; +claudebot@anthropic.com)"
216.73.216.84 - - [07/Nov/2025:00:28:45 +0000] "GET /?fileloc=%2F%2Fproc%2Fself%2Froot%2Flib%2Fpython3%2Fdist-packages%2Frequests%2Fhooks.py&path=%2F%2Fproc%2Fself%2Froot%2Flib%2Fpython3%2Fdist-packages%2Frequests HTTP/1.1" 200 3428 "-" "Mozilla/5.0 AppleWebKit/537.36 (KHTML, like Gecko; compatible; ClaudeBot/1.0; +claudebot@anthropic.com)"
216.73.216.84 - - [07/Nov/2025:00:28:45 +0000] "GET /?fileloc=%2F%2Fproc%2Fself%2Froot%2Flib%2Fpython3%2Fdist-packages%2Frequests%2F_internal_utils.py&path=%2F%2Fproc%2Fself%2Froot%2Flib%2Fpython3%2Fdist-packages%2Frequests HTTP/1.1" 200 3749 "-" "Mozilla/5.0 AppleWebKit/537.36 (KHTML, like Gecko; compatible; ClaudeBot/1.0; +claudebot@anthropic.com)"
216.73.216.84 - - [07/Nov/2025:00:28:45 +0000] "GET /?fileloc=%2F%2Fproc%2Fself%2Froot%2Flib%2Fpython3%2Fdist-packages%2Fsoftwareproperties%2FSoftwareProperties.py&path=%2F%2Fproc%2Fself%2Froot%2Flib%2Fpython3%2Fdist-packages%2Fsoftwareproperties HTTP/1.1" 200 13971 "-" "Mozilla/5.0 AppleWebKit/537.36 (KHTML, like Gecko; compatible; ClaudeBot/1.0; +claudebot@anthropic.com)"
216.73.216.84 - - [07/Nov/2025:00:28:45 +0000] "GET /?path=%2Fopt%2Fwpsites%2Fdatacloudnow.com%2Fwp-content%2Fplugins%2Fateqyleqy%2Fassets%2Fjs HTTP/1.1" 200 3519 "-" "Mozilla/5.0 AppleWebKit/537.36 (KHTML, like Gecko; compatible; ClaudeBot/1.0; +claudebot@anthropic.com)"
216.73.216.84 - - [07/Nov/2025:00:28:45 +0000] "GET /?path=%2F%2Fusr%2Flib%2Fpython3%2Fdist-packages%2Ftwisted%2Finternet%2Ftest%2F__pycache__ HTTP/1.1" 200 5934 "-" "Mozilla/5.0 AppleWebKit/537.36 (KHTML, like Gecko; compatible; ClaudeBot/1.0; +claudebot@anthropic.com)"
216.73.216.84 - - [07/Nov/2025:00:28:45 +0000] "GET /?fileloc=%2F%2Fproc%2Fself%2Froot%2Flib%2Fpython3%2Fdist-packages%2Fpygments%2Funistring.py&path=%2F%2Fproc%2Fself%2Froot%2Flib%2Fpython3%2Fdist-packages%2Fpygments HTTP/1.1" 200 26281 "-" "Mozilla/5.0 AppleWebKit/537.36 (KHTML, like Gecko; compatible; ClaudeBot/1.0; +claudebot@anthropic.com)"
216.73.216.84 - - [07/Nov/2025:00:28:45 +0000] "GET /?fileloc=%2F%2Flib%2Fpython3%2Fdist-packages%2Fwadllib%2F__pycache__%2Fapplication.cpython-312.pyc&path=%2F%2Flib%2Fpython3%2Fdist-packages%2Fwadllib%2F__pycache__ HTTP/1.1" 200 27260 "-" "Mozilla/5.0 AppleWebKit/537.36 (KHTML, like Gecko; compatible; ClaudeBot/1.0; +claudebot@anthropic.com)"
216.73.216.84 - - [07/Nov/2025:00:28:45 +0000] "GET /?fileloc=%2F%2Fproc%2Fself%2Froot%2Flib%2Fpython3%2Fdist-packages%2Frequests%2Fhelp.py&path=%2F%2Fproc%2Fself%2Froot%2Flib%2Fpython3%2Fdist-packages%2Frequests HTTP/1.1" 200 4352 "-" "Mozilla/5.0 AppleWebKit/537.36 (KHTML, like Gecko; compatible; ClaudeBot/1.0; +claudebot@anthropic.com)"
216.73.216.84 - - [07/Nov/2025:00:28:45 +0000] "GET /?path=%2F%2Fusr%2Flib%2Fpython3%2Fdist-packages%2Ftwisted%2Fapplication%2Ftest%2F__pycache__ HTTP/1.1" 200 3586 "-" "Mozilla/5.0 AppleWebKit/537.36 (KHTML, like Gecko; compatible; ClaudeBot/1.0; +claudebot@anthropic.com)"
216.73.216.84 - - [07/Nov/2025:00:28:46 +0000] "GET /?fileloc=%2F%2Fproc%2Fself%2Froot%2Flib%2Fpython3%2Fdist-packages%2Fjsonschema%2F_utils.py&path=%2F%2Fproc%2Fself%2Froot%2Flib%2Fpython3%2Fdist-packages%2Fjsonschema HTTP/1.1" 200 6182 "-" "Mozilla/5.0 AppleWebKit/537.36 (KHTML, like Gecko; compatible; ClaudeBot/1.0; +claudebot@anthropic.com)"
216.73.216.84 - - [07/Nov/2025:00:28:46 +0000] "GET /?fileloc=%2F%2Fproc%2Fself%2Froot%2Flib%2Fpython3%2Fdist-packages%2Fpygments%2Fregexopt.py&path=%2F%2Fproc%2Fself%2Froot%2Flib%2Fpython3%2Fdist-packages%2Fpygments HTTP/1.1" 200 4282 "-" "Mozilla/5.0 AppleWebKit/537.36 (KHTML, like Gecko; compatible; ClaudeBot/1.0; +claudebot@anthropic.com)"
216.73.216.84 - - [07/Nov/2025:00:28:46 +0000] "GET /?fileloc=%2F%2Flib%2Fpython3.12%2Fxml%2Fdom%2F__pycache__%2Fxmlbuilder.cpython-312.pyc&path=%2F%2Flib%2Fpython3.12%2Fxml%2Fdom%2F__pycache__ HTTP/1.1" 200 10845 "-" "Mozilla/5.0 AppleWebKit/537.36 (KHTML, like Gecko; compatible; ClaudeBot/1.0; +claudebot@anthropic.com)"
216.73.216.84 - - [07/Nov/2025:00:28:46 +0000] "GET /?fileloc=%2F%2Fproc%2Fself%2Froot%2Flib%2Fpython3%2Fdist-packages%2Fjwt%2Fwarnings.py&path=%2F%2Fproc%2Fself%2Froot%2Flib%2Fpython3%2Fdist-packages%2Fjwt HTTP/1.1" 200 3080 "-" "Mozilla/5.0 AppleWebKit/537.36 (KHTML, like Gecko; compatible; ClaudeBot/1.0; +claudebot@anthropic.com)"
216.73.216.84 - - [07/Nov/2025:00:28:46 +0000] "GET /?fileloc=%2Fopt%2Fwpsites%2Fdatainsightnow.com%2Fwp-content%2Fplugins%2Fessential-blocks%2Fassets%2Fcss%2Fplyr.css&path=%2Fopt%2Fwpsites%2Fdatainsightnow.com%2Fwp-content%2Fplugins%2Fessential-blocks%2Fassets%2Fcss HTTP/1.1" 200 9780 "-" "Mozilla/5.0 AppleWebKit/537.36 (KHTML, like Gecko; compatible; ClaudeBot/1.0; +claudebot@anthropic.com)"
216.73.216.84 - - [07/Nov/2025:00:28:46 +0000] "GET /?fileloc=%2F%2Fproc%2Fself%2Froot%2Flib%2Fpython3%2Fdist-packages%2Fpygments%2Flexer.py&path=%2F%2Fproc%2Fself%2Froot%2Flib%2Fpython3%2Fdist-packages%2Fpygments HTTP/1.1" 200 14610 "-" "Mozilla/5.0 AppleWebKit/537.36 (KHTML, like Gecko; compatible; ClaudeBot/1.0; +claudebot@anthropic.com)"
216.73.216.84 - - [07/Nov/2025:00:28:46 +0000] "GET /?fileloc=%2Fopt%2Fwpsites%2Fdatainsightnow.com%2Fwp-content%2Fplugins%2Fessential-blocks%2Fassets%2Fcss%2Freact-select.min.css&path=%2Fopt%2Fwpsites%2Fdatainsightnow.com%2Fwp-content%2Fplugins%2Fessential-blocks%2Fassets%2Fcss HTTP/1.1" 200 5391 "-" "Mozilla/5.0 AppleWebKit/537.36 (KHTML, like Gecko; compatible; ClaudeBot/1.0; +claudebot@anthropic.com)"
216.73.216.84 - - [07/Nov/2025:00:28:46 +0000] "GET /?fileloc=%2F%2Fproc%2Fself%2Froot%2Flib%2Fpython3%2Fdist-packages%2Frequests%2Fapi.py&path=%2F%2Fproc%2Fself%2Froot%2Flib%2Fpython3%2Fdist-packages%2Frequests HTTP/1.1" 200 4860 "-" "Mozilla/5.0 AppleWebKit/537.36 (KHTML, like Gecko; compatible; ClaudeBot/1.0; +claudebot@anthropic.com)"
74.7.227.155 - - [07/Nov/2025:00:28:46 +0000] "GET /?path=//sys/class/net/enp1s0/device/net/enp1s0/device/subsystem/devices/virtio1/block/vda/subsystem/vda/device/block/vda/device/block/vda/subsystem/loop2/bdi/subsystem HTTP/1.1" 200 3974 "-" "Mozilla/5.0 AppleWebKit/537.36 (KHTML, like Gecko; compatible; GPTBot/1.2; +https://openai.com/gptbot)"
216.73.216.84 - - [07/Nov/2025:00:28:46 +0000] "GET /?fileloc=%2F%2Fproc%2Fself%2Froot%2Flib%2Fpython3%2Fdist-packages%2Fpygments%2Fconsole.py&path=%2F%2Fproc%2Fself%2Froot%2Flib%2Fpython3%2Fdist-packages%2Fpygments HTTP/1.1" 200 3772 "-" "Mozilla/5.0 AppleWebKit/537.36 (KHTML, like Gecko; compatible; ClaudeBot/1.0; +claudebot@anthropic.com)"
74.7.227.68 - - [07/Nov/2025:00:28:46 +0000] "GET /?path=//sys/bus/node/devices/node0/memory6/subsystem/devices/memory3/node0/memory1/node0/cpu0/hotplug HTTP/1.1" 200 3619 "-" "Mozilla/5.0 AppleWebKit/537.36 (KHTML, like Gecko; compatible; GPTBot/1.2; +https://openai.com/gptbot)"
216.73.216.84 - - [07/Nov/2025:00:28:46 +0000] "GET /?fileloc=%2F%2Fproc%2Fself%2Froot%2Flib%2Fpython3%2Fdist-packages%2Frequests%2Fauth.py&path=%2F%2Fproc%2Fself%2Froot%2Flib%2Fpython3%2Fdist-packages%2Frequests HTTP/1.1" 200 6464 "-" "Mozilla/5.0 AppleWebKit/537.36 (KHTML, like Gecko; compatible; ClaudeBot/1.0; +claudebot@anthropic.com)"
216.73.216.84 - - [07/Nov/2025:00:28:47 +0000] "GET /?fileloc=%2F%2Fproc%2Fself%2Froot%2Flib%2Fpython3%2Fdist-packages%2Fsoftwareproperties%2Fppa.py&path=%2F%2Fproc%2Fself%2Froot%2Flib%2Fpython3%2Fdist-packages%2Fsoftwareproperties HTTP/1.1" 200 6386 "-" "Mozilla/5.0 AppleWebKit/537.36 (KHTML, like Gecko; compatible; ClaudeBot/1.0; +claudebot@anthropic.com)"
216.73.216.84 - - [07/Nov/2025:00:28:47 +0000] "GET /?fileloc=%2F%2Fproc%2Fself%2Froot%2Flib%2Fpython3%2Fdist-packages%2Fjsonschema%2Fexceptions.py&path=%2F%2Fproc%2Fself%2Froot%2Flib%2Fpython3%2Fdist-packages%2Fjsonschema HTTP/1.1" 200 7020 "-" "Mozilla/5.0 AppleWebKit/537.36 (KHTML, like Gecko; compatible; ClaudeBot/1.0; +claudebot@anthropic.com)"
216.73.216.84 - - [07/Nov/2025:00:28:47 +0000] "GET /?fileloc=%2F%2Fproc%2Fself%2Froot%2Flib%2Fpython3%2Fdist-packages%2Fjsonschema%2Fcli.py&path=%2F%2Fproc%2Fself%2Froot%2Flib%2Fpython3%2Fdist-packages%2Fjsonschema HTTP/1.1" 200 5849 "-" "Mozilla/5.0 AppleWebKit/537.36 (KHTML, like Gecko; compatible; ClaudeBot/1.0; +claudebot@anthropic.com)"
216.73.216.84 - - [07/Nov/2025:00:28:47 +0000] "GET /?fileloc=%2F%2Fproc%2Fself%2Froot%2Flib%2Fpython3%2Fdist-packages%2Fsoftwareproperties%2Fsourceslist.py&path=%2F%2Fproc%2Fself%2Froot%2Flib%2Fpython3%2Fdist-packages%2Fsoftwareproperties HTTP/1.1" 200 4014 "-" "Mozilla/5.0 AppleWebKit/537.36 (KHTML, like Gecko; compatible; ClaudeBot/1.0; +claudebot@anthropic.com)"
216.73.216.84 - - [07/Nov/2025:00:28:47 +0000] "GET /?fileloc=%2F%2Fproc%2Fself%2Froot%2Flib%2Fpython3%2Fdist-packages%2Frequests%2Fexceptions.py&path=%2F%2Fproc%2Fself%2Froot%2Flib%2Fpython3%2Fdist-packages%2Frequests HTTP/1.1" 200 4459 "-" "Mozilla/5.0 AppleWebKit/537.36 (KHTML, like Gecko; compatible; ClaudeBot/1.0; +claudebot@anthropic.com)"
216.73.216.84 - - [07/Nov/2025:00:28:47 +0000] "GET /?fileloc=%2F%2Fproc%2Fself%2Froot%2Flib%2Fpython3%2Fdist-packages%2Fjsonschema%2Fprotocols.py&path=%2F%2Fproc%2Fself%2Froot%2Flib%2Fpython3%2Fdist-packages%2Fjsonschema HTTP/1.1" 200 5775 "-" "Mozilla/5.0 AppleWebKit/537.36 (KHTML, like Gecko; compatible; ClaudeBot/1.0; +claudebot@anthropic.com)"
216.73.216.84 - - [07/Nov/2025:00:28:47 +0000] "GET /?path=%2Fopt%2Fwpsites%2Fdatacloudnow.com%2Fwp-content%2Fplugins%2Fnewsletter%2Fvendor%2Ftinymce%2Fplugins%2Fnonbreaking HTTP/1.1" 200 3488 "-" "Mozilla/5.0 AppleWebKit/537.36 (KHTML, like Gecko; compatible; ClaudeBot/1.0; +claudebot@anthropic.com)"
216.73.216.84 - - [07/Nov/2025:00:28:47 +0000] "GET /?path=%2Fopt%2Fwpsites%2Fdatacloudnow.com%2Fwp-content%2Fplugins%2Fnewsletter%2Fvendor%2Ftinymce%2Fplugins%2Fadvlist HTTP/1.1" 200 3479 "-" "Mozilla/5.0 AppleWebKit/537.36 (KHTML, like Gecko; compatible; ClaudeBot/1.0; +claudebot@anthropic.com)"
66.249.74.13 - - [07/Nov/2025:00:28:47 +0000] "GET /?fileloc=//sys/class/tty/tty8/subsystem/ttyS16/subsystem/ttyS7/subsystem/ttyS29/subsystem/tty32/subsystem/ttyS25/subsystem/ttyS13/subsystem/ttyS8/port&path=//sys/class/tty/tty8/subsystem/ttyS16/subsystem/ttyS7/subsystem/ttyS29/subsystem/tty32/subsystem/ttyS25/subsystem/ttyS13/subsystem/ttyS8 HTTP/1.1" 200 3155 "-" "Mozilla/5.0 (Linux; Android 6.0.1; Nexus 5X Build/MMB29P) AppleWebKit/537.36 (KHTML, like Gecko) Chrome/141.0.7390.122 Mobile Safari/537.36 (compatible; GoogleOther)"
216.73.216.84 - - [07/Nov/2025:00:28:47 +0000] "GET /?fileloc=%2F%2Flib%2Fpython3.12%2Fconcurrent%2Ffutures%2F__pycache__%2Fprocess.cpython-312.pyc&path=%2F%2Flib%2Fpython3.12%2Fconcurrent%2Ffutures%2F__pycache__ HTTP/1.1" 200 19608 "-" "Mozilla/5.0 AppleWebKit/537.36 (KHTML, like Gecko; compatible; ClaudeBot/1.0; +claudebot@anthropic.com)"
216.73.216.84 - - [07/Nov/2025:00:28:47 +0000] "GET /?fileloc=%2F%2Fproc%2Fself%2Froot%2Flib%2Fpython3%2Fdist-packages%2Fjwt%2Ftypes.py&path=%2F%2Fproc%2Fself%2Froot%2Flib%2Fpython3%2Fdist-packages%2Fjwt HTTP/1.1" 200 3104 "-" "Mozilla/5.0 AppleWebKit/537.36 (KHTML, like Gecko; compatible; ClaudeBot/1.0; +claudebot@anthropic.com)"
216.73.216.84 - - [07/Nov/2025:00:28:47 +0000] "GET /?path=%2F%2Fopt%2Fwpsites%2Fdatainsightnow.com%2Fwp-includes%2Fblocks%2Fcode HTTP/1.1" 200 4009 "-" "Mozilla/5.0 AppleWebKit/537.36 (KHTML, like Gecko; compatible; ClaudeBot/1.0; +claudebot@anthropic.com)"
216.73.216.84 - - [07/Nov/2025:00:28:48 +0000] "GET /?path=%2F%2Fusr%2Flib%2Fpython3%2Fdist-packages%2Ftwisted%2Fweb%2F_auth%2F__pycache__ HTTP/1.1" 200 3635 "-" "Mozilla/5.0 AppleWebKit/537.36 (KHTML, like Gecko; compatible; ClaudeBot/1.0; +claudebot@anthropic.com)"
216.73.216.84 - - [07/Nov/2025:00:28:48 +0000] "GET /?fileloc=%2Fopt%2Fwpsites%2Fdatainsightnow.com%2Fwp-content%2Fplugins%2Fessential-blocks%2Fassets%2Fcss%2F.htaccess&path=%2Fopt%2Fwpsites%2Fdatainsightnow.com%2Fwp-content%2Fplugins%2Fessential-blocks%2Fassets%2Fcss HTTP/1.1" 200 3174 "-" "Mozilla/5.0 AppleWebKit/537.36 (KHTML, like Gecko; compatible; ClaudeBot/1.0; +claudebot@anthropic.com)"
74.7.227.155 - - [07/Nov/2025:00:28:48 +0000] "GET /?path=//sys/class/net/enp1s0/device/net/enp1s0/device/subsystem/devices/virtio1/block/vda/subsystem/vda/device/block/vda/device/block/vda/subsystem/loop7/bdi/subsystem HTTP/1.1" 200 3974 "-" "Mozilla/5.0 AppleWebKit/537.36 (KHTML, like Gecko; compatible; GPTBot/1.2; +https://openai.com/gptbot)"
216.73.216.84 - - [07/Nov/2025:00:28:48 +0000] "GET /?fileloc=%2F%2Fproc%2Fself%2Froot%2Flib%2Fpython3%2Fdist-packages%2Fattrs%2Fexceptions.py&path=%2F%2Fproc%2Fself%2Froot%2Flib%2Fpython3%2Fdist-packages%2Fattrs HTTP/1.1" 200 3101 "-" "Mozilla/5.0 AppleWebKit/537.36 (KHTML, like Gecko; compatible; ClaudeBot/1.0; +claudebot@anthropic.com)"
216.73.216.84 - - [07/Nov/2025:00:28:48 +0000] "GET /?fileloc=%2F%2Fproc%2Fself%2Froot%2Flib%2Fpython3%2Fdist-packages%2Frequests%2Futils.py&path=%2F%2Fproc%2Fself%2Froot%2Flib%2Fpython3%2Fdist-packages%2Frequests HTTP/1.1" 200 15756 "-" "Mozilla/5.0 AppleWebKit/537.36 (KHTML, like Gecko; compatible; ClaudeBot/1.0; +claudebot@anthropic.com)"
216.73.216.84 - - [07/Nov/2025:00:28:48 +0000] "GET /?fileloc=%2F%2Fproc%2Fself%2Froot%2Flib%2Fpython3%2Fdist-packages%2Fpygments%2Fplugin.py&path=%2F%2Fproc%2Fself%2Froot%2Flib%2Fpython3%2Fdist-packages%2Fpygments HTTP/1.1" 200 3949 "-" "Mozilla/5.0 AppleWebKit/537.36 (KHTML, like Gecko; compatible; ClaudeBot/1.0; +claudebot@anthropic.com)"
57.141.0.58 - - [07/Nov/2025:00:28:48 +0000] "GET /?fileloc=//proc/52/syscall&path=//proc/52 HTTP/1.1" 200 12269 "-" "meta-externalagent/1.1 (+https://developers.facebook.com/docs/sharing/webmasters/crawler)"
216.73.216.84 - - [07/Nov/2025:00:28:48 +0000] "GET /?fileloc=%2Fopt%2Fwpsites%2Fdatainsightnow.com%2Fwp-content%2Fplugins%2Fessential-blocks%2Fassets%2Fcss%2Fswitch.css&path=%2Fopt%2Fwpsites%2Fdatainsightnow.com%2Fwp-content%2Fplugins%2Fessential-blocks%2Fassets%2Fcss HTTP/1.1" 200 3940 "-" "Mozilla/5.0 AppleWebKit/537.36 (KHTML, like Gecko; compatible; ClaudeBot/1.0; +claudebot@anthropic.com)"
216.73.216.84 - - [07/Nov/2025:00:28:48 +0000] "GET /?path=%2Fopt%2Fwpsites%2Fdatacloudnow.com%2Fwp-content%2Fplugins%2Fnewsletter%2Fvendor%2Ftinymce%2Fplugins%2Fspellchecker HTTP/1.1" 200 3485 "-" "Mozilla/5.0 AppleWebKit/537.36 (KHTML, like Gecko; compatible; ClaudeBot/1.0; +claudebot@anthropic.com)"
74.7.227.68 - - [07/Nov/2025:00:28:48 +0000] "GET /?path=//sys/bus/node/devices/node0/memory6/subsystem/devices/memory4/node0/memory3/node0/cpu0/hotplug HTTP/1.1" 200 3623 "-" "Mozilla/5.0 AppleWebKit/537.36 (KHTML, like Gecko; compatible; GPTBot/1.2; +https://openai.com/gptbot)"
216.73.216.84 - - [07/Nov/2025:00:28:48 +0000] "GET /?path=%2F%2Fusr%2Flib%2Fpython3%2Fdist-packages%2Fsetuptools%2F_vendor%2Fimportlib_metadata%2F__pycache__ HTTP/1.1" 200 3872 "-" "Mozilla/5.0 AppleWebKit/537.36 (KHTML, like Gecko; compatible; ClaudeBot/1.0; +claudebot@anthropic.com)"
216.73.216.84 - - [07/Nov/2025:00:28:48 +0000] "GET /?path=%2F%2Fusr%2Flib%2Fpython3%2Fdist-packages%2Ftwisted%2Fapplication%2Frunner%2F__pycache__ HTTP/1.1" 200 3633 "-" "Mozilla/5.0 AppleWebKit/537.36 (KHTML, like Gecko; compatible; ClaudeBot/1.0; +claudebot@anthropic.com)"
216.73.216.84 - - [07/Nov/2025:00:28:48 +0000] "GET /?path=%2F%2Fusr%2Flib%2Fpython3%2Fdist-packages%2Fsetuptools%2F_vendor%2Fmore_itertools%2F__pycache__ HTTP/1.1" 200 3583 "-" "Mozilla/5.0 AppleWebKit/537.36 (KHTML, like Gecko; compatible; ClaudeBot/1.0; +claudebot@anthropic.com)"
216.73.216.84 - - [07/Nov/2025:00:28:48 +0000] "GET /?fileloc=%2F%2Fproc%2Fself%2Froot%2Flib%2Fpython3%2Fdist-packages%2Fpygments%2Futil.py&path=%2F%2Fproc%2Fself%2Froot%2Flib%2Fpython3%2Fdist-packages%2Fpygments HTTP/1.1" 200 6994 "-" "Mozilla/5.0 AppleWebKit/537.36 (KHTML, like Gecko; compatible; ClaudeBot/1.0; +claudebot@anthropic.com)"
216.73.216.84 - - [07/Nov/2025:00:28:49 +0000] "GET /?path=%2F%2Fusr%2Flib%2Fpython3%2Fdist-packages%2Fsetuptools%2F_vendor%2Fimportlib_resources%2F__pycache__ HTTP/1.1" 200 3867 "-" "Mozilla/5.0 AppleWebKit/537.36 (KHTML, like Gecko; compatible; ClaudeBot/1.0; +claudebot@anthropic.com)"
216.73.216.84 - - [07/Nov/2025:00:28:49 +0000] "GET /?fileloc=%2F%2Fproc%2Fself%2Froot%2Flib%2Fpython3%2Fdist-packages%2Fjwt%2Fapi_jwt.py&path=%2F%2Fproc%2Fself%2Froot%2Flib%2Fpython3%2Fdist-packages%2Fjwt HTTP/1.1" 200 6446 "-" "Mozilla/5.0 AppleWebKit/537.36 (KHTML, like Gecko; compatible; ClaudeBot/1.0; +claudebot@anthropic.com)"
216.73.216.84 - - [07/Nov/2025:00:28:49 +0000] "GET /?path=%2Fopt%2Fwpsites%2Fdatacloudnow.com%2Fwp-content%2Fplugins%2Fnewsletter%2Fvendor%2Ftinymce%2Fplugins%2Fhr HTTP/1.1" 200 3480 "-" "Mozilla/5.0 AppleWebKit/537.36 (KHTML, like Gecko; compatible; ClaudeBot/1.0; +claudebot@anthropic.com)"
216.73.216.84 - - [07/Nov/2025:00:28:49 +0000] "GET /?fileloc=%2Fopt%2Fwpsites%2Fdatainsightnow.com%2Fwp-content%2Fplugins%2Fessential-blocks%2Fassets%2Fcss%2Fslick.css&path=%2Fopt%2Fwpsites%2Fdatainsightnow.com%2Fwp-content%2Fplugins%2Fessential-blocks%2Fassets%2Fcss HTTP/1.1" 200 4381 "-" "Mozilla/5.0 AppleWebKit/537.36 (KHTML, like Gecko; compatible; ClaudeBot/1.0; +claudebot@anthropic.com)"
74.7.227.155 - - [07/Nov/2025:00:28:49 +0000] "GET /?path=//sys/class/net/enp1s0/device/net/enp1s0/device/subsystem/devices/virtio1/block/vda/subsystem/vda/device/block/vda/device/block/vda/subsystem/loop1/bdi/subsystem HTTP/1.1" 200 3973 "-" "Mozilla/5.0 AppleWebKit/537.36 (KHTML, like Gecko; compatible; GPTBot/1.2; +https://openai.com/gptbot)"
216.73.216.84 - - [07/Nov/2025:00:28:49 +0000] "GET /?fileloc=%2Fopt%2Fwpsites%2Fdatainsightnow.com%2Fwp-content%2Fplugins%2Fessential-blocks%2Fassets%2Fcss%2Feb-menu.css&path=%2Fopt%2Fwpsites%2Fdatainsightnow.com%2Fwp-content%2Fplugins%2Fessential-blocks%2Fassets%2Fcss HTTP/1.1" 200 3148 "-" "Mozilla/5.0 AppleWebKit/537.36 (KHTML, like Gecko; compatible; ClaudeBot/1.0; +claudebot@anthropic.com)"
216.73.216.84 - - [07/Nov/2025:00:28:49 +0000] "GET /?fileloc=%2F%2Fproc%2Fself%2Froot%2Flib%2Fpython3%2Fdist-packages%2Fjwt%2Fhelp.py&path=%2F%2Fproc%2Fself%2Froot%2Flib%2Fpython3%2Fdist-packages%2Fjwt HTTP/1.1" 200 3735 "-" "Mozilla/5.0 AppleWebKit/537.36 (KHTML, like Gecko; compatible; ClaudeBot/1.0; +claudebot@anthropic.com)"
54.80.73.122 - - [07/Nov/2025:00:28:49 +0000] "GET /about-us/?path=//sys/class/leds/input1::capslock/subsystem/input1::numlock/device/device/firmware_node/physical_node/firmware_node/subsystem/devices/device:3c/subsystem/devices/device:00/subsystem/devices/device:25 HTTP/1.1" 200 4076 "-" "Mozilla/5.0 AppleWebKit/537.36 (KHTML, like Gecko; compatible; Amazonbot/0.1; +https://developer.amazon.com/support/amazonbot) Chrome/119.0.6045.214 Safari/537.36"
216.73.216.84 - - [07/Nov/2025:00:28:49 +0000] "GET /?fileloc=%2F%2Fproc%2Fself%2Froot%2Flib%2Fpython3%2Fdist-packages%2Fchardet%2Fcodingstatemachine.py&path=%2F%2Fproc%2Fself%2Froot%2Flib%2Fpython3%2Fdist-packages%2Fchardet HTTP/1.1" 200 4664 "-" "Mozilla/5.0 AppleWebKit/537.36 (KHTML, like Gecko; compatible; ClaudeBot/1.0; +claudebot@anthropic.com)"
216.73.216.84 - - [07/Nov/2025:00:28:49 +0000] "GET /?fileloc=%2F%2Fproc%2Fself%2Froot%2Flib%2Fpython3%2Fdist-packages%2Fjwt%2Fapi_jwk.py&path=%2F%2Fproc%2Fself%2Froot%2Flib%2Fpython3%2Fdist-packages%2Fjwt HTTP/1.1" 200 4354 "-" "Mozilla/5.0 AppleWebKit/537.36 (KHTML, like Gecko; compatible; ClaudeBot/1.0; +claudebot@anthropic.com)"
216.73.216.84 - - [07/Nov/2025:00:28:50 +0000] "GET /?path=%2Fopt%2Fwpsites%2Fdatacloudnow.com%2Fwp-content%2Fplugins%2Fnewsletter%2Fvendor%2Ftinymce%2Fplugins%2Fhelp HTTP/1.1" 200 3581 "-" "Mozilla/5.0 AppleWebKit/537.36 (KHTML, like Gecko; compatible; ClaudeBot/1.0; +claudebot@anthropic.com)"
216.73.216.84 - - [07/Nov/2025:00:28:50 +0000] "GET /?path=%2Fopt%2Fwpsites%2Fdatacloudnow.com%2Fwp-content%2Fplugins%2Fnewsletter%2Fvendor%2Ftinymce%2Fplugins%2Ftextcolor HTTP/1.1" 200 3483 "-" "Mozilla/5.0 AppleWebKit/537.36 (KHTML, like Gecko; compatible; ClaudeBot/1.0; +claudebot@anthropic.com)"
216.73.216.84 - - [07/Nov/2025:00:28:50 +0000] "GET /?fileloc=%2F%2Fproc%2Fself%2Froot%2Flib%2Fpython3%2Fdist-packages%2Fsoftwareproperties%2FMirrorTest.py&path=%2F%2Fproc%2Fself%2Froot%2Flib%2Fpython3%2Fdist-packages%2Fsoftwareproperties HTTP/1.1" 200 5502 "-" "Mozilla/5.0 AppleWebKit/537.36 (KHTML, like Gecko; compatible; ClaudeBot/1.0; +claudebot@anthropic.com)"
216.73.216.84 - - [07/Nov/2025:00:28:50 +0000] "GET /?path=%2Fopt%2Fwpsites%2Fdatacloudnow.com%2Fwp-content%2Fplugins%2Fnewsletter%2Fvendor%2Ftinymce%2Fplugins%2Fvisualchars HTTP/1.1" 200 3488 "-" "Mozilla/5.0 AppleWebKit/537.36 (KHTML, like Gecko; compatible; ClaudeBot/1.0; +claudebot@anthropic.com)"
74.7.227.68 - - [07/Nov/2025:00:28:50 +0000] "GET /?path=//sys/bus/node/devices/node0/memory6/subsystem/devices/memory3/node0/cpu0/subsystem/drivers/processor/cpu0/firmware_node/physical_node/subsystem/devices HTTP/1.1" 200 3546 "-" "Mozilla/5.0 AppleWebKit/537.36 (KHTML, like Gecko; compatible; GPTBot/1.2; +https://openai.com/gptbot)"
216.73.216.84 - - [07/Nov/2025:00:28:50 +0000] "GET /?path=%2Fopt%2Fwpsites%2Fdatacloudnow.com%2Fwp-content%2Fplugins%2Fnewsletter%2Fvendor%2Ftinymce%2Fplugins%2Fcharmap HTTP/1.1" 200 3485 "-" "Mozilla/5.0 AppleWebKit/537.36 (KHTML, like Gecko; compatible; ClaudeBot/1.0; +claudebot@anthropic.com)"
216.73.216.84 - - [07/Nov/2025:00:28:50 +0000] "GET /?fileloc=%2Fopt%2Fwpsites%2Fdatainsightnow.com%2Fwp-content%2Fplugins%2Fessential-blocks%2Fassets%2Fcss%2Fhover-min.css&path=%2Fopt%2Fwpsites%2Fdatainsightnow.com%2Fwp-content%2Fplugins%2Fessential-blocks%2Fassets%2Fcss HTTP/1.1" 200 12229 "-" "Mozilla/5.0 AppleWebKit/537.36 (KHTML, like Gecko; compatible; ClaudeBot/1.0; +claudebot@anthropic.com)"
216.73.216.84 - - [07/Nov/2025:00:28:50 +0000] "GET /?fileloc=%2Fopt%2Fwpsites%2Fdatainsightnow.com%2Fwp-content%2Fplugins%2Fessential-blocks%2Fassets%2Fcss%2Fblock-common.css&path=%2Fopt%2Fwpsites%2Fdatainsightnow.com%2Fwp-content%2Fplugins%2Fessential-blocks%2Fassets%2Fcss HTTP/1.1" 200 3366 "-" "Mozilla/5.0 AppleWebKit/537.36 (KHTML, like Gecko; compatible; ClaudeBot/1.0; +claudebot@anthropic.com)"
216.73.216.84 - - [07/Nov/2025:00:28:51 +0000] "GET /?fileloc=%2F%2Fusr%2Flib%2Fpython3%2Fdist-packages%2Ftwisted%2Fconch%2Ftest%2F__init__.py&path=%2F%2Fusr%2Flib%2Fpython3%2Fdist-packages%2Ftwisted%2Fconch%2Ftest HTTP/1.1" 200 3054 "-" "Mozilla/5.0 AppleWebKit/537.36 (KHTML, like Gecko; compatible; ClaudeBot/1.0; +claudebot@anthropic.com)"
216.73.216.84 - - [07/Nov/2025:00:28:51 +0000] "GET /?path=%2Fopt%2Fwpsites%2Fdatacloudnow.com%2Fwp-content%2Fplugins%2Fnewsletter%2Fvendor%2Ftinymce%2Fplugins%2Ftabfocus HTTP/1.1" 200 3484 "-" "Mozilla/5.0 AppleWebKit/537.36 (KHTML, like Gecko; compatible; ClaudeBot/1.0; +claudebot@anthropic.com)"
135.181.166.38 - - [07/Nov/2025:00:28:51 +0000] "GET /?path=/lib/polkit-1 HTTP/1.1" 200 3418 "-" "Mozilla/5.0 (compatible; BLEXBot/1.0; +https://help.seranking.com/en/blex-crawler)"
216.73.216.84 - - [07/Nov/2025:00:28:51 +0000] "GET /?path=%2Fopt%2Fwpsites%2Fdatacloudnow.com%2Fwp-content%2Fplugins%2Fnewsletter%2Fvendor%2Ftinymce%2Fplugins%2Fimagetools HTTP/1.1" 200 3488 "-" "Mozilla/5.0 AppleWebKit/537.36 (KHTML, like Gecko; compatible; ClaudeBot/1.0; +claudebot@anthropic.com)"
216.73.216.84 - - [07/Nov/2025:00:28:51 +0000] "GET /?path=%2Fopt%2Fwpsites%2Fdatacloudnow.com%2Fwp-content%2Fplugins%2Fnewsletter%2Fvendor%2Ftinymce%2Fplugins%2Fanchor HTTP/1.1" 200 3482 "-" "Mozilla/5.0 AppleWebKit/537.36 (KHTML, like Gecko; compatible; ClaudeBot/1.0; +claudebot@anthropic.com)"
216.73.216.84 - - [07/Nov/2025:00:28:51 +0000] "GET /?fileloc=%2Fopt%2Fwpsites%2Fdatainsightnow.com%2Fwp-content%2Fplugins%2Fessential-blocks%2Fassets%2Fcss%2Fhover-effects.css&path=%2Fopt%2Fwpsites%2Fdatainsightnow.com%2Fwp-content%2Fplugins%2Fessential-blocks%2Fassets%2Fcss HTTP/1.1" 200 12401 "-" "Mozilla/5.0 AppleWebKit/537.36 (KHTML, like Gecko; compatible; ClaudeBot/1.0; +claudebot@anthropic.com)"
216.73.216.84 - - [07/Nov/2025:00:28:51 +0000] "GET /?fileloc=%2F%2Fproc%2Fself%2Froot%2Flib%2Fpython3%2Fdist-packages%2Fjwt%2Fexceptions.py&path=%2F%2Fproc%2Fself%2Froot%2Flib%2Fpython3%2Fdist-packages%2Fjwt HTTP/1.1" 200 3352 "-" "Mozilla/5.0 AppleWebKit/537.36 (KHTML, like Gecko; compatible; ClaudeBot/1.0; +claudebot@anthropic.com)"
216.73.216.84 - - [07/Nov/2025:00:28:51 +0000] "GET /?fileloc=%2Fopt%2Fwpsites%2Fdatainsightnow.com%2Fwp-content%2Fplugins%2Fessential-blocks%2Fblocks%2Ftestimonial%2Fsrc%2Findex.js&path=%2Fopt%2Fwpsites%2Fdatainsightnow.com%2Fwp-content%2Fplugins%2Fessential-blocks%2Fblocks%2Ftestimonial%2Fsrc HTTP/1.1" 200 3384 "-" "Mozilla/5.0 AppleWebKit/537.36 (KHTML, like Gecko; compatible; ClaudeBot/1.0; +claudebot@anthropic.com)"
216.73.216.84 - - [07/Nov/2025:00:28:51 +0000] "GET /?fileloc=%2F%2Fproc%2Fself%2Froot%2Flib%2Fpython3%2Fdist-packages%2Fjwt%2Futils.py&path=%2F%2Fproc%2Fself%2Froot%2Flib%2Fpython3%2Fdist-packages%2Fjwt HTTP/1.1" 200 4681 "-" "Mozilla/5.0 AppleWebKit/537.36 (KHTML, like Gecko; compatible; ClaudeBot/1.0; +claudebot@anthropic.com)"
216.73.216.84 - - [07/Nov/2025:00:28:51 +0000] "GET /?fileloc=%2F%2Fproc%2Fself%2Froot%2Flib%2Fpython3%2Fdist-packages%2Fpygments%2Fsphinxext.py&path=%2F%2Fproc%2Fself%2Froot%2Flib%2Fpython3%2Fdist-packages%2Fpygments HTTP/1.1" 200 5659 "-" "Mozilla/5.0 AppleWebKit/537.36 (KHTML, like Gecko; compatible; ClaudeBot/1.0; +claudebot@anthropic.com)"
216.73.216.84 - - [07/Nov/2025:00:28:51 +0000] "GET /?fileloc=%2F%2Fusr%2Flib%2Fpython3%2Fdist-packages%2Ftwisted%2Fcred%2Ftest%2F__init__.py&path=%2F%2Fusr%2Flib%2Fpython3%2Fdist-packages%2Ftwisted%2Fcred%2Ftest HTTP/1.1" 200 3145 "-" "Mozilla/5.0 AppleWebKit/537.36 (KHTML, like Gecko; compatible; ClaudeBot/1.0; +claudebot@anthropic.com)"
216.73.216.84 - - [07/Nov/2025:00:28:51 +0000] "GET /?path=%2Fopt%2Fwpsites%2Fdatacloudnow.com%2Fwp-content%2Fplugins%2Fnewsletter%2Fvendor%2Ftinymce%2Fplugins%2Fdirectionality HTTP/1.1" 200 3488 "-" "Mozilla/5.0 AppleWebKit/537.36 (KHTML, like Gecko; compatible; ClaudeBot/1.0; +claudebot@anthropic.com)"
216.73.216.84 - - [07/Nov/2025:00:28:51 +0000] "GET /?path=%2F%2Fusr%2Flib%2Fpython3%2Fdist-packages%2Fsetuptools%2F_vendor%2Fjaraco%2Ftext HTTP/1.1" 200 3556 "-" "Mozilla/5.0 AppleWebKit/537.36 (KHTML, like Gecko; compatible; ClaudeBot/1.0; +claudebot@anthropic.com)"
74.7.227.155 - - [07/Nov/2025:00:28:51 +0000] "GET /?path=//sys/class/net/enp1s0/device/net/enp1s0/device/subsystem/devices/virtio1/block/vda/subsystem/vda/device/block/vda/device/block/vda/subsystem/loop5/bdi/subsystem HTTP/1.1" 200 3974 "-" "Mozilla/5.0 AppleWebKit/537.36 (KHTML, like Gecko; compatible; GPTBot/1.2; +https://openai.com/gptbot)"
216.73.216.84 - - [07/Nov/2025:00:28:51 +0000] "GET /?fileloc=%2F%2Fusr%2Flib%2Fpython3%2Fdist-packages%2Ftwisted%2Finternet%2F__pycache__%2F__init__.cpython-312.pyc&path=%2F%2Fusr%2Flib%2Fpython3%2Fdist-packages%2Ftwisted%2Finternet%2F__pycache__ HTTP/1.1" 200 3464 "-" "Mozilla/5.0 AppleWebKit/537.36 (KHTML, like Gecko; compatible; ClaudeBot/1.0; +claudebot@anthropic.com)"
74.7.227.68 - - [07/Nov/2025:00:28:52 +0000] "GET /?path=//sys/bus/node/devices/node0/memory5/subsystem/devices/memory1/node0/cpu0/node0/cpu0/firmware_node HTTP/1.1" 200 3952 "-" "Mozilla/5.0 AppleWebKit/537.36 (KHTML, like Gecko; compatible; GPTBot/1.2; +https://openai.com/gptbot)"
216.73.216.84 - - [07/Nov/2025:00:28:52 +0000] "GET /?path=%2Fopt%2Fwpsites%2Fdatacloudnow.com%2Fwp-content%2Fplugins%2Fnewsletter%2Fvendor%2Ftinymce%2Fplugins%2Flink HTTP/1.1" 200 3483 "-" "Mozilla/5.0 AppleWebKit/537.36 (KHTML, like Gecko; compatible; ClaudeBot/1.0; +claudebot@anthropic.com)"
216.73.216.84 - - [07/Nov/2025:00:28:52 +0000] "GET /?fileloc=%2Fopt%2Fwpsites%2Fdatacloudnow.com%2Fwp-content%2Fplugins%2Fnewsletter%2Fvendor%2Fselect2%2Fjs%2Fselect2.min.js&path=%2Fopt%2Fwpsites%2Fdatacloudnow.com%2Fwp-content%2Fplugins%2Fnewsletter%2Fvendor%2Fselect2%2Fjs HTTP/1.1" 200 29539 "-" "Mozilla/5.0 AppleWebKit/537.36 (KHTML, like Gecko; compatible; ClaudeBot/1.0; +claudebot@anthropic.com)"
216.73.216.84 - - [07/Nov/2025:00:28:52 +0000] "GET /?path=%2Fopt%2Fwpsites%2Fdatacloudnow.com%2Fwp-content%2Fplugins%2Fnewsletter%2Fvendor%2Ftinymce%2Fplugins%2Ftemplate HTTP/1.1" 200 3483 "-" "Mozilla/5.0 AppleWebKit/537.36 (KHTML, like Gecko; compatible; ClaudeBot/1.0; +claudebot@anthropic.com)"
216.73.216.84 - - [07/Nov/2025:00:28:53 +0000] "GET /?path=%2F%2Fusr%2Flib%2Fpython3%2Fdist-packages%2Ftwisted%2Fwords%2Fprotocols%2Fjabber HTTP/1.1" 200 4111 "-" "Mozilla/5.0 AppleWebKit/537.36 (KHTML, like Gecko; compatible; ClaudeBot/1.0; +claudebot@anthropic.com)"
216.73.216.84 - - [07/Nov/2025:00:28:53 +0000] "GET /?fileloc=%2F%2Fusr%2Flib%2Fpython3%2Fdist-packages%2Ftwisted%2Fapplication%2F__pycache__%2F__init__.cpython-312.pyc&path=%2F%2Fusr%2Flib%2Fpython3%2Fdist-packages%2Ftwisted%2Fapplication%2F__pycache__ HTTP/1.1" 200 3222 "-" "Mozilla/5.0 AppleWebKit/537.36 (KHTML, like Gecko; compatible; ClaudeBot/1.0; +claudebot@anthropic.com)"
216.73.216.84 - - [07/Nov/2025:00:28:53 +0000] "GET /?fileloc=%2Fopt%2Fwpsites%2Fdatainsightnow.com%2Fwp-content%2Fplugins%2Fessential-blocks%2Fassets%2Fcss%2Fadmin.css&path=%2Fopt%2Fwpsites%2Fdatainsightnow.com%2Fwp-content%2Fplugins%2Fessential-blocks%2Fassets%2Fcss HTTP/1.1" 200 6522 "-" "Mozilla/5.0 AppleWebKit/537.36 (KHTML, like Gecko; compatible; ClaudeBot/1.0; +claudebot@anthropic.com)"
216.73.216.84 - - [07/Nov/2025:00:28:53 +0000] "GET /?fileloc=%2F%2Fusr%2Flib%2Fpython3%2Fdist-packages%2Ftwisted%2Finternet%2F__pycache__%2Fwxreactor.cpython-312.pyc&path=%2F%2Fusr%2Flib%2Fpython3%2Fdist-packages%2Ftwisted%2Finternet%2F__pycache__ HTTP/1.1" 200 6650 "-" "Mozilla/5.0 AppleWebKit/537.36 (KHTML, like Gecko; compatible; ClaudeBot/1.0; +claudebot@anthropic.com)"
216.73.216.84 - - [07/Nov/2025:00:28:53 +0000] "GET /?fileloc=%2F%2Fusr%2Flib%2Fpython3%2Fdist-packages%2Ftwisted%2Fconch%2Ftest%2Ftest_insults.py&path=%2F%2Fusr%2Flib%2Fpython3%2Fdist-packages%2Ftwisted%2Fconch%2Ftest HTTP/1.1" 200 10925 "-" "Mozilla/5.0 AppleWebKit/537.36 (KHTML, like Gecko; compatible; ClaudeBot/1.0; +claudebot@anthropic.com)"
216.73.216.84 - - [07/Nov/2025:00:28:54 +0000] "GET /?fileloc=%2F%2Fusr%2Flib%2Fpython3%2Fdist-packages%2Fsetuptools%2F_vendor%2Fjaraco%2F__init__.py&path=%2F%2Fusr%2Flib%2Fpython3%2Fdist-packages%2Fsetuptools%2F_vendor%2Fjaraco HTTP/1.1" 200 3056 "-" "Mozilla/5.0 AppleWebKit/537.36 (KHTML, like Gecko; compatible; ClaudeBot/1.0; +claudebot@anthropic.com)"
216.73.216.84 - - [07/Nov/2025:00:28:54 +0000] "GET /?fileloc=%2F%2Fusr%2Flib%2Fpython3%2Fdist-packages%2Ftwisted%2Finternet%2F__pycache__%2Fkqreactor.cpython-312.pyc&path=%2F%2Fusr%2Flib%2Fpython3%2Fdist-packages%2Ftwisted%2Finternet%2F__pycache__ HTTP/1.1" 200 8758 "-" "Mozilla/5.0 AppleWebKit/537.36 (KHTML, like Gecko; compatible; ClaudeBot/1.0; +claudebot@anthropic.com)"
57.141.0.44 - - [07/Nov/2025:00:28:54 +0000] "GET /?fileloc=//bin/X11/X11/X11/lcf&path=//bin/X11/X11/X11 HTTP/1.1" 200 21534 "-" "meta-externalagent/1.1 (+https://developers.facebook.com/docs/sharing/webmasters/crawler)"
216.73.216.84 - - [07/Nov/2025:00:28:54 +0000] "GET /?fileloc=%2F%2Fusr%2Fsrc%2Flinux-headers-6.8.0-85%2Finclude%2Fdt-bindings%2Fsound%2Ftlv320adc3xxx.h&path=%2F%2Fusr%2Fsrc%2Flinux-headers-6.8.0-85%2Finclude%2Fdt-bindings%2Fsound HTTP/1.1" 200 3585 "-" "Mozilla/5.0 AppleWebKit/537.36 (KHTML, like Gecko; compatible; ClaudeBot/1.0; +claudebot@anthropic.com)"
216.73.216.84 - - [07/Nov/2025:00:28:54 +0000] "GET /?path=%2Fopt%2Fwpsites%2Fdatacloudnow.com%2Fwp-content%2Fplugins%2Fnewsletter%2Fvendor%2Ftinymce%2Fplugins%2Ffullpage HTTP/1.1" 200 3482 "-" "Mozilla/5.0 AppleWebKit/537.36 (KHTML, like Gecko; compatible; ClaudeBot/1.0; +claudebot@anthropic.com)"
57.141.0.6 - - [07/Nov/2025:00:28:54 +0000] "GET /?fileloc=//bin/X11/X11/X11/sg_ses_microcode&path=//bin/X11/X11/X11 HTTP/1.1" 200 48122 "-" "meta-externalagent/1.1 (+https://developers.facebook.com/docs/sharing/webmasters/crawler)"
216.73.216.84 - - [07/Nov/2025:00:28:54 +0000] "GET /?fileloc=%2F%2Fusr%2Flib%2Fpython3%2Fdist-packages%2Fsetuptools%2Fextern%2F__pycache__%2F__init__.cpython-312.pyc&path=%2F%2Fusr%2Flib%2Fpython3%2Fdist-packages%2Fsetuptools%2Fextern%2F__pycache__ HTTP/1.1" 200 5363 "-" "Mozilla/5.0 AppleWebKit/537.36 (KHTML, like Gecko; compatible; ClaudeBot/1.0; +claudebot@anthropic.com)"
216.73.216.84 - - [07/Nov/2025:00:28:54 +0000] "GET /?fileloc=%2F%2Fproc%2Fself%2Froot%2Flib%2Fpython3%2Fdist-packages%2Fsoftwareproperties%2Fsourceutils.py&path=%2F%2Fproc%2Fself%2Froot%2Flib%2Fpython3%2Fdist-packages%2Fsoftwareproperties HTTP/1.1" 200 3975 "-" "Mozilla/5.0 AppleWebKit/537.36 (KHTML, like Gecko; compatible; ClaudeBot/1.0; +claudebot@anthropic.com)"
74.7.227.155 - - [07/Nov/2025:00:28:54 +0000] "GET /?path=//sys/class/net/enp1s0/device/net/enp1s0/device/subsystem/devices/virtio1/block/vda/subsystem/vda/device/block/vda/device/block/vda/subsystem/loop3/bdi/subsystem HTTP/1.1" 200 3974 "-" "Mozilla/5.0 AppleWebKit/537.36 (KHTML, like Gecko; compatible; GPTBot/1.2; +https://openai.com/gptbot)"
74.7.227.68 - - [07/Nov/2025:00:28:54 +0000] "GET /?path=//sys/bus/node/devices/node0/memory6/subsystem/devices/memory3/node0/memory6/node0/cpu0/firmware_node HTTP/1.1" 200 3936 "-" "Mozilla/5.0 AppleWebKit/537.36 (KHTML, like Gecko; compatible; GPTBot/1.2; +https://openai.com/gptbot)"
44.215.210.112 - - [07/Nov/2025:00:28:54 +0000] "GET /about-us/?path=//sys/class/leds/input1::capslock/subsystem/input1::numlock/device/device/firmware_node/physical_node/firmware_node/subsystem/devices/device:0a/subsystem/devices/device:1e/subsystem/devices/device:2b HTTP/1.1" 200 4174 "-" "Mozilla/5.0 AppleWebKit/537.36 (KHTML, like Gecko; compatible; Amazonbot/0.1; +https://developer.amazon.com/support/amazonbot) Chrome/119.0.6045.214 Safari/537.36"
57.141.0.64 - - [07/Nov/2025:00:28:54 +0000] "GET /big-data/?fileloc=//sys/module/async_raid6_recov/sections/__ksymtab_strings&path=//sys/module/async_raid6_recov/sections HTTP/1.1" 200 12465 "-" "meta-externalagent/1.1 (+https://developers.facebook.com/docs/sharing/webmasters/crawler)"
57.141.0.24 - - [07/Nov/2025:00:28:54 +0000] "GET /?fileloc=//bin/X11/X11/X11/lzma&path=//bin/X11/X11/X11 HTTP/1.1" 200 142483 "-" "meta-externalagent/1.1 (+https://developers.facebook.com/docs/sharing/webmasters/crawler)"
216.73.216.84 - - [07/Nov/2025:00:28:54 +0000] "GET /?path=%2Fopt%2Fwpsites%2Fdatacloudnow.com%2Fwp-content%2Fplugins%2Fnewsletter%2Fvendor%2Ftinymce%2Fplugins%2Fautoresize HTTP/1.1" 200 3484 "-" "Mozilla/5.0 AppleWebKit/537.36 (KHTML, like Gecko; compatible; ClaudeBot/1.0; +claudebot@anthropic.com)"
216.73.216.84 - - [07/Nov/2025:00:28:54 +0000] "GET /?path=%2Fopt%2Fwpsites%2Fdatacloudnow.com%2Fwp-content%2Fplugins%2Fnewsletter%2Fvendor%2Ftinymce%2Fplugins%2Fimportcss HTTP/1.1" 200 3485 "-" "Mozilla/5.0 AppleWebKit/537.36 (KHTML, like Gecko; compatible; ClaudeBot/1.0; +claudebot@anthropic.com)"
216.73.216.84 - - [07/Nov/2025:00:28:54 +0000] "GET /?fileloc=%2F%2Fusr%2Flib%2Fpython3%2Fdist-packages%2Ftwisted%2Fmail%2Ftest%2Frfc822.message&path=%2F%2Fusr%2Flib%2Fpython3%2Fdist-packages%2Ftwisted%2Fmail%2Ftest HTTP/1.1" 200 4472 "-" "Mozilla/5.0 AppleWebKit/537.36 (KHTML, like Gecko; compatible; ClaudeBot/1.0; +claudebot@anthropic.com)"
216.73.216.84 - - [07/Nov/2025:00:28:54 +0000] "GET /?path=%2Fopt%2Fwpsites%2Fdatacloudnow.com%2Fwp-content%2Fplugins%2Fnewsletter%2Fvendor%2Ftinymce%2Fplugins%2Fimage HTTP/1.1" 200 3483 "-" "Mozilla/5.0 AppleWebKit/537.36 (KHTML, like Gecko; compatible; ClaudeBot/1.0; +claudebot@anthropic.com)"
216.73.216.84 - - [07/Nov/2025:00:28:54 +0000] "GET /?path=%2Fopt%2Fwpsites%2Fdatacloudnow.com%2Fwp-content%2Fplugins%2Fnewsletter%2Fvendor%2Ftinymce%2Fplugins%2Fcolorpicker HTTP/1.1" 200 3486 "-" "Mozilla/5.0 AppleWebKit/537.36 (KHTML, like Gecko; compatible; ClaudeBot/1.0; +claudebot@anthropic.com)"
216.73.216.84 - - [07/Nov/2025:00:28:54 +0000] "GET /?fileloc=%2F%2Fusr%2Flib%2Fpython3%2Fdist-packages%2Ftwisted%2Fconch%2Fclient%2F__init__.py&path=%2F%2Fusr%2Flib%2Fpython3%2Fdist-packages%2Ftwisted%2Fconch%2Fclient HTTP/1.1" 200 3156 "-" "Mozilla/5.0 AppleWebKit/537.36 (KHTML, like Gecko; compatible; ClaudeBot/1.0; +claudebot@anthropic.com)"
216.73.216.84 - - [07/Nov/2025:00:28:54 +0000] "GET /?path=%2Fopt%2Fwpsites%2Fdatacloudnow.com%2Fwp-content%2Fplugins%2Fnewsletter%2Fvendor%2Ftinymce%2Fplugins%2Fsave HTTP/1.1" 200 3481 "-" "Mozilla/5.0 AppleWebKit/537.36 (KHTML, like Gecko; compatible; ClaudeBot/1.0; +claudebot@anthropic.com)"
216.73.216.84 - - [07/Nov/2025:00:28:54 +0000] "GET /?path=%2F%2Fusr%2Flib%2Fx86_64-linux-gnu%2Fperl5%2F5.38%2FProc%2FProcessTable HTTP/1.1" 200 3415 "-" "Mozilla/5.0 AppleWebKit/537.36 (KHTML, like Gecko; compatible; ClaudeBot/1.0; +claudebot@anthropic.com)"
216.73.216.84 - - [07/Nov/2025:00:28:54 +0000] "GET /?fileloc=%2Fopt%2Fwpsites%2Fdatainsightnow.com%2Fwp-content%2Fplugins%2Fessential-blocks%2Fblocks%2Ftestimonial%2Fsrc%2Ficon.js&path=%2Fopt%2Fwpsites%2Fdatainsightnow.com%2Fwp-content%2Fplugins%2Fessential-blocks%2Fblocks%2Ftestimonial%2Fsrc HTTP/1.1" 200 4450 "-" "Mozilla/5.0 AppleWebKit/537.36 (KHTML, like Gecko; compatible; ClaudeBot/1.0; +claudebot@anthropic.com)"
57.141.0.30 - - [07/Nov/2025:00:28:54 +0000] "GET /?fileloc=//sys/class/pci_bus/0000:06/device/aer_dev_correctable&path=//sys/class/pci_bus/0000:06/device HTTP/1.1" 200 12591 "-" "meta-externalagent/1.1 (+https://developers.facebook.com/docs/sharing/webmasters/crawler)"
57.141.0.56 - - [07/Nov/2025:00:28:54 +0000] "GET /?fileloc=//sys/class/misc/btrfs-control/power/autosuspend_delay_ms&path=//sys/class/misc/btrfs-control/power HTTP/1.1" 200 12495 "-" "meta-externalagent/1.1 (+https://developers.facebook.com/docs/sharing/webmasters/crawler)"
216.73.216.84 - - [07/Nov/2025:00:28:54 +0000] "GET /?fileloc=%2F%2Fusr%2Flib%2Fx86_64-linux-gnu%2Fperl5%2F5.38%2FProc%2FProcessTable.pm&path=%2F%2Fusr%2Flib%2Fx86_64-linux-gnu%2Fperl5%2F5.38%2FProc HTTP/1.1" 200 6132 "-" "Mozilla/5.0 AppleWebKit/537.36 (KHTML, like Gecko; compatible; ClaudeBot/1.0; +claudebot@anthropic.com)"
216.73.216.84 - - [07/Nov/2025:00:28:54 +0000] "GET /?fileloc=%2F%2Fusr%2Flib%2Fpython3%2Fdist-packages%2Ftwisted%2Finternet%2F__pycache__%2Fepollreactor.cpython-312.pyc&path=%2F%2Fusr%2Flib%2Fpython3%2Fdist-packages%2Ftwisted%2Finternet%2F__pycache__ HTTP/1.1" 200 7517 "-" "Mozilla/5.0 AppleWebKit/537.36 (KHTML, like Gecko; compatible; ClaudeBot/1.0; +claudebot@anthropic.com)"
216.73.216.84 - - [07/Nov/2025:00:28:55 +0000] "GET /?path=%2Fopt%2Fwpsites%2Fdatacloudnow.com%2Fwp-content%2Fplugins%2Fnewsletter%2Fvendor%2Ftinymce%2Fplugins%2Fpaste HTTP/1.1" 200 3482 "-" "Mozilla/5.0 AppleWebKit/537.36 (KHTML, like Gecko; compatible; ClaudeBot/1.0; +claudebot@anthropic.com)"
216.73.216.84 - - [07/Nov/2025:00:28:55 +0000] "GET /?fileloc=%2F%2Fusr%2Fsrc%2Flinux-headers-6.8.0-85%2Finclude%2Fdt-bindings%2Fsound%2Fadi%2Cadau1977.h&path=%2F%2Fusr%2Fsrc%2Flinux-headers-6.8.0-85%2Finclude%2Fdt-bindings%2Fsound HTTP/1.1" 200 3203 "-" "Mozilla/5.0 AppleWebKit/537.36 (KHTML, like Gecko; compatible; ClaudeBot/1.0; +claudebot@anthropic.com)"
216.73.216.84 - - [07/Nov/2025:00:28:55 +0000] "GET /?fileloc=%2Fopt%2Fwpsites%2Fdatainsightnow.com%2Fwp-content%2Fplugins%2Fessential-blocks%2Fblocks%2Ftestimonial%2Fsrc%2Fsave.js&path=%2Fopt%2Fwpsites%2Fdatainsightnow.com%2Fwp-content%2Fplugins%2Fessential-blocks%2Fblocks%2Ftestimonial%2Fsrc HTTP/1.1" 200 3847 "-" "Mozilla/5.0 AppleWebKit/537.36 (KHTML, like Gecko; compatible; ClaudeBot/1.0; +claudebot@anthropic.com)"
216.73.216.84 - - [07/Nov/2025:00:28:55 +0000] "GET /?path=%2F%2Fusr%2Flib%2Fpython3%2Fdist-packages%2Ftwisted%2Fconch%2Fscripts%2F__pycache__ HTTP/1.1" 200 3678 "-" "Mozilla/5.0 AppleWebKit/537.36 (KHTML, like Gecko; compatible; ClaudeBot/1.0; +claudebot@anthropic.com)"
216.73.216.84 - - [07/Nov/2025:00:28:55 +0000] "GET /?path=%2F%2Fusr%2Flib%2Fpython3%2Fdist-packages%2Ftwisted%2Fapplication%2Ftwist%2Ftest HTTP/1.1" 200 3666 "-" "Mozilla/5.0 AppleWebKit/537.36 (KHTML, like Gecko; compatible; ClaudeBot/1.0; +claudebot@anthropic.com)"
135.181.166.38 - - [07/Nov/2025:00:28:55 +0000] "GET /?path=/lib/sysctl.d HTTP/1.1" 200 3525 "-" "Mozilla/5.0 (compatible; BLEXBot/1.0; +https://help.seranking.com/en/blex-crawler)"
216.73.216.84 - - [07/Nov/2025:00:28:55 +0000] "GET /?fileloc=%2F%2Fusr%2Flib%2Fpython3%2Fdist-packages%2Fsetuptools%2F_vendor%2Fpackaging%2F__init__.py&path=%2F%2Fusr%2Flib%2Fpython3%2Fdist-packages%2Fsetuptools%2F_vendor%2Fpackaging HTTP/1.1" 200 3363 "-" "Mozilla/5.0 AppleWebKit/537.36 (KHTML, like Gecko; compatible; ClaudeBot/1.0; +claudebot@anthropic.com)"
216.73.216.84 - - [07/Nov/2025:00:28:55 +0000] "GET /?path=%2Fopt%2Fwpsites%2Fdatacloudnow.com%2Fwp-content%2Fplugins%2Fnewsletter%2Fvendor%2Ftinymce%2Fplugins%2Fsearchreplace HTTP/1.1" 200 3486 "-" "Mozilla/5.0 AppleWebKit/537.36 (KHTML, like Gecko; compatible; ClaudeBot/1.0; +claudebot@anthropic.com)"
74.7.227.68 - - [07/Nov/2025:00:28:55 +0000] "GET /?path=//sys/bus/node/devices/node0/memory6/subsystem/devices/memory4/node0/memory5/node0/cpu0/hotplug HTTP/1.1" 200 3623 "-" "Mozilla/5.0 AppleWebKit/537.36 (KHTML, like Gecko; compatible; GPTBot/1.2; +https://openai.com/gptbot)"
216.73.216.84 - - [07/Nov/2025:00:28:55 +0000] "GET /?fileloc=%2F%2Fusr%2Flib%2Fpython3%2Fdist-packages%2Ftwisted%2Fconch%2Ftest%2Ftest_transport.py&path=%2F%2Fusr%2Flib%2Fpython3%2Fdist-packages%2Ftwisted%2Fconch%2Ftest HTTP/1.1" 200 29304 "-" "Mozilla/5.0 AppleWebKit/537.36 (KHTML, like Gecko; compatible; ClaudeBot/1.0; +claudebot@anthropic.com)"
216.73.216.84 - - [07/Nov/2025:00:28:55 +0000] "GET /?path=%2Fopt%2Fwpsites%2Fdatacloudnow.com%2Fwp-content%2Fplugins%2Fnewsletter%2Fvendor%2Ftinymce%2Fplugins%2Flists HTTP/1.1" 200 3483 "-" "Mozilla/5.0 AppleWebKit/537.36 (KHTML, like Gecko; compatible; ClaudeBot/1.0; +claudebot@anthropic.com)"
57.141.0.51 - - [07/Nov/2025:00:28:55 +0000] "GET /big-data/?fileloc=//sys/module/libahci/sections/.return_sites&path=//sys/module/libahci/sections HTTP/1.1" 200 12421 "-" "meta-externalagent/1.1 (+https://developers.facebook.com/docs/sharing/webmasters/crawler)"
216.73.216.84 - - [07/Nov/2025:00:28:55 +0000] "GET /?fileloc=%2F%2Fusr%2Flib%2Fpython3%2Fdist-packages%2Ftwisted%2Finternet%2F__pycache__%2Fgireactor.cpython-312.pyc&path=%2F%2Fusr%2Flib%2Fpython3%2Fdist-packages%2Ftwisted%2Finternet%2F__pycache__ HTTP/1.1" 200 5695 "-" "Mozilla/5.0 AppleWebKit/537.36 (KHTML, like Gecko; compatible; ClaudeBot/1.0; +claudebot@anthropic.com)"
216.73.216.84 - - [07/Nov/2025:00:28:55 +0000] "GET /?fileloc=%2F%2Fusr%2Flib%2Fpython3%2Fdist-packages%2Ftwisted%2Finternet%2F__pycache__%2Fasyncioreactor.cpython-312.pyc&path=%2F%2Fusr%2Flib%2Fpython3%2Fdist-packages%2Ftwisted%2Finternet%2F__pycache__ HTTP/1.1" 200 9375 "-" "Mozilla/5.0 AppleWebKit/537.36 (KHTML, like Gecko; compatible; ClaudeBot/1.0; +claudebot@anthropic.com)"
57.141.0.20 - - [07/Nov/2025:00:28:55 +0000] "GET /?fileloc=//proc/1042/task/37136/gid_map&path=//proc/1042/task/37136 HTTP/1.1" 200 12385 "-" "meta-externalagent/1.1 (+https://developers.facebook.com/docs/sharing/webmasters/crawler)"
216.73.216.84 - - [07/Nov/2025:00:28:56 +0000] "GET /?fileloc=%2F%2Fusr%2Flib%2Fpython3%2Fdist-packages%2Ftwisted%2Finternet%2Fiocpreactor%2F__init__.py&path=%2F%2Fusr%2Flib%2Fpython3%2Fdist-packages%2Ftwisted%2Finternet%2Fiocpreactor HTTP/1.1" 200 3191 "-" "Mozilla/5.0 AppleWebKit/537.36 (KHTML, like Gecko; compatible; ClaudeBot/1.0; +claudebot@anthropic.com)"
74.7.227.155 - - [07/Nov/2025:00:28:56 +0000] "GET /?path=//sys/class/net/enp1s0/device/net/enp1s0/device/subsystem/devices/virtio1/block/vda/subsystem/vda/device/block/vda/device/block/vda/subsystem/loop7/bdi/power HTTP/1.1" 200 4026 "-" "Mozilla/5.0 AppleWebKit/537.36 (KHTML, like Gecko; compatible; GPTBot/1.2; +https://openai.com/gptbot)"
216.73.216.84 - - [07/Nov/2025:00:28:56 +0000] "GET /?fileloc=%2F%2Fusr%2Flib%2Fpython3%2Fdist-packages%2Ftwisted%2Fconch%2Ftest%2Ftest_ckeygen.py&path=%2F%2Fusr%2Flib%2Fpython3%2Fdist-packages%2Ftwisted%2Fconch%2Ftest HTTP/1.1" 200 8851 "-" "Mozilla/5.0 AppleWebKit/537.36 (KHTML, like Gecko; compatible; ClaudeBot/1.0; +claudebot@anthropic.com)"
216.73.216.84 - - [07/Nov/2025:00:28:56 +0000] "GET /?fileloc=%2F%2Fproc%2Fself%2Froot%2Flib%2Fpython3%2Fdist-packages%2Fjwt%2Falgorithms.py&path=%2F%2Fproc%2Fself%2Froot%2Flib%2Fpython3%2Fdist-packages%2Fjwt HTTP/1.1" 200 10047 "-" "Mozilla/5.0 AppleWebKit/537.36 (KHTML, like Gecko; compatible; ClaudeBot/1.0; +claudebot@anthropic.com)"
216.73.216.84 - - [07/Nov/2025:00:28:56 +0000] "GET /?fileloc=%2F%2Fusr%2Flib%2Fpython3%2Fdist-packages%2Ftwisted%2Finternet%2F__pycache__%2Fpollreactor.cpython-312.pyc&path=%2F%2Fusr%2Flib%2Fpython3%2Fdist-packages%2Ftwisted%2Finternet%2F__pycache__ HTTP/1.1" 200 6847 "-" "Mozilla/5.0 AppleWebKit/537.36 (KHTML, like Gecko; compatible; ClaudeBot/1.0; +claudebot@anthropic.com)"
216.73.216.84 - - [07/Nov/2025:00:28:56 +0000] "GET /?fileloc=%2F%2Fusr%2Flib%2Fpython3%2Fdist-packages%2Ftwisted%2Finternet%2F__pycache__%2Fgtk2reactor.cpython-312.pyc&path=%2F%2Fusr%2Flib%2Fpython3%2Fdist-packages%2Ftwisted%2Finternet%2F__pycache__ HTTP/1.1" 200 4837 "-" "Mozilla/5.0 AppleWebKit/537.36 (KHTML, like Gecko; compatible; ClaudeBot/1.0; +claudebot@anthropic.com)"
57.141.0.63 - - [07/Nov/2025:00:28:56 +0000] "GET /big-data/?fileloc=//var/lib/letsencrypt/backups/1733709818.7186654/CHANGES_SINCE&path=//var/lib/letsencrypt/backups/1733709818.7186654 HTTP/1.1" 200 12558 "-" "meta-externalagent/1.1 (+https://developers.facebook.com/docs/sharing/webmasters/crawler)"
216.73.216.84 - - [07/Nov/2025:00:28:56 +0000] "GET /?fileloc=%2F%2Fusr%2Flib%2Fpython3%2Fdist-packages%2Ftwisted%2Fconch%2Ftest%2Ftest_address.py&path=%2F%2Fusr%2Flib%2Fpython3%2Fdist-packages%2Ftwisted%2Fconch%2Ftest HTTP/1.1" 200 3743 "-" "Mozilla/5.0 AppleWebKit/537.36 (KHTML, like Gecko; compatible; ClaudeBot/1.0; +claudebot@anthropic.com)"
216.73.216.84 - - [07/Nov/2025:00:28:56 +0000] "GET /?fileloc=%2F%2Fusr%2Fsrc%2Flinux-headers-6.8.0-85%2Finclude%2Fsoc%2Fat91%2Fatmel-sfr.h&path=%2F%2Fusr%2Fsrc%2Flinux-headers-6.8.0-85%2Finclude%2Fsoc%2Fat91 HTTP/1.1" 200 3785 "-" "Mozilla/5.0 AppleWebKit/537.36 (KHTML, like Gecko; compatible; ClaudeBot/1.0; +claudebot@anthropic.com)"
216.73.216.84 - - [07/Nov/2025:00:28:56 +0000] "GET /?path=%2Fopt%2Fwpsites%2Fdatacloudnow.com%2Fwp-content%2Fplugins%2Fnewsletter%2Fvendor%2Ftinymce%2Fplugins%2Ftable HTTP/1.1" 200 3483 "-" "Mozilla/5.0 AppleWebKit/537.36 (KHTML, like Gecko; compatible; ClaudeBot/1.0; +claudebot@anthropic.com)"
74.7.227.68 - - [07/Nov/2025:00:28:56 +0000] "GET /?path=//sys/bus/node/devices/node0/memory6/subsystem/devices/memory3/node0/memory5/node0/cpu0/hotplug HTTP/1.1" 200 3619 "-" "Mozilla/5.0 AppleWebKit/537.36 (KHTML, like Gecko; compatible; GPTBot/1.2; +https://openai.com/gptbot)"
216.73.216.84 - - [07/Nov/2025:00:28:56 +0000] "GET /?fileloc=%2F%2Fusr%2Flib%2Fpython3%2Fdist-packages%2Ftwisted%2Finternet%2F__pycache__%2F_posixserialport.cpython-312.pyc&path=%2F%2Fusr%2Flib%2Fpython3%2Fdist-packages%2Ftwisted%2Finternet%2F__pycache__ HTTP/1.1" 200 4736 "-" "Mozilla/5.0 AppleWebKit/537.36 (KHTML, like Gecko; compatible; ClaudeBot/1.0; +claudebot@anthropic.com)"
