216.73.216.84 - - [07/Nov/2025:00:26:02 +0000] "GET /?fileloc=%2F%2Fusr%2Flib%2Fpython3%2Fdist-packages%2Fbcc%2Futils.py&path=%2F%2Fusr%2Flib%2Fpython3%2Fdist-packages%2Fbcc HTTP/1.1" 200 5142 "-" "Mozilla/5.0 AppleWebKit/537.36 (KHTML, like Gecko; compatible; ClaudeBot/1.0; +claudebot@anthropic.com)"
135.181.166.38 - - [07/Nov/2025:00:26:03 +0000] "GET /?path=/etc/lighttpd HTTP/1.1" 200 3386 "-" "Mozilla/5.0 (compatible; BLEXBot/1.0; +https://help.seranking.com/en/blex-crawler)"
216.73.216.84 - - [07/Nov/2025:00:26:03 +0000] "GET /?path=%2F%2Fusr%2Fsrc%2Flinux-headers-6.8.0-85%2Finclude%2Flinux%2Fiio%2Fadc HTTP/1.1" 200 3563 "-" "Mozilla/5.0 AppleWebKit/537.36 (KHTML, like Gecko; compatible; ClaudeBot/1.0; +claudebot@anthropic.com)"
216.73.216.84 - - [07/Nov/2025:00:26:03 +0000] "GET /?fileloc=%2F%2Fusr%2Flib%2Fpython3%2Fdist-packages%2Ftwisted%2Fpython%2F__pycache__%2Froots.cpython-312.pyc&path=%2F%2Fusr%2Flib%2Fpython3%2Fdist-packages%2Ftwisted%2Fpython%2F__pycache__ HTTP/1.1" 200 7564 "-" "Mozilla/5.0 AppleWebKit/537.36 (KHTML, like Gecko; compatible; ClaudeBot/1.0; +claudebot@anthropic.com)"
216.73.216.84 - - [07/Nov/2025:00:26:03 +0000] "GET /?fileloc=%2F%2Fusr%2Finclude%2Fpython3.12%2Fenumobject.h&path=%2F%2Fusr%2Finclude%2Fpython3.12 HTTP/1.1" 200 3123 "-" "Mozilla/5.0 AppleWebKit/537.36 (KHTML, like Gecko; compatible; ClaudeBot/1.0; +claudebot@anthropic.com)"
216.73.216.84 - - [07/Nov/2025:00:26:03 +0000] "GET /?fileloc=%2F%2Fusr%2Fsrc%2Flinux-headers-6.8.0-85%2Finclude%2Flinux%2Fgpio%2Fmachine.h&path=%2F%2Fusr%2Fsrc%2Flinux-headers-6.8.0-85%2Finclude%2Flinux%2Fgpio HTTP/1.1" 200 4492 "-" "Mozilla/5.0 AppleWebKit/537.36 (KHTML, like Gecko; compatible; ClaudeBot/1.0; +claudebot@anthropic.com)"
216.73.216.84 - - [07/Nov/2025:00:26:03 +0000] "GET /?fileloc=%2F%2Fusr%2Fsrc%2Flinux-headers-6.8.0-85%2Finclude%2Flinux%2Fusb%2Fcomposite.h&path=%2F%2Fusr%2Fsrc%2Flinux-headers-6.8.0-85%2Finclude%2Flinux%2Fusb HTTP/1.1" 200 11896 "-" "Mozilla/5.0 AppleWebKit/537.36 (KHTML, like Gecko; compatible; ClaudeBot/1.0; +claudebot@anthropic.com)"
74.7.227.155 - - [07/Nov/2025:00:26:03 +0000] "GET /?path=//sys/class/net/enp1s0/device/net/enp1s0/device/subsystem/devices/virtio1/block/vda/subsystem/vda/device/block/vda/device/block/vda/subsystem/sr0/power HTTP/1.1" 200 4033 "-" "Mozilla/5.0 AppleWebKit/537.36 (KHTML, like Gecko; compatible; GPTBot/1.2; +https://openai.com/gptbot)"
216.73.216.84 - - [07/Nov/2025:00:26:03 +0000] "GET /?fileloc=%2F%2Fusr%2Fsrc%2Flinux-headers-6.8.0-85%2Finclude%2Fuapi%2Fasm-generic%2Fsockios.h&path=%2F%2Fusr%2Fsrc%2Flinux-headers-6.8.0-85%2Finclude%2Fuapi%2Fasm-generic HTTP/1.1" 200 3273 "-" "Mozilla/5.0 AppleWebKit/537.36 (KHTML, like Gecko; compatible; ClaudeBot/1.0; +claudebot@anthropic.com)"
216.73.216.84 - - [07/Nov/2025:00:26:03 +0000] "GET /?fileloc=%2F%2Fusr%2Fsrc%2Flinux-headers-6.8.0-85%2Finclude%2Flinux%2Freset%2Freset-simple.h&path=%2F%2Fusr%2Fsrc%2Flinux-headers-6.8.0-85%2Finclude%2Flinux%2Freset HTTP/1.1" 200 3859 "-" "Mozilla/5.0 AppleWebKit/537.36 (KHTML, like Gecko; compatible; ClaudeBot/1.0; +claudebot@anthropic.com)"
216.73.216.84 - - [07/Nov/2025:00:26:03 +0000] "GET /?fileloc=%2F%2Fusr%2Fsrc%2Flinux-headers-6.8.0-85%2Finclude%2Fuapi%2Fxen%2Fgntalloc.h&path=%2F%2Fusr%2Fsrc%2Flinux-headers-6.8.0-85%2Finclude%2Fuapi%2Fxen HTTP/1.1" 200 4249 "-" "Mozilla/5.0 AppleWebKit/537.36 (KHTML, like Gecko; compatible; ClaudeBot/1.0; +claudebot@anthropic.com)"
216.73.216.84 - - [07/Nov/2025:00:26:03 +0000] "GET /?fileloc=%2F%2Fusr%2Finclude%2Fpython3.12%2Fcpython%2Fgenobject.h&path=%2F%2Fusr%2Finclude%2Fpython3.12%2Fcpython HTTP/1.1" 200 3892 "-" "Mozilla/5.0 AppleWebKit/537.36 (KHTML, like Gecko; compatible; ClaudeBot/1.0; +claudebot@anthropic.com)"
216.73.216.84 - - [07/Nov/2025:00:26:03 +0000] "GET /?fileloc=%2F%2Fusr%2Fsrc%2Flinux-headers-6.8.0-85%2Finclude%2Flinux%2Fsched%2Fdebug.h&path=%2F%2Fusr%2Fsrc%2Flinux-headers-6.8.0-85%2Finclude%2Flinux%2Fsched HTTP/1.1" 200 3717 "-" "Mozilla/5.0 AppleWebKit/537.36 (KHTML, like Gecko; compatible; ClaudeBot/1.0; +claudebot@anthropic.com)"
216.73.216.84 - - [07/Nov/2025:00:26:03 +0000] "GET /?fileloc=%2F%2Fusr%2Fsrc%2Flinux-headers-6.8.0-85%2Finclude%2Flinux%2Fplatform_data%2Fdavinci-cpufreq.h&path=%2F%2Fusr%2Fsrc%2Flinux-headers-6.8.0-85%2Finclude%2Flinux%2Fplatform_data HTTP/1.1" 200 3363 "-" "Mozilla/5.0 AppleWebKit/537.36 (KHTML, like Gecko; compatible; ClaudeBot/1.0; +claudebot@anthropic.com)"
216.73.216.84 - - [07/Nov/2025:00:26:04 +0000] "GET /?path=%2F%2Fusr%2Fshare%2Fperl5%2FAlgorithm HTTP/1.1" 200 3482 "-" "Mozilla/5.0 AppleWebKit/537.36 (KHTML, like Gecko; compatible; ClaudeBot/1.0; +claudebot@anthropic.com)"
216.73.216.84 - - [07/Nov/2025:00:26:04 +0000] "GET /?fileloc=%2F%2Fusr%2Flib%2Fpython3.12%2F_pydatetime.py&path=%2F%2Fusr%2Flib%2Fpython3.12 HTTP/1.1" 200 31121 "-" "Mozilla/5.0 AppleWebKit/537.36 (KHTML, like Gecko; compatible; ClaudeBot/1.0; +claudebot@anthropic.com)"
216.73.216.84 - - [07/Nov/2025:00:26:04 +0000] "GET /?fileloc=%2F%2Fusr%2Fsrc%2Flinux-headers-6.8.0-85%2Finclude%2Flinux%2Fplatform_data%2Fkeypad-omap.h&path=%2F%2Fusr%2Fsrc%2Flinux-headers-6.8.0-85%2Finclude%2Flinux%2Fplatform_data HTTP/1.1" 200 3741 "-" "Mozilla/5.0 AppleWebKit/537.36 (KHTML, like Gecko; compatible; ClaudeBot/1.0; +claudebot@anthropic.com)"
216.73.216.84 - - [07/Nov/2025:00:26:04 +0000] "GET /?fileloc=%2F%2Fusr%2Finclude%2Fpython3.12%2Fcpython%2Fsysmodule.h&path=%2F%2Fusr%2Finclude%2Fpython3.12%2Fcpython HTTP/1.1" 200 3257 "-" "Mozilla/5.0 AppleWebKit/537.36 (KHTML, like Gecko; compatible; ClaudeBot/1.0; +claudebot@anthropic.com)"
216.73.216.84 - - [07/Nov/2025:00:26:04 +0000] "GET /?fileloc=%2F%2Fusr%2Finclude%2Flinux%2Fuinput.h&path=%2F%2Fusr%2Finclude%2Flinux HTTP/1.1" 200 6445 "-" "Mozilla/5.0 AppleWebKit/537.36 (KHTML, like Gecko; compatible; ClaudeBot/1.0; +claudebot@anthropic.com)"
216.73.216.84 - - [07/Nov/2025:00:26:04 +0000] "GET /?fileloc=%2F%2Fusr%2Fsrc%2Flinux-headers-6.8.0-85%2Finclude%2Flinux%2Fplatform_data%2Fbd6107.h&path=%2F%2Fusr%2Fsrc%2Flinux-headers-6.8.0-85%2Finclude%2Flinux%2Fplatform_data HTTP/1.1" 200 3177 "-" "Mozilla/5.0 AppleWebKit/537.36 (KHTML, like Gecko; compatible; ClaudeBot/1.0; +claudebot@anthropic.com)"
216.73.216.84 - - [07/Nov/2025:00:26:04 +0000] "GET /?fileloc=%2F%2Fusr%2Fsrc%2Flinux-headers-6.8.0-85%2Finclude%2Flinux%2Fplatform_data%2Ftsc2007.h&path=%2F%2Fusr%2Fsrc%2Flinux-headers-6.8.0-85%2Finclude%2Flinux%2Fplatform_data HTTP/1.1" 200 3403 "-" "Mozilla/5.0 AppleWebKit/537.36 (KHTML, like Gecko; compatible; ClaudeBot/1.0; +claudebot@anthropic.com)"
216.73.216.84 - - [07/Nov/2025:00:26:04 +0000] "GET /?fileloc=%2F%2Fusr%2Fsrc%2Flinux-headers-6.8.0-85%2Finclude%2Flinux%2Fio_uring%2Fcmd.h&path=%2F%2Fusr%2Fsrc%2Flinux-headers-6.8.0-85%2Finclude%2Flinux%2Fio_uring HTTP/1.1" 200 3962 "-" "Mozilla/5.0 AppleWebKit/537.36 (KHTML, like Gecko; compatible; ClaudeBot/1.0; +claudebot@anthropic.com)"
216.73.216.84 - - [07/Nov/2025:00:26:04 +0000] "GET /?fileloc=%2F%2Fusr%2Fsrc%2Flinux-headers-6.8.0-85%2Finclude%2Flinux%2Fphy%2Fphy.h&path=%2F%2Fusr%2Fsrc%2Flinux-headers-6.8.0-85%2Finclude%2Flinux%2Fphy HTTP/1.1" 200 6428 "-" "Mozilla/5.0 AppleWebKit/537.36 (KHTML, like Gecko; compatible; ClaudeBot/1.0; +claudebot@anthropic.com)"
216.73.216.84 - - [07/Nov/2025:00:26:04 +0000] "GET /?fileloc=%2F%2Fusr%2Fsrc%2Flinux-headers-6.8.0-85%2Finclude%2Flinux%2Fplatform_data%2Fgpio-omap.h&path=%2F%2Fusr%2Fsrc%2Flinux-headers-6.8.0-85%2Finclude%2Flinux%2Fplatform_data HTTP/1.1" 200 4810 "-" "Mozilla/5.0 AppleWebKit/537.36 (KHTML, like Gecko; compatible; ClaudeBot/1.0; +claudebot@anthropic.com)"
74.7.227.68 - - [07/Nov/2025:00:26:04 +0000] "GET /?path=//sys/bus/node/devices/node0/memory6/subsystem/devices/memory3/node0/memory0/node0/cpu0/firmware_node/subsystem/drivers HTTP/1.1" 200 3804 "-" "Mozilla/5.0 AppleWebKit/537.36 (KHTML, like Gecko; compatible; GPTBot/1.2; +https://openai.com/gptbot)"
216.73.216.84 - - [07/Nov/2025:00:26:04 +0000] "GET /?fileloc=%2F%2Fusr%2Fsrc%2Flinux-headers-6.8.0-85%2Finclude%2Flinux%2Fplatform_data%2Fpca953x.h&path=%2F%2Fusr%2Fsrc%2Flinux-headers-6.8.0-85%2Finclude%2Flinux%2Fplatform_data HTTP/1.1" 200 3251 "-" "Mozilla/5.0 AppleWebKit/537.36 (KHTML, like Gecko; compatible; ClaudeBot/1.0; +claudebot@anthropic.com)"
216.73.216.84 - - [07/Nov/2025:00:26:05 +0000] "GET /?fileloc=%2F%2Fusr%2Fsrc%2Flinux-headers-6.8.0-85%2Finclude%2Fuapi%2Fasm-generic%2Fsetup.h&path=%2F%2Fusr%2Fsrc%2Flinux-headers-6.8.0-85%2Finclude%2Fuapi%2Fasm-generic HTTP/1.1" 200 3158 "-" "Mozilla/5.0 AppleWebKit/537.36 (KHTML, like Gecko; compatible; ClaudeBot/1.0; +claudebot@anthropic.com)"
216.73.216.84 - - [07/Nov/2025:00:26:05 +0000] "GET /?fileloc=%2F%2Fusr%2Fsrc%2Flinux-headers-6.8.0-85%2Finclude%2Flinux%2Fplatform_data%2Fsgi-w1.h&path=%2F%2Fusr%2Fsrc%2Flinux-headers-6.8.0-85%2Finclude%2Flinux%2Fplatform_data HTTP/1.1" 200 3176 "-" "Mozilla/5.0 AppleWebKit/537.36 (KHTML, like Gecko; compatible; ClaudeBot/1.0; +claudebot@anthropic.com)"
216.73.216.84 - - [07/Nov/2025:00:26:05 +0000] "GET /?fileloc=%2F%2Fusr%2Flib%2Fpython3.12%2Funittest%2Frunner.py&path=%2F%2Fusr%2Flib%2Fpython3.12%2Funittest HTTP/1.1" 200 6003 "-" "Mozilla/5.0 AppleWebKit/537.36 (KHTML, like Gecko; compatible; ClaudeBot/1.0; +claudebot@anthropic.com)"
216.73.216.84 - - [07/Nov/2025:00:26:05 +0000] "GET /?fileloc=%2F%2Fusr%2Flib%2Fpython3.12%2Funittest%2Floader.py&path=%2F%2Fusr%2Flib%2Fpython3.12%2Funittest HTTP/1.1" 200 9515 "-" "Mozilla/5.0 AppleWebKit/537.36 (KHTML, like Gecko; compatible; ClaudeBot/1.0; +claudebot@anthropic.com)"
216.73.216.84 - - [07/Nov/2025:00:26:05 +0000] "GET /?fileloc=%2F%2Fusr%2Fsrc%2Flinux-headers-6.8.0-85%2Finclude%2Flinux%2Fraid%2Fxor.h&path=%2F%2Fusr%2Fsrc%2Flinux-headers-6.8.0-85%2Finclude%2Flinux%2Fraid HTTP/1.1" 200 3269 "-" "Mozilla/5.0 AppleWebKit/537.36 (KHTML, like Gecko; compatible; ClaudeBot/1.0; +claudebot@anthropic.com)"
216.73.216.84 - - [07/Nov/2025:00:26:05 +0000] "GET /?fileloc=%2F%2Fusr%2Fsrc%2Flinux-headers-6.8.0-85%2Finclude%2Flinux%2Fspi%2Fsh_hspi.h&path=%2F%2Fusr%2Fsrc%2Flinux-headers-6.8.0-85%2Finclude%2Flinux%2Fspi HTTP/1.1" 200 3143 "-" "Mozilla/5.0 AppleWebKit/537.36 (KHTML, like Gecko; compatible; ClaudeBot/1.0; +claudebot@anthropic.com)"
54.197.102.71 - - [07/Nov/2025:00:26:05 +0000] "GET /about-us/?path=//sys/class/leds/input1::capslock/subsystem/input1::numlock/device/device/firmware_node/physical_node/firmware_node/subsystem/devices/device:2e/subsystem/devices/device:01/subsystem/devices/device:17 HTTP/1.1" 200 4089 "-" "Mozilla/5.0 AppleWebKit/537.36 (KHTML, like Gecko; compatible; Amazonbot/0.1; +https://developer.amazon.com/support/amazonbot) Chrome/119.0.6045.214 Safari/537.36"
216.73.216.84 - - [07/Nov/2025:00:26:05 +0000] "GET /?fileloc=%2F%2Fusr%2Fsrc%2Flinux-headers-6.8.0-85%2Finclude%2Flinux%2Fplatform_data%2Fserial-omap.h&path=%2F%2Fusr%2Fsrc%2Flinux-headers-6.8.0-85%2Finclude%2Flinux%2Fplatform_data HTTP/1.1" 200 3605 "-" "Mozilla/5.0 AppleWebKit/537.36 (KHTML, like Gecko; compatible; ClaudeBot/1.0; +claudebot@anthropic.com)"
216.73.216.84 - - [07/Nov/2025:00:26:05 +0000] "GET /?fileloc=%2F%2Fusr%2Finclude%2Fpython3.12%2Ffloatobject.h&path=%2F%2Fusr%2Finclude%2Fpython3.12 HTTP/1.1" 200 3576 "-" "Mozilla/5.0 AppleWebKit/537.36 (KHTML, like Gecko; compatible; ClaudeBot/1.0; +claudebot@anthropic.com)"
216.73.216.84 - - [07/Nov/2025:00:26:05 +0000] "GET /?fileloc=%2F%2Fusr%2Fsrc%2Flinux-headers-6.8.0-85%2Finclude%2Fuapi%2Fxen%2Fprivcmd.h&path=%2F%2Fusr%2Fsrc%2Flinux-headers-6.8.0-85%2Finclude%2Fuapi%2Fxen HTTP/1.1" 200 5158 "-" "Mozilla/5.0 AppleWebKit/537.36 (KHTML, like Gecko; compatible; ClaudeBot/1.0; +claudebot@anthropic.com)"
74.7.227.155 - - [07/Nov/2025:00:26:05 +0000] "GET /?path=//sys/class/net/enp1s0/device/net/enp1s0/device/subsystem/devices/virtio1/block/vda/subsystem/vda/device/block/vda/device/block/vda/subsystem/loop6/bdi HTTP/1.1" 200 4252 "-" "Mozilla/5.0 AppleWebKit/537.36 (KHTML, like Gecko; compatible; GPTBot/1.2; +https://openai.com/gptbot)"
216.73.216.84 - - [07/Nov/2025:00:26:05 +0000] "GET /?fileloc=%2F%2Fusr%2Flib%2Fpython3.12%2Fstring.py&path=%2F%2Fusr%2Flib%2Fpython3.12 HTTP/1.1" 200 6916 "-" "Mozilla/5.0 AppleWebKit/537.36 (KHTML, like Gecko; compatible; ClaudeBot/1.0; +claudebot@anthropic.com)"
216.73.216.84 - - [07/Nov/2025:00:26:05 +0000] "GET /?fileloc=%2F%2Fusr%2Fsrc%2Flinux-headers-6.8.0-85%2Finclude%2Flinux%2Fplatform_data%2Fad7793.h&path=%2F%2Fusr%2Fsrc%2Flinux-headers-6.8.0-85%2Finclude%2Flinux%2Fplatform_data HTTP/1.1" 200 4208 "-" "Mozilla/5.0 AppleWebKit/537.36 (KHTML, like Gecko; compatible; ClaudeBot/1.0; +claudebot@anthropic.com)"
216.73.216.84 - - [07/Nov/2025:00:26:06 +0000] "GET /?fileloc=%2F%2Fusr%2Finclude%2Fpython3.12%2Fcpython%2Flongobject.h&path=%2F%2Fusr%2Finclude%2Fpython3.12%2Fcpython HTTP/1.1" 200 4890 "-" "Mozilla/5.0 AppleWebKit/537.36 (KHTML, like Gecko; compatible; ClaudeBot/1.0; +claudebot@anthropic.com)"
216.73.216.84 - - [07/Nov/2025:00:26:06 +0000] "GET /?fileloc=%2F%2Fusr%2Flib%2Fpython3.12%2Fdis.py&path=%2F%2Fusr%2Flib%2Fpython3.12 HTTP/1.1" 200 12648 "-" "Mozilla/5.0 AppleWebKit/537.36 (KHTML, like Gecko; compatible; ClaudeBot/1.0; +claudebot@anthropic.com)"
216.73.216.84 - - [07/Nov/2025:00:26:06 +0000] "GET /?fileloc=%2F%2Fusr%2Fsrc%2Flinux-headers-6.8.0-85%2Finclude%2Flinux%2Fplatform_data%2Fomap1_bl.h&path=%2F%2Fusr%2Fsrc%2Flinux-headers-6.8.0-85%2Finclude%2Flinux%2Fplatform_data HTTP/1.1" 200 3198 "-" "Mozilla/5.0 AppleWebKit/537.36 (KHTML, like Gecko; compatible; ClaudeBot/1.0; +claudebot@anthropic.com)"
216.73.216.84 - - [07/Nov/2025:00:26:06 +0000] "GET /?fileloc=%2F%2Fusr%2Fsrc%2Flinux-headers-6.8.0-85%2Finclude%2Flinux%2Ffirmware%2Ftrusted_foundations.h&path=%2F%2Fusr%2Fsrc%2Flinux-headers-6.8.0-85%2Finclude%2Flinux%2Ffirmware HTTP/1.1" 200 4203 "-" "Mozilla/5.0 AppleWebKit/537.36 (KHTML, like Gecko; compatible; ClaudeBot/1.0; +claudebot@anthropic.com)"
74.7.227.68 - - [07/Nov/2025:00:26:06 +0000] "GET /?path=//sys/bus/node/devices/node0/memory5/subsystem/devices/memory1/node0/memory0/node0/memory7/subsystem HTTP/1.1" 200 3785 "-" "Mozilla/5.0 AppleWebKit/537.36 (KHTML, like Gecko; compatible; GPTBot/1.2; +https://openai.com/gptbot)"
216.73.216.84 - - [07/Nov/2025:00:26:06 +0000] "GET /?fileloc=%2F%2Fusr%2Fsrc%2Flinux-headers-6.8.0-85%2Finclude%2Flinux%2Fplatform_data%2Fnet-cw1200.h&path=%2F%2Fusr%2Fsrc%2Flinux-headers-6.8.0-85%2Finclude%2Flinux%2Fplatform_data HTTP/1.1" 200 4016 "-" "Mozilla/5.0 AppleWebKit/537.36 (KHTML, like Gecko; compatible; ClaudeBot/1.0; +claudebot@anthropic.com)"
216.73.216.84 - - [07/Nov/2025:00:26:06 +0000] "GET /?fileloc=%2F%2Fusr%2Fsrc%2Flinux-headers-6.8.0-85%2Finclude%2Flinux%2Fplatform_data%2Fvideo_s3c.h&path=%2F%2Fusr%2Fsrc%2Flinux-headers-6.8.0-85%2Finclude%2Flinux%2Fplatform_data HTTP/1.1" 200 3865 "-" "Mozilla/5.0 AppleWebKit/537.36 (KHTML, like Gecko; compatible; ClaudeBot/1.0; +claudebot@anthropic.com)"
216.73.216.84 - - [07/Nov/2025:00:26:06 +0000] "GET /?fileloc=%2F%2Fusr%2Fsrc%2Flinux-headers-6.8.0-85%2Finclude%2Flinux%2Fplatform_data%2Fmax197.h&path=%2F%2Fusr%2Fsrc%2Flinux-headers-6.8.0-85%2Finclude%2Flinux%2Fplatform_data HTTP/1.1" 200 3405 "-" "Mozilla/5.0 AppleWebKit/537.36 (KHTML, like Gecko; compatible; ClaudeBot/1.0; +claudebot@anthropic.com)"
216.73.216.84 - - [07/Nov/2025:00:26:06 +0000] "GET /?fileloc=%2F%2Fusr%2Fsrc%2Flinux-headers-6.8.0-85%2Finclude%2Flinux%2Fplatform_data%2Fi2c-pxa.h&path=%2F%2Fusr%2Fsrc%2Flinux-headers-6.8.0-85%2Finclude%2Flinux%2Fplatform_data HTTP/1.1" 200 3236 "-" "Mozilla/5.0 AppleWebKit/537.36 (KHTML, like Gecko; compatible; ClaudeBot/1.0; +claudebot@anthropic.com)"
216.73.216.84 - - [07/Nov/2025:00:26:06 +0000] "GET /?fileloc=%2F%2Fusr%2Fsrc%2Flinux-headers-6.8.0-85%2Finclude%2Flinux%2Flockd%2Fbind.h&path=%2F%2Fusr%2Fsrc%2Flinux-headers-6.8.0-85%2Finclude%2Flinux%2Flockd HTTP/1.1" 200 4130 "-" "Mozilla/5.0 AppleWebKit/537.36 (KHTML, like Gecko; compatible; ClaudeBot/1.0; +claudebot@anthropic.com)"
216.73.216.84 - - [07/Nov/2025:00:26:06 +0000] "GET /?fileloc=%2F%2Fusr%2Fsrc%2Flinux-headers-6.8.0-85%2Finclude%2Flinux%2Flsm%2Fsmack.h&path=%2F%2Fusr%2Fsrc%2Flinux-headers-6.8.0-85%2Finclude%2Flinux%2Flsm HTTP/1.1" 200 3245 "-" "Mozilla/5.0 AppleWebKit/537.36 (KHTML, like Gecko; compatible; ClaudeBot/1.0; +claudebot@anthropic.com)"
216.73.216.84 - - [07/Nov/2025:00:26:06 +0000] "GET /?fileloc=%2F%2Fusr%2Fsrc%2Flinux-headers-6.8.0-85%2Finclude%2Flinux%2Fplatform_data%2Fmlxcpld.h&path=%2F%2Fusr%2Fsrc%2Flinux-headers-6.8.0-85%2Finclude%2Flinux%2Fplatform_data HTTP/1.1" 200 3508 "-" "Mozilla/5.0 AppleWebKit/537.36 (KHTML, like Gecko; compatible; ClaudeBot/1.0; +claudebot@anthropic.com)"
216.73.216.84 - - [07/Nov/2025:00:26:07 +0000] "GET /?fileloc=%2F%2Fusr%2Flib%2Fpython3.12%2Foperator.py&path=%2F%2Fusr%2Flib%2Fpython3.12 HTTP/1.1" 200 6420 "-" "Mozilla/5.0 AppleWebKit/537.36 (KHTML, like Gecko; compatible; ClaudeBot/1.0; +claudebot@anthropic.com)"
216.73.216.84 - - [07/Nov/2025:00:26:07 +0000] "GET /?fileloc=%2F%2Fusr%2Fsrc%2Flinux-headers-6.8.0-85%2Finclude%2Flinux%2Fraid%2Fpq.h&path=%2F%2Fusr%2Fsrc%2Flinux-headers-6.8.0-85%2Finclude%2Flinux%2Fraid HTTP/1.1" 200 4889 "-" "Mozilla/5.0 AppleWebKit/537.36 (KHTML, like Gecko; compatible; ClaudeBot/1.0; +claudebot@anthropic.com)"
216.73.216.84 - - [07/Nov/2025:00:26:07 +0000] "GET /?fileloc=%2F%2Fusr%2Finclude%2Fpython3.12%2Fcpython%2Fpymem.h&path=%2F%2Fusr%2Finclude%2Fpython3.12%2Fcpython HTTP/1.1" 200 4198 "-" "Mozilla/5.0 AppleWebKit/537.36 (KHTML, like Gecko; compatible; ClaudeBot/1.0; +claudebot@anthropic.com)"
216.73.216.84 - - [07/Nov/2025:00:26:07 +0000] "GET /?fileloc=%2F%2Fusr%2Fsrc%2Flinux-headers-6.8.0-85%2Finclude%2Flinux%2Fplatform_data%2Fi2c-omap.h&path=%2F%2Fusr%2Fsrc%2Flinux-headers-6.8.0-85%2Finclude%2Flinux%2Fplatform_data HTTP/1.1" 200 3669 "-" "Mozilla/5.0 AppleWebKit/537.36 (KHTML, like Gecko; compatible; ClaudeBot/1.0; +claudebot@anthropic.com)"
216.73.216.84 - - [07/Nov/2025:00:26:07 +0000] "GET /?fileloc=%2F%2Fvar%2Flib%2Fpython%2Fpython3.12_installed&path=%2F%2Fvar%2Flib%2Fpython HTTP/1.1" 200 2978 "-" "Mozilla/5.0 AppleWebKit/537.36 (KHTML, like Gecko; compatible; ClaudeBot/1.0; +claudebot@anthropic.com)"
74.7.227.68 - - [07/Nov/2025:00:26:07 +0000] "GET /?path=//sys/bus/node/devices/node0/memory6/subsystem/devices/memory3/node0/memory1/node0/cpu0/subsystem/drivers HTTP/1.1" 200 3505 "-" "Mozilla/5.0 AppleWebKit/537.36 (KHTML, like Gecko; compatible; GPTBot/1.2; +https://openai.com/gptbot)"
216.73.216.84 - - [07/Nov/2025:00:26:07 +0000] "GET /?fileloc=%2F%2Fusr%2Fsrc%2Flinux-headers-6.8.0-85%2Finclude%2Flinux%2Fspi%2Fspi.h&path=%2F%2Fusr%2Fsrc%2Flinux-headers-6.8.0-85%2Finclude%2Flinux%2Fspi HTTP/1.1" 200 25296 "-" "Mozilla/5.0 AppleWebKit/537.36 (KHTML, like Gecko; compatible; ClaudeBot/1.0; +claudebot@anthropic.com)"
216.73.216.84 - - [07/Nov/2025:00:26:07 +0000] "GET /?fileloc=%2F%2Fusr%2Fsrc%2Flinux-headers-6.8.0-85%2Finclude%2Flinux%2Fplatform_data%2Fad5761.h&path=%2F%2Fusr%2Fsrc%2Flinux-headers-6.8.0-85%2Finclude%2Flinux%2Fplatform_data HTTP/1.1" 200 3504 "-" "Mozilla/5.0 AppleWebKit/537.36 (KHTML, like Gecko; compatible; ClaudeBot/1.0; +claudebot@anthropic.com)"
216.73.216.84 - - [07/Nov/2025:00:26:07 +0000] "GET /?fileloc=%2F%2Fusr%2Flib%2Fpython3.12%2Ftypes.py&path=%2F%2Fusr%2Flib%2Fpython3.12 HTTP/1.1" 200 7098 "-" "Mozilla/5.0 AppleWebKit/537.36 (KHTML, like Gecko; compatible; ClaudeBot/1.0; +claudebot@anthropic.com)"
216.73.216.84 - - [07/Nov/2025:00:26:07 +0000] "GET /?fileloc=%2F%2Fusr%2Fsrc%2Flinux-headers-6.8.0-85%2Finclude%2Flinux%2Fplatform_data%2Fmicrochip-ksz.h&path=%2F%2Fusr%2Fsrc%2Flinux-headers-6.8.0-85%2Finclude%2Flinux%2Fplatform_data HTTP/1.1" 200 3884 "-" "Mozilla/5.0 AppleWebKit/537.36 (KHTML, like Gecko; compatible; ClaudeBot/1.0; +claudebot@anthropic.com)"
74.7.227.155 - - [07/Nov/2025:00:26:07 +0000] "GET /?path=//sys/class/net/enp1s0/device/net/enp1s0/device/subsystem/devices/virtio1/block/vda/subsystem/vda/device/block/vda/device/block/vda/vda1/holders HTTP/1.1" 200 3246 "-" "Mozilla/5.0 AppleWebKit/537.36 (KHTML, like Gecko; compatible; GPTBot/1.2; +https://openai.com/gptbot)"
216.73.216.84 - - [07/Nov/2025:00:26:07 +0000] "GET /?fileloc=%2F%2Fusr%2Fsrc%2Flinux-headers-6.8.0-85%2Finclude%2Flinux%2Fplatform_data%2Flp8727.h&path=%2F%2Fusr%2Fsrc%2Flinux-headers-6.8.0-85%2Finclude%2Flinux%2Fplatform_data HTTP/1.1" 200 3630 "-" "Mozilla/5.0 AppleWebKit/537.36 (KHTML, like Gecko; compatible; ClaudeBot/1.0; +claudebot@anthropic.com)"
216.73.216.84 - - [07/Nov/2025:00:26:08 +0000] "GET /?fileloc=%2F%2Fusr%2Fsrc%2Flinux-headers-6.8.0-85%2Finclude%2Flinux%2Freset%2Fsocfpga.h&path=%2F%2Fusr%2Fsrc%2Flinux-headers-6.8.0-85%2Finclude%2Flinux%2Freset HTTP/1.1" 200 3136 "-" "Mozilla/5.0 AppleWebKit/537.36 (KHTML, like Gecko; compatible; ClaudeBot/1.0; +claudebot@anthropic.com)"
135.181.166.38 - - [07/Nov/2025:00:26:08 +0000] "GET /?path=/etc/logcheck HTTP/1.1" 200 3480 "-" "Mozilla/5.0 (compatible; BLEXBot/1.0; +https://help.seranking.com/en/blex-crawler)"
216.73.216.84 - - [07/Nov/2025:00:26:08 +0000] "GET /?fileloc=%2F%2Fusr%2Fsrc%2Flinux-headers-6.8.0-85%2Finclude%2Flinux%2Fplatform_data%2Fds620.h&path=%2F%2Fusr%2Fsrc%2Flinux-headers-6.8.0-85%2Finclude%2Flinux%2Fplatform_data HTTP/1.1" 200 3294 "-" "Mozilla/5.0 AppleWebKit/537.36 (KHTML, like Gecko; compatible; ClaudeBot/1.0; +claudebot@anthropic.com)"
216.73.216.84 - - [07/Nov/2025:00:26:08 +0000] "GET /?fileloc=%2F%2Fusr%2Flib%2Fpython3.12%2Fasyncio%2Fsslproto.py&path=%2F%2Fusr%2Flib%2Fpython3.12%2Fasyncio HTTP/1.1" 200 11515 "-" "Mozilla/5.0 AppleWebKit/537.36 (KHTML, like Gecko; compatible; ClaudeBot/1.0; +claudebot@anthropic.com)"
216.73.216.84 - - [07/Nov/2025:00:26:08 +0000] "GET /?fileloc=%2F%2Fusr%2Fsrc%2Flinux-headers-6.8.0-85%2Finclude%2Flinux%2Fplatform_data%2Fbrcmnand.h&path=%2F%2Fusr%2Fsrc%2Flinux-headers-6.8.0-85%2Finclude%2Flinux%2Fplatform_data HTTP/1.1" 200 3201 "-" "Mozilla/5.0 AppleWebKit/537.36 (KHTML, like Gecko; compatible; ClaudeBot/1.0; +claudebot@anthropic.com)"
216.73.216.84 - - [07/Nov/2025:00:26:08 +0000] "GET /?fileloc=%2F%2Fusr%2Fsrc%2Flinux-headers-6.8.0-85%2Finclude%2Flinux%2Fusb%2Fphy.h&path=%2F%2Fusr%2Fsrc%2Flinux-headers-6.8.0-85%2Finclude%2Flinux%2Fusb HTTP/1.1" 200 5679 "-" "Mozilla/5.0 AppleWebKit/537.36 (KHTML, like Gecko; compatible; ClaudeBot/1.0; +claudebot@anthropic.com)"
216.73.216.84 - - [07/Nov/2025:00:26:08 +0000] "GET /?fileloc=%2F%2Fusr%2Fsrc%2Flinux-headers-6.8.0-85%2Finclude%2Flinux%2Fcan%2Fdev.h&path=%2F%2Fusr%2Fsrc%2Flinux-headers-6.8.0-85%2Finclude%2Flinux%2Fcan HTTP/1.1" 200 5393 "-" "Mozilla/5.0 AppleWebKit/537.36 (KHTML, like Gecko; compatible; ClaudeBot/1.0; +claudebot@anthropic.com)"
216.73.216.84 - - [07/Nov/2025:00:26:08 +0000] "GET /?fileloc=%2F%2Fusr%2Flib%2Fpython3%2Fdist-packages%2Ftwisted%2Fpython%2F__pycache__%2Ffailure.cpython-312.pyc&path=%2F%2Fusr%2Flib%2Fpython3%2Fdist-packages%2Ftwisted%2Fpython%2F__pycache__ HTTP/1.1" 200 16530 "-" "Mozilla/5.0 AppleWebKit/537.36 (KHTML, like Gecko; compatible; ClaudeBot/1.0; +claudebot@anthropic.com)"
216.73.216.84 - - [07/Nov/2025:00:26:08 +0000] "GET /?fileloc=%2F%2Fusr%2Fsrc%2Flinux-headers-6.8.0-85%2Finclude%2Flinux%2Fplatform_data%2Flp8755.h&path=%2F%2Fusr%2Fsrc%2Flinux-headers-6.8.0-85%2Finclude%2Flinux%2Fplatform_data HTTP/1.1" 200 3737 "-" "Mozilla/5.0 AppleWebKit/537.36 (KHTML, like Gecko; compatible; ClaudeBot/1.0; +claudebot@anthropic.com)"
216.73.216.84 - - [07/Nov/2025:00:26:08 +0000] "GET /?fileloc=%2F%2Fusr%2Fsrc%2Flinux-headers-6.8.0-85%2Finclude%2Fuapi%2Fasm-generic%2Fresource.h&path=%2F%2Fusr%2Fsrc%2Flinux-headers-6.8.0-85%2Finclude%2Fuapi%2Fasm-generic HTTP/1.1" 200 3949 "-" "Mozilla/5.0 AppleWebKit/537.36 (KHTML, like Gecko; compatible; ClaudeBot/1.0; +claudebot@anthropic.com)"
216.73.216.84 - - [07/Nov/2025:00:26:08 +0000] "GET /?fileloc=%2F%2Fusr%2Fsrc%2Flinux-headers-6.8.0-85%2Finclude%2Flinux%2Fplatform_data%2Flm8323.h&path=%2F%2Fusr%2Fsrc%2Flinux-headers-6.8.0-85%2Finclude%2Flinux%2Fplatform_data HTTP/1.1" 200 3466 "-" "Mozilla/5.0 AppleWebKit/537.36 (KHTML, like Gecko; compatible; ClaudeBot/1.0; +claudebot@anthropic.com)"
74.7.227.68 - - [07/Nov/2025:00:26:08 +0000] "GET /?path=//sys/bus/node/devices/node0/memory6/subsystem/devices/memory3/node0/cpu0/subsystem/drivers/processor/cpu0/driver/cpu0/driver HTTP/1.1" 200 3751 "-" "Mozilla/5.0 AppleWebKit/537.36 (KHTML, like Gecko; compatible; GPTBot/1.2; +https://openai.com/gptbot)"
216.73.216.84 - - [07/Nov/2025:00:26:08 +0000] "GET /?fileloc=%2F%2Fusr%2Fsrc%2Flinux-headers-6.8.0-85%2Finclude%2Flinux%2Fiio%2Fbuffer.h&path=%2F%2Fusr%2Fsrc%2Flinux-headers-6.8.0-85%2Finclude%2Flinux%2Fiio HTTP/1.1" 200 3863 "-" "Mozilla/5.0 AppleWebKit/537.36 (KHTML, like Gecko; compatible; ClaudeBot/1.0; +claudebot@anthropic.com)"
216.73.216.84 - - [07/Nov/2025:00:26:08 +0000] "GET /?fileloc=%2F%2Fusr%2Fsrc%2Flinux-headers-6.8.0-85%2Finclude%2Flinux%2Fplatform_data%2Fad7791.h&path=%2F%2Fusr%2Fsrc%2Flinux-headers-6.8.0-85%2Finclude%2Flinux%2Fplatform_data HTTP/1.1" 200 3294 "-" "Mozilla/5.0 AppleWebKit/537.36 (KHTML, like Gecko; compatible; ClaudeBot/1.0; +claudebot@anthropic.com)"
216.73.216.84 - - [07/Nov/2025:00:26:09 +0000] "GET /?fileloc=%2F%2Fusr%2Finclude%2Fpython3.12%2Fcpython%2Ffileobject.h&path=%2F%2Fusr%2Finclude%2Fpython3.12%2Fcpython HTTP/1.1" 200 3402 "-" "Mozilla/5.0 AppleWebKit/537.36 (KHTML, like Gecko; compatible; ClaudeBot/1.0; +claudebot@anthropic.com)"
216.73.216.84 - - [07/Nov/2025:00:26:09 +0000] "GET /?fileloc=%2F%2Fusr%2Flib%2Fpython3%2Fdist-packages%2Ftwisted%2Fpython%2F__pycache__%2Flockfile.cpython-312.pyc&path=%2F%2Fusr%2Flib%2Fpython3%2Fdist-packages%2Ftwisted%2Fpython%2F__pycache__ HTTP/1.1" 200 7340 "-" "Mozilla/5.0 AppleWebKit/537.36 (KHTML, like Gecko; compatible; ClaudeBot/1.0; +claudebot@anthropic.com)"
216.73.216.84 - - [07/Nov/2025:00:26:09 +0000] "GET /?fileloc=%2F%2Fusr%2Fsrc%2Flinux-headers-6.8.0-85%2Finclude%2Flinux%2Fceph%2Fmsgpool.h&path=%2F%2Fusr%2Fsrc%2Flinux-headers-6.8.0-85%2Finclude%2Flinux%2Fceph HTTP/1.1" 200 3389 "-" "Mozilla/5.0 AppleWebKit/537.36 (KHTML, like Gecko; compatible; ClaudeBot/1.0; +claudebot@anthropic.com)"
216.73.216.84 - - [07/Nov/2025:00:26:09 +0000] "GET /?fileloc=%2F%2Fusr%2Flib%2Fpython3%2Fdist-packages%2Ftwisted%2Fpython%2F__pycache__%2Frelease.cpython-312.pyc&path=%2F%2Fusr%2Flib%2Fpython3%2Fdist-packages%2Ftwisted%2Fpython%2F__pycache__ HTTP/1.1" 200 4263 "-" "Mozilla/5.0 AppleWebKit/537.36 (KHTML, like Gecko; compatible; ClaudeBot/1.0; +claudebot@anthropic.com)"
216.73.216.84 - - [07/Nov/2025:00:26:09 +0000] "GET /?fileloc=%2F%2Fusr%2Fsrc%2Flinux-headers-6.8.0-85%2Finclude%2Flinux%2Fiio%2Ftriggered_buffer.h&path=%2F%2Fusr%2Fsrc%2Flinux-headers-6.8.0-85%2Finclude%2Flinux%2Fiio HTTP/1.1" 200 3483 "-" "Mozilla/5.0 AppleWebKit/537.36 (KHTML, like Gecko; compatible; ClaudeBot/1.0; +claudebot@anthropic.com)"
74.7.227.155 - - [07/Nov/2025:00:26:09 +0000] "GET /?path=//sys/class/net/enp1s0/device/net/enp1s0/device/subsystem/devices/virtio1/block/vda/subsystem/vda/device/block/vda/device/block/vda/subsystem/loop6/mq HTTP/1.1" 200 3564 "-" "Mozilla/5.0 AppleWebKit/537.36 (KHTML, like Gecko; compatible; GPTBot/1.2; +https://openai.com/gptbot)"
216.73.216.84 - - [07/Nov/2025:00:26:09 +0000] "GET /?fileloc=%2F%2Fusr%2Fsrc%2Flinux-headers-6.8.0-85%2Finclude%2Flinux%2Fplatform_data%2Fad7887.h&path=%2F%2Fusr%2Fsrc%2Flinux-headers-6.8.0-85%2Finclude%2Flinux%2Fplatform_data HTTP/1.1" 200 3353 "-" "Mozilla/5.0 AppleWebKit/537.36 (KHTML, like Gecko; compatible; ClaudeBot/1.0; +claudebot@anthropic.com)"
216.73.216.84 - - [07/Nov/2025:00:26:09 +0000] "GET /?fileloc=%2F%2Fusr%2Flib%2Fpython3.12%2Fast.py&path=%2F%2Fusr%2Flib%2Fpython3.12 HTTP/1.1" 200 22090 "-" "Mozilla/5.0 AppleWebKit/537.36 (KHTML, like Gecko; compatible; ClaudeBot/1.0; +claudebot@anthropic.com)"
52.4.229.9 - - [07/Nov/2025:00:26:09 +0000] "GET /about-us/?path=//sys/class/leds/input1::capslock/subsystem/input1::numlock/device/device/firmware_node/physical_node/firmware_node/subsystem/devices/device:1d/subsystem/devices/device:06/subsystem/devices/device:2d HTTP/1.1" 200 4171 "-" "Mozilla/5.0 AppleWebKit/537.36 (KHTML, like Gecko; compatible; Amazonbot/0.1; +https://developer.amazon.com/support/amazonbot) Chrome/119.0.6045.214 Safari/537.36"
216.73.216.84 - - [07/Nov/2025:00:26:09 +0000] "GET /?fileloc=%2F%2Fusr%2Fsrc%2Flinux-headers-6.8.0-85%2Finclude%2Flinux%2Fqed%2Ftcp_common.h&path=%2F%2Fusr%2Fsrc%2Flinux-headers-6.8.0-85%2Finclude%2Flinux%2Fqed HTTP/1.1" 200 4766 "-" "Mozilla/5.0 AppleWebKit/537.36 (KHTML, like Gecko; compatible; ClaudeBot/1.0; +claudebot@anthropic.com)"
216.73.216.84 - - [07/Nov/2025:00:26:09 +0000] "GET /?fileloc=%2F%2Fusr%2Fsrc%2Flinux-headers-6.8.0-85%2Finclude%2Flinux%2Fmfd%2Fstm32-timers.h&path=%2F%2Fusr%2Fsrc%2Flinux-headers-6.8.0-85%2Finclude%2Flinux%2Fmfd HTTP/1.1" 200 5228 "-" "Mozilla/5.0 AppleWebKit/537.36 (KHTML, like Gecko; compatible; ClaudeBot/1.0; +claudebot@anthropic.com)"
216.73.216.84 - - [07/Nov/2025:00:26:09 +0000] "GET /?fileloc=%2F%2Fusr%2Fsrc%2Flinux-headers-6.8.0-85%2Finclude%2Flinux%2Fusb%2Ftcpci.h&path=%2F%2Fusr%2Fsrc%2Flinux-headers-6.8.0-85%2Finclude%2Flinux%2Fusb HTTP/1.1" 200 5663 "-" "Mozilla/5.0 AppleWebKit/537.36 (KHTML, like Gecko; compatible; ClaudeBot/1.0; +claudebot@anthropic.com)"
216.73.216.84 - - [07/Nov/2025:00:26:09 +0000] "GET /?fileloc=%2F%2Fusr%2Fsrc%2Flinux-headers-6.8.0-85%2Finclude%2Flinux%2Fceph%2Fdebugfs.h&path=%2F%2Fusr%2Fsrc%2Flinux-headers-6.8.0-85%2Finclude%2Flinux%2Fceph HTTP/1.1" 200 3186 "-" "Mozilla/5.0 AppleWebKit/537.36 (KHTML, like Gecko; compatible; ClaudeBot/1.0; +claudebot@anthropic.com)"
74.7.227.68 - - [07/Nov/2025:00:26:10 +0000] "GET /?path=//sys/bus/node/devices/node0/memory6/subsystem/devices/memory4/node0/memory3/node0/memory5/subsystem HTTP/1.1" 200 3784 "-" "Mozilla/5.0 AppleWebKit/537.36 (KHTML, like Gecko; compatible; GPTBot/1.2; +https://openai.com/gptbot)"
216.73.216.84 - - [07/Nov/2025:00:26:10 +0000] "GET /?fileloc=%2F%2Fusr%2Flib%2Fpython3%2Fdist-packages%2Ftwisted%2Fpython%2F__pycache__%2Flogfile.cpython-312.pyc&path=%2F%2Fusr%2Flib%2Fpython3%2Fdist-packages%2Ftwisted%2Fpython%2F__pycache__ HTTP/1.1" 200 10186 "-" "Mozilla/5.0 AppleWebKit/537.36 (KHTML, like Gecko; compatible; ClaudeBot/1.0; +claudebot@anthropic.com)"
216.73.216.84 - - [07/Nov/2025:00:26:10 +0000] "GET /?fileloc=%2F%2Fusr%2Fsrc%2Flinux-headers-6.8.0-85%2Finclude%2Flinux%2Fbyteorder%2Flittle_endian.h&path=%2F%2Fusr%2Fsrc%2Flinux-headers-6.8.0-85%2Finclude%2Flinux%2Fbyteorder HTTP/1.1" 200 3217 "-" "Mozilla/5.0 AppleWebKit/537.36 (KHTML, like Gecko; compatible; ClaudeBot/1.0; +claudebot@anthropic.com)"
216.73.216.84 - - [07/Nov/2025:00:26:10 +0000] "GET /?fileloc=%2F%2Fusr%2Flib%2Fpython3%2Fdist-packages%2Ftwisted%2Fpython%2F__pycache__%2F_inotify.cpython-312.pyc&path=%2F%2Fusr%2Flib%2Fpython3%2Fdist-packages%2Ftwisted%2Fpython%2F__pycache__ HTTP/1.1" 200 5143 "-" "Mozilla/5.0 AppleWebKit/537.36 (KHTML, like Gecko; compatible; ClaudeBot/1.0; +claudebot@anthropic.com)"
216.73.216.84 - - [07/Nov/2025:00:26:10 +0000] "GET /?fileloc=%2F%2Fusr%2Fsrc%2Flinux-headers-6.8.0-85%2Finclude%2Flinux%2Fdevice%2Fclass.h&path=%2F%2Fusr%2Fsrc%2Flinux-headers-6.8.0-85%2Finclude%2Flinux%2Fdevice HTTP/1.1" 200 5416 "-" "Mozilla/5.0 AppleWebKit/537.36 (KHTML, like Gecko; compatible; ClaudeBot/1.0; +claudebot@anthropic.com)"
216.73.216.84 - - [07/Nov/2025:00:26:10 +0000] "GET /?fileloc=%2F%2Fusr%2Flib%2Fpython3.12%2Fasyncio%2Fmixins.py&path=%2F%2Fusr%2Flib%2Fpython3.12%2Fasyncio HTTP/1.1" 200 3230 "-" "Mozilla/5.0 AppleWebKit/537.36 (KHTML, like Gecko; compatible; ClaudeBot/1.0; +claudebot@anthropic.com)"
216.73.216.84 - - [07/Nov/2025:00:26:10 +0000] "GET /?fileloc=%2F%2Fusr%2Finclude%2Fpython3.12%2Fcpython%2Ffileutils.h&path=%2F%2Fusr%2Finclude%2Fpython3.12%2Fcpython HTTP/1.1" 200 3172 "-" "Mozilla/5.0 AppleWebKit/537.36 (KHTML, like Gecko; compatible; ClaudeBot/1.0; +claudebot@anthropic.com)"
216.73.216.84 - - [07/Nov/2025:00:26:10 +0000] "GET /?fileloc=%2F%2Fusr%2Fsrc%2Flinux-headers-6.8.0-85%2Finclude%2Flinux%2Fframer%2Fframer.h&path=%2F%2Fusr%2Fsrc%2Flinux-headers-6.8.0-85%2Finclude%2Flinux%2Fframer HTTP/1.1" 200 4431 "-" "Mozilla/5.0 AppleWebKit/537.36 (KHTML, like Gecko; compatible; ClaudeBot/1.0; +claudebot@anthropic.com)"
216.73.216.84 - - [07/Nov/2025:00:26:10 +0000] "GET /?fileloc=%2F%2Fusr%2Flib%2Fpython3.12%2Fsocketserver.py&path=%2F%2Fusr%2Flib%2Fpython3.12 HTTP/1.1" 200 12268 "-" "Mozilla/5.0 AppleWebKit/537.36 (KHTML, like Gecko; compatible; ClaudeBot/1.0; +claudebot@anthropic.com)"
216.73.216.84 - - [07/Nov/2025:00:26:10 +0000] "GET /?fileloc=%2F%2Fusr%2Flib%2Fpython3.12%2Fposixpath.py&path=%2F%2Fusr%2Flib%2Fpython3.12 HTTP/1.1" 200 9504 "-" "Mozilla/5.0 AppleWebKit/537.36 (KHTML, like Gecko; compatible; ClaudeBot/1.0; +claudebot@anthropic.com)"
216.73.216.84 - - [07/Nov/2025:00:26:10 +0000] "GET /?fileloc=%2F%2Fusr%2Fsrc%2Flinux-headers-6.8.0-85%2Finclude%2Flinux%2Fbyteorder%2Fgeneric.h&path=%2F%2Fusr%2Fsrc%2Flinux-headers-6.8.0-85%2Finclude%2Flinux%2Fbyteorder HTTP/1.1" 200 5413 "-" "Mozilla/5.0 AppleWebKit/537.36 (KHTML, like Gecko; compatible; ClaudeBot/1.0; +claudebot@anthropic.com)"
74.7.227.155 - - [07/Nov/2025:00:26:10 +0000] "GET /?path=//sys/class/net/enp1s0/device/net/enp1s0/device/subsystem/devices/virtio1/block/vda/subsystem/vda/device/block/vda/device/block/vda/subsystem/sr0/queue HTTP/1.1" 200 5657 "-" "Mozilla/5.0 AppleWebKit/537.36 (KHTML, like Gecko; compatible; GPTBot/1.2; +https://openai.com/gptbot)"
216.73.216.84 - - [07/Nov/2025:00:26:11 +0000] "GET /?fileloc=%2F%2Fusr%2Fsrc%2Flinux-headers-6.8.0-85%2Finclude%2Flinux%2Fplatform_data%2Felm.h&path=%2F%2Fusr%2Fsrc%2Flinux-headers-6.8.0-85%2Finclude%2Flinux%2Fplatform_data HTTP/1.1" 200 3651 "-" "Mozilla/5.0 AppleWebKit/537.36 (KHTML, like Gecko; compatible; ClaudeBot/1.0; +claudebot@anthropic.com)"
216.73.216.84 - - [07/Nov/2025:00:26:11 +0000] "GET /?fileloc=%2F%2Fusr%2Flib%2Fpython3.12%2Ftelnetlib.py&path=%2F%2Fusr%2Flib%2Fpython3.12 HTTP/1.1" 200 10899 "-" "Mozilla/5.0 AppleWebKit/537.36 (KHTML, like Gecko; compatible; ClaudeBot/1.0; +claudebot@anthropic.com)"
74.7.227.68 - - [07/Nov/2025:00:26:11 +0000] "GET /?path=//sys/bus/node/devices/node0/memory7/subsystem/devices/memory2/node0/memory4/node0/cpu0/firmware_node/subsystem/drivers/ec HTTP/1.1" 200 3666 "-" "Mozilla/5.0 AppleWebKit/537.36 (KHTML, like Gecko; compatible; GPTBot/1.2; +https://openai.com/gptbot)"
216.73.216.84 - - [07/Nov/2025:00:26:11 +0000] "GET /?fileloc=%2F%2Fusr%2Flib%2Fpython3%2Fdist-packages%2Ftwisted%2Fpython%2F__pycache__%2Fcompat.cpython-312.pyc&path=%2F%2Fusr%2Flib%2Fpython3%2Fdist-packages%2Ftwisted%2Fpython%2F__pycache__ HTTP/1.1" 200 12045 "-" "Mozilla/5.0 AppleWebKit/537.36 (KHTML, like Gecko; compatible; ClaudeBot/1.0; +claudebot@anthropic.com)"
216.73.216.84 - - [07/Nov/2025:00:26:11 +0000] "GET /?fileloc=%2F%2Fusr%2Flib%2Fpython3.12%2F_py_abc.py&path=%2F%2Fusr%2Flib%2Fpython3.12 HTTP/1.1" 200 5162 "-" "Mozilla/5.0 AppleWebKit/537.36 (KHTML, like Gecko; compatible; ClaudeBot/1.0; +claudebot@anthropic.com)"
216.73.216.84 - - [07/Nov/2025:00:26:11 +0000] "GET /?fileloc=%2F%2Fusr%2Fsrc%2Flinux-headers-6.8.0-85%2Finclude%2Flinux%2Fplatform_data%2Fmdio-gpio.h&path=%2F%2Fusr%2Fsrc%2Flinux-headers-6.8.0-85%2Finclude%2Flinux%2Fplatform_data HTTP/1.1" 200 3192 "-" "Mozilla/5.0 AppleWebKit/537.36 (KHTML, like Gecko; compatible; ClaudeBot/1.0; +claudebot@anthropic.com)"
135.181.166.38 - - [07/Nov/2025:00:26:11 +0000] "GET /?path=/etc/plymouth HTTP/1.1" 200 3032 "-" "Mozilla/5.0 (compatible; BLEXBot/1.0; +https://help.seranking.com/en/blex-crawler)"
216.73.216.84 - - [07/Nov/2025:00:26:11 +0000] "GET /?fileloc=%2F%2Fusr%2Flib%2Fpython3%2Fdist-packages%2Ftwisted%2Fpython%2F__pycache__%2Freflect.cpython-312.pyc&path=%2F%2Fusr%2Flib%2Fpython3%2Fdist-packages%2Ftwisted%2Fpython%2F__pycache__ HTTP/1.1" 200 14860 "-" "Mozilla/5.0 AppleWebKit/537.36 (KHTML, like Gecko; compatible; ClaudeBot/1.0; +claudebot@anthropic.com)"
216.73.216.84 - - [07/Nov/2025:00:26:11 +0000] "GET /?fileloc=%2F%2Fusr%2Flib%2Fpython3%2Fdist-packages%2Foauthlib%2Fcommon.py&path=%2F%2Fusr%2Flib%2Fpython3%2Fdist-packages%2Foauthlib HTTP/1.1" 200 8136 "-" "Mozilla/5.0 AppleWebKit/537.36 (KHTML, like Gecko; compatible; ClaudeBot/1.0; +claudebot@anthropic.com)"
216.73.216.84 - - [07/Nov/2025:00:26:11 +0000] "GET /?fileloc=%2F%2Fusr%2Fsrc%2Flinux-headers-6.8.0-85%2Finclude%2Flinux%2Fspi%2Fspi-fsl-dspi.h&path=%2F%2Fusr%2Fsrc%2Flinux-headers-6.8.0-85%2Finclude%2Flinux%2Fspi HTTP/1.1" 200 3335 "-" "Mozilla/5.0 AppleWebKit/537.36 (KHTML, like Gecko; compatible; ClaudeBot/1.0; +claudebot@anthropic.com)"
216.73.216.84 - - [07/Nov/2025:00:26:11 +0000] "GET /?fileloc=%2F%2Fusr%2Flib%2Fpython3%2Fdist-packages%2Ftwisted%2Fpython%2F__pycache__%2Fversions.cpython-312.pyc&path=%2F%2Fusr%2Flib%2Fpython3%2Fdist-packages%2Ftwisted%2Fpython%2F__pycache__ HTTP/1.1" 200 3333 "-" "Mozilla/5.0 AppleWebKit/537.36 (KHTML, like Gecko; compatible; ClaudeBot/1.0; +claudebot@anthropic.com)"
216.73.216.84 - - [07/Nov/2025:00:26:11 +0000] "GET /?fileloc=%2F%2Fusr%2Flib%2Fpython3%2Fdist-packages%2Ftwisted%2Fpython%2F__pycache__%2Fshortcut.cpython-312.pyc&path=%2F%2Fusr%2Flib%2Fpython3%2Fdist-packages%2Ftwisted%2Fpython%2F__pycache__ HTTP/1.1" 200 4837 "-" "Mozilla/5.0 AppleWebKit/537.36 (KHTML, like Gecko; compatible; ClaudeBot/1.0; +claudebot@anthropic.com)"
216.73.216.84 - - [07/Nov/2025:00:26:11 +0000] "GET /?fileloc=%2F%2Fusr%2Fsrc%2Flinux-headers-6.8.0-85%2Finclude%2Fuapi%2Fasm-generic%2Fparam.h&path=%2F%2Fusr%2Fsrc%2Flinux-headers-6.8.0-85%2Finclude%2Fuapi%2Fasm-generic HTTP/1.1" 200 3235 "-" "Mozilla/5.0 AppleWebKit/537.36 (KHTML, like Gecko; compatible; ClaudeBot/1.0; +claudebot@anthropic.com)"
216.73.216.84 - - [07/Nov/2025:00:26:12 +0000] "GET /?fileloc=%2F%2Fusr%2Flib%2Fpython3.12%2Fsymtable.py&path=%2F%2Fusr%2Flib%2Fpython3.12 HTTP/1.1" 200 6081 "-" "Mozilla/5.0 AppleWebKit/537.36 (KHTML, like Gecko; compatible; ClaudeBot/1.0; +claudebot@anthropic.com)"
74.7.227.155 - - [07/Nov/2025:00:26:12 +0000] "GET /?path=//sys/class/net/enp1s0/device/net/enp1s0/device/subsystem/devices/virtio1/block/vda/subsystem/vda/device/block/vda/device/block/vda/subsystem/sr0/bdi/power HTTP/1.1" 200 4008 "-" "Mozilla/5.0 AppleWebKit/537.36 (KHTML, like Gecko; compatible; GPTBot/1.2; +https://openai.com/gptbot)"
216.73.216.84 - - [07/Nov/2025:00:26:12 +0000] "GET /?fileloc=%2F%2Fusr%2Flib%2Fpython3.12%2Fntpath.py&path=%2F%2Fusr%2Flib%2Fpython3.12 HTTP/1.1" 200 13768 "-" "Mozilla/5.0 AppleWebKit/537.36 (KHTML, like Gecko; compatible; ClaudeBot/1.0; +claudebot@anthropic.com)"
216.73.216.84 - - [07/Nov/2025:00:26:12 +0000] "GET /?fileloc=%2F%2Fusr%2Fsrc%2Flinux-headers-6.8.0-85%2Finclude%2Flinux%2Fplatform_data%2Fs3c-hsotg.h&path=%2F%2Fusr%2Fsrc%2Flinux-headers-6.8.0-85%2Finclude%2Flinux%2Fplatform_data HTTP/1.1" 200 3562 "-" "Mozilla/5.0 AppleWebKit/537.36 (KHTML, like Gecko; compatible; ClaudeBot/1.0; +claudebot@anthropic.com)"
216.73.216.84 - - [07/Nov/2025:00:26:12 +0000] "GET /?fileloc=%2F%2Fusr%2Fsrc%2Flinux-headers-6.8.0-85%2Finclude%2Flinux%2Flsm%2Fapparmor.h&path=%2F%2Fusr%2Fsrc%2Flinux-headers-6.8.0-85%2Finclude%2Flinux%2Flsm HTTP/1.1" 200 3256 "-" "Mozilla/5.0 AppleWebKit/537.36 (KHTML, like Gecko; compatible; ClaudeBot/1.0; +claudebot@anthropic.com)"
216.73.216.84 - - [07/Nov/2025:00:26:12 +0000] "GET /?fileloc=%2F%2Fusr%2Flib%2Fpython3.12%2Fasyncio%2Fsubprocess.py&path=%2F%2Fusr%2Flib%2Fpython3.12%2Fasyncio HTTP/1.1" 200 5138 "-" "Mozilla/5.0 AppleWebKit/537.36 (KHTML, like Gecko; compatible; ClaudeBot/1.0; +claudebot@anthropic.com)"
216.73.216.84 - - [07/Nov/2025:00:26:12 +0000] "GET /?fileloc=%2F%2Fusr%2Fsrc%2Flinux-headers-6.8.0-85%2Finclude%2Flinux%2Fusb%2Finput.h&path=%2F%2Fusr%2Fsrc%2Flinux-headers-6.8.0-85%2Finclude%2Flinux%2Fusb HTTP/1.1" 200 3315 "-" "Mozilla/5.0 AppleWebKit/537.36 (KHTML, like Gecko; compatible; ClaudeBot/1.0; +claudebot@anthropic.com)"
216.73.216.84 - - [07/Nov/2025:00:26:12 +0000] "GET /?fileloc=%2F%2Fusr%2Flib%2Fpython3.12%2Fplatform.py&path=%2F%2Fusr%2Flib%2Fpython3.12 HTTP/1.1" 200 19025 "-" "Mozilla/5.0 AppleWebKit/537.36 (KHTML, like Gecko; compatible; ClaudeBot/1.0; +claudebot@anthropic.com)"
216.73.216.84 - - [07/Nov/2025:00:26:12 +0000] "GET /?fileloc=%2F%2Fusr%2Fsrc%2Flinux-headers-6.8.0-85%2Finclude%2Flinux%2Fplatform_data%2Fti-prm.h&path=%2F%2Fusr%2Fsrc%2Flinux-headers-6.8.0-85%2Finclude%2Flinux%2Fplatform_data HTTP/1.1" 200 3321 "-" "Mozilla/5.0 AppleWebKit/537.36 (KHTML, like Gecko; compatible; ClaudeBot/1.0; +claudebot@anthropic.com)"
216.73.216.84 - - [07/Nov/2025:00:26:12 +0000] "GET /?fileloc=%2F%2Fusr%2Flib%2Fpython3.12%2Fsre_parse.py&path=%2F%2Fusr%2Flib%2Fpython3.12 HTTP/1.1" 200 3141 "-" "Mozilla/5.0 AppleWebKit/537.36 (KHTML, like Gecko; compatible; ClaudeBot/1.0; +claudebot@anthropic.com)"
74.7.227.68 - - [07/Nov/2025:00:26:12 +0000] "GET /?path=//sys/bus/node/devices/node0/memory5/subsystem/devices/memory1/node0/cpu0/node0/memory7/subsystem/drivers HTTP/1.1" 200 3189 "-" "Mozilla/5.0 AppleWebKit/537.36 (KHTML, like Gecko; compatible; GPTBot/1.2; +https://openai.com/gptbot)"
216.73.216.84 - - [07/Nov/2025:00:26:12 +0000] "GET /?fileloc=%2F%2Fusr%2Fsrc%2Flinux-headers-6.8.0-85%2Finclude%2Flinux%2Fiio%2Fbuffer-dmaengine.h&path=%2F%2Fusr%2Fsrc%2Flinux-headers-6.8.0-85%2Finclude%2Flinux%2Fiio HTTP/1.1" 200 3313 "-" "Mozilla/5.0 AppleWebKit/537.36 (KHTML, like Gecko; compatible; ClaudeBot/1.0; +claudebot@anthropic.com)"
216.73.216.84 - - [07/Nov/2025:00:26:12 +0000] "GET /?fileloc=%2F%2Fusr%2Fsrc%2Flinux-headers-6.8.0-85%2Finclude%2Flinux%2Frtc%2Frtc-omap.h&path=%2F%2Fusr%2Fsrc%2Flinux-headers-6.8.0-85%2Finclude%2Flinux%2Frtc HTTP/1.1" 200 3136 "-" "Mozilla/5.0 AppleWebKit/537.36 (KHTML, like Gecko; compatible; ClaudeBot/1.0; +claudebot@anthropic.com)"
216.73.216.84 - - [07/Nov/2025:00:26:13 +0000] "GET /?fileloc=%2F%2Fusr%2Flib%2Fpython3.12%2Freprlib.py&path=%2F%2Fusr%2Flib%2Fpython3.12 HTTP/1.1" 200 5154 "-" "Mozilla/5.0 AppleWebKit/537.36 (KHTML, like Gecko; compatible; ClaudeBot/1.0; +claudebot@anthropic.com)"
216.73.216.84 - - [07/Nov/2025:00:26:13 +0000] "GET /?fileloc=%2F%2Flib%2Fpython3.12%2Fpydoc_data%2Ftopics.py&path=%2F%2Flib%2Fpython3.12%2Fpydoc_data HTTP/1.1" 200 223298 "-" "Mozilla/5.0 AppleWebKit/537.36 (KHTML, like Gecko; compatible; ClaudeBot/1.0; +claudebot@anthropic.com)"
216.73.216.84 - - [07/Nov/2025:00:26:13 +0000] "GET /?fileloc=%2F%2Fusr%2Fsrc%2Flinux-headers-6.8.0-85%2Finclude%2Flinux%2Fsunrpc%2Fgss_api.h&path=%2F%2Fusr%2Fsrc%2Flinux-headers-6.8.0-85%2Finclude%2Flinux%2Fsunrpc HTTP/1.1" 200 4742 "-" "Mozilla/5.0 AppleWebKit/537.36 (KHTML, like Gecko; compatible; ClaudeBot/1.0; +claudebot@anthropic.com)"
216.73.216.84 - - [07/Nov/2025:00:26:13 +0000] "GET /?fileloc=%2F%2Fusr%2Fsrc%2Flinux-headers-6.8.0-85%2Finclude%2Flinux%2Fplatform_data%2Fatmel.h&path=%2F%2Fusr%2Fsrc%2Flinux-headers-6.8.0-85%2Finclude%2Flinux%2Fplatform_data HTTP/1.1" 200 3256 "-" "Mozilla/5.0 AppleWebKit/537.36 (KHTML, like Gecko; compatible; ClaudeBot/1.0; +claudebot@anthropic.com)"
216.73.216.84 - - [07/Nov/2025:00:26:13 +0000] "GET /?fileloc=%2F%2Fusr%2Fsrc%2Flinux-headers-6.8.0-85%2Finclude%2Flinux%2Fplatform_data%2Fsimplefb.h&path=%2F%2Fusr%2Fsrc%2Flinux-headers-6.8.0-85%2Finclude%2Flinux%2Fplatform_data HTTP/1.1" 200 4019 "-" "Mozilla/5.0 AppleWebKit/537.36 (KHTML, like Gecko; compatible; ClaudeBot/1.0; +claudebot@anthropic.com)"
216.73.216.84 - - [07/Nov/2025:00:26:13 +0000] "GET /?fileloc=%2F%2Fusr%2Finclude%2Fpython3.12%2Fcpython%2Fcellobject.h&path=%2F%2Fusr%2Finclude%2Fpython3.12%2Fcpython HTTP/1.1" 200 3449 "-" "Mozilla/5.0 AppleWebKit/537.36 (KHTML, like Gecko; compatible; ClaudeBot/1.0; +claudebot@anthropic.com)"
216.73.216.84 - - [07/Nov/2025:00:26:13 +0000] "GET /?fileloc=%2F%2Fusr%2Fsrc%2Flinux-headers-6.8.0-85%2Finclude%2Flinux%2Fplatform_data%2Flp855x.h&path=%2F%2Fusr%2Fsrc%2Flinux-headers-6.8.0-85%2Finclude%2Flinux%2Fplatform_data HTTP/1.1" 200 4302 "-" "Mozilla/5.0 AppleWebKit/537.36 (KHTML, like Gecko; compatible; ClaudeBot/1.0; +claudebot@anthropic.com)"
52.200.142.199 - - [07/Nov/2025:00:26:13 +0000] "GET /about-us/?path=//sys/class/input/mice/subsystem/input3/event3/subsystem/event0/device/device/input/input0/subsystem/input1/subsystem/input1/device/driver HTTP/1.1" 200 3894 "-" "Mozilla/5.0 AppleWebKit/537.36 (KHTML, like Gecko; compatible; Amazonbot/0.1; +https://developer.amazon.com/support/amazonbot) Chrome/119.0.6045.214 Safari/537.36"
216.73.216.84 - - [07/Nov/2025:00:26:13 +0000] "GET /?fileloc=%2F%2Fusr%2Fsrc%2Flinux-headers-6.8.0-85%2Finclude%2Flinux%2Fplatform_data%2Femif_plat.h&path=%2F%2Fusr%2Fsrc%2Flinux-headers-6.8.0-85%2Finclude%2Flinux%2Fplatform_data HTTP/1.1" 200 4875 "-" "Mozilla/5.0 AppleWebKit/537.36 (KHTML, like Gecko; compatible; ClaudeBot/1.0; +claudebot@anthropic.com)"
216.73.216.84 - - [07/Nov/2025:00:26:13 +0000] "GET /?fileloc=%2F%2Fusr%2Finclude%2Fpython3.12%2Ftracemalloc.h&path=%2F%2Fusr%2Finclude%2Fpython3.12 HTTP/1.1" 200 3696 "-" "Mozilla/5.0 AppleWebKit/537.36 (KHTML, like Gecko; compatible; ClaudeBot/1.0; +claudebot@anthropic.com)"
216.73.216.84 - - [07/Nov/2025:00:26:13 +0000] "GET /?fileloc=%2F%2Fusr%2Flib%2Fpython3.12%2Fsndhdr.py&path=%2F%2Fusr%2Flib%2Fpython3.12 HTTP/1.1" 200 5928 "-" "Mozilla/5.0 AppleWebKit/537.36 (KHTML, like Gecko; compatible; ClaudeBot/1.0; +claudebot@anthropic.com)"
216.73.216.84 - - [07/Nov/2025:00:26:13 +0000] "GET /?fileloc=%2F%2Fusr%2Fsrc%2Flinux-headers-6.8.0-85%2Finclude%2Flinux%2Fplatform_data%2Fkeyscan-davinci.h&path=%2F%2Fusr%2Fsrc%2Flinux-headers-6.8.0-85%2Finclude%2Flinux%2Fplatform_data HTTP/1.1" 200 3355 "-" "Mozilla/5.0 AppleWebKit/537.36 (KHTML, like Gecko; compatible; ClaudeBot/1.0; +claudebot@anthropic.com)"
216.73.216.84 - - [07/Nov/2025:00:26:14 +0000] "GET /?fileloc=%2F%2Fusr%2Fsrc%2Flinux-headers-6.8.0-85%2Finclude%2Flinux%2Ffsl%2Fguts.h&path=%2F%2Fusr%2Fsrc%2Flinux-headers-6.8.0-85%2Finclude%2Flinux%2Ffsl HTTP/1.1" 200 7031 "-" "Mozilla/5.0 AppleWebKit/537.36 (KHTML, like Gecko; compatible; ClaudeBot/1.0; +claudebot@anthropic.com)"
216.73.216.84 - - [07/Nov/2025:00:26:14 +0000] "GET /?fileloc=%2F%2Fusr%2Flib%2Fpython3.12%2Fconfigparser.py&path=%2F%2Fusr%2Flib%2Fpython3.12 HTTP/1.1" 200 18583 "-" "Mozilla/5.0 AppleWebKit/537.36 (KHTML, like Gecko; compatible; ClaudeBot/1.0; +claudebot@anthropic.com)"
216.73.216.84 - - [07/Nov/2025:00:26:14 +0000] "GET /?fileloc=%2F%2Fusr%2Fsrc%2Flinux-headers-6.8.0-85%2Finclude%2Flinux%2Fplatform_data%2Fmtd-davinci.h&path=%2F%2Fusr%2Fsrc%2Flinux-headers-6.8.0-85%2Finclude%2Flinux%2Fplatform_data HTTP/1.1" 200 4239 "-" "Mozilla/5.0 AppleWebKit/537.36 (KHTML, like Gecko; compatible; ClaudeBot/1.0; +claudebot@anthropic.com)"
216.73.216.84 - - [07/Nov/2025:00:26:14 +0000] "GET /?fileloc=%2F%2Fusr%2Flib%2Fpython3.12%2Fcmd.py&path=%2F%2Fusr%2Flib%2Fpython3.12 HTTP/1.1" 200 8240 "-" "Mozilla/5.0 AppleWebKit/537.36 (KHTML, like Gecko; compatible; ClaudeBot/1.0; +claudebot@anthropic.com)"
74.7.227.155 - - [07/Nov/2025:00:26:14 +0000] "GET /?path=//sys/class/net/enp1s0/device/net/enp1s0/device/subsystem/devices/virtio1/block/vda/subsystem/vda/device/block/vda/device/block/vda/vda1/power HTTP/1.1" 200 4008 "-" "Mozilla/5.0 AppleWebKit/537.36 (KHTML, like Gecko; compatible; GPTBot/1.2; +https://openai.com/gptbot)"
216.73.216.84 - - [07/Nov/2025:00:26:14 +0000] "GET /?fileloc=%2F%2Fusr%2Flib%2Fpython3.12%2Fthreading.py&path=%2F%2Fusr%2Flib%2Fpython3.12 HTTP/1.1" 200 22368 "-" "Mozilla/5.0 AppleWebKit/537.36 (KHTML, like Gecko; compatible; ClaudeBot/1.0; +claudebot@anthropic.com)"
216.73.216.84 - - [07/Nov/2025:00:26:14 +0000] "GET /?fileloc=%2F%2Fusr%2Fsrc%2Flinux-headers-6.8.0-85%2Finclude%2Flinux%2Fplatform_data%2Fbrcmfmac.h&path=%2F%2Fusr%2Fsrc%2Flinux-headers-6.8.0-85%2Finclude%2Flinux%2Fplatform_data HTTP/1.1" 200 6041 "-" "Mozilla/5.0 AppleWebKit/537.36 (KHTML, like Gecko; compatible; ClaudeBot/1.0; +claudebot@anthropic.com)"
74.7.227.68 - - [07/Nov/2025:00:26:14 +0000] "GET /?path=//sys/bus/node/devices/node0/memory5/subsystem/devices/memory1/node0/cpu0/node0/cpu0/subsystem/drivers HTTP/1.1" 200 3491 "-" "Mozilla/5.0 AppleWebKit/537.36 (KHTML, like Gecko; compatible; GPTBot/1.2; +https://openai.com/gptbot)"
216.73.216.84 - - [07/Nov/2025:00:26:14 +0000] "GET /?fileloc=%2F%2Fusr%2Fsrc%2Flinux-headers-6.8.0-85%2Finclude%2Flinux%2Fplatform_data%2Fedma.h&path=%2F%2Fusr%2Fsrc%2Flinux-headers-6.8.0-85%2Finclude%2Flinux%2Fplatform_data HTTP/1.1" 200 4417 "-" "Mozilla/5.0 AppleWebKit/537.36 (KHTML, like Gecko; compatible; ClaudeBot/1.0; +claudebot@anthropic.com)"
216.73.216.84 - - [07/Nov/2025:00:26:14 +0000] "GET /?fileloc=%2F%2Fusr%2Fsrc%2Flinux-headers-6.8.0-85%2Finclude%2Flinux%2Flsm%2Fselinux.h&path=%2F%2Fusr%2Fsrc%2Flinux-headers-6.8.0-85%2Finclude%2Flinux%2Flsm HTTP/1.1" 200 3255 "-" "Mozilla/5.0 AppleWebKit/537.36 (KHTML, like Gecko; compatible; ClaudeBot/1.0; +claudebot@anthropic.com)"
135.181.166.38 - - [07/Nov/2025:00:26:14 +0000] "GET /?path=/etc/polkit-1 HTTP/1.1" 200 3323 "-" "Mozilla/5.0 (compatible; BLEXBot/1.0; +https://help.seranking.com/en/blex-crawler)"
216.73.216.84 - - [07/Nov/2025:00:26:14 +0000] "GET /?fileloc=%2F%2Fusr%2Flib%2Fpython3%2Fdist-packages%2Ftwisted%2Fpython%2F__pycache__%2Frebuild.cpython-312.pyc&path=%2F%2Fusr%2Flib%2Fpython3%2Fdist-packages%2Ftwisted%2Fpython%2F__pycache__ HTTP/1.1" 200 8078 "-" "Mozilla/5.0 AppleWebKit/537.36 (KHTML, like Gecko; compatible; ClaudeBot/1.0; +claudebot@anthropic.com)"
216.73.216.84 - - [07/Nov/2025:00:26:14 +0000] "GET /?fileloc=%2F%2Fusr%2Flib%2Fpython3%2Fdist-packages%2Ftwisted%2Fpython%2F__pycache__%2Fcontext.cpython-312.pyc&path=%2F%2Fusr%2Flib%2Fpython3%2Fdist-packages%2Ftwisted%2Fpython%2F__pycache__ HTTP/1.1" 200 5924 "-" "Mozilla/5.0 AppleWebKit/537.36 (KHTML, like Gecko; compatible; ClaudeBot/1.0; +claudebot@anthropic.com)"
