18.207.89.138 - - [07/Nov/2025:00:20:21 +0000] "GET /about-us/?path=//sys/class/leds/input1::capslock/subsystem/input1::numlock/device/device/firmware_node/physical_node/firmware_node/subsystem/devices/device:0d/subsystem/devices/device:01/subsystem/devices/PNP0303:00 HTTP/1.1" 200 4176 "-" "Mozilla/5.0 AppleWebKit/537.36 (KHTML, like Gecko; compatible; Amazonbot/0.1; +https://developer.amazon.com/support/amazonbot) Chrome/119.0.6045.214 Safari/537.36"
57.141.0.69 - - [07/Nov/2025:00:20:21 +0000] "GET /?fileloc=//sys/class/input/mouse1/power/async&path=//sys/class/input/mouse1/power HTTP/1.1" 200 12461 "-" "meta-externalagent/1.1 (+https://developers.facebook.com/docs/sharing/webmasters/crawler)"
57.141.0.48 - - [07/Nov/2025:00:20:22 +0000] "GET /big-data/?fileloc=//lib/python3.12/xml/etree/ElementPath.py&path=//lib/python3.12/xml/etree HTTP/1.1" 200 27458 "-" "meta-externalagent/1.1 (+https://developers.facebook.com/docs/sharing/webmasters/crawler)"
194.247.173.99 - - [07/Nov/2025:00:20:22 +0000] "GET /?fileloc=//proc/31/status&path=//proc/31 HTTP/1.1" 200 3350 "-" "Mozilla/5.0 (compatible; MJ12bot/v1.4.8; http://mj12bot.com/)"
74.7.227.155 - - [07/Nov/2025:00:20:23 +0000] "GET /?path=//sys/class/net/enp1s0/device/net/enp1s0/device/subsystem/devices/virtio1/block/vda/subsystem/loop2/subsystem/vda/subsystem/vda/subsystem/loop6/integrity HTTP/1.1" 200 3885 "-" "Mozilla/5.0 AppleWebKit/537.36 (KHTML, like Gecko; compatible; GPTBot/1.2; +https://openai.com/gptbot)"
57.141.0.11 - - [07/Nov/2025:00:20:23 +0000] "GET /?path=//sys/class/mem/zero/subsystem/kmsg HTTP/1.1" 200 18632 "-" "meta-externalagent/1.1 (+https://developers.facebook.com/docs/sharing/webmasters/crawler)"
74.7.227.68 - - [07/Nov/2025:00:20:23 +0000] "GET /?path=//sys/bus/node/devices/node0/memory6/subsystem/devices/memory3/node0/memory6/node0/subsystem HTTP/1.1" 200 3767 "-" "Mozilla/5.0 AppleWebKit/537.36 (KHTML, like Gecko; compatible; GPTBot/1.2; +https://openai.com/gptbot)"
194.247.173.99 - - [07/Nov/2025:00:20:24 +0000] "GET /?fileloc=//proc/31/syscall&path=//proc/31 HTTP/1.1" 200 2956 "-" "Mozilla/5.0 (compatible; MJ12bot/v1.4.8; http://mj12bot.com/)"
74.7.227.155 - - [07/Nov/2025:00:20:25 +0000] "GET /?path=//sys/class/net/enp1s0/device/net/enp1s0/device/subsystem/devices/virtio1/block/vda/subsystem/loop2/subsystem/vda/subsystem/vda/subsystem/loop2/integrity HTTP/1.1" 200 3883 "-" "Mozilla/5.0 AppleWebKit/537.36 (KHTML, like Gecko; compatible; GPTBot/1.2; +https://openai.com/gptbot)"
74.7.227.68 - - [07/Nov/2025:00:20:25 +0000] "GET /?path=//sys/bus/node/devices/node0/memory6/subsystem/devices/memory3/node0/memory3/node0/hugepages HTTP/1.1" 200 3534 "-" "Mozilla/5.0 AppleWebKit/537.36 (KHTML, like Gecko; compatible; GPTBot/1.2; +https://openai.com/gptbot)"
34.231.45.47 - - [07/Nov/2025:00:20:25 +0000] "GET /about-us/?path=//sys/class/leds/input1::capslock/subsystem/input1::numlock/device/device/firmware_node/physical_node/firmware_node/physical_node1/firmware_node/subsystem/devices/device:1b/subsystem/devices/device:3e HTTP/1.1" 200 4066 "-" "Mozilla/5.0 AppleWebKit/537.36 (KHTML, like Gecko; compatible; Amazonbot/0.1; +https://developer.amazon.com/support/amazonbot) Chrome/119.0.6045.214 Safari/537.36"
74.7.227.155 - - [07/Nov/2025:00:20:26 +0000] "GET /?path=//sys/class/net/enp1s0/device/net/enp1s0/device/subsystem/devices/virtio1/block/vda/device/block/vda/vda1/subsystem/vda/device/block/vda/subsystem/vda1/subsystem/vda HTTP/1.1" 200 4959 "-" "Mozilla/5.0 AppleWebKit/537.36 (KHTML, like Gecko; compatible; GPTBot/1.2; +https://openai.com/gptbot)"
194.247.173.99 - - [07/Nov/2025:00:20:26 +0000] "GET /?fileloc=//proc/31/timens_offsets&path=//proc/31 HTTP/1.1" 200 2988 "-" "Mozilla/5.0 (compatible; MJ12bot/v1.4.8; http://mj12bot.com/)"
74.7.227.68 - - [07/Nov/2025:00:20:27 +0000] "GET /?path=//sys/bus/node/devices/node0/memory6/subsystem/devices/memory4/node0/memory6/node0/subsystem HTTP/1.1" 200 3774 "-" "Mozilla/5.0 AppleWebKit/537.36 (KHTML, like Gecko; compatible; GPTBot/1.2; +https://openai.com/gptbot)"
57.141.0.15 - - [07/Nov/2025:00:20:28 +0000] "GET /?fileloc=/opt/wpsites/datacloudnow.com/wp-admin/css/colors/light/colors-rtl.css&path=/opt/wpsites/datacloudnow.com/wp-admin/css/colors/light HTTP/1.1" 200 33566 "-" "meta-externalagent/1.1 (+https://developers.facebook.com/docs/sharing/webmasters/crawler)"
74.7.227.68 - - [07/Nov/2025:00:20:28 +0000] "GET /?path=//sys/bus/node/devices/node0/memory6/subsystem/devices/memory4/node0/memory6/node0/memory_failure HTTP/1.1" 200 3677 "-" "Mozilla/5.0 AppleWebKit/537.36 (KHTML, like Gecko; compatible; GPTBot/1.2; +https://openai.com/gptbot)"
194.247.173.99 - - [07/Nov/2025:00:20:29 +0000] "GET /?fileloc=//proc/31/timers&path=//proc/31 HTTP/1.1" 200 2955 "-" "Mozilla/5.0 (compatible; MJ12bot/v1.4.8; http://mj12bot.com/)"
74.7.227.155 - - [07/Nov/2025:00:20:29 +0000] "GET /?path=//sys/class/net/enp1s0/device/net/enp1s0/device/subsystem/devices/virtio1/block/vda/subsystem/loop2/subsystem/vda/subsystem/vda/subsystem/loop7/integrity HTTP/1.1" 200 3881 "-" "Mozilla/5.0 AppleWebKit/537.36 (KHTML, like Gecko; compatible; GPTBot/1.2; +https://openai.com/gptbot)"
52.3.104.214 - - [07/Nov/2025:00:20:29 +0000] "GET /about-us/?path=//sys/class/leds/input1::capslock/subsystem/input1::numlock/device/device/firmware_node/physical_node/firmware_node/subsystem/devices/device:0e/subsystem/devices/device:0a/subsystem/devices/device:3d HTTP/1.1" 200 4086 "-" "Mozilla/5.0 AppleWebKit/537.36 (KHTML, like Gecko; compatible; Amazonbot/0.1; +https://developer.amazon.com/support/amazonbot) Chrome/119.0.6045.214 Safari/537.36"
135.181.166.38 - - [07/Nov/2025:00:20:30 +0000] "GET /?path=/etc/default HTTP/1.1" 200 4476 "-" "Mozilla/5.0 (compatible; BLEXBot/1.0; +https://help.seranking.com/en/blex-crawler)"
74.7.227.155 - - [07/Nov/2025:00:20:30 +0000] "GET /?path=//sys/class/net/enp1s0/device/net/enp1s0/device/subsystem/drivers/virtio_blk/virtio1/block/vda/subsystem/vda/device/block/vda/subsystem/vda/subsystem/vda/power HTTP/1.1" 200 4029 "-" "Mozilla/5.0 AppleWebKit/537.36 (KHTML, like Gecko; compatible; GPTBot/1.2; +https://openai.com/gptbot)"
194.247.173.99 - - [07/Nov/2025:00:20:32 +0000] "GET /?fileloc=//proc/31/timerslack_ns&path=//proc/31 HTTP/1.1" 200 2961 "-" "Mozilla/5.0 (compatible; MJ12bot/v1.4.8; http://mj12bot.com/)"
74.7.227.68 - - [07/Nov/2025:00:20:32 +0000] "GET /?path=//sys/bus/node/devices/node0/memory6/subsystem/devices/memory4/node0/memory4/node0/hugepages HTTP/1.1" 200 3538 "-" "Mozilla/5.0 AppleWebKit/537.36 (KHTML, like Gecko; compatible; GPTBot/1.2; +https://openai.com/gptbot)"
74.7.227.155 - - [07/Nov/2025:00:20:33 +0000] "GET /?path=//sys/class/net/enp1s0/device/net/enp1s0/device/subsystem/drivers/virtio_blk/virtio1/block/vda/subsystem/vda/device/block/vda/subsystem/vda/device/power HTTP/1.1" 200 4035 "-" "Mozilla/5.0 AppleWebKit/537.36 (KHTML, like Gecko; compatible; GPTBot/1.2; +https://openai.com/gptbot)"
194.247.173.99 - - [07/Nov/2025:00:20:34 +0000] "GET /?fileloc=//proc/31/uid_map&path=//proc/31 HTTP/1.1" 200 2971 "-" "Mozilla/5.0 (compatible; MJ12bot/v1.4.8; http://mj12bot.com/)"
66.249.74.14 - - [07/Nov/2025:00:20:34 +0000] "GET /?path=//sys/class/tty/tty8/subsystem/ttyS16/subsystem/ttyS7/subsystem/ttyS29/subsystem/tty32/subsystem/tty51/subsystem/tty48/subsystem/ttyS25 HTTP/1.1" 200 4454 "-" "Mozilla/5.0 (Linux; Android 6.0.1; Nexus 5X Build/MMB29P) AppleWebKit/537.36 (KHTML, like Gecko) Chrome/141.0.7390.122 Mobile Safari/537.36 (compatible; GoogleOther)"
18.207.89.138 - - [07/Nov/2025:00:20:34 +0000] "GET /about-us/?path=//sys/class/leds/input1::capslock/subsystem/input1::numlock/device/device/firmware_node/physical_node/firmware_node/subsystem/devices/device:02/subsystem/devices/ACPI0010:00/subsystem/devices/device:00 HTTP/1.1" 200 4053 "-" "Mozilla/5.0 AppleWebKit/537.36 (KHTML, like Gecko; compatible; Amazonbot/0.1; +https://developer.amazon.com/support/amazonbot) Chrome/119.0.6045.214 Safari/537.36"
74.7.227.68 - - [07/Nov/2025:00:20:34 +0000] "GET /?path=//sys/bus/node/devices/node0/memory5/subsystem/devices/memory1/node0/memory5/node0/hugepages HTTP/1.1" 200 3537 "-" "Mozilla/5.0 AppleWebKit/537.36 (KHTML, like Gecko; compatible; GPTBot/1.2; +https://openai.com/gptbot)"
74.7.227.155 - - [07/Nov/2025:00:20:34 +0000] "GET /?path=//sys/class/net/enp1s0/device/net/enp1s0/device/subsystem/drivers/virtio_blk/virtio1/block/vda/subsystem/vda/subsystem/vda/subsystem/sr0/mq HTTP/1.1" 200 3531 "-" "Mozilla/5.0 AppleWebKit/537.36 (KHTML, like Gecko; compatible; GPTBot/1.2; +https://openai.com/gptbot)"
74.7.227.68 - - [07/Nov/2025:00:20:36 +0000] "GET /?path=//sys/bus/node/devices/node0/memory5/subsystem/devices/memory1/node0/cpu0/driver/cpu0/firmware_node HTTP/1.1" 200 3951 "-" "Mozilla/5.0 AppleWebKit/537.36 (KHTML, like Gecko; compatible; GPTBot/1.2; +https://openai.com/gptbot)"
194.247.173.99 - - [07/Nov/2025:00:20:36 +0000] "GET /?fileloc=//proc/31/wchan&path=//proc/31 HTTP/1.1" 200 2954 "-" "Mozilla/5.0 (compatible; MJ12bot/v1.4.8; http://mj12bot.com/)"
74.7.227.155 - - [07/Nov/2025:00:20:37 +0000] "GET /?path=//sys/class/net/enp1s0/device/net/enp1s0/device/subsystem/drivers/virtio_blk/virtio1/block/vda/subsystem/vda/subsystem/vda/subsystem/sr0/queue/bsg HTTP/1.1" 200 3852 "-" "Mozilla/5.0 AppleWebKit/537.36 (KHTML, like Gecko; compatible; GPTBot/1.2; +https://openai.com/gptbot)"
194.247.173.99 - - [07/Nov/2025:00:20:38 +0000] "GET /?fileloc=//proc/32/arch_status&path=//proc/32 HTTP/1.1" 200 2980 "-" "Mozilla/5.0 (compatible; MJ12bot/v1.4.8; http://mj12bot.com/)"
57.141.0.59 - - [07/Nov/2025:00:20:38 +0000] "GET /?fileloc=//proc/15/net/arp&path=//proc/15/net HTTP/1.1" 200 12465 "-" "meta-externalagent/1.1 (+https://developers.facebook.com/docs/sharing/webmasters/crawler)"
74.7.227.155 - - [07/Nov/2025:00:20:38 +0000] "GET /?path=//sys/class/net/enp1s0/device/net/enp1s0/device/subsystem/drivers/virtio_blk/virtio1/block/vda/subsystem/vda/subsystem/vda/subsystem/vda/bdi/power HTTP/1.1" 200 4008 "-" "Mozilla/5.0 AppleWebKit/537.36 (KHTML, like Gecko; compatible; GPTBot/1.2; +https://openai.com/gptbot)"
57.141.0.43 - - [07/Nov/2025:00:20:39 +0000] "GET /big-data/?fileloc=//var/lib/dpkg/info/udisks2.postinst&path=//var/lib/dpkg/info HTTP/1.1" 200 14131 "-" "meta-externalagent/1.1 (+https://developers.facebook.com/docs/sharing/webmasters/crawler)"
74.7.227.68 - - [07/Nov/2025:00:20:39 +0000] "GET /?path=//sys/bus/node/devices/node0/memory6/subsystem/devices/memory3/node0/cpu0/driver/cpu0/firmware_node/power HTTP/1.1" 200 3899 "-" "Mozilla/5.0 AppleWebKit/537.36 (KHTML, like Gecko; compatible; GPTBot/1.2; +https://openai.com/gptbot)"
57.141.0.34 - - [07/Nov/2025:00:20:39 +0000] "GET /big-data/?fileloc=//var/lib/dpkg/info/binutils.list&path=//var/lib/dpkg/info HTTP/1.1" 200 13331 "-" "meta-externalagent/1.1 (+https://developers.facebook.com/docs/sharing/webmasters/crawler)"
98.83.226.125 - - [07/Nov/2025:00:20:40 +0000] "GET /about-us/?path=//sys/class/leds/input1::capslock/subsystem/input1::numlock/device/device/firmware_node/physical_node/firmware_node/subsystem/devices/device:1e/subsystem/devices/device:10/subsystem/devices/device:18 HTTP/1.1" 200 4060 "-" "Mozilla/5.0 AppleWebKit/537.36 (KHTML, like Gecko; compatible; Amazonbot/0.1; +https://developer.amazon.com/support/amazonbot) Chrome/119.0.6045.214 Safari/537.36"
57.141.0.25 - - [07/Nov/2025:00:20:40 +0000] "GET /big-data/?path=//lib/systemd/system/initrd-root-fs.target.wants HTTP/1.1" 200 14451 "-" "meta-externalagent/1.1 (+https://developers.facebook.com/docs/sharing/webmasters/crawler)"
74.7.227.155 - - [07/Nov/2025:00:20:40 +0000] "GET /?path=//sys/class/net/enp1s0/device/net/enp1s0/device/subsystem/devices/virtio1/block/vda/subsystem/loop2/subsystem/vda/subsystem/vda/subsystem/vda/device/subsystem HTTP/1.1" 200 3874 "-" "Mozilla/5.0 AppleWebKit/537.36 (KHTML, like Gecko; compatible; GPTBot/1.2; +https://openai.com/gptbot)"
57.141.0.38 - - [07/Nov/2025:00:20:40 +0000] "GET /big-data/?fileloc=//var/lib/dpkg/info/libxcb-randr0:amd64.symbols&path=//var/lib/dpkg/info HTTP/1.1" 200 27383 "-" "meta-externalagent/1.1 (+https://developers.facebook.com/docs/sharing/webmasters/crawler)"
194.247.173.99 - - [07/Nov/2025:00:20:40 +0000] "GET /?fileloc=//proc/32/autogroup&path=//proc/32 HTTP/1.1" 200 2955 "-" "Mozilla/5.0 (compatible; MJ12bot/v1.4.8; http://mj12bot.com/)"
74.7.227.68 - - [07/Nov/2025:00:20:40 +0000] "GET /?path=//sys/bus/node/devices/node0/memory5/subsystem/devices/memory1/node0/memory1/node0/subsystem HTTP/1.1" 200 3757 "-" "Mozilla/5.0 AppleWebKit/537.36 (KHTML, like Gecko; compatible; GPTBot/1.2; +https://openai.com/gptbot)"
57.141.0.62 - - [07/Nov/2025:00:20:41 +0000] "GET /big-data/?fileloc=//var/lib/dpkg/info/landscape-common.postinst&path=//var/lib/dpkg/info HTTP/1.1" 200 17468 "-" "meta-externalagent/1.1 (+https://developers.facebook.com/docs/sharing/webmasters/crawler)"
3.209.174.110 - - [07/Nov/2025:00:20:41 +0000] "GET /about-us/?path=//sys/class/leds/input1::capslock/subsystem/input1::numlock/device/device/firmware_node/physical_node/firmware_node/subsystem/devices/device:2d/subsystem/devices/device:01/subsystem/devices/device:3c HTTP/1.1" 200 4091 "-" "Mozilla/5.0 AppleWebKit/537.36 (KHTML, like Gecko; compatible; Amazonbot/0.1; +https://developer.amazon.com/support/amazonbot) Chrome/119.0.6045.214 Safari/537.36"
74.7.227.68 - - [07/Nov/2025:00:20:42 +0000] "GET /?path=//sys/bus/node/devices/node0/memory6/subsystem/devices/memory4/node0/cpu0/driver/cpu0/firmware_node/power HTTP/1.1" 200 3896 "-" "Mozilla/5.0 AppleWebKit/537.36 (KHTML, like Gecko; compatible; GPTBot/1.2; +https://openai.com/gptbot)"
74.7.227.155 - - [07/Nov/2025:00:20:42 +0000] "GET /?path=//sys/class/net/enp1s0/device/net/enp1s0/device/subsystem/devices/virtio1/driver/virtio1/block/vda/device/subsystem/drivers/virtio_rng/module/sections HTTP/1.1" 200 4491 "-" "Mozilla/5.0 AppleWebKit/537.36 (KHTML, like Gecko; compatible; GPTBot/1.2; +https://openai.com/gptbot)"
194.247.173.99 - - [07/Nov/2025:00:20:42 +0000] "GET /?fileloc=//proc/32/auxv&path=//proc/32 HTTP/1.1" 200 2954 "-" "Mozilla/5.0 (compatible; MJ12bot/v1.4.8; http://mj12bot.com/)"
57.141.0.59 - - [07/Nov/2025:00:20:43 +0000] "GET /big-data/?fileloc=//lib/x86_64-linux-gnu/gconv/IBM939.so&path=//lib/x86_64-linux-gnu/gconv HTTP/1.1" 200 194881 "-" "meta-externalagent/1.1 (+https://developers.facebook.com/docs/sharing/webmasters/crawler)"
57.141.0.26 - - [07/Nov/2025:00:20:43 +0000] "GET /big-data/?fileloc=//lib/systemd/system/systemd-confext.service&path=//lib/systemd/system HTTP/1.1" 200 13404 "-" "meta-externalagent/1.1 (+https://developers.facebook.com/docs/sharing/webmasters/crawler)"
74.7.227.155 - - [07/Nov/2025:00:20:43 +0000] "GET /?path=//sys/class/net/enp1s0/device/net/enp1s0/device/subsystem/drivers/virtio_blk/virtio1/block/vda/subsystem/vda/subsystem/vda/subsystem/sr0/bdi/power HTTP/1.1" 200 4017 "-" "Mozilla/5.0 AppleWebKit/537.36 (KHTML, like Gecko; compatible; GPTBot/1.2; +https://openai.com/gptbot)"
74.7.227.68 - - [07/Nov/2025:00:20:43 +0000] "GET /?path=//sys/bus/node/devices/node0/memory6/subsystem/devices/memory3/node0/memory1/node0/memory6 HTTP/1.1" 200 4018 "-" "Mozilla/5.0 AppleWebKit/537.36 (KHTML, like Gecko; compatible; GPTBot/1.2; +https://openai.com/gptbot)"
194.247.173.99 - - [07/Nov/2025:00:20:44 +0000] "GET /?fileloc=//proc/32/cmdline&path=//proc/32 HTTP/1.1" 200 2955 "-" "Mozilla/5.0 (compatible; MJ12bot/v1.4.8; http://mj12bot.com/)"
74.7.227.155 - - [07/Nov/2025:00:20:45 +0000] "GET /?path=//sys/class/net/enp1s0/device/net/enp1s0/device/subsystem/drivers/virtio_blk/virtio1/block/vda/subsystem/vda/device/subsystem/devices/virtio4/subsystem HTTP/1.1" 200 3878 "-" "Mozilla/5.0 AppleWebKit/537.36 (KHTML, like Gecko; compatible; GPTBot/1.2; +https://openai.com/gptbot)"
74.7.227.68 - - [07/Nov/2025:00:20:45 +0000] "GET /?path=//sys/bus/node/devices/node0/memory6/subsystem/devices/memory4/node0/memory2/node0/memory2 HTTP/1.1" 200 4004 "-" "Mozilla/5.0 AppleWebKit/537.36 (KHTML, like Gecko; compatible; GPTBot/1.2; +https://openai.com/gptbot)"
44.223.232.55 - - [07/Nov/2025:00:20:45 +0000] "GET /about-us/?path=//sys/class/leds/input1::capslock/subsystem/input1::numlock/device/device/firmware_node/physical_node/firmware_node/subsystem/devices/device:1f/subsystem/devices/device:07/subsystem/devices/device:11 HTTP/1.1" 200 4087 "-" "Mozilla/5.0 AppleWebKit/537.36 (KHTML, like Gecko; compatible; Amazonbot/0.1; +https://developer.amazon.com/support/amazonbot) Chrome/119.0.6045.214 Safari/537.36"
135.181.166.38 - - [07/Nov/2025:00:20:45 +0000] "GET /?path=/etc/libnl-3 HTTP/1.1" 200 3404 "-" "Mozilla/5.0 (compatible; BLEXBot/1.0; +https://help.seranking.com/en/blex-crawler)"
57.141.0.74 - - [07/Nov/2025:00:20:45 +0000] "GET /big-data/?fileloc=//sys/kernel/btf/garp&path=//sys/kernel/btf HTTP/1.1" 200 16639 "-" "meta-externalagent/1.1 (+https://developers.facebook.com/docs/sharing/webmasters/crawler)"
74.7.227.68 - - [07/Nov/2025:00:20:46 +0000] "GET /?path=//sys/bus/node/devices/node0/memory6/subsystem/devices/memory3/node0/memory5/node0/memory6 HTTP/1.1" 200 4019 "-" "Mozilla/5.0 AppleWebKit/537.36 (KHTML, like Gecko; compatible; GPTBot/1.2; +https://openai.com/gptbot)"
194.247.173.99 - - [07/Nov/2025:00:20:46 +0000] "GET /?fileloc=//proc/32/coredump_filter&path=//proc/32 HTTP/1.1" 200 2962 "-" "Mozilla/5.0 (compatible; MJ12bot/v1.4.8; http://mj12bot.com/)"
74.7.227.155 - - [07/Nov/2025:00:20:46 +0000] "GET /?path=//sys/class/net/enp1s0/device/net/enp1s0/device/subsystem/devices/virtio1/block/vda/device/block/vda/device/subsystem/drivers/virtiofs/module/sections HTTP/1.1" 200 4631 "-" "Mozilla/5.0 AppleWebKit/537.36 (KHTML, like Gecko; compatible; GPTBot/1.2; +https://openai.com/gptbot)"
74.7.227.68 - - [07/Nov/2025:00:20:47 +0000] "GET /?path=//sys/bus/node/devices/node0/memory5/subsystem/devices/memory1/node0/memory7/node0/memory7 HTTP/1.1" 200 4002 "-" "Mozilla/5.0 AppleWebKit/537.36 (KHTML, like Gecko; compatible; GPTBot/1.2; +https://openai.com/gptbot)"
194.247.173.99 - - [07/Nov/2025:00:20:48 +0000] "GET /?fileloc=//proc/32/cpu_resctrl_groups&path=//proc/32 HTTP/1.1" 200 2972 "-" "Mozilla/5.0 (compatible; MJ12bot/v1.4.8; http://mj12bot.com/)"
74.7.227.155 - - [07/Nov/2025:00:20:49 +0000] "GET /?path=//sys/class/net/enp1s0/device/net/enp1s0/device/subsystem/devices/virtio1/block/vda/device/block/vda/device/subsystem/drivers/virtiofs/virtio4/driver/module HTTP/1.1" 200 4200 "-" "Mozilla/5.0 AppleWebKit/537.36 (KHTML, like Gecko; compatible; GPTBot/1.2; +https://openai.com/gptbot)"
74.7.227.68 - - [07/Nov/2025:00:20:49 +0000] "GET /?path=//sys/bus/node/devices/node0/memory6/subsystem/devices/memory4/node0/memory5/node0/memory6 HTTP/1.1" 200 4005 "-" "Mozilla/5.0 AppleWebKit/537.36 (KHTML, like Gecko; compatible; GPTBot/1.2; +https://openai.com/gptbot)"
98.83.72.38 - - [07/Nov/2025:00:20:49 +0000] "GET /about-us/?path=//sys/class/leds/input1::capslock/subsystem/input1::numlock/device/device/firmware_node/physical_node/firmware_node/physical_node1/input/input1/input1::scrolllock/device/subsystem/event3/device/mouse1 HTTP/1.1" 200 3898 "-" "Mozilla/5.0 AppleWebKit/537.36 (KHTML, like Gecko; compatible; Amazonbot/0.1; +https://developer.amazon.com/support/amazonbot) Chrome/119.0.6045.214 Safari/537.36"
135.181.166.38 - - [07/Nov/2025:00:20:49 +0000] "GET /?path=/etc/netplan HTTP/1.1" 200 3343 "-" "Mozilla/5.0 (compatible; BLEXBot/1.0; +https://help.seranking.com/en/blex-crawler)"
194.247.173.99 - - [07/Nov/2025:00:20:50 +0000] "GET /?fileloc=//proc/32/cpuset&path=//proc/32 HTTP/1.1" 200 2954 "-" "Mozilla/5.0 (compatible; MJ12bot/v1.4.8; http://mj12bot.com/)"
74.7.227.155 - - [07/Nov/2025:00:20:50 +0000] "GET /?path=//sys/class/net/enp1s0/device/net/enp1s0/device/subsystem/drivers/virtio_blk/virtio1/block/vda/subsystem/vda/device/subsystem/devices/virtio2/subsystem HTTP/1.1" 200 3882 "-" "Mozilla/5.0 AppleWebKit/537.36 (KHTML, like Gecko; compatible; GPTBot/1.2; +https://openai.com/gptbot)"
74.7.227.68 - - [07/Nov/2025:00:20:50 +0000] "GET /?path=//sys/bus/node/devices/node0/memory5/subsystem/devices/memory1/node0/cpu0/driver/cpu0/firmware_node/power HTTP/1.1" 200 3899 "-" "Mozilla/5.0 AppleWebKit/537.36 (KHTML, like Gecko; compatible; GPTBot/1.2; +https://openai.com/gptbot)"
74.7.227.155 - - [07/Nov/2025:00:20:51 +0000] "GET /?fileloc=//sys/class/net/enp1s0/device/net/enp1s0/device/subsystem/devices/virtio1/block/vda/device/block/vda/vda2/subsystem/vda/device/block/vda/vda1/subsystem/vda/hidden&path=//sys/class/net/enp1s0/device/net/enp1s0/device/subsystem/devices/virtio1/block/vda/device/block/vda/vda2/subsystem/vda/device/block/vda/vda1/subsystem/vda HTTP/1.1" 200 3217 "-" "Mozilla/5.0 AppleWebKit/537.36 (KHTML, like Gecko; compatible; GPTBot/1.2; +https://openai.com/gptbot)"
74.7.227.68 - - [07/Nov/2025:00:20:52 +0000] "GET /?path=//sys/bus/node/devices/node0/memory6/subsystem/devices/memory3/node0/memory3/node0/subsystem HTTP/1.1" 200 3757 "-" "Mozilla/5.0 AppleWebKit/537.36 (KHTML, like Gecko; compatible; GPTBot/1.2; +https://openai.com/gptbot)"
194.247.173.99 - - [07/Nov/2025:00:20:52 +0000] "GET /?fileloc=//proc/32/environ&path=//proc/32 HTTP/1.1" 200 2956 "-" "Mozilla/5.0 (compatible; MJ12bot/v1.4.8; http://mj12bot.com/)"
135.181.166.38 - - [07/Nov/2025:00:20:53 +0000] "GET /?path=/etc/network HTTP/1.1" 200 3381 "-" "Mozilla/5.0 (compatible; BLEXBot/1.0; +https://help.seranking.com/en/blex-crawler)"
54.85.109.140 - - [07/Nov/2025:00:20:53 +0000] "GET /about-us/?path=//sys/class/leds/input1::capslock/subsystem/input1::numlock/device/device/firmware_node/physical_node/firmware_node/subsystem/devices/device:2e/subsystem/devices/device:15/subsystem/devices/device:2d HTTP/1.1" 200 4174 "-" "Mozilla/5.0 AppleWebKit/537.36 (KHTML, like Gecko; compatible; Amazonbot/0.1; +https://developer.amazon.com/support/amazonbot) Chrome/119.0.6045.214 Safari/537.36"
74.7.227.155 - - [07/Nov/2025:00:20:53 +0000] "GET /?path=//sys/class/net/enp1s0/device/net/enp1s0/device/subsystem/drivers/virtio_blk/virtio1/block/vda/subsystem/vda/subsystem/vda/subsystem/sr0/queue/bsg/power HTTP/1.1" 200 4040 "-" "Mozilla/5.0 AppleWebKit/537.36 (KHTML, like Gecko; compatible; GPTBot/1.2; +https://openai.com/gptbot)"
74.7.227.68 - - [07/Nov/2025:00:20:53 +0000] "GET /?path=//sys/bus/node/devices/node0/memory6/subsystem/devices/memory3/node0/memory1/node0/memory1 HTTP/1.1" 200 4001 "-" "Mozilla/5.0 AppleWebKit/537.36 (KHTML, like Gecko; compatible; GPTBot/1.2; +https://openai.com/gptbot)"
194.247.173.99 - - [07/Nov/2025:00:20:54 +0000] "GET /?fileloc=//proc/32/io&path=//proc/32 HTTP/1.1" 200 2953 "-" "Mozilla/5.0 (compatible; MJ12bot/v1.4.8; http://mj12bot.com/)"
74.7.227.68 - - [07/Nov/2025:00:20:55 +0000] "GET /?path=//sys/bus/node/devices/node0/memory5/subsystem/devices/memory1/node0/memory6/node0/memory6 HTTP/1.1" 200 4014 "-" "Mozilla/5.0 AppleWebKit/537.36 (KHTML, like Gecko; compatible; GPTBot/1.2; +https://openai.com/gptbot)"
74.7.227.155 - - [07/Nov/2025:00:20:55 +0000] "GET /?path=//sys/class/net/enp1s0/device/net/enp1s0/device/subsystem/drivers/virtio_blk/virtio1/block/vda/subsystem/vda/subsystem/vda/subsystem/sr0/queue/bsg/device HTTP/1.1" 200 6161 "-" "Mozilla/5.0 AppleWebKit/537.36 (KHTML, like Gecko; compatible; GPTBot/1.2; +https://openai.com/gptbot)"
194.247.173.99 - - [07/Nov/2025:00:20:56 +0000] "GET /?fileloc=//proc/32/ksm_stat&path=//proc/32 HTTP/1.1" 200 2957 "-" "Mozilla/5.0 (compatible; MJ12bot/v1.4.8; http://mj12bot.com/)"
135.181.166.38 - - [07/Nov/2025:00:20:57 +0000] "GET /?path=/etc/python3 HTTP/1.1" 200 3340 "-" "Mozilla/5.0 (compatible; BLEXBot/1.0; +https://help.seranking.com/en/blex-crawler)"
74.7.227.155 - - [07/Nov/2025:00:20:57 +0000] "GET /?path=//sys/class/net/enp1s0/device/net/enp1s0/device/subsystem/drivers/virtio_blk/virtio1/block/vda/subsystem/vda/subsystem/vda/subsystem/sr0/queue/bsg/subsystem HTTP/1.1" 200 3562 "-" "Mozilla/5.0 AppleWebKit/537.36 (KHTML, like Gecko; compatible; GPTBot/1.2; +https://openai.com/gptbot)"
74.7.227.68 - - [07/Nov/2025:00:20:57 +0000] "GET /?path=//sys/bus/node/devices/node0/memory6/subsystem/devices/memory4/node0/memory2/node0/memory6 HTTP/1.1" 200 4005 "-" "Mozilla/5.0 AppleWebKit/537.36 (KHTML, like Gecko; compatible; GPTBot/1.2; +https://openai.com/gptbot)"
52.70.209.13 - - [07/Nov/2025:00:20:57 +0000] "GET /about-us/?path=//sys/class/leds/input1::capslock/subsystem/input1::numlock/device/subsystem/event4/subsystem/input0/event0/device/subsystem/input1/input1::capslock/device/device/input/input1/power HTTP/1.1" 200 4033 "-" "Mozilla/5.0 AppleWebKit/537.36 (KHTML, like Gecko; compatible; Amazonbot/0.1; +https://developer.amazon.com/support/amazonbot) Chrome/119.0.6045.214 Safari/537.36"
57.141.0.48 - - [07/Nov/2025:00:20:57 +0000] "GET /big-data/?fileloc=//sys/module/8021q/sections/.retpoline_sites&path=//sys/module/8021q/sections HTTP/1.1" 200 12416 "-" "meta-externalagent/1.1 (+https://developers.facebook.com/docs/sharing/webmasters/crawler)"
194.247.173.99 - - [07/Nov/2025:00:20:58 +0000] "GET /?fileloc=//proc/32/latency&path=//proc/32 HTTP/1.1" 200 2973 "-" "Mozilla/5.0 (compatible; MJ12bot/v1.4.8; http://mj12bot.com/)"
74.7.227.155 - - [07/Nov/2025:00:20:58 +0000] "GET /?path=//sys/class/net/enp1s0/device/net/enp1s0/device/subsystem/devices/virtio1/block/vda/subsystem/loop2/subsystem/vda/subsystem/vda/subsystem/vda/device/subsystem/devices HTTP/1.1" 200 3740 "-" "Mozilla/5.0 AppleWebKit/537.36 (KHTML, like Gecko; compatible; GPTBot/1.2; +https://openai.com/gptbot)"
74.7.227.68 - - [07/Nov/2025:00:20:58 +0000] "GET /?path=//sys/bus/node/devices/node0/memory6/subsystem/devices/memory4/node0/memory7/node0/memory6 HTTP/1.1" 200 4006 "-" "Mozilla/5.0 AppleWebKit/537.36 (KHTML, like Gecko; compatible; GPTBot/1.2; +https://openai.com/gptbot)"
74.7.227.68 - - [07/Nov/2025:00:21:00 +0000] "GET /?path=//sys/bus/node/devices/node0/memory6/subsystem/devices/memory3/node0/memory4/node0/memory4 HTTP/1.1" 200 4013 "-" "Mozilla/5.0 AppleWebKit/537.36 (KHTML, like Gecko; compatible; GPTBot/1.2; +https://openai.com/gptbot)"
194.247.173.99 - - [07/Nov/2025:00:21:00 +0000] "GET /?fileloc=//proc/32/limits&path=//proc/32 HTTP/1.1" 200 3276 "-" "Mozilla/5.0 (compatible; MJ12bot/v1.4.8; http://mj12bot.com/)"
74.7.227.155 - - [07/Nov/2025:00:21:01 +0000] "GET /?path=//sys/class/net/enp1s0/device/net/enp1s0/device/subsystem/devices/virtio1/block/vda/subsystem/loop2/subsystem/vda/subsystem/vda/subsystem/vda/device/subsystem/drivers HTTP/1.1" 200 3933 "-" "Mozilla/5.0 AppleWebKit/537.36 (KHTML, like Gecko; compatible; GPTBot/1.2; +https://openai.com/gptbot)"
74.7.227.68 - - [07/Nov/2025:00:21:01 +0000] "GET /?path=//sys/bus/node/devices/node0/memory6/subsystem/devices/memory3/node0/memory1/node0/memory6/node0 HTTP/1.1" 200 4434 "-" "Mozilla/5.0 AppleWebKit/537.36 (KHTML, like Gecko; compatible; GPTBot/1.2; +https://openai.com/gptbot)"
100.29.128.75 - - [07/Nov/2025:00:21:01 +0000] "GET /about-us/?path=//sys/class/leds/input1::capslock/subsystem/input1::numlock/device/device/firmware_node/physical_node/firmware_node/subsystem/devices/device:0b/subsystem/devices/device:01/subsystem/devices/device:3c HTTP/1.1" 200 4091 "-" "Mozilla/5.0 AppleWebKit/537.36 (KHTML, like Gecko; compatible; Amazonbot/0.1; +https://developer.amazon.com/support/amazonbot) Chrome/119.0.6045.214 Safari/537.36"
194.247.173.99 - - [07/Nov/2025:00:21:02 +0000] "GET /?fileloc=//proc/32/loginuid&path=//proc/32 HTTP/1.1" 200 2964 "-" "Mozilla/5.0 (compatible; MJ12bot/v1.4.8; http://mj12bot.com/)"
74.7.227.155 - - [07/Nov/2025:00:21:02 +0000] "GET /?path=//sys/class/net/enp1s0/device/net/enp1s0/device/subsystem/devices/virtio1/block/vda/subsystem/loop2/subsystem/vda/subsystem/vda/device/subsystem HTTP/1.1" 200 3847 "-" "Mozilla/5.0 AppleWebKit/537.36 (KHTML, like Gecko; compatible; GPTBot/1.2; +https://openai.com/gptbot)"
74.7.227.68 - - [07/Nov/2025:00:21:03 +0000] "GET /?path=//sys/bus/node/devices/node0/memory6/subsystem/devices/memory4/node0/memory5/node0/memory5 HTTP/1.1" 200 4003 "-" "Mozilla/5.0 AppleWebKit/537.36 (KHTML, like Gecko; compatible; GPTBot/1.2; +https://openai.com/gptbot)"
74.7.227.155 - - [07/Nov/2025:00:21:03 +0000] "GET /?path=//sys/class/net/enp1s0/device/net/enp1s0/device/subsystem/drivers/virtio_blk/virtio1/block/vda/subsystem/vda/device/subsystem/devices/virtio3/subsystem HTTP/1.1" 200 3882 "-" "Mozilla/5.0 AppleWebKit/537.36 (KHTML, like Gecko; compatible; GPTBot/1.2; +https://openai.com/gptbot)"
194.247.173.99 - - [07/Nov/2025:00:21:04 +0000] "GET /?fileloc=//proc/32/maps&path=//proc/32 HTTP/1.1" 200 2953 "-" "Mozilla/5.0 (compatible; MJ12bot/v1.4.8; http://mj12bot.com/)"
135.181.166.38 - - [07/Nov/2025:00:21:04 +0000] "GET /?path=/etc/selinux HTTP/1.1" 200 3336 "-" "Mozilla/5.0 (compatible; BLEXBot/1.0; +https://help.seranking.com/en/blex-crawler)"
74.7.227.68 - - [07/Nov/2025:00:21:05 +0000] "GET /?path=//sys/bus/node/devices/node0/memory5/subsystem/devices/memory1/node0/memory3/node0/memory5 HTTP/1.1" 200 4018 "-" "Mozilla/5.0 AppleWebKit/537.36 (KHTML, like Gecko; compatible; GPTBot/1.2; +https://openai.com/gptbot)"
23.23.137.202 - - [07/Nov/2025:00:21:05 +0000] "GET /about-us/?path=//sys/class/leds/input1::capslock/subsystem/input1::numlock/device/device/firmware_node/physical_node/firmware_node/subsystem/devices/device:1e/subsystem/devices/device:23/subsystem/devices/device:1d HTTP/1.1" 200 4086 "-" "Mozilla/5.0 AppleWebKit/537.36 (KHTML, like Gecko; compatible; Amazonbot/0.1; +https://developer.amazon.com/support/amazonbot) Chrome/119.0.6045.214 Safari/537.36"
194.247.173.99 - - [07/Nov/2025:00:21:05 +0000] "GET /?fileloc=//proc/32/numa_maps&path=//proc/32 HTTP/1.1" 200 2958 "-" "Mozilla/5.0 (compatible; MJ12bot/v1.4.8; http://mj12bot.com/)"
74.7.227.155 - - [07/Nov/2025:00:21:06 +0000] "GET /?path=//sys/class/net/enp1s0/device/net/enp1s0/device/subsystem/devices/virtio1/block/vda/device/block/vda/device/subsystem/drivers/virtiofs/virtio4/driver/module/holders HTTP/1.1" 200 3301 "-" "Mozilla/5.0 AppleWebKit/537.36 (KHTML, like Gecko; compatible; GPTBot/1.2; +https://openai.com/gptbot)"
74.7.227.68 - - [07/Nov/2025:00:21:07 +0000] "GET /?path=//sys/bus/node/devices/node0/memory6/subsystem/devices/memory4/node0/memory1/node0/memory1 HTTP/1.1" 200 4004 "-" "Mozilla/5.0 AppleWebKit/537.36 (KHTML, like Gecko; compatible; GPTBot/1.2; +https://openai.com/gptbot)"
66.249.74.15 - - [07/Nov/2025:00:21:07 +0000] "GET /?fileloc=//sys/class/tty/tty8/subsystem/ttyS16/subsystem/ttyS7/subsystem/ttyS29/subsystem/ttyS25/subsystem/ttyS25/subsystem/ttyS25/subsystem/ttyS13/dev&path=//sys/class/tty/tty8/subsystem/ttyS16/subsystem/ttyS7/subsystem/ttyS29/subsystem/ttyS25/subsystem/ttyS25/subsystem/ttyS25/subsystem/ttyS13 HTTP/1.1" 200 3124 "-" "Mozilla/5.0 (Linux; Android 6.0.1; Nexus 5X Build/MMB29P) AppleWebKit/537.36 (KHTML, like Gecko) Chrome/141.0.7390.122 Mobile Safari/537.36 (compatible; GoogleOther)"
74.7.227.155 - - [07/Nov/2025:00:21:07 +0000] "GET /?path=//sys/class/net/enp1s0/device/net/enp1s0/device/subsystem/devices/virtio1/block/vda/device/block/vda/device/subsystem/drivers/virtiofs/virtio4/driver/module/notes HTTP/1.1" 200 3706 "-" "Mozilla/5.0 AppleWebKit/537.36 (KHTML, like Gecko; compatible; GPTBot/1.2; +https://openai.com/gptbot)"
194.247.173.99 - - [07/Nov/2025:00:21:07 +0000] "GET /?fileloc=//proc/32/oom_score&path=//proc/32 HTTP/1.1" 200 2958 "-" "Mozilla/5.0 (compatible; MJ12bot/v1.4.8; http://mj12bot.com/)"
74.7.227.155 - - [07/Nov/2025:00:21:08 +0000] "GET /?path=//sys/class/net/enp1s0/device/net/enp1s0/device/subsystem/devices/virtio1/block/vda/device/block/vda/device/subsystem/drivers/virtiofs/virtio4/driver/module/sections HTTP/1.1" 200 4853 "-" "Mozilla/5.0 AppleWebKit/537.36 (KHTML, like Gecko; compatible; GPTBot/1.2; +https://openai.com/gptbot)"
74.7.227.68 - - [07/Nov/2025:00:21:09 +0000] "GET /?path=//sys/bus/node/devices/node0/memory5/subsystem/devices/memory1/node0/memory0/node0/memory5 HTTP/1.1" 200 4005 "-" "Mozilla/5.0 AppleWebKit/537.36 (KHTML, like Gecko; compatible; GPTBot/1.2; +https://openai.com/gptbot)"
54.209.100.30 - - [07/Nov/2025:00:21:09 +0000] "GET /about-us/?path=//sys/class/leds/input1::capslock/subsystem/input1::numlock/device/device/firmware_node/physical_node/firmware_node/physical_node1/input/input1/input1::capslock/device/subsystem/mouse1/device/id HTTP/1.1" 200 3791 "-" "Mozilla/5.0 AppleWebKit/537.36 (KHTML, like Gecko; compatible; Amazonbot/0.1; +https://developer.amazon.com/support/amazonbot) Chrome/119.0.6045.214 Safari/537.36"
194.247.173.99 - - [07/Nov/2025:00:21:09 +0000] "GET /?fileloc=//proc/32/setgroups&path=//proc/32 HTTP/1.1" 200 2961 "-" "Mozilla/5.0 (compatible; MJ12bot/v1.4.8; http://mj12bot.com/)"
135.181.166.38 - - [07/Nov/2025:00:21:09 +0000] "GET /?path=/etc/sysstat HTTP/1.1" 200 3403 "-" "Mozilla/5.0 (compatible; BLEXBot/1.0; +https://help.seranking.com/en/blex-crawler)"
74.7.227.68 - - [07/Nov/2025:00:21:10 +0000] "GET /?path=//sys/bus/node/devices/node0/memory5/subsystem/devices/memory1/node0/memory0/node0/memory0 HTTP/1.1" 200 4014 "-" "Mozilla/5.0 AppleWebKit/537.36 (KHTML, like Gecko; compatible; GPTBot/1.2; +https://openai.com/gptbot)"
74.7.227.155 - - [07/Nov/2025:00:21:11 +0000] "GET /?path=//sys/class/net/enp1s0/device/net/enp1s0/device/subsystem/devices/virtio1/block/vda/subsystem/vda/subsystem/loop3/subsystem/vda/device/subsystem HTTP/1.1" 200 3849 "-" "Mozilla/5.0 AppleWebKit/537.36 (KHTML, like Gecko; compatible; GPTBot/1.2; +https://openai.com/gptbot)"
194.247.173.99 - - [07/Nov/2025:00:21:11 +0000] "GET /?fileloc=//proc/32/smaps&path=//proc/32 HTTP/1.1" 200 2954 "-" "Mozilla/5.0 (compatible; MJ12bot/v1.4.8; http://mj12bot.com/)"
74.7.227.68 - - [07/Nov/2025:00:21:11 +0000] "GET /?path=//sys/bus/node/devices/node0/memory6/subsystem/devices/memory4/node0/memory1/node0/memory6 HTTP/1.1" 200 4005 "-" "Mozilla/5.0 AppleWebKit/537.36 (KHTML, like Gecko; compatible; GPTBot/1.2; +https://openai.com/gptbot)"
74.7.227.155 - - [07/Nov/2025:00:21:13 +0000] "GET /?path=//sys/class/net/enp1s0/device/net/enp1s0/device/subsystem/drivers/virtio_blk/virtio1/block/vda/subsystem/vda/subsystem/vda/subsystem/sr0/queue/bsg/device/subsystem HTTP/1.1" 200 3895 "-" "Mozilla/5.0 AppleWebKit/537.36 (KHTML, like Gecko; compatible; GPTBot/1.2; +https://openai.com/gptbot)"
194.247.173.99 - - [07/Nov/2025:00:21:13 +0000] "GET /?fileloc=//proc/32/smaps_rollup&path=//proc/32 HTTP/1.1" 200 2960 "-" "Mozilla/5.0 (compatible; MJ12bot/v1.4.8; http://mj12bot.com/)"
35.173.38.202 - - [07/Nov/2025:00:21:13 +0000] "GET /about-us/?path=//sys/class/leds/input1::capslock/subsystem/input1::numlock/device/device/firmware_node/physical_node/firmware_node/subsystem/devices/device:12/subsystem/devices/device:2a/subsystem/drivers/ec HTTP/1.1" 200 3771 "-" "Mozilla/5.0 AppleWebKit/537.36 (KHTML, like Gecko; compatible; Amazonbot/0.1; +https://developer.amazon.com/support/amazonbot) Chrome/119.0.6045.214 Safari/537.36"
74.7.227.68 - - [07/Nov/2025:00:21:14 +0000] "GET /?path=//sys/bus/node/devices/node0/memory6/subsystem/devices/memory3/node0/memory5/node0/memory5 HTTP/1.1" 200 4001 "-" "Mozilla/5.0 AppleWebKit/537.36 (KHTML, like Gecko; compatible; GPTBot/1.2; +https://openai.com/gptbot)"
74.7.227.155 - - [07/Nov/2025:00:21:14 +0000] "GET /?path=//sys/class/net/enp1s0/device/net/enp1s0/device/subsystem/drivers/virtio_blk/virtio1/block/vda/subsystem/vda/subsystem/vda/subsystem/sr0/queue/bsg/device/scsi_device HTTP/1.1" 200 3579 "-" "Mozilla/5.0 AppleWebKit/537.36 (KHTML, like Gecko; compatible; GPTBot/1.2; +https://openai.com/gptbot)"
135.181.166.38 - - [07/Nov/2025:00:21:14 +0000] "GET /?path=/etc/systemd HTTP/1.1" 200 3951 "-" "Mozilla/5.0 (compatible; BLEXBot/1.0; +https://help.seranking.com/en/blex-crawler)"
194.247.173.99 - - [07/Nov/2025:00:21:15 +0000] "GET /?fileloc=//proc/32/stack&path=//proc/32 HTTP/1.1" 200 2954 "-" "Mozilla/5.0 (compatible; MJ12bot/v1.4.8; http://mj12bot.com/)"
74.7.227.68 - - [07/Nov/2025:00:21:15 +0000] "GET /?path=//sys/bus/node/devices/node0/memory5/subsystem/devices/memory1/node0/memory7/node0/memory5 HTTP/1.1" 200 4019 "-" "Mozilla/5.0 AppleWebKit/537.36 (KHTML, like Gecko; compatible; GPTBot/1.2; +https://openai.com/gptbot)"
74.7.227.155 - - [07/Nov/2025:00:21:16 +0000] "GET /?path=//sys/class/net/enp1s0/device/net/enp1s0/device/subsystem/drivers/virtio_blk/virtio1/block/vda/subsystem/vda/subsystem/vda/subsystem/sr0/queue/bsg/device/bsg HTTP/1.1" 200 3570 "-" "Mozilla/5.0 AppleWebKit/537.36 (KHTML, like Gecko; compatible; GPTBot/1.2; +https://openai.com/gptbot)"
74.7.227.68 - - [07/Nov/2025:00:21:16 +0000] "GET /?path=//sys/bus/node/devices/node0/memory5/subsystem/devices/memory1/node0/memory4/node0/memory4 HTTP/1.1" 200 4014 "-" "Mozilla/5.0 AppleWebKit/537.36 (KHTML, like Gecko; compatible; GPTBot/1.2; +https://openai.com/gptbot)"
194.247.173.99 - - [07/Nov/2025:00:21:16 +0000] "GET /?fileloc=//proc/38/stat&path=//proc/38 HTTP/1.1" 200 3036 "-" "Mozilla/5.0 (compatible; MJ12bot/v1.4.8; http://mj12bot.com/)"
100.29.128.75 - - [07/Nov/2025:00:21:17 +0000] "GET /about-us/?path=//sys/class/leds/input1::capslock/subsystem/input1::numlock/device/device/firmware_node/physical_node/firmware_node/physical_node1/firmware_node/subsystem/devices/device:08/subsystem/devices/device:2d HTTP/1.1" 200 4157 "-" "Mozilla/5.0 AppleWebKit/537.36 (KHTML, like Gecko; compatible; Amazonbot/0.1; +https://developer.amazon.com/support/amazonbot) Chrome/119.0.6045.214 Safari/537.36"
57.141.0.64 - - [07/Nov/2025:00:21:17 +0000] "GET /big-data/?fileloc=//bin/X11/X11/gcc-13&path=//bin/X11/X11 HTTP/1.1" 200 1449778 "-" "meta-externalagent/1.1 (+https://developers.facebook.com/docs/sharing/webmasters/crawler)"
74.7.227.68 - - [07/Nov/2025:00:21:17 +0000] "GET /?path=//sys/bus/node/devices/node0/memory5/subsystem/devices/memory1/node0/memory2/node0/memory2 HTTP/1.1" 200 4001 "-" "Mozilla/5.0 AppleWebKit/537.36 (KHTML, like Gecko; compatible; GPTBot/1.2; +https://openai.com/gptbot)"
74.7.227.155 - - [07/Nov/2025:00:21:18 +0000] "GET /?path=//sys/class/net/enp1s0/device/net/enp1s0/device/subsystem/drivers/virtio_blk/virtio1/block/vda/subsystem/vda/subsystem/vda/subsystem/sr0/queue/bsg/device/driver HTTP/1.1" 200 3815 "-" "Mozilla/5.0 AppleWebKit/537.36 (KHTML, like Gecko; compatible; GPTBot/1.2; +https://openai.com/gptbot)"
135.181.166.38 - - [07/Nov/2025:00:21:18 +0000] "GET /?path=/etc/udisks2 HTTP/1.1" 200 3420 "-" "Mozilla/5.0 (compatible; BLEXBot/1.0; +https://help.seranking.com/en/blex-crawler)"
194.247.173.99 - - [07/Nov/2025:00:21:18 +0000] "GET /?fileloc=//proc/38/statm&path=//proc/38 HTTP/1.1" 200 2957 "-" "Mozilla/5.0 (compatible; MJ12bot/v1.4.8; http://mj12bot.com/)"
57.141.0.16 - - [07/Nov/2025:00:21:18 +0000] "GET /big-data/?fileloc=//var/lib/dpkg/info/libqrtr-glib0:amd64.list&path=//var/lib/dpkg/info HTTP/1.1" 200 12785 "-" "meta-externalagent/1.1 (+https://developers.facebook.com/docs/sharing/webmasters/crawler)"
74.7.227.155 - - [07/Nov/2025:00:21:19 +0000] "GET /?path=//sys/class/net/enp1s0/device/net/enp1s0/device/subsystem/devices/virtio1/block/vda/subsystem/loop2/subsystem/vda/subsystem/vda/subsystem/vda/device/subsystem/drivers/virtio_balloon HTTP/1.1" 200 3848 "-" "Mozilla/5.0 AppleWebKit/537.36 (KHTML, like Gecko; compatible; GPTBot/1.2; +https://openai.com/gptbot)"
74.7.227.68 - - [07/Nov/2025:00:21:19 +0000] "GET /?path=//sys/bus/node/devices/node0/memory6/subsystem/devices/memory3/node0/memory7/node0/memory7 HTTP/1.1" 200 4002 "-" "Mozilla/5.0 AppleWebKit/537.36 (KHTML, like Gecko; compatible; GPTBot/1.2; +https://openai.com/gptbot)"
74.7.227.155 - - [07/Nov/2025:00:21:20 +0000] "GET /?path=//sys/class/net/enp1s0/device/net/enp1s0/device/subsystem/devices/virtio1/block/vda/subsystem/loop2/subsystem/vda/subsystem/vda/device/subsystem/devices HTTP/1.1" 200 3734 "-" "Mozilla/5.0 AppleWebKit/537.36 (KHTML, like Gecko; compatible; GPTBot/1.2; +https://openai.com/gptbot)"
194.247.173.99 - - [07/Nov/2025:00:21:20 +0000] "GET /?fileloc=//proc/38/status&path=//proc/38 HTTP/1.1" 200 3349 "-" "Mozilla/5.0 (compatible; MJ12bot/v1.4.8; http://mj12bot.com/)"
74.7.227.68 - - [07/Nov/2025:00:21:20 +0000] "GET /?path=//sys/bus/node/devices/node0/memory6/subsystem/devices/memory4/node0/memory5/node0/memory5/node0 HTTP/1.1" 200 4418 "-" "Mozilla/5.0 AppleWebKit/537.36 (KHTML, like Gecko; compatible; GPTBot/1.2; +https://openai.com/gptbot)"
54.204.62.163 - - [07/Nov/2025:00:21:21 +0000] "GET /about-us/?path=//sys/class/leds/input1::capslock/subsystem/input1::numlock/device/subsystem/event4/subsystem/input0/event0/subsystem/event1/device/input1::numlock/device/device/input/input1/id HTTP/1.1" 200 3783 "-" "Mozilla/5.0 AppleWebKit/537.36 (KHTML, like Gecko; compatible; Amazonbot/0.1; +https://developer.amazon.com/support/amazonbot) Chrome/119.0.6045.214 Safari/537.36"
74.7.227.68 - - [07/Nov/2025:00:21:21 +0000] "GET /?path=//sys/bus/node/devices/node0/memory5/subsystem/devices/memory1/node0/memory2/node0/memory5 HTTP/1.1" 200 4019 "-" "Mozilla/5.0 AppleWebKit/537.36 (KHTML, like Gecko; compatible; GPTBot/1.2; +https://openai.com/gptbot)"
135.181.166.38 - - [07/Nov/2025:00:21:22 +0000] "GET /?path=/home/ubuntu HTTP/1.1" 200 3029 "-" "Mozilla/5.0 (compatible; BLEXBot/1.0; +https://help.seranking.com/en/blex-crawler)"
194.247.173.99 - - [07/Nov/2025:00:21:22 +0000] "GET /?fileloc=//proc/38/syscall&path=//proc/38 HTTP/1.1" 200 2956 "-" "Mozilla/5.0 (compatible; MJ12bot/v1.4.8; http://mj12bot.com/)"
74.7.227.155 - - [07/Nov/2025:00:21:22 +0000] "GET /?path=//sys/class/net/enp1s0/device/net/enp1s0/device/subsystem/drivers/virtio_blk/virtio1/block/vda/subsystem/vda/subsystem/vda/subsystem/sr0/queue/bsg/device/generic HTTP/1.1" 200 3875 "-" "Mozilla/5.0 AppleWebKit/537.36 (KHTML, like Gecko; compatible; GPTBot/1.2; +https://openai.com/gptbot)"
74.7.227.68 - - [07/Nov/2025:00:21:23 +0000] "GET /?path=//sys/bus/node/devices/node0/memory5/subsystem/devices/memory1/node0/memory4/node0/memory5 HTTP/1.1" 200 4005 "-" "Mozilla/5.0 AppleWebKit/537.36 (KHTML, like Gecko; compatible; GPTBot/1.2; +https://openai.com/gptbot)"
194.247.173.99 - - [07/Nov/2025:00:21:23 +0000] "GET /?fileloc=//proc/38/timens_offsets&path=//proc/38 HTTP/1.1" 200 2988 "-" "Mozilla/5.0 (compatible; MJ12bot/v1.4.8; http://mj12bot.com/)"
74.7.227.155 - - [07/Nov/2025:00:21:24 +0000] "GET /?path=//sys/class/net/enp1s0/device/net/enp1s0/device/subsystem/drivers/virtio_blk/virtio1/block/vda/subsystem/vda/subsystem/vda/subsystem/sr0/queue/bsg/device/scsi_generic HTTP/1.1" 200 3578 "-" "Mozilla/5.0 AppleWebKit/537.36 (KHTML, like Gecko; compatible; GPTBot/1.2; +https://openai.com/gptbot)"
74.7.227.68 - - [07/Nov/2025:00:21:25 +0000] "GET /?path=//sys/bus/node/devices/node0/memory6/subsystem/devices/memory4/node0/memory7/node0/memory7 HTTP/1.1" 200 4004 "-" "Mozilla/5.0 AppleWebKit/537.36 (KHTML, like Gecko; compatible; GPTBot/1.2; +https://openai.com/gptbot)"
135.181.166.38 - - [07/Nov/2025:00:21:25 +0000] "GET /?path=/home/wpuser HTTP/1.1" 200 3029 "-" "Mozilla/5.0 (compatible; BLEXBot/1.0; +https://help.seranking.com/en/blex-crawler)"
194.247.173.99 - - [07/Nov/2025:00:21:25 +0000] "GET /?fileloc=//proc/38/timers&path=//proc/38 HTTP/1.1" 200 2955 "-" "Mozilla/5.0 (compatible; MJ12bot/v1.4.8; http://mj12bot.com/)"
35.169.102.85 - - [07/Nov/2025:00:21:26 +0000] "GET /about-us/?path=//sys/class/leds/input1::capslock/subsystem/input1::numlock/device/device/firmware_node/physical_node/firmware_node/subsystem/devices/device:1e/subsystem/devices/device:11/subsystem/devices/device:0b HTTP/1.1" 200 4088 "-" "Mozilla/5.0 AppleWebKit/537.36 (KHTML, like Gecko; compatible; Amazonbot/0.1; +https://developer.amazon.com/support/amazonbot) Chrome/119.0.6045.214 Safari/537.36"
74.7.227.155 - - [07/Nov/2025:00:21:27 +0000] "GET /?path=//sys/class/net/enp1s0/device/net/enp1s0/device/subsystem/devices/virtio1/block/vda/device/block/vda/device/driver/virtio1/subsystem/drivers/virtiofs/module HTTP/1.1" 200 4200 "-" "Mozilla/5.0 AppleWebKit/537.36 (KHTML, like Gecko; compatible; GPTBot/1.2; +https://openai.com/gptbot)"
74.7.227.68 - - [07/Nov/2025:00:21:27 +0000] "GET /?path=//sys/bus/node/devices/node0/memory5/subsystem/devices/memory1/node0/memory6/node0/memory5 HTTP/1.1" 200 4006 "-" "Mozilla/5.0 AppleWebKit/537.36 (KHTML, like Gecko; compatible; GPTBot/1.2; +https://openai.com/gptbot)"
194.247.173.99 - - [07/Nov/2025:00:21:28 +0000] "GET /?fileloc=//proc/38/timerslack_ns&path=//proc/38 HTTP/1.1" 200 2961 "-" "Mozilla/5.0 (compatible; MJ12bot/v1.4.8; http://mj12bot.com/)"
74.7.227.68 - - [07/Nov/2025:00:21:29 +0000] "GET /?path=//sys/bus/node/devices/node0/memory6/subsystem/devices/memory3/node0/memory4/node0/memory6 HTTP/1.1" 200 4005 "-" "Mozilla/5.0 AppleWebKit/537.36 (KHTML, like Gecko; compatible; GPTBot/1.2; +https://openai.com/gptbot)"
74.7.227.155 - - [07/Nov/2025:00:21:29 +0000] "GET /?path=//sys/class/net/enp1s0/device/net/enp1s0/device/subsystem/drivers/virtio_blk/virtio1/block/vda/subsystem/vda/device/subsystem/devices/virtio1/subsystem HTTP/1.1" 200 3876 "-" "Mozilla/5.0 AppleWebKit/537.36 (KHTML, like Gecko; compatible; GPTBot/1.2; +https://openai.com/gptbot)"
44.193.102.198 - - [07/Nov/2025:00:21:30 +0000] "GET /about-us/?path=//sys/class/leds/input1::capslock/subsystem/input1::numlock/device/device/firmware_node/physical_node/firmware_node/physical_node1/input/input1/input1::capslock/device/subsystem/event0/subsystem/mouse0/power HTTP/1.1" 200 4149 "-" "Mozilla/5.0 AppleWebKit/537.36 (KHTML, like Gecko; compatible; Amazonbot/0.1; +https://developer.amazon.com/support/amazonbot) Chrome/119.0.6045.214 Safari/537.36"
194.247.173.99 - - [07/Nov/2025:00:21:30 +0000] "GET /?fileloc=//proc/38/uid_map&path=//proc/38 HTTP/1.1" 200 2972 "-" "Mozilla/5.0 (compatible; MJ12bot/v1.4.8; http://mj12bot.com/)"
74.7.227.68 - - [07/Nov/2025:00:21:30 +0000] "GET /?path=//sys/bus/node/devices/node0/memory5/subsystem/devices/memory1/node0/memory3/node0/memory3 HTTP/1.1" 200 4002 "-" "Mozilla/5.0 AppleWebKit/537.36 (KHTML, like Gecko; compatible; GPTBot/1.2; +https://openai.com/gptbot)"
74.7.227.155 - - [07/Nov/2025:00:21:30 +0000] "GET /?path=//sys/class/net/enp1s0/device/net/enp1s0/device/subsystem/devices/virtio1/block/vda/subsystem/vda/subsystem/loop3/subsystem/vda/device/subsystem/devices HTTP/1.1" 200 3739 "-" "Mozilla/5.0 AppleWebKit/537.36 (KHTML, like Gecko; compatible; GPTBot/1.2; +https://openai.com/gptbot)"
194.247.173.99 - - [07/Nov/2025:00:21:32 +0000] "GET /?fileloc=//proc/38/wchan&path=//proc/38 HTTP/1.1" 200 2954 "-" "Mozilla/5.0 (compatible; MJ12bot/v1.4.8; http://mj12bot.com/)"
74.7.227.68 - - [07/Nov/2025:00:21:32 +0000] "GET /?path=//sys/bus/node/devices/node0/memory6/subsystem/devices/memory3/node0/memory2/node0/memory6 HTTP/1.1" 200 4018 "-" "Mozilla/5.0 AppleWebKit/537.36 (KHTML, like Gecko; compatible; GPTBot/1.2; +https://openai.com/gptbot)"
74.7.227.155 - - [07/Nov/2025:00:21:33 +0000] "GET /?path=//sys/class/net/enp1s0/device/net/enp1s0/device/subsystem/devices/virtio1/driver/virtio1/block/vda/device/subsystem/drivers/virtiofs/module HTTP/1.1" 200 4150 "-" "Mozilla/5.0 AppleWebKit/537.36 (KHTML, like Gecko; compatible; GPTBot/1.2; +https://openai.com/gptbot)"
52.73.6.26 - - [07/Nov/2025:00:21:33 +0000] "GET /about-us/?path=//sys/class/leds/input1::capslock/subsystem/input1::numlock/device/device/firmware_node/physical_node/firmware_node/subsystem/devices/device:1f/subsystem/devices/device:0b/subsystem/devices/device:1b HTTP/1.1" 200 4081 "-" "Mozilla/5.0 AppleWebKit/537.36 (KHTML, like Gecko; compatible; Amazonbot/0.1; +https://developer.amazon.com/support/amazonbot) Chrome/119.0.6045.214 Safari/537.36"
74.7.227.68 - - [07/Nov/2025:00:21:33 +0000] "GET /?path=//sys/bus/node/devices/node0/memory6/subsystem/devices/memory3/node0/memory0/node0/memory0 HTTP/1.1" 200 4014 "-" "Mozilla/5.0 AppleWebKit/537.36 (KHTML, like Gecko; compatible; GPTBot/1.2; +https://openai.com/gptbot)"
194.247.173.99 - - [07/Nov/2025:00:21:34 +0000] "GET /?fileloc=//proc/387/arch_status&path=//proc/387 HTTP/1.1" 200 2961 "-" "Mozilla/5.0 (compatible; MJ12bot/v1.4.8; http://mj12bot.com/)"
74.7.227.155 - - [07/Nov/2025:00:21:34 +0000] "GET /?path=//sys/class/net/enp1s0/device/net/enp1s0/device/subsystem/drivers/virtio_blk/virtio1/block/vda/subsystem/vda/device/subsystem/devices/virtio0/subsystem HTTP/1.1" 200 3879 "-" "Mozilla/5.0 AppleWebKit/537.36 (KHTML, like Gecko; compatible; GPTBot/1.2; +https://openai.com/gptbot)"
74.7.227.68 - - [07/Nov/2025:00:21:35 +0000] "GET /?path=//sys/bus/node/devices/node0/memory6/subsystem/devices/memory3/node0/memory2/node0/memory2 HTTP/1.1" 200 4001 "-" "Mozilla/5.0 AppleWebKit/537.36 (KHTML, like Gecko; compatible; GPTBot/1.2; +https://openai.com/gptbot)"
135.181.166.38 - - [07/Nov/2025:00:21:35 +0000] "GET /?path=/lib/finalrd HTTP/1.1" 200 3345 "-" "Mozilla/5.0 (compatible; BLEXBot/1.0; +https://help.seranking.com/en/blex-crawler)"
74.7.227.155 - - [07/Nov/2025:00:21:36 +0000] "GET /?path=//sys/class/net/enp1s0/device/net/enp1s0/device/subsystem/devices/virtio1/block/vda/device/block/vda/subsystem/vda/device/subsystem/drivers/virtiofs/virtio4 HTTP/1.1" 200 4101 "-" "Mozilla/5.0 AppleWebKit/537.36 (KHTML, like Gecko; compatible; GPTBot/1.2; +https://openai.com/gptbot)"
194.247.173.99 - - [07/Nov/2025:00:21:36 +0000] "GET /?fileloc=//proc/387/autogroup&path=//proc/387 HTTP/1.1" 200 2958 "-" "Mozilla/5.0 (compatible; MJ12bot/v1.4.8; http://mj12bot.com/)"
74.7.227.68 - - [07/Nov/2025:00:21:37 +0000] "GET /?path=//sys/bus/node/devices/node0/memory6/subsystem/devices/memory3/node0/memory7/node0/memory6 HTTP/1.1" 200 4019 "-" "Mozilla/5.0 AppleWebKit/537.36 (KHTML, like Gecko; compatible; GPTBot/1.2; +https://openai.com/gptbot)"
