57.141.0.38 - - [07/Nov/2025:00:26:58 +0000] "GET /big-data/?fileloc=//proc/7/task/7/io&path=//proc/7/task/7 HTTP/1.1" 200 12358 "-" "meta-externalagent/1.1 (+https://developers.facebook.com/docs/sharing/webmasters/crawler)"
216.73.216.84 - - [07/Nov/2025:00:26:58 +0000] "GET /?fileloc=%2F%2Fsys%2Fkernel%2Fsecurity%2Fapparmor%2Fpolicy%2Fraw_data%2F4%2Fraw_data&path=%2F%2Fsys%2Fkernel%2Fsecurity%2Fapparmor%2Fpolicy%2Fraw_data%2F4 HTTP/1.1" 200 3040 "-" "Mozilla/5.0 AppleWebKit/537.36 (KHTML, like Gecko; compatible; ClaudeBot/1.0; +claudebot@anthropic.com)"
216.73.216.84 - - [07/Nov/2025:00:26:58 +0000] "GET /?fileloc=%2F%2Fsys%2Fdev%2Fblock%2F11%3A0%2Fqueue%2Fbsg%2Fdevice%2Fpreferred_path&path=%2F%2Fsys%2Fdev%2Fblock%2F11%3A0%2Fqueue%2Fbsg%2Fdevice HTTP/1.1" 200 3037 "-" "Mozilla/5.0 AppleWebKit/537.36 (KHTML, like Gecko; compatible; ClaudeBot/1.0; +claudebot@anthropic.com)"
216.73.216.84 - - [07/Nov/2025:00:26:58 +0000] "GET /?fileloc=%2F%2Fsys%2Fkernel%2Fsecurity%2Fapparmor%2Fpolicy%2Fprofiles%2Flxc-attach.32%2Fraw_data&path=%2F%2Fsys%2Fkernel%2Fsecurity%2Fapparmor%2Fpolicy%2Fprofiles%2Flxc-attach.32 HTTP/1.1" 200 3054 "-" "Mozilla/5.0 AppleWebKit/537.36 (KHTML, like Gecko; compatible; ClaudeBot/1.0; +claudebot@anthropic.com)"
216.73.216.84 - - [07/Nov/2025:00:26:58 +0000] "GET /?fileloc=%2F%2Fsys%2Fkernel%2Fsecurity%2Fapparmor%2Fpolicy%2Fprofiles%2Fbusybox.7%2Fmode&path=%2F%2Fsys%2Fkernel%2Fsecurity%2Fapparmor%2Fpolicy%2Fprofiles%2Fbusybox.7 HTTP/1.1" 200 3051 "-" "Mozilla/5.0 AppleWebKit/537.36 (KHTML, like Gecko; compatible; ClaudeBot/1.0; +claudebot@anthropic.com)"
74.7.227.155 - - [07/Nov/2025:00:26:58 +0000] "GET /?path=//sys/class/net/enp1s0/device/net/enp1s0/device/subsystem/devices/virtio1/block/vda/subsystem/vda/device/block/vda/device/block/vda/subsystem/loop0/trace HTTP/1.1" 200 3813 "-" "Mozilla/5.0 AppleWebKit/537.36 (KHTML, like Gecko; compatible; GPTBot/1.2; +https://openai.com/gptbot)"
57.141.0.60 - - [07/Nov/2025:00:26:58 +0000] "GET /big-data/?path=//proc/thread-self/root/etc/initramfs-tools HTTP/1.1" 200 21788 "-" "meta-externalagent/1.1 (+https://developers.facebook.com/docs/sharing/webmasters/crawler)"
216.73.216.84 - - [07/Nov/2025:00:26:58 +0000] "GET /?fileloc=%2F%2Fsys%2Fkernel%2Fsecurity%2Fapparmor%2Fpolicy%2Fraw_data%2F4%2Frevision&path=%2F%2Fsys%2Fkernel%2Fsecurity%2Fapparmor%2Fpolicy%2Fraw_data%2F4 HTTP/1.1" 200 3043 "-" "Mozilla/5.0 AppleWebKit/537.36 (KHTML, like Gecko; compatible; ClaudeBot/1.0; +claudebot@anthropic.com)"
74.7.227.68 - - [07/Nov/2025:00:26:58 +0000] "GET /?path=//sys/bus/node/devices/node0/memory5/subsystem/devices/memory1/node0/memory0/node0/cpu0/firmware_node/subsystem/drivers/ec HTTP/1.1" 200 3663 "-" "Mozilla/5.0 AppleWebKit/537.36 (KHTML, like Gecko; compatible; GPTBot/1.2; +https://openai.com/gptbot)"
216.73.216.84 - - [07/Nov/2025:00:26:58 +0000] "GET /?fileloc=%2F%2Fsys%2Fkernel%2Fsecurity%2Fapparmor%2Fpolicy%2Fprofiles%2Flxc-attach.32%2Fattach&path=%2F%2Fsys%2Fkernel%2Fsecurity%2Fapparmor%2Fpolicy%2Fprofiles%2Flxc-attach.32 HTTP/1.1" 200 3051 "-" "Mozilla/5.0 AppleWebKit/537.36 (KHTML, like Gecko; compatible; ClaudeBot/1.0; +claudebot@anthropic.com)"
216.73.216.84 - - [07/Nov/2025:00:26:58 +0000] "GET /?fileloc=%2F%2Fsys%2Fclass%2Finput%2Fevent3%2Fdevice%2Fmodalias&path=%2F%2Fsys%2Fclass%2Finput%2Fevent3%2Fdevice HTTP/1.1" 200 3043 "-" "Mozilla/5.0 AppleWebKit/537.36 (KHTML, like Gecko; compatible; ClaudeBot/1.0; +claudebot@anthropic.com)"
216.73.216.84 - - [07/Nov/2025:00:26:59 +0000] "GET /?path=%2F%2Fproc%2Fthread-self%2Froot%2Fusr%2Fshare%2Fi18n%2Flocales HTTP/1.1" 200 20727 "-" "Mozilla/5.0 AppleWebKit/537.36 (KHTML, like Gecko; compatible; ClaudeBot/1.0; +claudebot@anthropic.com)"
216.73.216.84 - - [07/Nov/2025:00:26:59 +0000] "GET /?fileloc=%2F%2Fusr%2Fshare%2Fpoppler%2FcMap%2FAdobe-CNS1%2FB5pc-V&path=%2F%2Fusr%2Fshare%2Fpoppler%2FcMap%2FAdobe-CNS1 HTTP/1.1" 200 4359 "-" "Mozilla/5.0 AppleWebKit/537.36 (KHTML, like Gecko; compatible; ClaudeBot/1.0; +claudebot@anthropic.com)"
216.73.216.84 - - [07/Nov/2025:00:26:59 +0000] "GET /?fileloc=%2F%2Fsys%2Fdevices%2Fvirtual%2Fworkqueue%2Fwriteback%2Fpower%2Fautosuspend_delay_ms&path=%2F%2Fsys%2Fdevices%2Fvirtual%2Fworkqueue%2Fwriteback%2Fpower HTTP/1.1" 200 3042 "-" "Mozilla/5.0 AppleWebKit/537.36 (KHTML, like Gecko; compatible; ClaudeBot/1.0; +claudebot@anthropic.com)"
216.73.216.84 - - [07/Nov/2025:00:26:59 +0000] "GET /?fileloc=%2F%2Fsys%2Fdev%2Fblock%2F11%3A0%2Fqueue%2Fbsg%2Fdevice%2Fcdl_supported&path=%2F%2Fsys%2Fdev%2Fblock%2F11%3A0%2Fqueue%2Fbsg%2Fdevice HTTP/1.1" 200 3037 "-" "Mozilla/5.0 AppleWebKit/537.36 (KHTML, like Gecko; compatible; ClaudeBot/1.0; +claudebot@anthropic.com)"
57.141.0.11 - - [07/Nov/2025:00:26:59 +0000] "GET /big-data/?fileloc=//lib/python3.12/asyncio/__pycache__/windows_events.cpython-312.pyc&path=//lib/python3.12/asyncio/__pycache__ HTTP/1.1" 200 63847 "-" "meta-externalagent/1.1 (+https://developers.facebook.com/docs/sharing/webmasters/crawler)"
216.73.216.84 - - [07/Nov/2025:00:26:59 +0000] "GET /?fileloc=%2F%2Fsys%2Fkernel%2Fsecurity%2Fapparmor%2Fpolicy%2Fraw_data%2F85%2Fabi&path=%2F%2Fsys%2Fkernel%2Fsecurity%2Fapparmor%2Fpolicy%2Fraw_data%2F85 HTTP/1.1" 200 3042 "-" "Mozilla/5.0 AppleWebKit/537.36 (KHTML, like Gecko; compatible; ClaudeBot/1.0; +claudebot@anthropic.com)"
216.73.216.84 - - [07/Nov/2025:00:26:59 +0000] "GET /?fileloc=%2F%2Fsys%2Fkernel%2Fslab%2Fkmalloc-rnd-12-96%2Fusersize&path=%2F%2Fsys%2Fkernel%2Fslab%2Fkmalloc-rnd-12-96 HTTP/1.1" 200 3007 "-" "Mozilla/5.0 AppleWebKit/537.36 (KHTML, like Gecko; compatible; ClaudeBot/1.0; +claudebot@anthropic.com)"
216.73.216.84 - - [07/Nov/2025:00:26:59 +0000] "GET /?fileloc=%2F%2Fsys%2Fkernel%2Fslab%2Fbtree_node%2Fskip_kfence&path=%2F%2Fsys%2Fkernel%2Fslab%2Fbtree_node HTTP/1.1" 200 3005 "-" "Mozilla/5.0 AppleWebKit/537.36 (KHTML, like Gecko; compatible; ClaudeBot/1.0; +claudebot@anthropic.com)"
216.73.216.84 - - [07/Nov/2025:00:26:59 +0000] "GET /?fileloc=%2F%2Fsys%2Fkernel%2Fsecurity%2Fapparmor%2Fpolicy%2Fraw_data%2F27%2Frevision&path=%2F%2Fsys%2Fkernel%2Fsecurity%2Fapparmor%2Fpolicy%2Fraw_data%2F27 HTTP/1.1" 200 3044 "-" "Mozilla/5.0 AppleWebKit/537.36 (KHTML, like Gecko; compatible; ClaudeBot/1.0; +claudebot@anthropic.com)"
216.73.216.84 - - [07/Nov/2025:00:26:59 +0000] "GET /?fileloc=%2F%2Fsys%2Fkernel%2Fsecurity%2Fapparmor%2Fpolicy%2Fraw_data%2F27%2Fraw_data&path=%2F%2Fsys%2Fkernel%2Fsecurity%2Fapparmor%2Fpolicy%2Fraw_data%2F27 HTTP/1.1" 200 3041 "-" "Mozilla/5.0 AppleWebKit/537.36 (KHTML, like Gecko; compatible; ClaudeBot/1.0; +claudebot@anthropic.com)"
216.73.216.84 - - [07/Nov/2025:00:27:00 +0000] "GET /?fileloc=%2F%2Fproc%2Fthread-self%2Froot%2Fsys%2Ffs%2Fcgroup%2Fsystem.slice%2Fmemory.oom.group&path=%2F%2Fproc%2Fthread-self%2Froot%2Fsys%2Ffs%2Fcgroup%2Fsystem.slice HTTP/1.1" 200 3047 "-" "Mozilla/5.0 AppleWebKit/537.36 (KHTML, like Gecko; compatible; ClaudeBot/1.0; +claudebot@anthropic.com)"
216.73.216.84 - - [07/Nov/2025:00:27:00 +0000] "GET /?fileloc=%2F%2Fsys%2Fkernel%2Fsecurity%2Fapparmor%2Fpolicy%2Fraw_data%2F35%2Fraw_data&path=%2F%2Fsys%2Fkernel%2Fsecurity%2Fapparmor%2Fpolicy%2Fraw_data%2F35 HTTP/1.1" 200 3041 "-" "Mozilla/5.0 AppleWebKit/537.36 (KHTML, like Gecko; compatible; ClaudeBot/1.0; +claudebot@anthropic.com)"
74.7.227.68 - - [07/Nov/2025:00:27:00 +0000] "GET /?path=//sys/bus/node/devices/node0/memory5/subsystem/devices/memory1/node0/memory0/node0/cpu0/firmware_node/subsystem/drivers/hpet HTTP/1.1" 200 3665 "-" "Mozilla/5.0 AppleWebKit/537.36 (KHTML, like Gecko; compatible; GPTBot/1.2; +https://openai.com/gptbot)"
74.7.227.155 - - [07/Nov/2025:00:27:00 +0000] "GET /?path=//sys/class/net/enp1s0/device/net/enp1s0/device/subsystem/devices/virtio1/block/vda/subsystem/vda/device/block/vda/device/block/vda/subsystem/loop0/queue HTTP/1.1" 200 5600 "-" "Mozilla/5.0 AppleWebKit/537.36 (KHTML, like Gecko; compatible; GPTBot/1.2; +https://openai.com/gptbot)"
216.73.216.84 - - [07/Nov/2025:00:27:00 +0000] "GET /?fileloc=%2F%2Fusr%2Fshare%2Fpoppler%2FcMap%2FAdobe-Korea1%2FKSC-Johab-H&path=%2F%2Fusr%2Fshare%2Fpoppler%2FcMap%2FAdobe-Korea1 HTTP/1.1" 200 41525 "-" "Mozilla/5.0 AppleWebKit/537.36 (KHTML, like Gecko; compatible; ClaudeBot/1.0; +claudebot@anthropic.com)"
216.73.216.84 - - [07/Nov/2025:00:27:00 +0000] "GET /?fileloc=%2F%2Fsys%2Fkernel%2Fsecurity%2Fapparmor%2Fpolicy%2Fraw_data%2F35%2Frevision&path=%2F%2Fsys%2Fkernel%2Fsecurity%2Fapparmor%2Fpolicy%2Fraw_data%2F35 HTTP/1.1" 200 3044 "-" "Mozilla/5.0 AppleWebKit/537.36 (KHTML, like Gecko; compatible; ClaudeBot/1.0; +claudebot@anthropic.com)"
216.73.216.84 - - [07/Nov/2025:00:27:01 +0000] "GET /?fileloc=%2F%2Fusr%2Fshare%2Fpoppler%2FcMap%2FAdobe-CNS1%2FETen-B5-UCS2&path=%2F%2Fusr%2Fshare%2Fpoppler%2FcMap%2FAdobe-CNS1 HTTP/1.1" 200 120742 "-" "Mozilla/5.0 AppleWebKit/537.36 (KHTML, like Gecko; compatible; ClaudeBot/1.0; +claudebot@anthropic.com)"
57.141.0.17 - - [07/Nov/2025:00:27:01 +0000] "GET /big-data/?fileloc=//proc/1042/task/1114/personality&path=//proc/1042/task/1114 HTTP/1.1" 200 12386 "-" "meta-externalagent/1.1 (+https://developers.facebook.com/docs/sharing/webmasters/crawler)"
216.73.216.84 - - [07/Nov/2025:00:27:01 +0000] "GET /?path=%2F%2Fsys%2Fdevices%2Fpci0000%3A00%2Ffirmware_node%2Fdevice%3A04%2Fdevice%3A05%2Fsubsystem HTTP/1.1" 200 3719 "-" "Mozilla/5.0 AppleWebKit/537.36 (KHTML, like Gecko; compatible; ClaudeBot/1.0; +claudebot@anthropic.com)"
216.73.216.84 - - [07/Nov/2025:00:27:01 +0000] "GET /?fileloc=%2F%2Fsys%2Fkernel%2Fsecurity%2Fapparmor%2Fpolicy%2Fprofiles%2Fch-checkns.9%2Fraw_sha256&path=%2F%2Fsys%2Fkernel%2Fsecurity%2Fapparmor%2Fpolicy%2Fprofiles%2Fch-checkns.9 HTTP/1.1" 200 3054 "-" "Mozilla/5.0 AppleWebKit/537.36 (KHTML, like Gecko; compatible; ClaudeBot/1.0; +claudebot@anthropic.com)"
216.73.216.84 - - [07/Nov/2025:00:27:01 +0000] "GET /?fileloc=%2F%2Fsys%2Fkernel%2Fsecurity%2Fapparmor%2Fpolicy%2Fraw_data%2F24%2Fcompressed_size&path=%2F%2Fsys%2Fkernel%2Fsecurity%2Fapparmor%2Fpolicy%2Fraw_data%2F24 HTTP/1.1" 200 3051 "-" "Mozilla/5.0 AppleWebKit/537.36 (KHTML, like Gecko; compatible; ClaudeBot/1.0; +claudebot@anthropic.com)"
216.73.216.84 - - [07/Nov/2025:00:27:01 +0000] "GET /?path=%2F%2Fsys%2Fclass%2Fmisc%2Ftun%2Fsubsystem%2Fuinput HTTP/1.1" 200 3603 "-" "Mozilla/5.0 AppleWebKit/537.36 (KHTML, like Gecko; compatible; ClaudeBot/1.0; +claudebot@anthropic.com)"
57.141.0.36 - - [07/Nov/2025:00:27:01 +0000] "GET /big-data/?fileloc=//sys/devices/platform/rtc-efi.0/driver_override&path=//sys/devices/platform/rtc-efi.0 HTTP/1.1" 200 12429 "-" "meta-externalagent/1.1 (+https://developers.facebook.com/docs/sharing/webmasters/crawler)"
216.73.216.84 - - [07/Nov/2025:00:27:01 +0000] "GET /?fileloc=%2F%2Fsys%2Fkernel%2Fslab%2Fkmalloc-rnd-09-8%2Faliases&path=%2F%2Fsys%2Fkernel%2Fslab%2Fkmalloc-rnd-09-8 HTTP/1.1" 200 3004 "-" "Mozilla/5.0 AppleWebKit/537.36 (KHTML, like Gecko; compatible; ClaudeBot/1.0; +claudebot@anthropic.com)"
216.73.216.84 - - [07/Nov/2025:00:27:01 +0000] "GET /?fileloc=%2F%2Fsys%2Fkernel%2Fsecurity%2Fapparmor%2Fpolicy%2Fraw_data%2F50%2Fraw_data&path=%2F%2Fsys%2Fkernel%2Fsecurity%2Fapparmor%2Fpolicy%2Fraw_data%2F50 HTTP/1.1" 200 3042 "-" "Mozilla/5.0 AppleWebKit/537.36 (KHTML, like Gecko; compatible; ClaudeBot/1.0; +claudebot@anthropic.com)"
216.73.216.84 - - [07/Nov/2025:00:27:01 +0000] "GET /?fileloc=%2F%2Fsys%2Fkernel%2Fsecurity%2Fapparmor%2Fpolicy%2Fprofiles%2Fcrun.13%2Fraw_data&path=%2F%2Fsys%2Fkernel%2Fsecurity%2Fapparmor%2Fpolicy%2Fprofiles%2Fcrun.13 HTTP/1.1" 200 3049 "-" "Mozilla/5.0 AppleWebKit/537.36 (KHTML, like Gecko; compatible; ClaudeBot/1.0; +claudebot@anthropic.com)"
216.73.216.84 - - [07/Nov/2025:00:27:01 +0000] "GET /?fileloc=%2F%2Fsys%2Fblock%2Floop7%2Fsubsystem%2Floop7%2Fqueue%2Fwbt_lat_usec&path=%2F%2Fsys%2Fblock%2Floop7%2Fsubsystem%2Floop7%2Fqueue HTTP/1.1" 200 3023 "-" "Mozilla/5.0 AppleWebKit/537.36 (KHTML, like Gecko; compatible; ClaudeBot/1.0; +claudebot@anthropic.com)"
57.141.0.23 - - [07/Nov/2025:00:27:01 +0000] "GET /big-data/?fileloc=//sys/module/cryptd/sections/.init.text&path=//sys/module/cryptd/sections HTTP/1.1" 200 12414 "-" "meta-externalagent/1.1 (+https://developers.facebook.com/docs/sharing/webmasters/crawler)"
216.73.216.84 - - [07/Nov/2025:00:27:01 +0000] "GET /?fileloc=%2F%2Fusr%2Fshare%2Fpoppler%2FcMap%2FAdobe-Korea1%2FKSCpc-EUC-V&path=%2F%2Fusr%2Fshare%2Fpoppler%2FcMap%2FAdobe-Korea1 HTTP/1.1" 200 4413 "-" "Mozilla/5.0 AppleWebKit/537.36 (KHTML, like Gecko; compatible; ClaudeBot/1.0; +claudebot@anthropic.com)"
74.7.227.68 - - [07/Nov/2025:00:27:01 +0000] "GET /?path=//sys/bus/node/devices/node0/memory6/subsystem/devices/memory4/node0/cpu0/driver/cpu0/node0/subsystem/drivers HTTP/1.1" 200 3200 "-" "Mozilla/5.0 AppleWebKit/537.36 (KHTML, like Gecko; compatible; GPTBot/1.2; +https://openai.com/gptbot)"
216.73.216.84 - - [07/Nov/2025:00:27:01 +0000] "GET /?fileloc=%2F%2Fsys%2Fkernel%2Fslab%2Fbtree_node%2Fdestroy_by_rcu&path=%2F%2Fsys%2Fkernel%2Fslab%2Fbtree_node HTTP/1.1" 200 3008 "-" "Mozilla/5.0 AppleWebKit/537.36 (KHTML, like Gecko; compatible; ClaudeBot/1.0; +claudebot@anthropic.com)"
216.73.216.84 - - [07/Nov/2025:00:27:01 +0000] "GET /?fileloc=%2F%2Fsys%2Fdev%2Fblock%2F11%3A0%2Fqueue%2Fbsg%2Fdevice%2Fqueue_ramp_up_period&path=%2F%2Fsys%2Fdev%2Fblock%2F11%3A0%2Fqueue%2Fbsg%2Fdevice HTTP/1.1" 200 3044 "-" "Mozilla/5.0 AppleWebKit/537.36 (KHTML, like Gecko; compatible; ClaudeBot/1.0; +claudebot@anthropic.com)"
216.73.216.84 - - [07/Nov/2025:00:27:01 +0000] "GET /?fileloc=%2F%2Fsys%2Fkernel%2Fsecurity%2Fapparmor%2Fpolicy%2Fraw_data%2F24%2Fsha256&path=%2F%2Fsys%2Fkernel%2Fsecurity%2Fapparmor%2Fpolicy%2Fraw_data%2F24 HTTP/1.1" 200 3045 "-" "Mozilla/5.0 AppleWebKit/537.36 (KHTML, like Gecko; compatible; ClaudeBot/1.0; +claudebot@anthropic.com)"
54.163.136.244 - - [07/Nov/2025:00:27:01 +0000] "GET /about-us/?path=//sys/class/leds/input1::capslock/subsystem/input1::numlock/device/device/firmware_node/physical_node/firmware_node/subsystem/devices/device:2e/subsystem/devices/device:26/subsystem/drivers/battery HTTP/1.1" 200 3763 "-" "Mozilla/5.0 AppleWebKit/537.36 (KHTML, like Gecko; compatible; Amazonbot/0.1; +https://developer.amazon.com/support/amazonbot) Chrome/119.0.6045.214 Safari/537.36"
216.73.216.84 - - [07/Nov/2025:00:27:02 +0000] "GET /?fileloc=%2F%2Fsys%2Fkernel%2Fsecurity%2Fapparmor%2Fpolicy%2Fprofiles%2Fch-run.10%2Fmode&path=%2F%2Fsys%2Fkernel%2Fsecurity%2Fapparmor%2Fpolicy%2Fprofiles%2Fch-run.10 HTTP/1.1" 200 3049 "-" "Mozilla/5.0 AppleWebKit/537.36 (KHTML, like Gecko; compatible; ClaudeBot/1.0; +claudebot@anthropic.com)"
216.73.216.84 - - [07/Nov/2025:00:27:02 +0000] "GET /?fileloc=%2F%2Fsys%2Fblock%2Floop7%2Fsubsystem%2Floop7%2Fqueue%2Fio_poll_delay&path=%2F%2Fsys%2Fblock%2Floop7%2Fsubsystem%2Floop7%2Fqueue HTTP/1.1" 200 3019 "-" "Mozilla/5.0 AppleWebKit/537.36 (KHTML, like Gecko; compatible; ClaudeBot/1.0; +claudebot@anthropic.com)"
216.73.216.84 - - [07/Nov/2025:00:27:02 +0000] "GET /?fileloc=%2F%2Fsys%2Fkernel%2Fsecurity%2Fapparmor%2Fpolicy%2Fraw_data%2F43%2Fcompressed_size&path=%2F%2Fsys%2Fkernel%2Fsecurity%2Fapparmor%2Fpolicy%2Fraw_data%2F43 HTTP/1.1" 200 3049 "-" "Mozilla/5.0 AppleWebKit/537.36 (KHTML, like Gecko; compatible; ClaudeBot/1.0; +claudebot@anthropic.com)"
216.73.216.84 - - [07/Nov/2025:00:27:02 +0000] "GET /?fileloc=%2F%2Fsys%2Fkernel%2Fsecurity%2Fapparmor%2Fpolicy%2Fraw_data%2F49%2Fcompressed_size&path=%2F%2Fsys%2Fkernel%2Fsecurity%2Fapparmor%2Fpolicy%2Fraw_data%2F49 HTTP/1.1" 200 3050 "-" "Mozilla/5.0 AppleWebKit/537.36 (KHTML, like Gecko; compatible; ClaudeBot/1.0; +claudebot@anthropic.com)"
216.73.216.84 - - [07/Nov/2025:00:27:02 +0000] "GET /?fileloc=%2F%2Fsys%2Fkernel%2Fsecurity%2Fapparmor%2Fpolicy%2Fraw_data%2F50%2Frevision&path=%2F%2Fsys%2Fkernel%2Fsecurity%2Fapparmor%2Fpolicy%2Fraw_data%2F50 HTTP/1.1" 200 3045 "-" "Mozilla/5.0 AppleWebKit/537.36 (KHTML, like Gecko; compatible; ClaudeBot/1.0; +claudebot@anthropic.com)"
216.73.216.84 - - [07/Nov/2025:00:27:02 +0000] "GET /?fileloc=%2F%2Fsys%2Fkernel%2Fslab%2Fkmalloc-rnd-15-192%2Fusersize&path=%2F%2Fsys%2Fkernel%2Fslab%2Fkmalloc-rnd-15-192 HTTP/1.1" 200 3007 "-" "Mozilla/5.0 AppleWebKit/537.36 (KHTML, like Gecko; compatible; ClaudeBot/1.0; +claudebot@anthropic.com)"
216.73.216.84 - - [07/Nov/2025:00:27:02 +0000] "GET /?fileloc=%2F%2Fsys%2Fkernel%2Fslab%2Fkmalloc-rnd-07-512%2Freclaim_account&path=%2F%2Fsys%2Fkernel%2Fslab%2Fkmalloc-rnd-07-512 HTTP/1.1" 200 3013 "-" "Mozilla/5.0 AppleWebKit/537.36 (KHTML, like Gecko; compatible; ClaudeBot/1.0; +claudebot@anthropic.com)"
57.141.0.57 - - [07/Nov/2025:00:27:02 +0000] "GET /big-data/?fileloc=//sys/module/ip_tables/sections/.exit.data&path=//sys/module/ip_tables/sections HTTP/1.1" 200 12426 "-" "meta-externalagent/1.1 (+https://developers.facebook.com/docs/sharing/webmasters/crawler)"
74.7.227.155 - - [07/Nov/2025:00:27:02 +0000] "GET /?path=//sys/class/net/enp1s0/device/net/enp1s0/device/subsystem/devices/virtio1/block/vda/subsystem/vda/device/block/vda/device/block/vda/subsystem/loop5/queue HTTP/1.1" 200 5600 "-" "Mozilla/5.0 AppleWebKit/537.36 (KHTML, like Gecko; compatible; GPTBot/1.2; +https://openai.com/gptbot)"
216.73.216.84 - - [07/Nov/2025:00:27:02 +0000] "GET /?fileloc=%2F%2Fsys%2Fkernel%2Fsecurity%2Fapparmor%2Fpolicy%2Fraw_data%2F51%2Fcompressed_size&path=%2F%2Fsys%2Fkernel%2Fsecurity%2Fapparmor%2Fpolicy%2Fraw_data%2F51 HTTP/1.1" 200 3049 "-" "Mozilla/5.0 AppleWebKit/537.36 (KHTML, like Gecko; compatible; ClaudeBot/1.0; +claudebot@anthropic.com)"
216.73.216.84 - - [07/Nov/2025:00:27:02 +0000] "GET /?fileloc=%2F%2Fsys%2Fkernel%2Fsecurity%2Fapparmor%2Fpolicy%2Fprofiles%2Flxc-unshare.37%2Fmode&path=%2F%2Fsys%2Fkernel%2Fsecurity%2Fapparmor%2Fpolicy%2Fprofiles%2Flxc-unshare.37 HTTP/1.1" 200 3054 "-" "Mozilla/5.0 AppleWebKit/537.36 (KHTML, like Gecko; compatible; ClaudeBot/1.0; +claudebot@anthropic.com)"
57.141.0.6 - - [07/Nov/2025:00:27:02 +0000] "GET /big-data/?fileloc=//var/lib/letsencrypt/backups/1733854312.7627113/chetantiwari.com_9&path=//var/lib/letsencrypt/backups/1733854312.7627113 HTTP/1.1" 200 13437 "-" "meta-externalagent/1.1 (+https://developers.facebook.com/docs/sharing/webmasters/crawler)"
216.73.216.84 - - [07/Nov/2025:00:27:02 +0000] "GET /?fileloc=%2F%2Fsys%2Fkernel%2Fsecurity%2Fapparmor%2Fpolicy%2Fprofiles%2Fbusybox.7%2Fsha256&path=%2F%2Fsys%2Fkernel%2Fsecurity%2Fapparmor%2Fpolicy%2Fprofiles%2Fbusybox.7 HTTP/1.1" 200 3052 "-" "Mozilla/5.0 AppleWebKit/537.36 (KHTML, like Gecko; compatible; ClaudeBot/1.0; +claudebot@anthropic.com)"
57.141.0.65 - - [07/Nov/2025:00:27:02 +0000] "GET /big-data/?path=//proc/thread-self/root/proc/28 HTTP/1.1" 200 92315 "-" "meta-externalagent/1.1 (+https://developers.facebook.com/docs/sharing/webmasters/crawler)"
216.73.216.84 - - [07/Nov/2025:00:27:02 +0000] "GET /?fileloc=%2F%2Fsys%2Fmodule%2Fsnd_pcm%2Fholders%2Fsnd_hda_intel%2Fsections%2F__tracepoints_ptrs&path=%2F%2Fsys%2Fmodule%2Fsnd_pcm%2Fholders%2Fsnd_hda_intel%2Fsections HTTP/1.1" 200 3038 "-" "Mozilla/5.0 AppleWebKit/537.36 (KHTML, like Gecko; compatible; ClaudeBot/1.0; +claudebot@anthropic.com)"
216.73.216.84 - - [07/Nov/2025:00:27:02 +0000] "GET /?fileloc=%2F%2Fsys%2Fkernel%2Fsecurity%2Fapparmor%2Fpolicy%2Fraw_data%2F40%2Fraw_data&path=%2F%2Fsys%2Fkernel%2Fsecurity%2Fapparmor%2Fpolicy%2Fraw_data%2F40 HTTP/1.1" 200 3042 "-" "Mozilla/5.0 AppleWebKit/537.36 (KHTML, like Gecko; compatible; ClaudeBot/1.0; +claudebot@anthropic.com)"
216.73.216.84 - - [07/Nov/2025:00:27:02 +0000] "GET /?fileloc=%2F%2Fsys%2Fkernel%2Fslab%2Fkmalloc-rnd-07-512%2Fremote_node_defrag_ratio&path=%2F%2Fsys%2Fkernel%2Fslab%2Fkmalloc-rnd-07-512 HTTP/1.1" 200 3021 "-" "Mozilla/5.0 AppleWebKit/537.36 (KHTML, like Gecko; compatible; ClaudeBot/1.0; +claudebot@anthropic.com)"
216.73.216.84 - - [07/Nov/2025:00:27:02 +0000] "GET /?path=%2F%2Fsys%2Fclass%2Finput%2Fevent1%2Fsubsystem%2Fevent3%2Fdevice HTTP/1.1" 200 4064 "-" "Mozilla/5.0 AppleWebKit/537.36 (KHTML, like Gecko; compatible; ClaudeBot/1.0; +claudebot@anthropic.com)"
216.73.216.84 - - [07/Nov/2025:00:27:02 +0000] "GET /?fileloc=%2F%2Fusr%2Fshare%2Flocale%2Fpa%2FLC_MESSAGES%2Fupdate-notifier.mo&path=%2F%2Fusr%2Fshare%2Flocale%2Fpa%2FLC_MESSAGES HTTP/1.1" 200 6076 "-" "Mozilla/5.0 AppleWebKit/537.36 (KHTML, like Gecko; compatible; ClaudeBot/1.0; +claudebot@anthropic.com)"
74.7.227.68 - - [07/Nov/2025:00:27:02 +0000] "GET /?path=//sys/bus/node/devices/node0/memory6/subsystem/devices/memory3/node0/cpu0/node0/memory3/subsystem/drivers HTTP/1.1" 200 3187 "-" "Mozilla/5.0 AppleWebKit/537.36 (KHTML, like Gecko; compatible; GPTBot/1.2; +https://openai.com/gptbot)"
216.73.216.84 - - [07/Nov/2025:00:27:02 +0000] "GET /?fileloc=%2F%2Fsys%2Fkernel%2Fslab%2Fkmalloc-rnd-09-8%2Fctor&path=%2F%2Fsys%2Fkernel%2Fslab%2Fkmalloc-rnd-09-8 HTTP/1.1" 200 3003 "-" "Mozilla/5.0 AppleWebKit/537.36 (KHTML, like Gecko; compatible; ClaudeBot/1.0; +claudebot@anthropic.com)"
216.73.216.84 - - [07/Nov/2025:00:27:03 +0000] "GET /?fileloc=%2F%2Fsys%2Fkernel%2Fslab%2Fkmalloc-rnd-09-8%2Fobject_size&path=%2F%2Fsys%2Fkernel%2Fslab%2Fkmalloc-rnd-09-8 HTTP/1.1" 200 3010 "-" "Mozilla/5.0 AppleWebKit/537.36 (KHTML, like Gecko; compatible; ClaudeBot/1.0; +claudebot@anthropic.com)"
57.141.0.15 - - [07/Nov/2025:00:27:03 +0000] "GET /big-data/?fileloc=//var/lib/letsencrypt/backups/1733854312.7627113/nginx.conf_12&path=//var/lib/letsencrypt/backups/1733854312.7627113 HTTP/1.1" 200 14013 "-" "meta-externalagent/1.1 (+https://developers.facebook.com/docs/sharing/webmasters/crawler)"
216.73.216.84 - - [07/Nov/2025:00:27:03 +0000] "GET /?fileloc=%2F%2Fopt%2Fwpsites%2Fdatainsightnow.com%2Fwp-includes%2Fimages%2Fwpspin-2x.gif&path=%2F%2Fopt%2Fwpsites%2Fdatainsightnow.com%2Fwp-includes%2Fimages HTTP/1.1" 200 10802 "-" "Mozilla/5.0 AppleWebKit/537.36 (KHTML, like Gecko; compatible; ClaudeBot/1.0; +claudebot@anthropic.com)"
216.73.216.84 - - [07/Nov/2025:00:27:03 +0000] "GET /?path=%2F%2Fsys%2Fdevices%2Fpci0000%3A00%2Ffirmware_node%2Fdevice%3A04%2Fdevice%3A05%2Fpower HTTP/1.1" 200 3848 "-" "Mozilla/5.0 AppleWebKit/537.36 (KHTML, like Gecko; compatible; ClaudeBot/1.0; +claudebot@anthropic.com)"
216.73.216.84 - - [07/Nov/2025:00:27:03 +0000] "GET /?fileloc=%2F%2Fsys%2Fkernel%2Fslab%2Fkmalloc-rnd-09-8%2Fshrink&path=%2F%2Fsys%2Fkernel%2Fslab%2Fkmalloc-rnd-09-8 HTTP/1.1" 200 3005 "-" "Mozilla/5.0 AppleWebKit/537.36 (KHTML, like Gecko; compatible; ClaudeBot/1.0; +claudebot@anthropic.com)"
216.73.216.84 - - [07/Nov/2025:00:27:03 +0000] "GET /?fileloc=%2F%2Fsys%2Fkernel%2Fslab%2Fkmalloc-rnd-07-512%2Fsanity_checks&path=%2F%2Fsys%2Fkernel%2Fslab%2Fkmalloc-rnd-07-512 HTTP/1.1" 200 3012 "-" "Mozilla/5.0 AppleWebKit/537.36 (KHTML, like Gecko; compatible; ClaudeBot/1.0; +claudebot@anthropic.com)"
216.73.216.84 - - [07/Nov/2025:00:27:03 +0000] "GET /?fileloc=%2F%2Fsys%2Fkernel%2Fslab%2Fkmalloc-rnd-09-8%2Forder&path=%2F%2Fsys%2Fkernel%2Fslab%2Fkmalloc-rnd-09-8 HTTP/1.1" 200 3003 "-" "Mozilla/5.0 AppleWebKit/537.36 (KHTML, like Gecko; compatible; ClaudeBot/1.0; +claudebot@anthropic.com)"
216.73.216.84 - - [07/Nov/2025:00:27:03 +0000] "GET /?fileloc=%2F%2Fsys%2Fkernel%2Fslab%2Fbtree_node%2Freclaim_account&path=%2F%2Fsys%2Fkernel%2Fslab%2Fbtree_node HTTP/1.1" 200 3006 "-" "Mozilla/5.0 AppleWebKit/537.36 (KHTML, like Gecko; compatible; ClaudeBot/1.0; +claudebot@anthropic.com)"
216.73.216.84 - - [07/Nov/2025:00:27:03 +0000] "GET /?fileloc=%2F%2Fsys%2Fkernel%2Fslab%2Fbtree_node%2Fremote_node_defrag_ratio&path=%2F%2Fsys%2Fkernel%2Fslab%2Fbtree_node HTTP/1.1" 200 3009 "-" "Mozilla/5.0 AppleWebKit/537.36 (KHTML, like Gecko; compatible; ClaudeBot/1.0; +claudebot@anthropic.com)"
216.73.216.84 - - [07/Nov/2025:00:27:03 +0000] "GET /?fileloc=%2F%2Fsys%2Fkernel%2Fslab%2Fbtree_node%2Fsanity_checks&path=%2F%2Fsys%2Fkernel%2Fslab%2Fbtree_node HTTP/1.1" 200 3005 "-" "Mozilla/5.0 AppleWebKit/537.36 (KHTML, like Gecko; compatible; ClaudeBot/1.0; +claudebot@anthropic.com)"
74.7.227.155 - - [07/Nov/2025:00:27:03 +0000] "GET /?path=//sys/class/net/enp1s0/device/net/enp1s0/device/subsystem/devices/virtio1/block/vda/subsystem/vda/device/block/vda/device/block/vda/subsystem/loop5/integrity HTTP/1.1" 200 3890 "-" "Mozilla/5.0 AppleWebKit/537.36 (KHTML, like Gecko; compatible; GPTBot/1.2; +https://openai.com/gptbot)"
216.73.216.84 - - [07/Nov/2025:00:27:03 +0000] "GET /?fileloc=%2F%2Fusr%2Fshare%2Flocale%2Fka%2FLC_MESSAGES%2Fupdate-notifier.mo&path=%2F%2Fusr%2Fshare%2Flocale%2Fka%2FLC_MESSAGES HTTP/1.1" 200 6521 "-" "Mozilla/5.0 AppleWebKit/537.36 (KHTML, like Gecko; compatible; ClaudeBot/1.0; +claudebot@anthropic.com)"
57.141.0.11 - - [07/Nov/2025:00:27:03 +0000] "GET /?path=//proc/thread-self/root/etc/cracklib HTTP/1.1" 200 14400 "-" "meta-externalagent/1.1 (+https://developers.facebook.com/docs/sharing/webmasters/crawler)"
216.73.216.84 - - [07/Nov/2025:00:27:03 +0000] "GET /?fileloc=%2F%2Fopt%2Fwpsites%2Fdatainsightnow.com%2Fwp-includes%2Fimages%2Fadmin-bar-sprite.png&path=%2F%2Fopt%2Fwpsites%2Fdatainsightnow.com%2Fwp-includes%2Fimages HTTP/1.1" 200 5525 "-" "Mozilla/5.0 AppleWebKit/537.36 (KHTML, like Gecko; compatible; ClaudeBot/1.0; +claudebot@anthropic.com)"
216.73.216.84 - - [07/Nov/2025:00:27:04 +0000] "GET /?fileloc=%2F%2Fsys%2Fkernel%2Fslab%2Fkmalloc-rnd-09-8%2Fmin_partial&path=%2F%2Fsys%2Fkernel%2Fslab%2Fkmalloc-rnd-09-8 HTTP/1.1" 200 3009 "-" "Mozilla/5.0 AppleWebKit/537.36 (KHTML, like Gecko; compatible; ClaudeBot/1.0; +claudebot@anthropic.com)"
216.73.216.84 - - [07/Nov/2025:00:27:04 +0000] "GET /?fileloc=%2F%2Fsys%2Fkernel%2Fslab%2Fkmalloc-rnd-09-8%2Fcache_dma&path=%2F%2Fsys%2Fkernel%2Fslab%2Fkmalloc-rnd-09-8 HTTP/1.1" 200 3007 "-" "Mozilla/5.0 AppleWebKit/537.36 (KHTML, like Gecko; compatible; ClaudeBot/1.0; +claudebot@anthropic.com)"
216.73.216.84 - - [07/Nov/2025:00:27:04 +0000] "GET /?fileloc=%2F%2Fsys%2Fkernel%2Fslab%2Fkmalloc-rnd-09-8%2Falign&path=%2F%2Fsys%2Fkernel%2Fslab%2Fkmalloc-rnd-09-8 HTTP/1.1" 200 3003 "-" "Mozilla/5.0 AppleWebKit/537.36 (KHTML, like Gecko; compatible; ClaudeBot/1.0; +claudebot@anthropic.com)"
216.73.216.84 - - [07/Nov/2025:00:27:04 +0000] "GET /?fileloc=%2F%2Fsys%2Fkernel%2Fslab%2Fkmalloc-rnd-07-512%2Fslabs&path=%2F%2Fsys%2Fkernel%2Fslab%2Fkmalloc-rnd-07-512 HTTP/1.1" 200 3005 "-" "Mozilla/5.0 AppleWebKit/537.36 (KHTML, like Gecko; compatible; ClaudeBot/1.0; +claudebot@anthropic.com)"
74.7.227.68 - - [07/Nov/2025:00:27:04 +0000] "GET /?path=//sys/bus/node/devices/node0/memory6/subsystem/devices/memory4/node0/cpu0/subsystem/drivers/processor/cpu0/driver/cpu0 HTTP/1.1" 200 4073 "-" "Mozilla/5.0 AppleWebKit/537.36 (KHTML, like Gecko; compatible; GPTBot/1.2; +https://openai.com/gptbot)"
216.73.216.84 - - [07/Nov/2025:00:27:04 +0000] "GET /?fileloc=%2F%2Fsys%2Fkernel%2Fslab%2Fkmalloc-rnd-07-512%2Fcpu_slabs&path=%2F%2Fsys%2Fkernel%2Fslab%2Fkmalloc-rnd-07-512 HTTP/1.1" 200 3010 "-" "Mozilla/5.0 AppleWebKit/537.36 (KHTML, like Gecko; compatible; ClaudeBot/1.0; +claudebot@anthropic.com)"
216.73.216.84 - - [07/Nov/2025:00:27:04 +0000] "GET /?fileloc=%2F%2Fsys%2Fkernel%2Fslab%2Fkmalloc-rnd-07-512%2Fobjs_per_slab&path=%2F%2Fsys%2Fkernel%2Fslab%2Fkmalloc-rnd-07-512 HTTP/1.1" 200 3013 "-" "Mozilla/5.0 AppleWebKit/537.36 (KHTML, like Gecko; compatible; ClaudeBot/1.0; +claudebot@anthropic.com)"
216.73.216.84 - - [07/Nov/2025:00:27:04 +0000] "GET /?fileloc=%2F%2Fsys%2Fkernel%2Fslab%2Fkmalloc-rnd-07-512%2Fslab_size&path=%2F%2Fsys%2Fkernel%2Fslab%2Fkmalloc-rnd-07-512 HTTP/1.1" 200 3008 "-" "Mozilla/5.0 AppleWebKit/537.36 (KHTML, like Gecko; compatible; ClaudeBot/1.0; +claudebot@anthropic.com)"
57.141.0.23 - - [07/Nov/2025:00:27:04 +0000] "GET /?fileloc=//bin/X11/X11/X11/vmware-namespace-cmd&path=//bin/X11/X11/X11 HTTP/1.1" 200 40846 "-" "meta-externalagent/1.1 (+https://developers.facebook.com/docs/sharing/webmasters/crawler)"
57.141.0.73 - - [07/Nov/2025:00:27:04 +0000] "GET /big-data/?fileloc=//sys/module/snd_hda_intel/sections/__param&path=//sys/module/snd_hda_intel/sections HTTP/1.1" 200 12434 "-" "meta-externalagent/1.1 (+https://developers.facebook.com/docs/sharing/webmasters/crawler)"
216.73.216.84 - - [07/Nov/2025:00:27:04 +0000] "GET /?fileloc=%2F%2Fsys%2Fkernel%2Fslab%2Fkmalloc-rnd-09-8%2Ftrace&path=%2F%2Fsys%2Fkernel%2Fslab%2Fkmalloc-rnd-09-8 HTTP/1.1" 200 3003 "-" "Mozilla/5.0 AppleWebKit/537.36 (KHTML, like Gecko; compatible; ClaudeBot/1.0; +claudebot@anthropic.com)"
216.73.216.84 - - [07/Nov/2025:00:27:04 +0000] "GET /?fileloc=%2F%2Fsys%2Fkernel%2Fslab%2Fkmalloc-rnd-07-512%2Faliases&path=%2F%2Fsys%2Fkernel%2Fslab%2Fkmalloc-rnd-07-512 HTTP/1.1" 200 3007 "-" "Mozilla/5.0 AppleWebKit/537.36 (KHTML, like Gecko; compatible; ClaudeBot/1.0; +claudebot@anthropic.com)"
216.73.216.84 - - [07/Nov/2025:00:27:04 +0000] "GET /?fileloc=%2F%2Fsys%2Fkernel%2Fslab%2Fbtree_node%2Fslabs&path=%2F%2Fsys%2Fkernel%2Fslab%2Fbtree_node HTTP/1.1" 200 2997 "-" "Mozilla/5.0 AppleWebKit/537.36 (KHTML, like Gecko; compatible; ClaudeBot/1.0; +claudebot@anthropic.com)"
216.73.216.84 - - [07/Nov/2025:00:27:04 +0000] "GET /?fileloc=%2F%2Fsys%2Fkernel%2Fslab%2Fkmalloc-rnd-07-512%2Fctor&path=%2F%2Fsys%2Fkernel%2Fslab%2Fkmalloc-rnd-07-512 HTTP/1.1" 200 3006 "-" "Mozilla/5.0 AppleWebKit/537.36 (KHTML, like Gecko; compatible; ClaudeBot/1.0; +claudebot@anthropic.com)"
74.7.227.155 - - [07/Nov/2025:00:27:04 +0000] "GET /?path=//sys/class/net/enp1s0/device/net/enp1s0/device/subsystem/devices/virtio1/block/vda/subsystem/vda/device/block/vda/device/block/vda/subsystem/loop5/bdi/power HTTP/1.1" 200 4026 "-" "Mozilla/5.0 AppleWebKit/537.36 (KHTML, like Gecko; compatible; GPTBot/1.2; +https://openai.com/gptbot)"
216.73.216.84 - - [07/Nov/2025:00:27:05 +0000] "GET /?fileloc=%2F%2Fsys%2Fkernel%2Fslab%2Fbtree_node%2Fcpu_slabs&path=%2F%2Fsys%2Fkernel%2Fslab%2Fbtree_node HTTP/1.1" 200 3002 "-" "Mozilla/5.0 AppleWebKit/537.36 (KHTML, like Gecko; compatible; ClaudeBot/1.0; +claudebot@anthropic.com)"
57.141.0.55 - - [07/Nov/2025:00:27:05 +0000] "GET /?fileloc=//lib/python3/dist-packages/botocore/endpoint.py&path=//lib/python3/dist-packages/botocore HTTP/1.1" 200 29588 "-" "meta-externalagent/1.1 (+https://developers.facebook.com/docs/sharing/webmasters/crawler)"
216.73.216.84 - - [07/Nov/2025:00:27:05 +0000] "GET /?fileloc=%2F%2Fsys%2Fkernel%2Fslab%2Fkmalloc-rnd-07-512%2Fobject_size&path=%2F%2Fsys%2Fkernel%2Fslab%2Fkmalloc-rnd-07-512 HTTP/1.1" 200 3010 "-" "Mozilla/5.0 AppleWebKit/537.36 (KHTML, like Gecko; compatible; ClaudeBot/1.0; +claudebot@anthropic.com)"
216.73.216.84 - - [07/Nov/2025:00:27:05 +0000] "GET /?fileloc=%2F%2Fsys%2Fkernel%2Fslab%2Fkmalloc-rnd-09-8%2Fcpu_partial&path=%2F%2Fsys%2Fkernel%2Fslab%2Fkmalloc-rnd-09-8 HTTP/1.1" 200 3009 "-" "Mozilla/5.0 AppleWebKit/537.36 (KHTML, like Gecko; compatible; ClaudeBot/1.0; +claudebot@anthropic.com)"
216.73.216.84 - - [07/Nov/2025:00:27:05 +0000] "GET /?fileloc=%2F%2Fsys%2Fkernel%2Fslab%2Fbtree_node%2Faliases&path=%2F%2Fsys%2Fkernel%2Fslab%2Fbtree_node HTTP/1.1" 200 2999 "-" "Mozilla/5.0 AppleWebKit/537.36 (KHTML, like Gecko; compatible; ClaudeBot/1.0; +claudebot@anthropic.com)"
216.73.216.84 - - [07/Nov/2025:00:27:05 +0000] "GET /?fileloc=%2F%2Fsys%2Fkernel%2Fslab%2Fkmalloc-rnd-09-8%2Fhwcache_align&path=%2F%2Fsys%2Fkernel%2Fslab%2Fkmalloc-rnd-09-8 HTTP/1.1" 200 3009 "-" "Mozilla/5.0 AppleWebKit/537.36 (KHTML, like Gecko; compatible; ClaudeBot/1.0; +claudebot@anthropic.com)"
216.73.216.84 - - [07/Nov/2025:00:27:05 +0000] "GET /?path=%2F%2Flib%2Ffirmware%2Fintel%2Fsof-ipc4%2Fadl-s%2Fcommunity HTTP/1.1" 200 3415 "-" "Mozilla/5.0 AppleWebKit/537.36 (KHTML, like Gecko; compatible; ClaudeBot/1.0; +claudebot@anthropic.com)"
74.7.227.68 - - [07/Nov/2025:00:27:05 +0000] "GET /?path=//sys/bus/node/devices/node0/memory6/subsystem/devices/memory4/node0/memory7/node0/memory4/subsystem HTTP/1.1" 200 3790 "-" "Mozilla/5.0 AppleWebKit/537.36 (KHTML, like Gecko; compatible; GPTBot/1.2; +https://openai.com/gptbot)"
216.73.216.84 - - [07/Nov/2025:00:27:05 +0000] "GET /?fileloc=%2F%2Fsys%2Fkernel%2Fslab%2Fbtree_node%2Fslab_size&path=%2F%2Fsys%2Fkernel%2Fslab%2Fbtree_node HTTP/1.1" 200 3000 "-" "Mozilla/5.0 AppleWebKit/537.36 (KHTML, like Gecko; compatible; ClaudeBot/1.0; +claudebot@anthropic.com)"
216.73.216.84 - - [07/Nov/2025:00:27:05 +0000] "GET /?fileloc=%2F%2Fsys%2Fkernel%2Fslab%2Fbtree_node%2Fobjs_per_slab&path=%2F%2Fsys%2Fkernel%2Fslab%2Fbtree_node HTTP/1.1" 200 3005 "-" "Mozilla/5.0 AppleWebKit/537.36 (KHTML, like Gecko; compatible; ClaudeBot/1.0; +claudebot@anthropic.com)"
3.81.253.213 - - [07/Nov/2025:00:27:05 +0000] "GET /about-us/?path=//sys/class/leds/input1::capslock/subsystem/input1::numlock/device/device/firmware_node/physical_node/firmware_node/subsystem/devices/device:1b/subsystem/devices/device:0e/subsystem/devices/device:3e HTTP/1.1" 200 4092 "-" "Mozilla/5.0 AppleWebKit/537.36 (KHTML, like Gecko; compatible; Amazonbot/0.1; +https://developer.amazon.com/support/amazonbot) Chrome/119.0.6045.214 Safari/537.36"
216.73.216.84 - - [07/Nov/2025:00:27:05 +0000] "GET /?path=%2F%2Fsys%2Fdevices%2Fpci0000%3A00%2Ffirmware_node%2Fdevice%3A02%2Fdevice%3A03%2Fphysical_node HTTP/1.1" 200 5438 "-" "Mozilla/5.0 AppleWebKit/537.36 (KHTML, like Gecko; compatible; ClaudeBot/1.0; +claudebot@anthropic.com)"
135.181.166.38 - - [07/Nov/2025:00:27:05 +0000] "GET /?path=/lib/firmware HTTP/1.1" 200 21309 "-" "Mozilla/5.0 (compatible; BLEXBot/1.0; +https://help.seranking.com/en/blex-crawler)"
216.73.216.84 - - [07/Nov/2025:00:27:05 +0000] "GET /?path=%2F%2Fsys%2Fdevices%2Fpci0000%3A00%2Ffirmware_node%2Fdevice%3A04%2Fdevice%3A05%2Fdevice%3A21 HTTP/1.1" 200 3804 "-" "Mozilla/5.0 AppleWebKit/537.36 (KHTML, like Gecko; compatible; ClaudeBot/1.0; +claudebot@anthropic.com)"
216.73.216.84 - - [07/Nov/2025:00:27:05 +0000] "GET /?fileloc=%2F%2Fsys%2Fkernel%2Fslab%2Fkmalloc-rnd-07-512%2Fshrink&path=%2F%2Fsys%2Fkernel%2Fslab%2Fkmalloc-rnd-07-512 HTTP/1.1" 200 3008 "-" "Mozilla/5.0 AppleWebKit/537.36 (KHTML, like Gecko; compatible; ClaudeBot/1.0; +claudebot@anthropic.com)"
216.73.216.84 - - [07/Nov/2025:00:27:06 +0000] "GET /?path=%2F%2Fsys%2Fdevices%2Fpci0000%3A00%2Ffirmware_node%2Fdevice%3A04%2Fdevice%3A05%2Fdevice%3A18 HTTP/1.1" 200 3807 "-" "Mozilla/5.0 AppleWebKit/537.36 (KHTML, like Gecko; compatible; ClaudeBot/1.0; +claudebot@anthropic.com)"
216.73.216.84 - - [07/Nov/2025:00:27:06 +0000] "GET /?path=%2F%2Fsys%2Fdevices%2Fpci0000%3A00%2Ffirmware_node%2Fdevice%3A04%2Fdevice%3A05%2Fdevice%3A14 HTTP/1.1" 200 3802 "-" "Mozilla/5.0 AppleWebKit/537.36 (KHTML, like Gecko; compatible; ClaudeBot/1.0; +claudebot@anthropic.com)"
216.73.216.84 - - [07/Nov/2025:00:27:06 +0000] "GET /?fileloc=%2F%2Fsys%2Fkernel%2Fslab%2Fkmalloc-rnd-07-512%2Forder&path=%2F%2Fsys%2Fkernel%2Fslab%2Fkmalloc-rnd-07-512 HTTP/1.1" 200 3006 "-" "Mozilla/5.0 AppleWebKit/537.36 (KHTML, like Gecko; compatible; ClaudeBot/1.0; +claudebot@anthropic.com)"
216.73.216.84 - - [07/Nov/2025:00:27:06 +0000] "GET /?path=%2F%2Fsys%2Fdevices%2Fpci0000%3A00%2Ffirmware_node%2Fdevice%3A04%2Fdevice%3A05%2Fdevice%3A17 HTTP/1.1" 200 3805 "-" "Mozilla/5.0 AppleWebKit/537.36 (KHTML, like Gecko; compatible; ClaudeBot/1.0; +claudebot@anthropic.com)"
216.73.216.84 - - [07/Nov/2025:00:27:06 +0000] "GET /?fileloc=%2F%2Fopt%2Fwpsites%2Fdatainsightnow.com%2Fwp-includes%2Fimages%2Ficon-pointer-flag-2x.png&path=%2F%2Fopt%2Fwpsites%2Fdatainsightnow.com%2Fwp-includes%2Fimages HTTP/1.1" 200 4495 "-" "Mozilla/5.0 AppleWebKit/537.36 (KHTML, like Gecko; compatible; ClaudeBot/1.0; +claudebot@anthropic.com)"
216.73.216.84 - - [07/Nov/2025:00:27:06 +0000] "GET /?fileloc=%2F%2Fopt%2Fwpsites%2Fdatainsightnow.com%2Fwp-includes%2Fimages%2Fxit-2x.gif&path=%2F%2Fopt%2Fwpsites%2Fdatainsightnow.com%2Fwp-includes%2Fimages HTTP/1.1" 200 3583 "-" "Mozilla/5.0 AppleWebKit/537.36 (KHTML, like Gecko; compatible; ClaudeBot/1.0; +claudebot@anthropic.com)"
74.7.227.68 - - [07/Nov/2025:00:27:06 +0000] "GET /?path=//sys/bus/node/devices/node0/memory6/subsystem/devices/memory4/node0/cpu0/subsystem/drivers/processor/cpu0/node0 HTTP/1.1" 200 4515 "-" "Mozilla/5.0 AppleWebKit/537.36 (KHTML, like Gecko; compatible; GPTBot/1.2; +https://openai.com/gptbot)"
216.73.216.84 - - [07/Nov/2025:00:27:06 +0000] "GET /?fileloc=%2F%2Fopt%2Fwpsites%2Fgsudice.dataconn.net%2Fwp-includes%2Fblocks%2Fpost-date%2Fstyle.css&path=%2F%2Fopt%2Fwpsites%2Fgsudice.dataconn.net%2Fwp-includes%2Fblocks%2Fpost-date HTTP/1.1" 200 3060 "-" "Mozilla/5.0 AppleWebKit/537.36 (KHTML, like Gecko; compatible; ClaudeBot/1.0; +claudebot@anthropic.com)"
216.73.216.84 - - [07/Nov/2025:00:27:06 +0000] "GET /?path=%2F%2Fsys%2Fdevices%2Fpci0000%3A00%2Ffirmware_node%2Fdevice%3A04%2Fdevice%3A05%2Fdevice%3A15 HTTP/1.1" 200 3802 "-" "Mozilla/5.0 AppleWebKit/537.36 (KHTML, like Gecko; compatible; ClaudeBot/1.0; +claudebot@anthropic.com)"
216.73.216.84 - - [07/Nov/2025:00:27:06 +0000] "GET /?fileloc=%2F%2Fsys%2Fkernel%2Fslab%2Fkmalloc-rnd-09-8%2Fpartial&path=%2F%2Fsys%2Fkernel%2Fslab%2Fkmalloc-rnd-09-8 HTTP/1.1" 200 3005 "-" "Mozilla/5.0 AppleWebKit/537.36 (KHTML, like Gecko; compatible; ClaudeBot/1.0; +claudebot@anthropic.com)"
216.73.216.84 - - [07/Nov/2025:00:27:06 +0000] "GET /?fileloc=%2F%2Fopt%2Fwpsites%2Fgsudice.dataconn.net%2Fwp-includes%2Fblocks%2Fpost-date%2Fstyle-rtl.min.css&path=%2F%2Fopt%2Fwpsites%2Fgsudice.dataconn.net%2Fwp-includes%2Fblocks%2Fpost-date HTTP/1.1" 200 3062 "-" "Mozilla/5.0 AppleWebKit/537.36 (KHTML, like Gecko; compatible; ClaudeBot/1.0; +claudebot@anthropic.com)"
216.73.216.84 - - [07/Nov/2025:00:27:06 +0000] "GET /?fileloc=%2F%2Fsys%2Fkernel%2Fslab%2Fkmalloc-rnd-07-512%2Fcache_dma&path=%2F%2Fsys%2Fkernel%2Fslab%2Fkmalloc-rnd-07-512 HTTP/1.1" 200 3010 "-" "Mozilla/5.0 AppleWebKit/537.36 (KHTML, like Gecko; compatible; ClaudeBot/1.0; +claudebot@anthropic.com)"
216.73.216.84 - - [07/Nov/2025:00:27:07 +0000] "GET /?fileloc=%2F%2Fsys%2Fkernel%2Fslab%2Fkmalloc-rnd-07-512%2Fmin_partial&path=%2F%2Fsys%2Fkernel%2Fslab%2Fkmalloc-rnd-07-512 HTTP/1.1" 200 3012 "-" "Mozilla/5.0 AppleWebKit/537.36 (KHTML, like Gecko; compatible; ClaudeBot/1.0; +claudebot@anthropic.com)"
216.73.216.84 - - [07/Nov/2025:00:27:07 +0000] "GET /?fileloc=%2F%2Fopt%2Fwpsites%2Fdatainsightnow.com%2Fwp-includes%2Fimages%2Ficon-pointer-flag.png&path=%2F%2Fopt%2Fwpsites%2Fdatainsightnow.com%2Fwp-includes%2Fimages HTTP/1.1" 200 3912 "-" "Mozilla/5.0 AppleWebKit/537.36 (KHTML, like Gecko; compatible; ClaudeBot/1.0; +claudebot@anthropic.com)"
216.73.216.84 - - [07/Nov/2025:00:27:07 +0000] "GET /?fileloc=%2F%2Fsys%2Fkernel%2Fslab%2Fkmalloc-rnd-09-8%2Fred_zone&path=%2F%2Fsys%2Fkernel%2Fslab%2Fkmalloc-rnd-09-8 HTTP/1.1" 200 3008 "-" "Mozilla/5.0 AppleWebKit/537.36 (KHTML, like Gecko; compatible; ClaudeBot/1.0; +claudebot@anthropic.com)"
216.73.216.84 - - [07/Nov/2025:00:27:07 +0000] "GET /?path=%2F%2Fsys%2Fdevices%2Fpci0000%3A00%2Ffirmware_node%2Fdevice%3A04%2Fdevice%3A05%2Fdevice%3A23 HTTP/1.1" 200 3803 "-" "Mozilla/5.0 AppleWebKit/537.36 (KHTML, like Gecko; compatible; ClaudeBot/1.0; +claudebot@anthropic.com)"
216.73.216.84 - - [07/Nov/2025:00:27:07 +0000] "GET /?fileloc=%2F%2Fsys%2Fkernel%2Fslab%2Fbtree_node%2Fctor&path=%2F%2Fsys%2Fkernel%2Fslab%2Fbtree_node HTTP/1.1" 200 2999 "-" "Mozilla/5.0 AppleWebKit/537.36 (KHTML, like Gecko; compatible; ClaudeBot/1.0; +claudebot@anthropic.com)"
216.73.216.84 - - [07/Nov/2025:00:27:07 +0000] "GET /?fileloc=%2F%2Fsys%2Fkernel%2Fslab%2Fkmalloc-rnd-07-512%2Falign&path=%2F%2Fsys%2Fkernel%2Fslab%2Fkmalloc-rnd-07-512 HTTP/1.1" 200 3006 "-" "Mozilla/5.0 AppleWebKit/537.36 (KHTML, like Gecko; compatible; ClaudeBot/1.0; +claudebot@anthropic.com)"
74.7.227.155 - - [07/Nov/2025:00:27:07 +0000] "GET /?path=//sys/class/net/enp1s0/device/net/enp1s0/device/subsystem/devices/virtio1/block/vda/subsystem/vda/device/block/vda/device/block/vda/subsystem/loop0/slaves HTTP/1.1" 200 3261 "-" "Mozilla/5.0 AppleWebKit/537.36 (KHTML, like Gecko; compatible; GPTBot/1.2; +https://openai.com/gptbot)"
216.73.216.84 - - [07/Nov/2025:00:27:07 +0000] "GET /?path=%2F%2Fsys%2Fdevices%2Fpci0000%3A00%2Ffirmware_node%2Fdevice%3A04%2Fdevice%3A05%2Fdevice%3A13 HTTP/1.1" 200 3803 "-" "Mozilla/5.0 AppleWebKit/537.36 (KHTML, like Gecko; compatible; ClaudeBot/1.0; +claudebot@anthropic.com)"
216.73.216.84 - - [07/Nov/2025:00:27:07 +0000] "GET /?fileloc=%2F%2Fsys%2Fkernel%2Fslab%2Fkmalloc-rnd-07-512%2Ftrace&path=%2F%2Fsys%2Fkernel%2Fslab%2Fkmalloc-rnd-07-512 HTTP/1.1" 200 3007 "-" "Mozilla/5.0 AppleWebKit/537.36 (KHTML, like Gecko; compatible; ClaudeBot/1.0; +claudebot@anthropic.com)"
216.73.216.84 - - [07/Nov/2025:00:27:07 +0000] "GET /?fileloc=%2F%2Fsys%2Fkernel%2Fslab%2Fkmalloc-rnd-09-8%2Fusersize&path=%2F%2Fsys%2Fkernel%2Fslab%2Fkmalloc-rnd-09-8 HTTP/1.1" 200 3005 "-" "Mozilla/5.0 AppleWebKit/537.36 (KHTML, like Gecko; compatible; ClaudeBot/1.0; +claudebot@anthropic.com)"
216.73.216.84 - - [07/Nov/2025:00:27:07 +0000] "GET /?path=%2F%2Fsys%2Fdevices%2Fpci0000%3A00%2Ffirmware_node%2Fdevice%3A04%2Fdevice%3A05%2Fdevice%3A19 HTTP/1.1" 200 3804 "-" "Mozilla/5.0 AppleWebKit/537.36 (KHTML, like Gecko; compatible; ClaudeBot/1.0; +claudebot@anthropic.com)"
216.73.216.84 - - [07/Nov/2025:00:27:07 +0000] "GET /?path=%2F%2Fsys%2Fdevices%2Fpci0000%3A00%2Ffirmware_node%2Fdevice%3A04%2Fdevice%3A05%2Fdevice%3A22 HTTP/1.1" 200 3804 "-" "Mozilla/5.0 AppleWebKit/537.36 (KHTML, like Gecko; compatible; ClaudeBot/1.0; +claudebot@anthropic.com)"
216.73.216.84 - - [07/Nov/2025:00:27:08 +0000] "GET /?fileloc=%2F%2Fsys%2Fkernel%2Fslab%2Fbtree_node%2Fshrink&path=%2F%2Fsys%2Fkernel%2Fslab%2Fbtree_node HTTP/1.1" 200 3000 "-" "Mozilla/5.0 AppleWebKit/537.36 (KHTML, like Gecko; compatible; ClaudeBot/1.0; +claudebot@anthropic.com)"
74.7.227.68 - - [07/Nov/2025:00:27:08 +0000] "GET /?path=//sys/bus/node/devices/node0/memory6/subsystem/devices/memory3/node0/cpu0/node0/cpu0/subsystem/drivers HTTP/1.1" 200 3491 "-" "Mozilla/5.0 AppleWebKit/537.36 (KHTML, like Gecko; compatible; GPTBot/1.2; +https://openai.com/gptbot)"
216.73.216.84 - - [07/Nov/2025:00:27:08 +0000] "GET /?path=%2F%2Fsys%2Fdevices%2Fpci0000%3A00%2Ffirmware_node%2Fdevice%3A04%2Fdevice%3A05%2Fdevice%3A09 HTTP/1.1" 200 3802 "-" "Mozilla/5.0 AppleWebKit/537.36 (KHTML, like Gecko; compatible; ClaudeBot/1.0; +claudebot@anthropic.com)"
216.73.216.84 - - [07/Nov/2025:00:27:08 +0000] "GET /?path=%2F%2Fsys%2Fdevices%2Fpci0000%3A00%2Ffirmware_node%2Fdevice%3A04%2Fdevice%3A05%2Fdevice%3A25 HTTP/1.1" 200 3802 "-" "Mozilla/5.0 AppleWebKit/537.36 (KHTML, like Gecko; compatible; ClaudeBot/1.0; +claudebot@anthropic.com)"
216.73.216.84 - - [07/Nov/2025:00:27:08 +0000] "GET /?fileloc=%2F%2Fsys%2Fkernel%2Fslab%2Fbtree_node%2Fobject_size&path=%2F%2Fsys%2Fkernel%2Fslab%2Fbtree_node HTTP/1.1" 200 3003 "-" "Mozilla/5.0 AppleWebKit/537.36 (KHTML, like Gecko; compatible; ClaudeBot/1.0; +claudebot@anthropic.com)"
216.73.216.84 - - [07/Nov/2025:00:27:08 +0000] "GET /?path=%2F%2Fsys%2Fdevices%2Fpci0000%3A00%2Ffirmware_node%2Fdevice%3A04%2Fdevice%3A05%2Fdevice%3A24 HTTP/1.1" 200 3802 "-" "Mozilla/5.0 AppleWebKit/537.36 (KHTML, like Gecko; compatible; ClaudeBot/1.0; +claudebot@anthropic.com)"
216.73.216.84 - - [07/Nov/2025:00:27:08 +0000] "GET /?path=%2F%2Fsys%2Fdevices%2Fpci0000%3A00%2Ffirmware_node%2Fdevice%3A04%2Fdevice%3A05%2Fdevice%3A10 HTTP/1.1" 200 3807 "-" "Mozilla/5.0 AppleWebKit/537.36 (KHTML, like Gecko; compatible; ClaudeBot/1.0; +claudebot@anthropic.com)"
216.73.216.84 - - [07/Nov/2025:00:27:08 +0000] "GET /?path=%2F%2Fsys%2Fdevices%2Fpci0000%3A00%2Ffirmware_node%2Fdevice%3A04%2Fdevice%3A05%2Fdevice%3A06 HTTP/1.1" 200 3897 "-" "Mozilla/5.0 AppleWebKit/537.36 (KHTML, like Gecko; compatible; ClaudeBot/1.0; +claudebot@anthropic.com)"
216.73.216.84 - - [07/Nov/2025:00:27:08 +0000] "GET /?fileloc=%2F%2Fsys%2Fkernel%2Fslab%2Fbtree_node%2Fcache_dma&path=%2F%2Fsys%2Fkernel%2Fslab%2Fbtree_node HTTP/1.1" 200 3003 "-" "Mozilla/5.0 AppleWebKit/537.36 (KHTML, like Gecko; compatible; ClaudeBot/1.0; +claudebot@anthropic.com)"
216.73.216.84 - - [07/Nov/2025:00:27:08 +0000] "GET /?fileloc=%2F%2Fsys%2Fkernel%2Fslab%2Fbtree_node%2Forder&path=%2F%2Fsys%2Fkernel%2Fslab%2Fbtree_node HTTP/1.1" 200 2998 "-" "Mozilla/5.0 AppleWebKit/537.36 (KHTML, like Gecko; compatible; ClaudeBot/1.0; +claudebot@anthropic.com)"
74.7.227.155 - - [07/Nov/2025:00:27:08 +0000] "GET /?path=//sys/class/net/enp1s0/device/net/enp1s0/device/subsystem/devices/virtio1/block/vda/subsystem/vda/device/block/vda/device/block/vda/subsystem/loop2/holders HTTP/1.1" 200 3261 "-" "Mozilla/5.0 AppleWebKit/537.36 (KHTML, like Gecko; compatible; GPTBot/1.2; +https://openai.com/gptbot)"
216.73.216.84 - - [07/Nov/2025:00:27:08 +0000] "GET /?fileloc=%2F%2Fsys%2Fkernel%2Fslab%2Fbtree_node%2Fmin_partial&path=%2F%2Fsys%2Fkernel%2Fslab%2Fbtree_node HTTP/1.1" 200 3004 "-" "Mozilla/5.0 AppleWebKit/537.36 (KHTML, like Gecko; compatible; ClaudeBot/1.0; +claudebot@anthropic.com)"
216.73.216.84 - - [07/Nov/2025:00:27:08 +0000] "GET /?path=%2F%2Fsys%2Fdevices%2Fpci0000%3A00%2Ffirmware_node%2Fdevice%3A04%2Fdevice%3A05%2Fdevice%3A20 HTTP/1.1" 200 3807 "-" "Mozilla/5.0 AppleWebKit/537.36 (KHTML, like Gecko; compatible; ClaudeBot/1.0; +claudebot@anthropic.com)"
216.73.216.84 - - [07/Nov/2025:00:27:09 +0000] "GET /?fileloc=%2F%2Fopt%2Fwpsites%2Fdatainsightnow.com%2Fwp-includes%2Fimages%2Fdown_arrow-2x.gif&path=%2F%2Fopt%2Fwpsites%2Fdatainsightnow.com%2Fwp-includes%2Fimages HTTP/1.1" 200 3161 "-" "Mozilla/5.0 AppleWebKit/537.36 (KHTML, like Gecko; compatible; ClaudeBot/1.0; +claudebot@anthropic.com)"
216.73.216.84 - - [07/Nov/2025:00:27:09 +0000] "GET /?fileloc=%2F%2Fsys%2Fkernel%2Fslab%2Fbtree_node%2Falign&path=%2F%2Fsys%2Fkernel%2Fslab%2Fbtree_node HTTP/1.1" 200 2998 "-" "Mozilla/5.0 AppleWebKit/537.36 (KHTML, like Gecko; compatible; ClaudeBot/1.0; +claudebot@anthropic.com)"
216.73.216.84 - - [07/Nov/2025:00:27:09 +0000] "GET /?fileloc=%2F%2Fopt%2Fwpsites%2Fdatainsightnow.com%2Fwp-includes%2Fimages%2Farrow-pointer-blue.png&path=%2F%2Fopt%2Fwpsites%2Fdatainsightnow.com%2Fwp-includes%2Fimages HTTP/1.1" 200 3737 "-" "Mozilla/5.0 AppleWebKit/537.36 (KHTML, like Gecko; compatible; ClaudeBot/1.0; +claudebot@anthropic.com)"
216.73.216.84 - - [07/Nov/2025:00:27:09 +0000] "GET /?fileloc=%2F%2Fsys%2Fkernel%2Fslab%2Fbtree_node%2Ftrace&path=%2F%2Fsys%2Fkernel%2Fslab%2Fbtree_node HTTP/1.1" 200 2998 "-" "Mozilla/5.0 AppleWebKit/537.36 (KHTML, like Gecko; compatible; ClaudeBot/1.0; +claudebot@anthropic.com)"
216.73.216.84 - - [07/Nov/2025:00:27:09 +0000] "GET /?fileloc=%2F%2Fopt%2Fwpsites%2Fgsudice.dataconn.net%2Fwp-includes%2Fblocks%2Fpost-navigation-link%2Fblock.json&path=%2F%2Fopt%2Fwpsites%2Fgsudice.dataconn.net%2Fwp-includes%2Fblocks%2Fpost-navigation-link HTTP/1.1" 200 3534 "-" "Mozilla/5.0 AppleWebKit/537.36 (KHTML, like Gecko; compatible; ClaudeBot/1.0; +claudebot@anthropic.com)"
74.7.227.68 - - [07/Nov/2025:00:27:09 +0000] "GET /?path=//sys/bus/node/devices/node0/memory6/subsystem/devices/memory3/node0/cpu0/subsystem/drivers/processor/cpu0/cache/index3 HTTP/1.1" 200 4096 "-" "Mozilla/5.0 AppleWebKit/537.36 (KHTML, like Gecko; compatible; GPTBot/1.2; +https://openai.com/gptbot)"
216.73.216.84 - - [07/Nov/2025:00:27:09 +0000] "GET /?fileloc=%2F%2Fopt%2Fwpsites%2Fgsudice.dataconn.net%2Fwp-includes%2Fblocks%2Fhome-link%2Fblock.json&path=%2F%2Fopt%2Fwpsites%2Fgsudice.dataconn.net%2Fwp-includes%2Fblocks%2Fhome-link HTTP/1.1" 200 3557 "-" "Mozilla/5.0 AppleWebKit/537.36 (KHTML, like Gecko; compatible; ClaudeBot/1.0; +claudebot@anthropic.com)"
216.73.216.84 - - [07/Nov/2025:00:27:09 +0000] "GET /?fileloc=%2F%2Fsys%2Fkernel%2Fslab%2Fkmalloc-rnd-07-512%2Fcpu_partial&path=%2F%2Fsys%2Fkernel%2Fslab%2Fkmalloc-rnd-07-512 HTTP/1.1" 200 3012 "-" "Mozilla/5.0 AppleWebKit/537.36 (KHTML, like Gecko; compatible; ClaudeBot/1.0; +claudebot@anthropic.com)"
216.73.216.84 - - [07/Nov/2025:00:27:09 +0000] "GET /?fileloc=%2F%2Fsys%2Fkernel%2Fslab%2Fkmalloc-rnd-09-8%2Ftotal_objects&path=%2F%2Fsys%2Fkernel%2Fslab%2Fkmalloc-rnd-09-8 HTTP/1.1" 200 3008 "-" "Mozilla/5.0 AppleWebKit/537.36 (KHTML, like Gecko; compatible; ClaudeBot/1.0; +claudebot@anthropic.com)"
54.159.98.248 - - [07/Nov/2025:00:27:09 +0000] "GET /about-us/?path=//sys/class/leds/input1::capslock/subsystem/input1::numlock/device/device/firmware_node/physical_node/firmware_node/subsystem/devices/device:0e/subsystem/devices/device:05/subsystem/devices/device:08 HTTP/1.1" 200 4084 "-" "Mozilla/5.0 AppleWebKit/537.36 (KHTML, like Gecko; compatible; Amazonbot/0.1; +https://developer.amazon.com/support/amazonbot) Chrome/119.0.6045.214 Safari/537.36"
216.73.216.84 - - [07/Nov/2025:00:27:09 +0000] "GET /?fileloc=%2F%2Fsys%2Fkernel%2Fslab%2Fkmalloc-rnd-07-512%2Fhwcache_align&path=%2F%2Fsys%2Fkernel%2Fslab%2Fkmalloc-rnd-07-512 HTTP/1.1" 200 3013 "-" "Mozilla/5.0 AppleWebKit/537.36 (KHTML, like Gecko; compatible; ClaudeBot/1.0; +claudebot@anthropic.com)"
216.73.216.84 - - [07/Nov/2025:00:27:09 +0000] "GET /?fileloc=%2F%2Fproc%2Fthread-self%2Froot%2Fusr%2Fshare%2Fpublicsuffix%2Feffective_tld_names.dat&path=%2F%2Fproc%2Fthread-self%2Froot%2Fusr%2Fshare%2Fpublicsuffix HTTP/1.1" 200 96348 "-" "Mozilla/5.0 AppleWebKit/537.36 (KHTML, like Gecko; compatible; ClaudeBot/1.0; +claudebot@anthropic.com)"
216.73.216.84 - - [07/Nov/2025:00:27:09 +0000] "GET /?fileloc=%2F%2Fopt%2Fwpsites%2Fdatainsightnow.com%2Fwp-includes%2Fimages%2Fspinner-2x.gif&path=%2F%2Fopt%2Fwpsites%2Fdatainsightnow.com%2Fwp-includes%2Fimages HTTP/1.1" 200 7537 "-" "Mozilla/5.0 AppleWebKit/537.36 (KHTML, like Gecko; compatible; ClaudeBot/1.0; +claudebot@anthropic.com)"
216.73.216.84 - - [07/Nov/2025:00:27:10 +0000] "GET /?fileloc=%2F%2Fproc%2Fthread-self%2Froot%2Fusr%2Fshare%2Fpublicsuffix%2Fpublic_suffix_list.dafsa&path=%2F%2Fproc%2Fthread-self%2Froot%2Fusr%2Fshare%2Fpublicsuffix HTTP/1.1" 200 45529 "-" "Mozilla/5.0 AppleWebKit/537.36 (KHTML, like Gecko; compatible; ClaudeBot/1.0; +claudebot@anthropic.com)"
216.73.216.84 - - [07/Nov/2025:00:27:10 +0000] "GET /?fileloc=%2F%2Fproc%2Fthread-self%2Froot%2Flib%2Frecovery-mode%2Foptions%2Fdpkg&path=%2F%2Fproc%2Fthread-self%2Froot%2Flib%2Frecovery-mode%2Foptions HTTP/1.1" 200 3474 "-" "Mozilla/5.0 AppleWebKit/537.36 (KHTML, like Gecko; compatible; ClaudeBot/1.0; +claudebot@anthropic.com)"
