216.73.216.84 - - [07/Nov/2025:00:26:26 +0000] "GET /?fileloc=%2F%2Fusr%2Flib%2Fpython3.12%2Fdifflib.py&path=%2F%2Fusr%2Flib%2Fpython3.12 HTTP/1.1" 200 31917 "-" "Mozilla/5.0 AppleWebKit/537.36 (KHTML, like Gecko; compatible; ClaudeBot/1.0; +claudebot@anthropic.com)"
216.73.216.84 - - [07/Nov/2025:00:26:26 +0000] "GET /?fileloc=%2F%2Fusr%2Flib%2Fpython3.12%2Fasyncio%2Fformat_helpers.py&path=%2F%2Fusr%2Flib%2Fpython3.12%2Fasyncio HTTP/1.1" 200 3959 "-" "Mozilla/5.0 AppleWebKit/537.36 (KHTML, like Gecko; compatible; ClaudeBot/1.0; +claudebot@anthropic.com)"
216.73.216.84 - - [07/Nov/2025:00:26:26 +0000] "GET /?fileloc=%2F%2Fusr%2Flib%2Fpython3.12%2Fasyncio%2Fexceptions.py&path=%2F%2Fusr%2Flib%2Fpython3.12%2Fasyncio HTTP/1.1" 200 3749 "-" "Mozilla/5.0 AppleWebKit/537.36 (KHTML, like Gecko; compatible; ClaudeBot/1.0; +claudebot@anthropic.com)"
216.73.216.84 - - [07/Nov/2025:00:26:26 +0000] "GET /?fileloc=%2F%2Fusr%2Flib%2Fpython3.12%2Fasyncio%2Fcoroutines.py&path=%2F%2Fusr%2Flib%2Fpython3.12%2Fasyncio HTTP/1.1" 200 4290 "-" "Mozilla/5.0 AppleWebKit/537.36 (KHTML, like Gecko; compatible; ClaudeBot/1.0; +claudebot@anthropic.com)"
216.73.216.84 - - [07/Nov/2025:00:26:26 +0000] "GET /?fileloc=%2F%2Fusr%2Finclude%2Fpython3.12%2Fcpython%2Fpydebug.h&path=%2F%2Fusr%2Finclude%2Fpython3.12%2Fcpython HTTP/1.1" 200 3490 "-" "Mozilla/5.0 AppleWebKit/537.36 (KHTML, like Gecko; compatible; ClaudeBot/1.0; +claudebot@anthropic.com)"
216.73.216.84 - - [07/Nov/2025:00:26:27 +0000] "GET /?fileloc=%2F%2Fusr%2Finclude%2Flinux%2Finput-event-codes.h&path=%2F%2Fusr%2Finclude%2Flinux HTTP/1.1" 200 13957 "-" "Mozilla/5.0 AppleWebKit/537.36 (KHTML, like Gecko; compatible; ClaudeBot/1.0; +claudebot@anthropic.com)"
216.73.216.84 - - [07/Nov/2025:00:26:27 +0000] "GET /?fileloc=%2F%2Fusr%2Flib%2Fpython3.12%2Fstruct.py&path=%2F%2Fusr%2Flib%2Fpython3.12 HTTP/1.1" 200 3112 "-" "Mozilla/5.0 AppleWebKit/537.36 (KHTML, like Gecko; compatible; ClaudeBot/1.0; +claudebot@anthropic.com)"
216.73.216.84 - - [07/Nov/2025:00:26:27 +0000] "GET /?fileloc=%2F%2Fusr%2Flib%2Fpython3%2Fdist-packages%2Ftwisted%2Fpython%2F__pycache__%2Frandbytes.cpython-312.pyc&path=%2F%2Fusr%2Flib%2Fpython3%2Fdist-packages%2Ftwisted%2Fpython%2F__pycache__ HTTP/1.1" 200 5552 "-" "Mozilla/5.0 AppleWebKit/537.36 (KHTML, like Gecko; compatible; ClaudeBot/1.0; +claudebot@anthropic.com)"
216.73.216.84 - - [07/Nov/2025:00:26:27 +0000] "GET /?fileloc=%2F%2Fusr%2Flib%2Fpython3%2Fdist-packages%2Ftwisted%2Fpython%2F__pycache__%2Fhtmlizer.cpython-312.pyc&path=%2F%2Fusr%2Flib%2Fpython3%2Fdist-packages%2Ftwisted%2Fpython%2F__pycache__ HTTP/1.1" 200 6239 "-" "Mozilla/5.0 AppleWebKit/537.36 (KHTML, like Gecko; compatible; ClaudeBot/1.0; +claudebot@anthropic.com)"
57.141.0.26 - - [07/Nov/2025:00:26:27 +0000] "GET /big-data/?fileloc=//sys/class/input/mice/dev&path=//sys/class/input/mice HTTP/1.1" 200 12392 "-" "meta-externalagent/1.1 (+https://developers.facebook.com/docs/sharing/webmasters/crawler)"
57.141.0.72 - - [07/Nov/2025:00:26:27 +0000] "GET /?path=//sys/class/input/input0/event0/power HTTP/1.1" 200 26728 "-" "meta-externalagent/1.1 (+https://developers.facebook.com/docs/sharing/webmasters/crawler)"
216.73.216.84 - - [07/Nov/2025:00:26:27 +0000] "GET /?fileloc=%2F%2Fusr%2Flib%2Fpython3.12%2Ftracemalloc.py&path=%2F%2Fusr%2Flib%2Fpython3.12 HTTP/1.1" 200 7703 "-" "Mozilla/5.0 AppleWebKit/537.36 (KHTML, like Gecko; compatible; ClaudeBot/1.0; +claudebot@anthropic.com)"
216.73.216.84 - - [07/Nov/2025:00:26:27 +0000] "GET /?fileloc=%2F%2Fusr%2Flib%2Fpython3.12%2Fcode.py&path=%2F%2Fusr%2Flib%2Fpython3.12 HTTP/1.1" 200 6976 "-" "Mozilla/5.0 AppleWebKit/537.36 (KHTML, like Gecko; compatible; ClaudeBot/1.0; +claudebot@anthropic.com)"
74.7.227.68 - - [07/Nov/2025:00:26:27 +0000] "GET /?path=//sys/bus/node/devices/node0/memory6/subsystem/devices/memory4/node0/cpu0/subsystem/drivers/processor/cpu0/cache/index1 HTTP/1.1" 200 4087 "-" "Mozilla/5.0 AppleWebKit/537.36 (KHTML, like Gecko; compatible; GPTBot/1.2; +https://openai.com/gptbot)"
216.73.216.84 - - [07/Nov/2025:00:26:27 +0000] "GET /?fileloc=%2F%2Fusr%2Finclude%2Fpython3.12%2Fpythonrun.h&path=%2F%2Fusr%2Finclude%2Fpython3.12 HTTP/1.1" 200 3674 "-" "Mozilla/5.0 AppleWebKit/537.36 (KHTML, like Gecko; compatible; ClaudeBot/1.0; +claudebot@anthropic.com)"
216.73.216.84 - - [07/Nov/2025:00:26:27 +0000] "GET /?fileloc=%2F%2Fusr%2Fsrc%2Flinux-headers-6.8.0-85%2Finclude%2Flinux%2Fplatform_data%2Fserial-sccnxp.h&path=%2F%2Fusr%2Fsrc%2Flinux-headers-6.8.0-85%2Finclude%2Flinux%2Fplatform_data HTTP/1.1" 200 4010 "-" "Mozilla/5.0 AppleWebKit/537.36 (KHTML, like Gecko; compatible; ClaudeBot/1.0; +claudebot@anthropic.com)"
216.73.216.84 - - [07/Nov/2025:00:26:27 +0000] "GET /?fileloc=%2F%2Fusr%2Flib%2Fpython3.12%2Fpydoc.py&path=%2F%2Fusr%2Flib%2Fpython3.12 HTTP/1.1" 200 38665 "-" "Mozilla/5.0 AppleWebKit/537.36 (KHTML, like Gecko; compatible; ClaudeBot/1.0; +claudebot@anthropic.com)"
74.7.227.155 - - [07/Nov/2025:00:26:27 +0000] "GET /?path=//sys/class/net/enp1s0/device/net/enp1s0/device/subsystem/devices/virtio1/block/vda/subsystem/vda/device/block/vda/device/block/vda/subsystem/loop0 HTTP/1.1" 200 4870 "-" "Mozilla/5.0 AppleWebKit/537.36 (KHTML, like Gecko; compatible; GPTBot/1.2; +https://openai.com/gptbot)"
216.73.216.84 - - [07/Nov/2025:00:26:27 +0000] "GET /?fileloc=%2F%2Fusr%2Finclude%2Fpython3.12%2Fcpython%2Fpyerrors.h&path=%2F%2Fusr%2Finclude%2Fpython3.12%2Fcpython HTTP/1.1" 200 4356 "-" "Mozilla/5.0 AppleWebKit/537.36 (KHTML, like Gecko; compatible; ClaudeBot/1.0; +claudebot@anthropic.com)"
216.73.216.84 - - [07/Nov/2025:00:26:27 +0000] "GET /?fileloc=%2F%2Fusr%2Finclude%2Fpython3.12%2Funicodeobject.h&path=%2F%2Fusr%2Finclude%2Fpython3.12 HTTP/1.1" 200 12698 "-" "Mozilla/5.0 AppleWebKit/537.36 (KHTML, like Gecko; compatible; ClaudeBot/1.0; +claudebot@anthropic.com)"
216.73.216.84 - - [07/Nov/2025:00:26:28 +0000] "GET /?fileloc=%2F%2Fusr%2Finclude%2Fpython3.12%2Fcpython%2Fpythonrun.h&path=%2F%2Fusr%2Finclude%2Fpython3.12%2Fcpython HTTP/1.1" 200 4191 "-" "Mozilla/5.0 AppleWebKit/537.36 (KHTML, like Gecko; compatible; ClaudeBot/1.0; +claudebot@anthropic.com)"
57.141.0.39 - - [07/Nov/2025:00:26:28 +0000] "GET /big-data/?path=//var/lib/nginx/fastcgi/0/67 HTTP/1.1" 200 12888 "-" "meta-externalagent/1.1 (+https://developers.facebook.com/docs/sharing/webmasters/crawler)"
216.73.216.84 - - [07/Nov/2025:00:26:28 +0000] "GET /?fileloc=%2F%2Fusr%2Finclude%2Fpython3.12%2Fcpython%2Funicodeobject.h&path=%2F%2Fusr%2Finclude%2Fpython3.12%2Fcpython HTTP/1.1" 200 13109 "-" "Mozilla/5.0 AppleWebKit/537.36 (KHTML, like Gecko; compatible; ClaudeBot/1.0; +claudebot@anthropic.com)"
74.7.227.68 - - [07/Nov/2025:00:26:28 +0000] "GET /?path=//sys/bus/node/devices/node0/memory5/subsystem/devices/memory1/node0/memory0/node0/memory4/subsystem HTTP/1.1" 200 3790 "-" "Mozilla/5.0 AppleWebKit/537.36 (KHTML, like Gecko; compatible; GPTBot/1.2; +https://openai.com/gptbot)"
57.141.0.69 - - [07/Nov/2025:00:26:28 +0000] "GET /big-data/?fileloc=//lib/python3/dist-packages/rich/layout.py&path=//lib/python3/dist-packages/rich HTTP/1.1" 200 27852 "-" "meta-externalagent/1.1 (+https://developers.facebook.com/docs/sharing/webmasters/crawler)"
135.181.166.38 - - [07/Nov/2025:00:26:28 +0000] "GET /?path=/etc/terminfo HTTP/1.1" 200 3337 "-" "Mozilla/5.0 (compatible; BLEXBot/1.0; +https://help.seranking.com/en/blex-crawler)"
57.141.0.39 - - [07/Nov/2025:00:26:29 +0000] "GET /big-data/?fileloc=//bin/X11/X11/X11/sbsign&path=//bin/X11/X11/X11 HTTP/1.1" 200 60899 "-" "meta-externalagent/1.1 (+https://developers.facebook.com/docs/sharing/webmasters/crawler)"
74.7.227.155 - - [07/Nov/2025:00:26:29 +0000] "GET /?fileloc=//sys/class/net/enp1s0/device/net/enp1s0/device/subsystem/devices/virtio1/block/vda/subsystem/vda/device/block/vda/device/block/vda/vda2/subsystem/vda2/inflight&path=//sys/class/net/enp1s0/device/net/enp1s0/device/subsystem/devices/virtio1/block/vda/subsystem/vda/device/block/vda/device/block/vda/vda2/subsystem/vda2 HTTP/1.1" 200 3209 "-" "Mozilla/5.0 AppleWebKit/537.36 (KHTML, like Gecko; compatible; GPTBot/1.2; +https://openai.com/gptbot)"
57.141.0.24 - - [07/Nov/2025:00:26:29 +0000] "GET /big-data/?fileloc=//sys/module/ixgbe/sections/.exit.data&path=//sys/module/ixgbe/sections HTTP/1.1" 200 12410 "-" "meta-externalagent/1.1 (+https://developers.facebook.com/docs/sharing/webmasters/crawler)"
74.7.227.68 - - [07/Nov/2025:00:26:29 +0000] "GET /?path=//sys/bus/node/devices/node0/memory5/subsystem/devices/memory1/node0/memory7/node0/cpu0/firmware_node/subsystem/drivers HTTP/1.1" 200 3805 "-" "Mozilla/5.0 AppleWebKit/537.36 (KHTML, like Gecko; compatible; GPTBot/1.2; +https://openai.com/gptbot)"
57.141.0.63 - - [07/Nov/2025:00:26:30 +0000] "GET /big-data/?fileloc=//sys/module/binfmt_misc/notes/.note.gnu.build-id&path=//sys/module/binfmt_misc/notes HTTP/1.1" 200 12484 "-" "meta-externalagent/1.1 (+https://developers.facebook.com/docs/sharing/webmasters/crawler)"
34.231.156.59 - - [07/Nov/2025:00:26:31 +0000] "GET /about-us/?path=//sys/class/leds/input1::capslock/subsystem/input1::numlock/device/device/firmware_node/physical_node/firmware_node/physical_node1/firmware_node/subsystem/devices/PNP0B00:00/subsystem/devices/device:01 HTTP/1.1" 200 4021 "-" "Mozilla/5.0 AppleWebKit/537.36 (KHTML, like Gecko; compatible; Amazonbot/0.1; +https://developer.amazon.com/support/amazonbot) Chrome/119.0.6045.214 Safari/537.36"
57.141.0.75 - - [07/Nov/2025:00:26:31 +0000] "GET /?fileloc=//bin/X11/X11/X11/strace-log-merge&path=//bin/X11/X11/X11 HTTP/1.1" 200 14466 "-" "meta-externalagent/1.1 (+https://developers.facebook.com/docs/sharing/webmasters/crawler)"
74.7.227.68 - - [07/Nov/2025:00:26:31 +0000] "GET /?path=//sys/bus/node/devices/node0/memory5/subsystem/devices/memory1/node0/cpu0/node0/cpu0/subsystem/drivers/processor HTTP/1.1" 200 3725 "-" "Mozilla/5.0 AppleWebKit/537.36 (KHTML, like Gecko; compatible; GPTBot/1.2; +https://openai.com/gptbot)"
57.141.0.5 - - [07/Nov/2025:00:26:31 +0000] "GET /big-data/?fileloc=//var/lib/letsencrypt/backups/1733854240.9580803/pobox.pw_12&path=//var/lib/letsencrypt/backups/1733854240.9580803 HTTP/1.1" 200 13395 "-" "meta-externalagent/1.1 (+https://developers.facebook.com/docs/sharing/webmasters/crawler)"
57.141.0.16 - - [07/Nov/2025:00:26:31 +0000] "GET /?path=//sys/class/bdi/11:0/subsystem/7:2 HTTP/1.1" 200 30770 "-" "meta-externalagent/1.1 (+https://developers.facebook.com/docs/sharing/webmasters/crawler)"
57.141.0.35 - - [07/Nov/2025:00:26:32 +0000] "GET /big-data/?path=//var/lib/nginx/fastcgi/6/31 HTTP/1.1" 200 12888 "-" "meta-externalagent/1.1 (+https://developers.facebook.com/docs/sharing/webmasters/crawler)"
74.7.227.155 - - [07/Nov/2025:00:26:32 +0000] "GET /?path=//sys/class/net/enp1s0/device/net/enp1s0/device/subsystem/devices/virtio1/block/vda/subsystem/vda/device/block/vda/device/block/vda/subsystem/loop5 HTTP/1.1" 200 4870 "-" "Mozilla/5.0 AppleWebKit/537.36 (KHTML, like Gecko; compatible; GPTBot/1.2; +https://openai.com/gptbot)"
57.141.0.56 - - [07/Nov/2025:00:26:32 +0000] "GET /?path=//sys/class/pci_bus/0000:0b/subsystem/0000:0d HTTP/1.1" 200 23380 "-" "meta-externalagent/1.1 (+https://developers.facebook.com/docs/sharing/webmasters/crawler)"
135.181.166.38 - - [07/Nov/2025:00:26:32 +0000] "GET /?path=/etc/thermald HTTP/1.1" 200 3348 "-" "Mozilla/5.0 (compatible; BLEXBot/1.0; +https://help.seranking.com/en/blex-crawler)"
57.141.0.34 - - [07/Nov/2025:00:26:33 +0000] "GET /big-data/?fileloc=//sys/module/snd_hda_codec/sections/__patchable_function_entries&path=//sys/module/snd_hda_codec/sections HTTP/1.1" 200 12460 "-" "meta-externalagent/1.1 (+https://developers.facebook.com/docs/sharing/webmasters/crawler)"
74.7.227.68 - - [07/Nov/2025:00:26:33 +0000] "GET /?path=//sys/bus/node/devices/node0/memory6/subsystem/devices/memory4/node0/memory5/node0/memory0/subsystem HTTP/1.1" 200 3788 "-" "Mozilla/5.0 AppleWebKit/537.36 (KHTML, like Gecko; compatible; GPTBot/1.2; +https://openai.com/gptbot)"
74.7.227.155 - - [07/Nov/2025:00:26:33 +0000] "GET /?path=//sys/class/net/enp1s0/device/net/enp1s0/device/subsystem/devices/virtio1/block/vda/subsystem/vda/device/block/vda/device/block/vda/subsystem/loop6/power HTTP/1.1" 200 4036 "-" "Mozilla/5.0 AppleWebKit/537.36 (KHTML, like Gecko; compatible; GPTBot/1.2; +https://openai.com/gptbot)"
57.141.0.73 - - [07/Nov/2025:00:26:33 +0000] "GET /?fileloc=//bin/X11/X11/X11/logname&path=//bin/X11/X11/X11 HTTP/1.1" 200 60305 "-" "meta-externalagent/1.1 (+https://developers.facebook.com/docs/sharing/webmasters/crawler)"
34.235.239.240 - - [07/Nov/2025:00:26:33 +0000] "GET /about-us/?path=//sys/class/leds/input1::capslock/subsystem/input1::numlock/device/device/firmware_node/physical_node/firmware_node/subsystem/devices/device:1e/subsystem/devices/device:2a/subsystem/devices/device:0f HTTP/1.1" 200 4087 "-" "Mozilla/5.0 AppleWebKit/537.36 (KHTML, like Gecko; compatible; Amazonbot/0.1; +https://developer.amazon.com/support/amazonbot) Chrome/119.0.6045.214 Safari/537.36"
57.141.0.14 - - [07/Nov/2025:00:26:34 +0000] "GET /big-data/?fileloc=//bin/X11/X11/X11/realpath&path=//bin/X11/X11/X11 HTTP/1.1" 200 75937 "-" "meta-externalagent/1.1 (+https://developers.facebook.com/docs/sharing/webmasters/crawler)"
57.141.0.69 - - [07/Nov/2025:00:26:34 +0000] "GET /?path=//sys/class/input/input4/subsystem/mouse0 HTTP/1.1" 200 20153 "-" "meta-externalagent/1.1 (+https://developers.facebook.com/docs/sharing/webmasters/crawler)"
57.141.0.15 - - [07/Nov/2025:00:26:34 +0000] "GET /big-data/?fileloc=//proc/1042/task/1101/smaps&path=//proc/1042/task/1101 HTTP/1.1" 200 12385 "-" "meta-externalagent/1.1 (+https://developers.facebook.com/docs/sharing/webmasters/crawler)"
74.7.227.155 - - [07/Nov/2025:00:26:35 +0000] "GET /?path=//sys/class/net/enp1s0/device/net/enp1s0/device/subsystem/devices/virtio1/block/vda/subsystem/vda/device/block/vda/subsystem/sr0/subsystem/loop7/subsystem/vda/slaves HTTP/1.1" 200 3281 "-" "Mozilla/5.0 AppleWebKit/537.36 (KHTML, like Gecko; compatible; GPTBot/1.2; +https://openai.com/gptbot)"
74.7.227.68 - - [07/Nov/2025:00:26:35 +0000] "GET /?path=//sys/bus/node/devices/node0/memory6/subsystem/devices/memory4/node0/memory3/node0/memory2/subsystem HTTP/1.1" 200 3785 "-" "Mozilla/5.0 AppleWebKit/537.36 (KHTML, like Gecko; compatible; GPTBot/1.2; +https://openai.com/gptbot)"
57.141.0.51 - - [07/Nov/2025:00:26:35 +0000] "GET /?fileloc=//sys/class/pci_bus/0000:0c/device/remove&path=//sys/class/pci_bus/0000:0c/device HTTP/1.1" 200 12462 "-" "meta-externalagent/1.1 (+https://developers.facebook.com/docs/sharing/webmasters/crawler)"
135.181.166.38 - - [07/Nov/2025:00:26:35 +0000] "GET /?path=/lib/apparmor HTTP/1.1" 200 3471 "-" "Mozilla/5.0 (compatible; BLEXBot/1.0; +https://help.seranking.com/en/blex-crawler)"
57.141.0.46 - - [07/Nov/2025:00:26:35 +0000] "GET /?path=//sys/dev/char/241:0/device/driver HTTP/1.1" 200 12884 "-" "meta-externalagent/1.1 (+https://developers.facebook.com/docs/sharing/webmasters/crawler)"
74.7.227.68 - - [07/Nov/2025:00:26:36 +0000] "GET /?path=//sys/bus/node/devices/node0/memory5/subsystem/devices/memory1/node0/cpu0/node0/memory3/subsystem/drivers HTTP/1.1" 200 3189 "-" "Mozilla/5.0 AppleWebKit/537.36 (KHTML, like Gecko; compatible; GPTBot/1.2; +https://openai.com/gptbot)"
57.141.0.65 - - [07/Nov/2025:00:26:36 +0000] "GET /big-data/?fileloc=//proc/2/task/2/personality&path=//proc/2/task/2 HTTP/1.1" 200 12367 "-" "meta-externalagent/1.1 (+https://developers.facebook.com/docs/sharing/webmasters/crawler)"
57.141.0.49 - - [07/Nov/2025:00:26:37 +0000] "GET /?fileloc=//lib/python3.12/encodings/__pycache__/iso8859_6.cpython-312.pyc&path=//lib/python3.12/encodings/__pycache__ HTTP/1.1" 200 16028 "-" "meta-externalagent/1.1 (+https://developers.facebook.com/docs/sharing/webmasters/crawler)"
74.7.227.155 - - [07/Nov/2025:00:26:38 +0000] "GET /?path=//sys/class/net/enp1s0/device/net/enp1s0/device/subsystem/devices/virtio1/block/vda/subsystem/vda/device/block/vda/device/block/vda/subsystem/loop1/mq HTTP/1.1" 200 3563 "-" "Mozilla/5.0 AppleWebKit/537.36 (KHTML, like Gecko; compatible; GPTBot/1.2; +https://openai.com/gptbot)"
57.141.0.31 - - [07/Nov/2025:00:26:38 +0000] "GET /big-data/?fileloc=//lib/python3.12/asyncio/__pycache__/protocols.cpython-312.pyc&path=//lib/python3.12/asyncio/__pycache__ HTTP/1.1" 200 21869 "-" "meta-externalagent/1.1 (+https://developers.facebook.com/docs/sharing/webmasters/crawler)"
57.141.0.59 - - [07/Nov/2025:00:26:38 +0000] "GET /big-data/?fileloc=//proc/1042/task/2721/arch_status&path=//proc/1042/task/2721 HTTP/1.1" 200 12391 "-" "meta-externalagent/1.1 (+https://developers.facebook.com/docs/sharing/webmasters/crawler)"
34.238.45.183 - - [07/Nov/2025:00:26:38 +0000] "GET /about-us/?path=//sys/class/leds/input1::capslock/subsystem/input1::numlock/device/device/firmware_node/physical_node/firmware_node/subsystem/devices/device:3f/subsystem/devices/device:1a/subsystem/devices/device:00 HTTP/1.1" 200 4046 "-" "Mozilla/5.0 AppleWebKit/537.36 (KHTML, like Gecko; compatible; Amazonbot/0.1; +https://developer.amazon.com/support/amazonbot) Chrome/119.0.6045.214 Safari/537.36"
74.7.227.68 - - [07/Nov/2025:00:26:38 +0000] "GET /?path=//sys/bus/node/devices/node0/memory6/subsystem/devices/memory3/node0/memory1/node0/memory7/subsystem HTTP/1.1" 200 3785 "-" "Mozilla/5.0 AppleWebKit/537.36 (KHTML, like Gecko; compatible; GPTBot/1.2; +https://openai.com/gptbot)"
57.141.0.6 - - [07/Nov/2025:00:26:38 +0000] "GET /big-data/?fileloc=//sys/module/xt_conntrack/sections/.text&path=//sys/module/xt_conntrack/sections HTTP/1.1" 200 12428 "-" "meta-externalagent/1.1 (+https://developers.facebook.com/docs/sharing/webmasters/crawler)"
74.7.227.155 - - [07/Nov/2025:00:26:39 +0000] "GET /?path=//sys/class/net/enp1s0/device/net/enp1s0/device/subsystem/devices/virtio1/block/vda/subsystem/vda/device/block/vda/device/block/vda/subsystem/loop1/bdi HTTP/1.1" 200 4250 "-" "Mozilla/5.0 AppleWebKit/537.36 (KHTML, like Gecko; compatible; GPTBot/1.2; +https://openai.com/gptbot)"
135.181.166.38 - - [07/Nov/2025:00:26:39 +0000] "GET /?path=/lib/binfmt.d HTTP/1.1" 200 3342 "-" "Mozilla/5.0 (compatible; BLEXBot/1.0; +https://help.seranking.com/en/blex-crawler)"
57.141.0.44 - - [07/Nov/2025:00:26:39 +0000] "GET /?fileloc=//proc/51/task/51/numa_maps&path=//proc/51/task/51 HTTP/1.1" 200 12373 "-" "meta-externalagent/1.1 (+https://developers.facebook.com/docs/sharing/webmasters/crawler)"
74.7.227.68 - - [07/Nov/2025:00:26:39 +0000] "GET /?path=//sys/bus/node/devices/node0/memory5/subsystem/devices/memory1/node0/memory0/node0/cpu0/firmware_node/subsystem/drivers HTTP/1.1" 200 3804 "-" "Mozilla/5.0 AppleWebKit/537.36 (KHTML, like Gecko; compatible; GPTBot/1.2; +https://openai.com/gptbot)"
57.141.0.36 - - [07/Nov/2025:00:26:41 +0000] "GET /?path=//sys/class/bdi/7:6/subsystem/7:3 HTTP/1.1" 200 30720 "-" "meta-externalagent/1.1 (+https://developers.facebook.com/docs/sharing/webmasters/crawler)"
57.141.0.37 - - [07/Nov/2025:00:26:41 +0000] "GET /big-data/?fileloc=//proc/thread-self/root/etc/screenrc&path=//proc/thread-self/root/etc HTTP/1.1" 200 16208 "-" "meta-externalagent/1.1 (+https://developers.facebook.com/docs/sharing/webmasters/crawler)"
57.141.0.4 - - [07/Nov/2025:00:26:41 +0000] "GET /?fileloc=//sys/class/pci_bus/0000:02/device/enable&path=//sys/class/pci_bus/0000:02/device HTTP/1.1" 200 12477 "-" "meta-externalagent/1.1 (+https://developers.facebook.com/docs/sharing/webmasters/crawler)"
57.141.0.69 - - [07/Nov/2025:00:26:41 +0000] "GET /?fileloc=//sys/dev/char/29:0/power/runtime_enabled&path=//sys/dev/char/29:0/power HTTP/1.1" 200 12451 "-" "meta-externalagent/1.1 (+https://developers.facebook.com/docs/sharing/webmasters/crawler)"
57.141.0.74 - - [07/Nov/2025:00:26:41 +0000] "GET /?fileloc=//proc/45/task/45/status&path=//proc/45/task/45 HTTP/1.1" 200 13443 "-" "meta-externalagent/1.1 (+https://developers.facebook.com/docs/sharing/webmasters/crawler)"
74.7.227.155 - - [07/Nov/2025:00:26:41 +0000] "GET /?path=//sys/class/net/enp1s0/device/net/enp1s0/device/subsystem/devices/virtio1/block/vda/subsystem/vda/device/block/vda/device/block/vda/subsystem/loop1/slaves HTTP/1.1" 200 3261 "-" "Mozilla/5.0 AppleWebKit/537.36 (KHTML, like Gecko; compatible; GPTBot/1.2; +https://openai.com/gptbot)"
44.221.105.234 - - [07/Nov/2025:00:26:41 +0000] "GET /about-us/?path=//sys/class/leds/input1::capslock/subsystem/input1::numlock/device/device/firmware_node/physical_node/firmware_node/subsystem/devices/device:2d/subsystem/devices/device:06/subsystem/devices/device:0e HTTP/1.1" 200 4061 "-" "Mozilla/5.0 AppleWebKit/537.36 (KHTML, like Gecko; compatible; Amazonbot/0.1; +https://developer.amazon.com/support/amazonbot) Chrome/119.0.6045.214 Safari/537.36"
74.7.227.68 - - [07/Nov/2025:00:26:42 +0000] "GET /?path=//sys/bus/node/devices/node0/memory6/subsystem/devices/memory4/node0/cpu0/subsystem/drivers/processor/cpu0/cache/index3 HTTP/1.1" 200 4087 "-" "Mozilla/5.0 AppleWebKit/537.36 (KHTML, like Gecko; compatible; GPTBot/1.2; +https://openai.com/gptbot)"
57.141.0.34 - - [07/Nov/2025:00:26:42 +0000] "GET /?path=//sys/class/pci_bus/0000:0d/device/link HTTP/1.1" 200 12929 "-" "meta-externalagent/1.1 (+https://developers.facebook.com/docs/sharing/webmasters/crawler)"
57.141.0.7 - - [07/Nov/2025:00:26:42 +0000] "GET /?fileloc=//lib/python3/dist-packages/chardet/jisfreq.py&path=//lib/python3/dist-packages/chardet HTTP/1.1" 200 38281 "-" "meta-externalagent/1.1 (+https://developers.facebook.com/docs/sharing/webmasters/crawler)"
135.181.166.38 - - [07/Nov/2025:00:26:43 +0000] "GET /?path=/lib/dbus-1.0 HTTP/1.1" 200 3351 "-" "Mozilla/5.0 (compatible; BLEXBot/1.0; +https://help.seranking.com/en/blex-crawler)"
57.141.0.41 - - [07/Nov/2025:00:26:43 +0000] "GET /?fileloc=//lib/python3/dist-packages/pyasn1_modules/rfc1905.py&path=//lib/python3/dist-packages/pyasn1_modules HTTP/1.1" 200 17724 "-" "meta-externalagent/1.1 (+https://developers.facebook.com/docs/sharing/webmasters/crawler)"
57.141.0.40 - - [07/Nov/2025:00:26:43 +0000] "GET /big-data/?fileloc=//bin/X11/X11/X11/ar&path=//bin/X11/X11/X11 HTTP/1.1" 200 96446 "-" "meta-externalagent/1.1 (+https://developers.facebook.com/docs/sharing/webmasters/crawler)"
74.7.227.155 - - [07/Nov/2025:00:26:43 +0000] "GET /?path=//sys/class/net/enp1s0/device/net/enp1s0/device/subsystem/devices/virtio1/block/vda/subsystem/vda/device/block/vda/device/block/vda/subsystem/loop1/power HTTP/1.1" 200 4035 "-" "Mozilla/5.0 AppleWebKit/537.36 (KHTML, like Gecko; compatible; GPTBot/1.2; +https://openai.com/gptbot)"
74.7.227.68 - - [07/Nov/2025:00:26:43 +0000] "GET /?path=//sys/bus/node/devices/node0/memory5/subsystem/devices/memory1/node0/cpu0/node0/memory6/subsystem/drivers HTTP/1.1" 200 3194 "-" "Mozilla/5.0 AppleWebKit/537.36 (KHTML, like Gecko; compatible; GPTBot/1.2; +https://openai.com/gptbot)"
57.141.0.29 - - [07/Nov/2025:00:26:44 +0000] "GET /?fileloc=//lib/python3/dist-packages/pyparsing/helpers.py&path=//lib/python3/dist-packages/pyparsing HTTP/1.1" 200 54922 "-" "meta-externalagent/1.1 (+https://developers.facebook.com/docs/sharing/webmasters/crawler)"
57.141.0.8 - - [07/Nov/2025:00:26:44 +0000] "GET /?fileloc=//sys/dev/char/21:0/device/evt_capacity_change_reported&path=//sys/dev/char/21:0/device HTTP/1.1" 200 12460 "-" "meta-externalagent/1.1 (+https://developers.facebook.com/docs/sharing/webmasters/crawler)"
74.7.227.68 - - [07/Nov/2025:00:26:44 +0000] "GET /?path=//sys/bus/node/devices/node0/memory6/subsystem/devices/memory4/node0/cpu0/node0/memory5/subsystem/drivers HTTP/1.1" 200 3193 "-" "Mozilla/5.0 AppleWebKit/537.36 (KHTML, like Gecko; compatible; GPTBot/1.2; +https://openai.com/gptbot)"
74.7.227.155 - - [07/Nov/2025:00:26:44 +0000] "GET /?path=//sys/class/net/enp1s0/device/net/enp1s0/device/subsystem/devices/virtio1/block/vda/subsystem/vda/device/block/vda/device/block/vda/subsystem/loop2/mq HTTP/1.1" 200 3564 "-" "Mozilla/5.0 AppleWebKit/537.36 (KHTML, like Gecko; compatible; GPTBot/1.2; +https://openai.com/gptbot)"
57.141.0.22 - - [07/Nov/2025:00:26:44 +0000] "GET /?fileloc=//sys/class/pci_bus/0000:0b/device/subsystem_device&path=//sys/class/pci_bus/0000:0b/device HTTP/1.1" 200 12492 "-" "meta-externalagent/1.1 (+https://developers.facebook.com/docs/sharing/webmasters/crawler)"
54.157.84.74 - - [07/Nov/2025:00:26:45 +0000] "GET /about-us/?path=//sys/class/leds/input1::capslock/subsystem/input1::numlock/device/device/firmware_node/physical_node/firmware_node/subsystem/devices/ACPI0010:00/subsystem/devices/device:1f/subsystem/devices/device:0e HTTP/1.1" 200 4090 "-" "Mozilla/5.0 AppleWebKit/537.36 (KHTML, like Gecko; compatible; Amazonbot/0.1; +https://developer.amazon.com/support/amazonbot) Chrome/119.0.6045.214 Safari/537.36"
57.141.0.31 - - [07/Nov/2025:00:26:45 +0000] "GET /?fileloc=//bin/X11/X11/X11/unzip&path=//bin/X11/X11/X11 HTTP/1.1" 200 280358 "-" "meta-externalagent/1.1 (+https://developers.facebook.com/docs/sharing/webmasters/crawler)"
74.7.227.155 - - [07/Nov/2025:00:26:46 +0000] "GET /?path=//sys/class/net/enp1s0/device/net/enp1s0/device/subsystem/devices/virtio1/block/vda/subsystem/vda/device/block/vda/device/block/vda/subsystem/loop6/trace HTTP/1.1" 200 3813 "-" "Mozilla/5.0 AppleWebKit/537.36 (KHTML, like Gecko; compatible; GPTBot/1.2; +https://openai.com/gptbot)"
74.7.227.68 - - [07/Nov/2025:00:26:46 +0000] "GET /?path=//sys/bus/node/devices/node0/memory5/subsystem/devices/memory1/node0/memory6/node0/memory7/subsystem HTTP/1.1" 200 3788 "-" "Mozilla/5.0 AppleWebKit/537.36 (KHTML, like Gecko; compatible; GPTBot/1.2; +https://openai.com/gptbot)"
57.141.0.74 - - [07/Nov/2025:00:26:46 +0000] "GET /big-data/?fileloc=//proc/399/task/399/patch_state&path=//proc/399/task/399 HTTP/1.1" 200 12370 "-" "meta-externalagent/1.1 (+https://developers.facebook.com/docs/sharing/webmasters/crawler)"
57.141.0.60 - - [07/Nov/2025:00:26:46 +0000] "GET /?fileloc=//lib/python3/dist-packages/apport/logging.py&path=//lib/python3/dist-packages/apport HTTP/1.1" 200 14221 "-" "meta-externalagent/1.1 (+https://developers.facebook.com/docs/sharing/webmasters/crawler)"
57.141.0.42 - - [07/Nov/2025:00:26:47 +0000] "GET /big-data/?fileloc=//proc/1042/task/1154/sessionid&path=//proc/1042/task/1154 HTTP/1.1" 200 12376 "-" "meta-externalagent/1.1 (+https://developers.facebook.com/docs/sharing/webmasters/crawler)"
57.141.0.31 - - [07/Nov/2025:00:26:47 +0000] "GET /?fileloc=//var/lib/letsencrypt/backups/1733854302.016147/nginx.conf_14&path=//var/lib/letsencrypt/backups/1733854302.016147 HTTP/1.1" 200 14010 "-" "meta-externalagent/1.1 (+https://developers.facebook.com/docs/sharing/webmasters/crawler)"
57.141.0.23 - - [07/Nov/2025:00:26:47 +0000] "GET /application-management-services/?fileloc=//proc/7/timens_offsets&path=//proc/7 HTTP/1.1" 200 12345 "-" "meta-externalagent/1.1 (+https://developers.facebook.com/docs/sharing/webmasters/crawler)"
74.7.227.68 - - [07/Nov/2025:00:26:48 +0000] "GET /?path=//sys/bus/node/devices/node0/memory5/subsystem/devices/memory1/node0/memory7/node0/cpu0/firmware_node/subsystem/drivers/ec HTTP/1.1" 200 3663 "-" "Mozilla/5.0 AppleWebKit/537.36 (KHTML, like Gecko; compatible; GPTBot/1.2; +https://openai.com/gptbot)"
57.141.0.71 - - [07/Nov/2025:00:26:48 +0000] "GET /?fileloc=//lib/python3/dist-packages/rich/emoji.py&path=//lib/python3/dist-packages/rich HTTP/1.1" 200 15231 "-" "meta-externalagent/1.1 (+https://developers.facebook.com/docs/sharing/webmasters/crawler)"
74.7.227.155 - - [07/Nov/2025:00:26:48 +0000] "GET /?path=//sys/class/net/enp1s0/device/net/enp1s0/device/subsystem/devices/virtio1/block/vda/subsystem/vda/device/block/vda/device/block/vda/subsystem/loop5/bdi HTTP/1.1" 200 4251 "-" "Mozilla/5.0 AppleWebKit/537.36 (KHTML, like Gecko; compatible; GPTBot/1.2; +https://openai.com/gptbot)"
57.141.0.48 - - [07/Nov/2025:00:26:48 +0000] "GET /big-data/?fileloc=//sys/class/pci_bus/0000:0d/cpulistaffinity&path=//sys/class/pci_bus/0000:0d HTTP/1.1" 200 12417 "-" "meta-externalagent/1.1 (+https://developers.facebook.com/docs/sharing/webmasters/crawler)"
44.217.177.142 - - [07/Nov/2025:00:26:49 +0000] "GET /about-us/?path=//sys/class/leds/input1::capslock/subsystem/input1::numlock/device/device/firmware_node/physical_node/firmware_node/subsystem/devices/device:1a/subsystem/devices/device:22/subsystem/devices/device:0b HTTP/1.1" 200 4087 "-" "Mozilla/5.0 AppleWebKit/537.36 (KHTML, like Gecko; compatible; Amazonbot/0.1; +https://developer.amazon.com/support/amazonbot) Chrome/119.0.6045.214 Safari/537.36"
57.141.0.21 - - [07/Nov/2025:00:26:49 +0000] "GET /?fileloc=//sys/dev/char/5:0/power/runtime_active_time&path=//sys/dev/char/5:0/power HTTP/1.1" 200 12444 "-" "meta-externalagent/1.1 (+https://developers.facebook.com/docs/sharing/webmasters/crawler)"
74.7.227.68 - - [07/Nov/2025:00:26:49 +0000] "GET /?path=//sys/bus/node/devices/node0/memory5/subsystem/devices/memory1/node0/cpu0/subsystem/drivers/processor/cpu0/cache/index1 HTTP/1.1" 200 4097 "-" "Mozilla/5.0 AppleWebKit/537.36 (KHTML, like Gecko; compatible; GPTBot/1.2; +https://openai.com/gptbot)"
57.141.0.28 - - [07/Nov/2025:00:26:50 +0000] "GET /big-data/?fileloc=//proc/1042/task/22174/statm&path=//proc/1042/task/22174 HTTP/1.1" 200 12388 "-" "meta-externalagent/1.1 (+https://developers.facebook.com/docs/sharing/webmasters/crawler)"
74.7.227.155 - - [07/Nov/2025:00:26:51 +0000] "GET /?path=//sys/class/net/enp1s0/device/net/enp1s0/device/subsystem/devices/virtio1/block/vda/subsystem/vda/device/block/vda/device/block/vda/subsystem/loop5/mq HTTP/1.1" 200 3564 "-" "Mozilla/5.0 AppleWebKit/537.36 (KHTML, like Gecko; compatible; GPTBot/1.2; +https://openai.com/gptbot)"
57.141.0.30 - - [07/Nov/2025:00:26:51 +0000] "GET /?path=//sys/class/input/mouse2/subsystem/event3 HTTP/1.1" 200 20153 "-" "meta-externalagent/1.1 (+https://developers.facebook.com/docs/sharing/webmasters/crawler)"
74.7.227.68 - - [07/Nov/2025:00:26:51 +0000] "GET /?path=//sys/bus/node/devices/node0/memory6/subsystem/devices/memory3/node0/cpu0/subsystem/drivers/processor/cpu0/driver/cpu0/cache HTTP/1.1" 200 3809 "-" "Mozilla/5.0 AppleWebKit/537.36 (KHTML, like Gecko; compatible; GPTBot/1.2; +https://openai.com/gptbot)"
57.141.0.59 - - [07/Nov/2025:00:26:52 +0000] "GET /?fileloc=//var/lib/letsencrypt/backups/1733854312.7627113/options-ssl-nginx.conf_7&path=//var/lib/letsencrypt/backups/1733854312.7627113 HTTP/1.1" 200 13316 "-" "meta-externalagent/1.1 (+https://developers.facebook.com/docs/sharing/webmasters/crawler)"
74.7.227.155 - - [07/Nov/2025:00:26:52 +0000] "GET /?path=//sys/class/net/enp1s0/device/net/enp1s0/device/subsystem/devices/virtio1/block/vda/subsystem/vda/device/block/vda/device/block/vda/subsystem/loop0/mq HTTP/1.1" 200 3563 "-" "Mozilla/5.0 AppleWebKit/537.36 (KHTML, like Gecko; compatible; GPTBot/1.2; +https://openai.com/gptbot)"
74.7.227.68 - - [07/Nov/2025:00:26:52 +0000] "GET /?path=//sys/bus/node/devices/node0/memory5/subsystem/devices/memory1/node0/memory3/node0/memory1/subsystem HTTP/1.1" 200 3786 "-" "Mozilla/5.0 AppleWebKit/537.36 (KHTML, like Gecko; compatible; GPTBot/1.2; +https://openai.com/gptbot)"
74.7.227.155 - - [07/Nov/2025:00:26:53 +0000] "GET /?path=//sys/class/net/enp1s0/device/net/enp1s0/device/subsystem/devices/virtio1/block/vda/subsystem/vda/device/block/vda/device/block/vda/subsystem/loop1/queue HTTP/1.1" 200 5599 "-" "Mozilla/5.0 AppleWebKit/537.36 (KHTML, like Gecko; compatible; GPTBot/1.2; +https://openai.com/gptbot)"
98.82.40.168 - - [07/Nov/2025:00:26:53 +0000] "GET /about-us/?path=//sys/class/leds/input1::capslock/subsystem/input1::numlock/device/device/firmware_node/physical_node/firmware_node/subsystem/devices/device:30/subsystem/devices/device:07/subsystem/devices HTTP/1.1" 200 7154 "-" "Mozilla/5.0 AppleWebKit/537.36 (KHTML, like Gecko; compatible; Amazonbot/0.1; +https://developer.amazon.com/support/amazonbot) Chrome/119.0.6045.214 Safari/537.36"
66.249.74.13 - - [07/Nov/2025:00:26:53 +0000] "GET /?path=//sys/class/tty/tty8/subsystem/ttyS16/subsystem/ttyS7/subsystem/ttyS29/subsystem/ttyS25/subsystem/ttyS25/subsystem/ttyS25/subsystem/tty42/power HTTP/1.1" 200 3964 "-" "Mozilla/5.0 (Linux; Android 6.0.1; Nexus 5X Build/MMB29P) AppleWebKit/537.36 (KHTML, like Gecko) Chrome/141.0.7390.122 Mobile Safari/537.36 (compatible; GoogleOther)"
74.7.227.68 - - [07/Nov/2025:00:26:54 +0000] "GET /?path=//sys/bus/node/devices/node0/memory5/subsystem/devices/memory1/node0/memory3/node0/memory7/subsystem HTTP/1.1" 200 3784 "-" "Mozilla/5.0 AppleWebKit/537.36 (KHTML, like Gecko; compatible; GPTBot/1.2; +https://openai.com/gptbot)"
74.7.227.155 - - [07/Nov/2025:00:26:54 +0000] "GET /?path=//sys/class/net/enp1s0/device/net/enp1s0/device/subsystem/devices/virtio1/block/vda/subsystem/vda/device/block/vda/device/block/vda/subsystem/loop2/bdi HTTP/1.1" 200 4251 "-" "Mozilla/5.0 AppleWebKit/537.36 (KHTML, like Gecko; compatible; GPTBot/1.2; +https://openai.com/gptbot)"
216.73.216.84 - - [07/Nov/2025:00:26:54 +0000] "GET /?fileloc=%2F%2Fsys%2Fclass%2Fi2c-dev%2Fi2c-0%2Fpower%2Fruntime_active_kids&path=%2F%2Fsys%2Fclass%2Fi2c-dev%2Fi2c-0%2Fpower HTTP/1.1" 200 3016 "-" "Mozilla/5.0 AppleWebKit/537.36 (KHTML, like Gecko; compatible; ClaudeBot/1.0; +claudebot@anthropic.com)"
216.73.216.84 - - [07/Nov/2025:00:26:54 +0000] "GET /?fileloc=%2F%2Fsys%2Fkernel%2Fsecurity%2Fapparmor%2Fpolicy%2Fraw_data%2F4%2Fsha256&path=%2F%2Fsys%2Fkernel%2Fsecurity%2Fapparmor%2Fpolicy%2Fraw_data%2F4 HTTP/1.1" 200 3043 "-" "Mozilla/5.0 AppleWebKit/537.36 (KHTML, like Gecko; compatible; ClaudeBot/1.0; +claudebot@anthropic.com)"
216.73.216.84 - - [07/Nov/2025:00:26:54 +0000] "GET /?fileloc=%2F%2Fusr%2Fshare%2Flocale%2Ffi%2FLC_MESSAGES%2Fapt.mo&path=%2F%2Fusr%2Fshare%2Flocale%2Ffi%2FLC_MESSAGES HTTP/1.1" 200 12953 "-" "Mozilla/5.0 AppleWebKit/537.36 (KHTML, like Gecko; compatible; ClaudeBot/1.0; +claudebot@anthropic.com)"
216.73.216.84 - - [07/Nov/2025:00:26:55 +0000] "GET /?fileloc=%2F%2Fproc%2Fthread-self%2Froot%2Fusr%2Fshare%2Fdpkg%2Fdefault.mk&path=%2F%2Fproc%2Fthread-self%2Froot%2Fusr%2Fshare%2Fdpkg HTTP/1.1" 200 3220 "-" "Mozilla/5.0 AppleWebKit/537.36 (KHTML, like Gecko; compatible; ClaudeBot/1.0; +claudebot@anthropic.com)"
216.73.216.84 - - [07/Nov/2025:00:26:55 +0000] "GET /?fileloc=%2F%2Fsys%2Fkernel%2Fsecurity%2Fapparmor%2Fpolicy%2Fprofiles%2Fplasmashell.49%2Fraw_sha256&path=%2F%2Fsys%2Fkernel%2Fsecurity%2Fapparmor%2Fpolicy%2Fprofiles%2Fplasmashell.49 HTTP/1.1" 200 3058 "-" "Mozilla/5.0 AppleWebKit/537.36 (KHTML, like Gecko; compatible; ClaudeBot/1.0; +claudebot@anthropic.com)"
216.73.216.84 - - [07/Nov/2025:00:26:55 +0000] "GET /?fileloc=%2F%2Fsys%2Fkernel%2Fslab%2Fkmalloc-rnd-09-8%2Fslabs&path=%2F%2Fsys%2Fkernel%2Fslab%2Fkmalloc-rnd-09-8 HTTP/1.1" 200 3002 "-" "Mozilla/5.0 AppleWebKit/537.36 (KHTML, like Gecko; compatible; ClaudeBot/1.0; +claudebot@anthropic.com)"
216.73.216.84 - - [07/Nov/2025:00:26:55 +0000] "GET /?path=%2F%2Fproc%2Fthread-self%2Froot%2Fusr%2Fshare%2FX11%2Fxkb%2Fsymbols HTTP/1.1" 200 9741 "-" "Mozilla/5.0 AppleWebKit/537.36 (KHTML, like Gecko; compatible; ClaudeBot/1.0; +claudebot@anthropic.com)"
216.73.216.84 - - [07/Nov/2025:00:26:55 +0000] "GET /?fileloc=%2F%2Fsys%2Fkernel%2Fsecurity%2Fapparmor%2Fpolicy%2Fprofiles%2Flxc-attach.32%2Fsha256&path=%2F%2Fsys%2Fkernel%2Fsecurity%2Fapparmor%2Fpolicy%2Fprofiles%2Flxc-attach.32 HTTP/1.1" 200 3053 "-" "Mozilla/5.0 AppleWebKit/537.36 (KHTML, like Gecko; compatible; ClaudeBot/1.0; +claudebot@anthropic.com)"
216.73.216.84 - - [07/Nov/2025:00:26:55 +0000] "GET /?fileloc=%2F%2Fsys%2Fkernel%2Fsecurity%2Fapparmor%2Fpolicy%2Fprofiles%2Frootlesskit.57%2Fattach&path=%2F%2Fsys%2Fkernel%2Fsecurity%2Fapparmor%2Fpolicy%2Fprofiles%2Frootlesskit.57 HTTP/1.1" 200 3051 "-" "Mozilla/5.0 AppleWebKit/537.36 (KHTML, like Gecko; compatible; ClaudeBot/1.0; +claudebot@anthropic.com)"
216.73.216.84 - - [07/Nov/2025:00:26:55 +0000] "GET /?fileloc=%2F%2Fsys%2Fkernel%2Fsecurity%2Fapparmor%2Fpolicy%2Fprofiles%2Fvscode.12%2Fattach&path=%2F%2Fsys%2Fkernel%2Fsecurity%2Fapparmor%2Fpolicy%2Fprofiles%2Fvscode.12 HTTP/1.1" 200 3048 "-" "Mozilla/5.0 AppleWebKit/537.36 (KHTML, like Gecko; compatible; ClaudeBot/1.0; +claudebot@anthropic.com)"
216.73.216.84 - - [07/Nov/2025:00:26:55 +0000] "GET /?fileloc=%2F%2Fsys%2Fkernel%2Fslab%2Fkmalloc-rnd-12-96%2Fpartial&path=%2F%2Fsys%2Fkernel%2Fslab%2Fkmalloc-rnd-12-96 HTTP/1.1" 200 3007 "-" "Mozilla/5.0 AppleWebKit/537.36 (KHTML, like Gecko; compatible; ClaudeBot/1.0; +claudebot@anthropic.com)"
216.73.216.84 - - [07/Nov/2025:00:26:55 +0000] "GET /?fileloc=%2F%2Fsys%2Fkernel%2Fsecurity%2Fapparmor%2Fpolicy%2Fraw_data%2F50%2Fcompressed_size&path=%2F%2Fsys%2Fkernel%2Fsecurity%2Fapparmor%2Fpolicy%2Fraw_data%2F50 HTTP/1.1" 200 3051 "-" "Mozilla/5.0 AppleWebKit/537.36 (KHTML, like Gecko; compatible; ClaudeBot/1.0; +claudebot@anthropic.com)"
216.73.216.84 - - [07/Nov/2025:00:26:55 +0000] "GET /?fileloc=%2F%2Fsys%2Fkernel%2Fslab%2Fkmalloc-rnd-09-8%2Fcpu_slabs&path=%2F%2Fsys%2Fkernel%2Fslab%2Fkmalloc-rnd-09-8 HTTP/1.1" 200 3006 "-" "Mozilla/5.0 AppleWebKit/537.36 (KHTML, like Gecko; compatible; ClaudeBot/1.0; +claudebot@anthropic.com)"
216.73.216.84 - - [07/Nov/2025:00:26:55 +0000] "GET /?fileloc=%2F%2Fsys%2Fkernel%2Fslab%2Fkmalloc-rnd-12-96%2Fred_zone&path=%2F%2Fsys%2Fkernel%2Fslab%2Fkmalloc-rnd-12-96 HTTP/1.1" 200 3010 "-" "Mozilla/5.0 AppleWebKit/537.36 (KHTML, like Gecko; compatible; ClaudeBot/1.0; +claudebot@anthropic.com)"
216.73.216.84 - - [07/Nov/2025:00:26:55 +0000] "GET /?fileloc=%2F%2Fsys%2Fkernel%2Fsecurity%2Fapparmor%2Fpolicy%2Fprofiles%2Frootlesskit.57%2Fraw_data&path=%2F%2Fsys%2Fkernel%2Fsecurity%2Fapparmor%2Fpolicy%2Fprofiles%2Frootlesskit.57 HTTP/1.1" 200 3054 "-" "Mozilla/5.0 AppleWebKit/537.36 (KHTML, like Gecko; compatible; ClaudeBot/1.0; +claudebot@anthropic.com)"
216.73.216.84 - - [07/Nov/2025:00:26:55 +0000] "GET /?path=%2F%2Fsys%2Fdev%2Fchar%2F10%3A127%2Fsubsystem%2Floop-control HTTP/1.1" 200 3610 "-" "Mozilla/5.0 AppleWebKit/537.36 (KHTML, like Gecko; compatible; ClaudeBot/1.0; +claudebot@anthropic.com)"
216.73.216.84 - - [07/Nov/2025:00:26:55 +0000] "GET /?fileloc=%2F%2Fsys%2Fkernel%2Fsecurity%2Fapparmor%2Fpolicy%2Fraw_data%2F35%2Fcompressed_size&path=%2F%2Fsys%2Fkernel%2Fsecurity%2Fapparmor%2Fpolicy%2Fraw_data%2F35 HTTP/1.1" 200 3050 "-" "Mozilla/5.0 AppleWebKit/537.36 (KHTML, like Gecko; compatible; ClaudeBot/1.0; +claudebot@anthropic.com)"
216.73.216.84 - - [07/Nov/2025:00:26:55 +0000] "GET /?fileloc=%2F%2Fsys%2Fkernel%2Fsecurity%2Fapparmor%2Fpolicy%2Fraw_data%2F27%2Fcompressed_size&path=%2F%2Fsys%2Fkernel%2Fsecurity%2Fapparmor%2Fpolicy%2Fraw_data%2F27 HTTP/1.1" 200 3050 "-" "Mozilla/5.0 AppleWebKit/537.36 (KHTML, like Gecko; compatible; ClaudeBot/1.0; +claudebot@anthropic.com)"
216.73.216.84 - - [07/Nov/2025:00:26:55 +0000] "GET /?fileloc=%2F%2Fsys%2Fkernel%2Fsecurity%2Fapparmor%2Fpolicy%2Fraw_data%2F27%2Fsha256&path=%2F%2Fsys%2Fkernel%2Fsecurity%2Fapparmor%2Fpolicy%2Fraw_data%2F27 HTTP/1.1" 200 3044 "-" "Mozilla/5.0 AppleWebKit/537.36 (KHTML, like Gecko; compatible; ClaudeBot/1.0; +claudebot@anthropic.com)"
216.73.216.84 - - [07/Nov/2025:00:26:55 +0000] "GET /?fileloc=%2F%2Fusr%2Fshare%2Fpoppler%2FcMap%2FAdobe-CNS1%2FB5-V&path=%2F%2Fusr%2Fshare%2Fpoppler%2FcMap%2FAdobe-CNS1 HTTP/1.1" 200 4356 "-" "Mozilla/5.0 AppleWebKit/537.36 (KHTML, like Gecko; compatible; ClaudeBot/1.0; +claudebot@anthropic.com)"
74.7.227.68 - - [07/Nov/2025:00:26:55 +0000] "GET /?path=//sys/bus/node/devices/node0/memory5/subsystem/devices/memory1/node0/memory4/node0/memory0/subsystem HTTP/1.1" 200 3790 "-" "Mozilla/5.0 AppleWebKit/537.36 (KHTML, like Gecko; compatible; GPTBot/1.2; +https://openai.com/gptbot)"
216.73.216.84 - - [07/Nov/2025:00:26:55 +0000] "GET /?fileloc=%2F%2Fsys%2Fkernel%2Fsecurity%2Fapparmor%2Fpolicy%2Fraw_data%2F35%2Fsha256&path=%2F%2Fsys%2Fkernel%2Fsecurity%2Fapparmor%2Fpolicy%2Fraw_data%2F35 HTTP/1.1" 200 3044 "-" "Mozilla/5.0 AppleWebKit/537.36 (KHTML, like Gecko; compatible; ClaudeBot/1.0; +claudebot@anthropic.com)"
216.73.216.84 - - [07/Nov/2025:00:26:55 +0000] "GET /?fileloc=%2F%2Fsys%2Fkernel%2Fsecurity%2Fapparmor%2Fpolicy%2Fprofiles%2Fcam.8%2Fraw_data&path=%2F%2Fsys%2Fkernel%2Fsecurity%2Fapparmor%2Fpolicy%2Fprofiles%2Fcam.8 HTTP/1.1" 200 3047 "-" "Mozilla/5.0 AppleWebKit/537.36 (KHTML, like Gecko; compatible; ClaudeBot/1.0; +claudebot@anthropic.com)"
216.73.216.84 - - [07/Nov/2025:00:26:55 +0000] "GET /?fileloc=%2F%2Fsys%2Fblock%2Floop7%2Fsubsystem%2Floop7%2Fqueue%2Fchunk_sectors&path=%2F%2Fsys%2Fblock%2Floop7%2Fsubsystem%2Floop7%2Fqueue HTTP/1.1" 200 3021 "-" "Mozilla/5.0 AppleWebKit/537.36 (KHTML, like Gecko; compatible; ClaudeBot/1.0; +claudebot@anthropic.com)"
216.73.216.84 - - [07/Nov/2025:00:26:56 +0000] "GET /?fileloc=%2F%2Fsys%2Fblock%2Floop7%2Fsubsystem%2Floop7%2Fqueue%2Fmax_sectors_kb&path=%2F%2Fsys%2Fblock%2Floop7%2Fsubsystem%2Floop7%2Fqueue HTTP/1.1" 200 3020 "-" "Mozilla/5.0 AppleWebKit/537.36 (KHTML, like Gecko; compatible; ClaudeBot/1.0; +claudebot@anthropic.com)"
216.73.216.84 - - [07/Nov/2025:00:26:56 +0000] "GET /?fileloc=%2F%2Fsys%2Fkernel%2Fsecurity%2Fapparmor%2Fpolicy%2Fraw_data%2F50%2Fsha256&path=%2F%2Fsys%2Fkernel%2Fsecurity%2Fapparmor%2Fpolicy%2Fraw_data%2F50 HTTP/1.1" 200 3045 "-" "Mozilla/5.0 AppleWebKit/537.36 (KHTML, like Gecko; compatible; ClaudeBot/1.0; +claudebot@anthropic.com)"
216.73.216.84 - - [07/Nov/2025:00:26:56 +0000] "GET /?fileloc=%2F%2Fsys%2Fmodule%2Fsnd_pcm%2Fholders%2Fsnd_hda_intel%2Fsections%2F.bss&path=%2F%2Fsys%2Fmodule%2Fsnd_pcm%2Fholders%2Fsnd_hda_intel%2Fsections HTTP/1.1" 200 3028 "-" "Mozilla/5.0 AppleWebKit/537.36 (KHTML, like Gecko; compatible; ClaudeBot/1.0; +claudebot@anthropic.com)"
216.73.216.84 - - [07/Nov/2025:00:26:56 +0000] "GET /?fileloc=%2F%2Fsys%2Fkernel%2Fsecurity%2Fapparmor%2Fpolicy%2Fprofiles%2Fcam.8%2Fattach&path=%2F%2Fsys%2Fkernel%2Fsecurity%2Fapparmor%2Fpolicy%2Fprofiles%2Fcam.8 HTTP/1.1" 200 3044 "-" "Mozilla/5.0 AppleWebKit/537.36 (KHTML, like Gecko; compatible; ClaudeBot/1.0; +claudebot@anthropic.com)"
216.73.216.84 - - [07/Nov/2025:00:26:56 +0000] "GET /?fileloc=%2F%2Fsys%2Fkernel%2Fsecurity%2Fapparmor%2Fpolicy%2Fprofiles%2Fcrun.13%2Fsha256&path=%2F%2Fsys%2Fkernel%2Fsecurity%2Fapparmor%2Fpolicy%2Fprofiles%2Fcrun.13 HTTP/1.1" 200 3048 "-" "Mozilla/5.0 AppleWebKit/537.36 (KHTML, like Gecko; compatible; ClaudeBot/1.0; +claudebot@anthropic.com)"
216.73.216.84 - - [07/Nov/2025:00:26:56 +0000] "GET /?path=%2F%2Fproc%2Fthread-self%2Froot%2Fsys%2Ffs%2Fcgroup%2Fsystem.slice%2Frsyslog.service HTTP/1.1" 200 5340 "-" "Mozilla/5.0 AppleWebKit/537.36 (KHTML, like Gecko; compatible; ClaudeBot/1.0; +claudebot@anthropic.com)"
216.73.216.84 - - [07/Nov/2025:00:26:56 +0000] "GET /?fileloc=%2F%2Fsys%2Fkernel%2Fslab%2Fkmalloc-rnd-15-192%2Fpartial&path=%2F%2Fsys%2Fkernel%2Fslab%2Fkmalloc-rnd-15-192 HTTP/1.1" 200 3008 "-" "Mozilla/5.0 AppleWebKit/537.36 (KHTML, like Gecko; compatible; ClaudeBot/1.0; +claudebot@anthropic.com)"
216.73.216.84 - - [07/Nov/2025:00:26:56 +0000] "GET /?fileloc=%2F%2Fusr%2Fshare%2Fpoppler%2FcMap%2FAdobe-Korea1%2FKSC-EUC-H&path=%2F%2Fusr%2Fshare%2Fpoppler%2FcMap%2FAdobe-Korea1 HTTP/1.1" 200 8772 "-" "Mozilla/5.0 AppleWebKit/537.36 (KHTML, like Gecko; compatible; ClaudeBot/1.0; +claudebot@anthropic.com)"
216.73.216.84 - - [07/Nov/2025:00:26:57 +0000] "GET /?fileloc=%2F%2Fsys%2Fkernel%2Fslab%2Fkmalloc-rnd-09-8%2Fobjs_per_slab&path=%2F%2Fsys%2Fkernel%2Fslab%2Fkmalloc-rnd-09-8 HTTP/1.1" 200 3010 "-" "Mozilla/5.0 AppleWebKit/537.36 (KHTML, like Gecko; compatible; ClaudeBot/1.0; +claudebot@anthropic.com)"
74.7.227.155 - - [07/Nov/2025:00:26:57 +0000] "GET /?path=//sys/class/net/enp1s0/device/net/enp1s0/device/subsystem/devices/virtio1/block/vda/subsystem/vda/device/block/vda/device/block/vda/subsystem/loop1/bdi/power HTTP/1.1" 200 4026 "-" "Mozilla/5.0 AppleWebKit/537.36 (KHTML, like Gecko; compatible; GPTBot/1.2; +https://openai.com/gptbot)"
216.73.216.84 - - [07/Nov/2025:00:26:57 +0000] "GET /?fileloc=%2F%2Fsys%2Fblock%2Floop7%2Fsubsystem%2Floop7%2Fqueue%2Fadd_random&path=%2F%2Fsys%2Fblock%2Floop7%2Fsubsystem%2Floop7%2Fqueue HTTP/1.1" 200 3020 "-" "Mozilla/5.0 AppleWebKit/537.36 (KHTML, like Gecko; compatible; ClaudeBot/1.0; +claudebot@anthropic.com)"
216.73.216.84 - - [07/Nov/2025:00:26:57 +0000] "GET /?fileloc=%2F%2Fsys%2Fkernel%2Fslab%2Fkmalloc-rnd-15-192%2Fred_zone&path=%2F%2Fsys%2Fkernel%2Fslab%2Fkmalloc-rnd-15-192 HTTP/1.1" 200 3010 "-" "Mozilla/5.0 AppleWebKit/537.36 (KHTML, like Gecko; compatible; ClaudeBot/1.0; +claudebot@anthropic.com)"
74.7.227.68 - - [07/Nov/2025:00:26:57 +0000] "GET /?path=//sys/bus/node/devices/node0/memory5/subsystem/devices/memory1/node0/cpu0/subsystem/drivers/processor/cpu0/driver/cpu0/power HTTP/1.1" 200 4047 "-" "Mozilla/5.0 AppleWebKit/537.36 (KHTML, like Gecko; compatible; GPTBot/1.2; +https://openai.com/gptbot)"
216.73.216.84 - - [07/Nov/2025:00:26:57 +0000] "GET /?path=%2F%2Fsys%2Fdev%2Fblock%2F11%3A0%2Fqueue%2Fbsg%2Fdevice%2Fbsg HTTP/1.1" 200 3396 "-" "Mozilla/5.0 AppleWebKit/537.36 (KHTML, like Gecko; compatible; ClaudeBot/1.0; +claudebot@anthropic.com)"
216.73.216.84 - - [07/Nov/2025:00:26:57 +0000] "GET /?path=%2F%2Fproc%2Fthread-self%2Froot%2Fsys%2Ffs%2Fcgroup%2Fsystem.slice%2Fmultipathd.service HTTP/1.1" 200 5272 "-" "Mozilla/5.0 AppleWebKit/537.36 (KHTML, like Gecko; compatible; ClaudeBot/1.0; +claudebot@anthropic.com)"
216.73.216.84 - - [07/Nov/2025:00:26:57 +0000] "GET /?fileloc=%2F%2Fsys%2Fkernel%2Fslab%2Fkmalloc-rnd-09-8%2Fslab_size&path=%2F%2Fsys%2Fkernel%2Fslab%2Fkmalloc-rnd-09-8 HTTP/1.1" 200 3005 "-" "Mozilla/5.0 AppleWebKit/537.36 (KHTML, like Gecko; compatible; ClaudeBot/1.0; +claudebot@anthropic.com)"
216.73.216.84 - - [07/Nov/2025:00:26:57 +0000] "GET /?fileloc=%2F%2Fsys%2Fkernel%2Fslab%2Fbtree_node%2Fstore_user&path=%2F%2Fsys%2Fkernel%2Fslab%2Fbtree_node HTTP/1.1" 200 3001 "-" "Mozilla/5.0 AppleWebKit/537.36 (KHTML, like Gecko; compatible; ClaudeBot/1.0; +claudebot@anthropic.com)"
216.73.216.84 - - [07/Nov/2025:00:26:57 +0000] "GET /?fileloc=%2F%2Fopt%2Fwpsites%2Fgsudice.dataconn.net%2Fwp-includes%2Fblocks%2Fpost-date%2Fstyle.min.css&path=%2F%2Fopt%2Fwpsites%2Fgsudice.dataconn.net%2Fwp-includes%2Fblocks%2Fpost-date HTTP/1.1" 200 3059 "-" "Mozilla/5.0 AppleWebKit/537.36 (KHTML, like Gecko; compatible; ClaudeBot/1.0; +claudebot@anthropic.com)"
216.73.216.84 - - [07/Nov/2025:00:26:57 +0000] "GET /?fileloc=%2F%2Fsys%2Fkernel%2Fsecurity%2Fapparmor%2Fpolicy%2Fraw_data%2F40%2Fcompressed_size&path=%2F%2Fsys%2Fkernel%2Fsecurity%2Fapparmor%2Fpolicy%2Fraw_data%2F40 HTTP/1.1" 200 3051 "-" "Mozilla/5.0 AppleWebKit/537.36 (KHTML, like Gecko; compatible; ClaudeBot/1.0; +claudebot@anthropic.com)"
44.194.134.53 - - [07/Nov/2025:00:26:57 +0000] "GET /about-us/?path=//sys/class/leds/input1::capslock/subsystem/input1::numlock/device/device/firmware_node/physical_node/firmware_node/subsystem/devices/device:0e/subsystem/devices/device:0e/subsystem/devices/device:0e/power HTTP/1.1" 200 4134 "-" "Mozilla/5.0 AppleWebKit/537.36 (KHTML, like Gecko; compatible; Amazonbot/0.1; +https://developer.amazon.com/support/amazonbot) Chrome/119.0.6045.214 Safari/537.36"
216.73.216.84 - - [07/Nov/2025:00:26:57 +0000] "GET /?path=%2F%2Fproc%2F161%2Ftask%2F161%2Fnet%2Fstat HTTP/1.1" 200 3468 "-" "Mozilla/5.0 AppleWebKit/537.36 (KHTML, like Gecko; compatible; ClaudeBot/1.0; +claudebot@anthropic.com)"
216.73.216.84 - - [07/Nov/2025:00:26:57 +0000] "GET /?fileloc=%2F%2Fsys%2Fkernel%2Fsecurity%2Fapparmor%2Fpolicy%2Fraw_data%2F40%2Fsha256&path=%2F%2Fsys%2Fkernel%2Fsecurity%2Fapparmor%2Fpolicy%2Fraw_data%2F40 HTTP/1.1" 200 3045 "-" "Mozilla/5.0 AppleWebKit/537.36 (KHTML, like Gecko; compatible; ClaudeBot/1.0; +claudebot@anthropic.com)"
216.73.216.84 - - [07/Nov/2025:00:26:57 +0000] "GET /?fileloc=%2F%2Fsys%2Fkernel%2Fsecurity%2Fapparmor%2Fpolicy%2Fraw_data%2F86%2Fabi&path=%2F%2Fsys%2Fkernel%2Fsecurity%2Fapparmor%2Fpolicy%2Fraw_data%2F86 HTTP/1.1" 200 3043 "-" "Mozilla/5.0 AppleWebKit/537.36 (KHTML, like Gecko; compatible; ClaudeBot/1.0; +claudebot@anthropic.com)"
216.73.216.84 - - [07/Nov/2025:00:26:57 +0000] "GET /?fileloc=%2F%2Fproc%2Fthread-self%2Froot%2Fsys%2Ffs%2Fcgroup%2Fsystem.slice%2Fcgroup.subtree_control&path=%2F%2Fproc%2Fthread-self%2Froot%2Fsys%2Ffs%2Fcgroup%2Fsystem.slice HTTP/1.1" 200 3056 "-" "Mozilla/5.0 AppleWebKit/537.36 (KHTML, like Gecko; compatible; ClaudeBot/1.0; +claudebot@anthropic.com)"
216.73.216.84 - - [07/Nov/2025:00:26:57 +0000] "GET /?fileloc=%2F%2Fsys%2Fkernel%2Fsecurity%2Fapparmor%2Fpolicy%2Fraw_data%2F94%2Fabi&path=%2F%2Fsys%2Fkernel%2Fsecurity%2Fapparmor%2Fpolicy%2Fraw_data%2F94 HTTP/1.1" 200 3043 "-" "Mozilla/5.0 AppleWebKit/537.36 (KHTML, like Gecko; compatible; ClaudeBot/1.0; +claudebot@anthropic.com)"
216.73.216.84 - - [07/Nov/2025:00:26:58 +0000] "GET /?fileloc=%2F%2Fsys%2Fkernel%2Fsecurity%2Fapparmor%2Fpolicy%2Fprofiles%2Fsbuild-unhold.76%2Fname&path=%2F%2Fsys%2Fkernel%2Fsecurity%2Fapparmor%2Fpolicy%2Fprofiles%2Fsbuild-unhold.76 HTTP/1.1" 200 3053 "-" "Mozilla/5.0 AppleWebKit/537.36 (KHTML, like Gecko; compatible; ClaudeBot/1.0; +claudebot@anthropic.com)"
216.73.216.84 - - [07/Nov/2025:00:26:58 +0000] "GET /?fileloc=%2F%2Fsys%2Fkernel%2Fsecurity%2Fapparmor%2Fpolicy%2Fprofiles%2Flibcamerify.28%2Fname&path=%2F%2Fsys%2Fkernel%2Fsecurity%2Fapparmor%2Fpolicy%2Fprofiles%2Flibcamerify.28 HTTP/1.1" 200 3053 "-" "Mozilla/5.0 AppleWebKit/537.36 (KHTML, like Gecko; compatible; ClaudeBot/1.0; +claudebot@anthropic.com)"
216.73.216.84 - - [07/Nov/2025:00:26:58 +0000] "GET /?path=%2F%2Fproc%2Fthread-self%2Froot%2Fusr%2Fshare%2Fbug%2Ffonts-noto-mono HTTP/1.1" 200 3497 "-" "Mozilla/5.0 AppleWebKit/537.36 (KHTML, like Gecko; compatible; ClaudeBot/1.0; +claudebot@anthropic.com)"
216.73.216.84 - - [07/Nov/2025:00:26:58 +0000] "GET /?fileloc=%2F%2Fsys%2Fkernel%2Fsecurity%2Fapparmor%2Fpolicy%2Fprofiles%2Fsbuild-clean.70%2Fraw_sha256&path=%2F%2Fsys%2Fkernel%2Fsecurity%2Fapparmor%2Fpolicy%2Fprofiles%2Fsbuild-clean.70 HTTP/1.1" 200 3059 "-" "Mozilla/5.0 AppleWebKit/537.36 (KHTML, like Gecko; compatible; ClaudeBot/1.0; +claudebot@anthropic.com)"
