216.73.216.84 - - [07/Nov/2025:00:26:14 +0000] "GET /?fileloc=%2F%2Fusr%2Fsrc%2Flinux-headers-6.8.0-85%2Finclude%2Flinux%2Fspi%2Fflash.h&path=%2F%2Fusr%2Fsrc%2Flinux-headers-6.8.0-85%2Finclude%2Flinux%2Fspi HTTP/1.1" 200 3593 "-" "Mozilla/5.0 AppleWebKit/537.36 (KHTML, like Gecko; compatible; ClaudeBot/1.0; +claudebot@anthropic.com)"
216.73.216.84 - - [07/Nov/2025:00:26:15 +0000] "GET /?fileloc=%2F%2Fusr%2Flib%2Fpython3%2Fdist-packages%2Ftwisted%2Fpython%2F__pycache__%2Ftext.cpython-312.pyc&path=%2F%2Fusr%2Flib%2Fpython3%2Fdist-packages%2Ftwisted%2Fpython%2F__pycache__ HTTP/1.1" 200 6946 "-" "Mozilla/5.0 AppleWebKit/537.36 (KHTML, like Gecko; compatible; ClaudeBot/1.0; +claudebot@anthropic.com)"
216.73.216.84 - - [07/Nov/2025:00:26:15 +0000] "GET /?fileloc=%2F%2Fusr%2Fsrc%2Flinux-headers-6.8.0-85%2Finclude%2Flinux%2Fphy%2Fomap_usb.h&path=%2F%2Fusr%2Fsrc%2Flinux-headers-6.8.0-85%2Finclude%2Flinux%2Fphy HTTP/1.1" 200 3408 "-" "Mozilla/5.0 AppleWebKit/537.36 (KHTML, like Gecko; compatible; ClaudeBot/1.0; +claudebot@anthropic.com)"
216.73.216.84 - - [07/Nov/2025:00:26:15 +0000] "GET /?fileloc=%2F%2Fusr%2Fsrc%2Flinux-headers-6.8.0-85%2Finclude%2Flinux%2Fplatform_data%2Fmmc-davinci.h&path=%2F%2Fusr%2Fsrc%2Flinux-headers-6.8.0-85%2Finclude%2Flinux%2Fplatform_data HTTP/1.1" 200 3479 "-" "Mozilla/5.0 AppleWebKit/537.36 (KHTML, like Gecko; compatible; ClaudeBot/1.0; +claudebot@anthropic.com)"
216.73.216.84 - - [07/Nov/2025:00:26:15 +0000] "GET /?fileloc=%2F%2Fusr%2Flib%2Fpython3.12%2Funittest%2Fmain.py&path=%2F%2Fusr%2Flib%2Fpython3.12%2Funittest HTTP/1.1" 200 6794 "-" "Mozilla/5.0 AppleWebKit/537.36 (KHTML, like Gecko; compatible; ClaudeBot/1.0; +claudebot@anthropic.com)"
216.73.216.84 - - [07/Nov/2025:00:26:15 +0000] "GET /?fileloc=%2F%2Fusr%2Flib%2Fpython3.12%2Fcontextlib.py&path=%2F%2Fusr%2Flib%2Fpython3.12 HTTP/1.1" 200 10081 "-" "Mozilla/5.0 AppleWebKit/537.36 (KHTML, like Gecko; compatible; ClaudeBot/1.0; +claudebot@anthropic.com)"
216.73.216.84 - - [07/Nov/2025:00:26:15 +0000] "GET /?fileloc=%2F%2Fusr%2Flib%2Fpython3.12%2Fwave.py&path=%2F%2Fusr%2Flib%2Fpython3.12 HTTP/1.1" 200 9360 "-" "Mozilla/5.0 AppleWebKit/537.36 (KHTML, like Gecko; compatible; ClaudeBot/1.0; +claudebot@anthropic.com)"
216.73.216.84 - - [07/Nov/2025:00:26:15 +0000] "GET /?fileloc=%2F%2Fusr%2Fsrc%2Flinux-headers-6.8.0-85%2Finclude%2Flinux%2Fplatform_data%2Fdmtimer-omap.h&path=%2F%2Fusr%2Fsrc%2Flinux-headers-6.8.0-85%2Finclude%2Flinux%2Fplatform_data HTTP/1.1" 200 3711 "-" "Mozilla/5.0 AppleWebKit/537.36 (KHTML, like Gecko; compatible; ClaudeBot/1.0; +claudebot@anthropic.com)"
74.7.227.68 - - [07/Nov/2025:00:26:15 +0000] "GET /?path=//sys/bus/node/devices/node0/memory6/subsystem/devices/memory3/node0/memory2/node0/memory3/subsystem HTTP/1.1" 200 3786 "-" "Mozilla/5.0 AppleWebKit/537.36 (KHTML, like Gecko; compatible; GPTBot/1.2; +https://openai.com/gptbot)"
216.73.216.84 - - [07/Nov/2025:00:26:15 +0000] "GET /?fileloc=%2F%2Fusr%2Flib%2Fpython3.12%2Fnturl2path.py&path=%2F%2Fusr%2Flib%2Fpython3.12 HTTP/1.1" 200 4178 "-" "Mozilla/5.0 AppleWebKit/537.36 (KHTML, like Gecko; compatible; ClaudeBot/1.0; +claudebot@anthropic.com)"
74.7.227.155 - - [07/Nov/2025:00:26:15 +0000] "GET /?path=//sys/class/net/enp1s0/device/net/enp1s0/device/subsystem/devices/virtio1/block/vda/subsystem/vda/device/block/vda/device/block/vda/vda1/subsystem HTTP/1.1" 200 4027 "-" "Mozilla/5.0 AppleWebKit/537.36 (KHTML, like Gecko; compatible; GPTBot/1.2; +https://openai.com/gptbot)"
216.73.216.84 - - [07/Nov/2025:00:26:15 +0000] "GET /?fileloc=%2F%2Fusr%2Fsrc%2Flinux-headers-6.8.0-85%2Finclude%2Flinux%2Fceph%2Fdecode.h&path=%2F%2Fusr%2Fsrc%2Flinux-headers-6.8.0-85%2Finclude%2Flinux%2Fceph HTTP/1.1" 200 6188 "-" "Mozilla/5.0 AppleWebKit/537.36 (KHTML, like Gecko; compatible; ClaudeBot/1.0; +claudebot@anthropic.com)"
216.73.216.84 - - [07/Nov/2025:00:26:15 +0000] "GET /?fileloc=%2F%2Fusr%2Flib%2Fpython3.12%2Fgraphlib.py&path=%2F%2Fusr%2Flib%2Fpython3.12 HTTP/1.1" 200 6473 "-" "Mozilla/5.0 AppleWebKit/537.36 (KHTML, like Gecko; compatible; ClaudeBot/1.0; +claudebot@anthropic.com)"
216.73.216.84 - - [07/Nov/2025:00:26:15 +0000] "GET /?fileloc=%2F%2Fusr%2Flib%2Fpython3.12%2Funittest%2Futil.py&path=%2F%2Fusr%2Flib%2Fpython3.12%2Funittest HTTP/1.1" 200 4812 "-" "Mozilla/5.0 AppleWebKit/537.36 (KHTML, like Gecko; compatible; ClaudeBot/1.0; +claudebot@anthropic.com)"
216.73.216.84 - - [07/Nov/2025:00:26:16 +0000] "GET /?fileloc=%2F%2Fusr%2Fsrc%2Flinux-headers-6.8.0-85%2Finclude%2Flinux%2Fplatform_data%2Fi2c-xiic.h&path=%2F%2Fusr%2Fsrc%2Flinux-headers-6.8.0-85%2Finclude%2Flinux%2Fplatform_data HTTP/1.1" 200 3499 "-" "Mozilla/5.0 AppleWebKit/537.36 (KHTML, like Gecko; compatible; ClaudeBot/1.0; +claudebot@anthropic.com)"
216.73.216.84 - - [07/Nov/2025:00:26:16 +0000] "GET /?fileloc=%2F%2Fusr%2Flib%2Fpython3.12%2Fargparse.py&path=%2F%2Fusr%2Flib%2Fpython3.12 HTTP/1.1" 200 31162 "-" "Mozilla/5.0 AppleWebKit/537.36 (KHTML, like Gecko; compatible; ClaudeBot/1.0; +claudebot@anthropic.com)"
216.73.216.84 - - [07/Nov/2025:00:26:16 +0000] "GET /?fileloc=%2F%2Fusr%2Flib%2Fpython3.12%2Fstringprep.py&path=%2F%2Fusr%2Flib%2Fpython3.12 HTTP/1.1" 200 7963 "-" "Mozilla/5.0 AppleWebKit/537.36 (KHTML, like Gecko; compatible; ClaudeBot/1.0; +claudebot@anthropic.com)"
216.73.216.84 - - [07/Nov/2025:00:26:16 +0000] "GET /?fileloc=%2F%2Fusr%2Fsrc%2Flinux-headers-6.8.0-85%2Finclude%2Flinux%2Fplatform_data%2Fad5449.h&path=%2F%2Fusr%2Fsrc%2Flinux-headers-6.8.0-85%2Finclude%2Flinux%2Fplatform_data HTTP/1.1" 200 3627 "-" "Mozilla/5.0 AppleWebKit/537.36 (KHTML, like Gecko; compatible; ClaudeBot/1.0; +claudebot@anthropic.com)"
216.73.216.84 - - [07/Nov/2025:00:26:16 +0000] "GET /?fileloc=%2F%2Fusr%2Flib%2Fpython3%2Fdist-packages%2Ftwisted%2Fpython%2F__pycache__%2Furl.cpython-312.pyc&path=%2F%2Fusr%2Flib%2Fpython3%2Fdist-packages%2Ftwisted%2Fpython%2F__pycache__ HTTP/1.1" 200 3292 "-" "Mozilla/5.0 AppleWebKit/537.36 (KHTML, like Gecko; compatible; ClaudeBot/1.0; +claudebot@anthropic.com)"
216.73.216.84 - - [07/Nov/2025:00:26:16 +0000] "GET /?fileloc=%2F%2Fusr%2Flib%2Fpython3.12%2Fasyncio%2Flog.py&path=%2F%2Fusr%2Flib%2Fpython3.12%2Fasyncio HTTP/1.1" 200 3076 "-" "Mozilla/5.0 AppleWebKit/537.36 (KHTML, like Gecko; compatible; ClaudeBot/1.0; +claudebot@anthropic.com)"
216.73.216.84 - - [07/Nov/2025:00:26:16 +0000] "GET /?fileloc=%2F%2Fusr%2Fsrc%2Flinux-headers-6.8.0-85%2Finclude%2Flinux%2Fplatform_data%2Fusb-davinci.h&path=%2F%2Fusr%2Fsrc%2Flinux-headers-6.8.0-85%2Finclude%2Flinux%2Fplatform_data HTTP/1.1" 200 3423 "-" "Mozilla/5.0 AppleWebKit/537.36 (KHTML, like Gecko; compatible; ClaudeBot/1.0; +claudebot@anthropic.com)"
216.73.216.84 - - [07/Nov/2025:00:26:16 +0000] "GET /?fileloc=%2F%2Fusr%2Fsrc%2Flinux-headers-6.8.0-85%2Finclude%2Fuapi%2Fasm-generic%2Fsocket.h&path=%2F%2Fusr%2Fsrc%2Flinux-headers-6.8.0-85%2Finclude%2Fuapi%2Fasm-generic HTTP/1.1" 200 4524 "-" "Mozilla/5.0 AppleWebKit/537.36 (KHTML, like Gecko; compatible; ClaudeBot/1.0; +claudebot@anthropic.com)"
74.7.227.68 - - [07/Nov/2025:00:26:16 +0000] "GET /?path=//sys/bus/node/devices/node0/memory6/subsystem/devices/memory3/node0/memory2/node0/memory7/subsystem HTTP/1.1" 200 3785 "-" "Mozilla/5.0 AppleWebKit/537.36 (KHTML, like Gecko; compatible; GPTBot/1.2; +https://openai.com/gptbot)"
216.73.216.84 - - [07/Nov/2025:00:26:16 +0000] "GET /?fileloc=%2F%2Fusr%2Flib%2Fpython3%2Fdist-packages%2Ftwisted%2Fpython%2F__pycache__%2Flog.cpython-312.pyc&path=%2F%2Fusr%2Flib%2Fpython3%2Fdist-packages%2Ftwisted%2Fpython%2F__pycache__ HTTP/1.1" 200 16916 "-" "Mozilla/5.0 AppleWebKit/537.36 (KHTML, like Gecko; compatible; ClaudeBot/1.0; +claudebot@anthropic.com)"
216.73.216.84 - - [07/Nov/2025:00:26:16 +0000] "GET /?fileloc=%2F%2Fusr%2Flib%2Fpython3.12%2Fcgi.py&path=%2F%2Fusr%2Flib%2Fpython3.12 HTTP/1.1" 200 14764 "-" "Mozilla/5.0 AppleWebKit/537.36 (KHTML, like Gecko; compatible; ClaudeBot/1.0; +claudebot@anthropic.com)"
74.7.227.155 - - [07/Nov/2025:00:26:16 +0000] "GET /?path=//sys/class/net/enp1s0/device/net/enp1s0/device/subsystem/devices/virtio1/block/vda/subsystem/vda/device/block/vda/device/block/vda/subsystem/loop1 HTTP/1.1" 200 4870 "-" "Mozilla/5.0 AppleWebKit/537.36 (KHTML, like Gecko; compatible; GPTBot/1.2; +https://openai.com/gptbot)"
216.73.216.84 - - [07/Nov/2025:00:26:16 +0000] "GET /?fileloc=%2F%2Fusr%2Fsrc%2Flinux-headers-6.8.0-85%2Finclude%2Flinux%2Fusb%2Fuas.h&path=%2F%2Fusr%2Fsrc%2Flinux-headers-6.8.0-85%2Finclude%2Flinux%2Fusb HTTP/1.1" 200 3980 "-" "Mozilla/5.0 AppleWebKit/537.36 (KHTML, like Gecko; compatible; ClaudeBot/1.0; +claudebot@anthropic.com)"
216.73.216.84 - - [07/Nov/2025:00:26:17 +0000] "GET /?fileloc=%2F%2Fusr%2Finclude%2Fpython3.12%2Fcpython%2Fobject.h&path=%2F%2Fusr%2Finclude%2Fpython3.12%2Fcpython HTTP/1.1" 200 11176 "-" "Mozilla/5.0 AppleWebKit/537.36 (KHTML, like Gecko; compatible; ClaudeBot/1.0; +claudebot@anthropic.com)"
216.73.216.84 - - [07/Nov/2025:00:26:17 +0000] "GET /?fileloc=%2F%2Fusr%2Flib%2Fpython3%2Fdist-packages%2Ftwisted%2Fpython%2F__pycache__%2F_appdirs.cpython-312.pyc&path=%2F%2Fusr%2Flib%2Fpython3%2Fdist-packages%2Ftwisted%2Fpython%2F__pycache__ HTTP/1.1" 200 3766 "-" "Mozilla/5.0 AppleWebKit/537.36 (KHTML, like Gecko; compatible; ClaudeBot/1.0; +claudebot@anthropic.com)"
216.73.216.84 - - [07/Nov/2025:00:26:17 +0000] "GET /?fileloc=%2F%2Fusr%2Fsrc%2Flinux-headers-6.8.0-85%2Finclude%2Fuapi%2Fasm-generic%2Fucontext.h&path=%2F%2Fusr%2Fsrc%2Flinux-headers-6.8.0-85%2Finclude%2Fuapi%2Fasm-generic HTTP/1.1" 200 3240 "-" "Mozilla/5.0 AppleWebKit/537.36 (KHTML, like Gecko; compatible; ClaudeBot/1.0; +claudebot@anthropic.com)"
216.73.216.84 - - [07/Nov/2025:00:26:17 +0000] "GET /?fileloc=%2F%2Fusr%2Flib%2Fpython3.12%2Fasyncio%2Ftrsock.py&path=%2F%2Fusr%2Flib%2Fpython3.12%2Fasyncio HTTP/1.1" 200 3856 "-" "Mozilla/5.0 AppleWebKit/537.36 (KHTML, like Gecko; compatible; ClaudeBot/1.0; +claudebot@anthropic.com)"
216.73.216.84 - - [07/Nov/2025:00:26:17 +0000] "GET /?fileloc=%2F%2Fusr%2Flib%2Fpython3.12%2Fasyncio%2Fqueues.py&path=%2F%2Fusr%2Flib%2Fpython3.12%2Fasyncio HTTP/1.1" 200 5748 "-" "Mozilla/5.0 AppleWebKit/537.36 (KHTML, like Gecko; compatible; ClaudeBot/1.0; +claudebot@anthropic.com)"
216.73.216.84 - - [07/Nov/2025:00:26:17 +0000] "GET /?fileloc=%2F%2Fusr%2Flib%2Fpython3%2Fdist-packages%2Ftwisted%2Fpython%2F__pycache__%2Fzipstream.cpython-312.pyc&path=%2F%2Fusr%2Flib%2Fpython3%2Fdist-packages%2Ftwisted%2Fpython%2F__pycache__ HTTP/1.1" 200 9712 "-" "Mozilla/5.0 AppleWebKit/537.36 (KHTML, like Gecko; compatible; ClaudeBot/1.0; +claudebot@anthropic.com)"
216.73.216.84 - - [07/Nov/2025:00:26:17 +0000] "GET /?fileloc=%2F%2Fusr%2Fsrc%2Flinux-headers-6.8.0-85%2Finclude%2Flinux%2Fplatform_data%2Fomapdss.h&path=%2F%2Fusr%2Fsrc%2Flinux-headers-6.8.0-85%2Finclude%2Flinux%2Fplatform_data HTTP/1.1" 200 3447 "-" "Mozilla/5.0 AppleWebKit/537.36 (KHTML, like Gecko; compatible; ClaudeBot/1.0; +claudebot@anthropic.com)"
216.73.216.84 - - [07/Nov/2025:00:26:17 +0000] "GET /?fileloc=%2F%2Fusr%2Fsrc%2Flinux-headers-6.8.0-85%2Finclude%2Fuapi%2Fasm-generic%2Fmsgbuf.h&path=%2F%2Fusr%2Fsrc%2Flinux-headers-6.8.0-85%2Finclude%2Fuapi%2Fasm-generic HTTP/1.1" 200 3765 "-" "Mozilla/5.0 AppleWebKit/537.36 (KHTML, like Gecko; compatible; ClaudeBot/1.0; +claudebot@anthropic.com)"
52.2.58.41 - - [07/Nov/2025:00:26:17 +0000] "GET /about-us/?path=//sys/class/leds/input1::capslock/subsystem/input1::numlock/device/device/firmware_node/physical_node/firmware_node/subsystem/devices/device:1c/subsystem/devices/ACPI0010:00/subsystem/devices/device:1a HTTP/1.1" 200 4070 "-" "Mozilla/5.0 AppleWebKit/537.36 (KHTML, like Gecko; compatible; Amazonbot/0.1; +https://developer.amazon.com/support/amazonbot) Chrome/119.0.6045.214 Safari/537.36"
216.73.216.84 - - [07/Nov/2025:00:26:17 +0000] "GET /?fileloc=%2F%2Fusr%2Fsrc%2Flinux-headers-6.8.0-85%2Finclude%2Flinux%2Fsched%2Frseq_api.h&path=%2F%2Fusr%2Fsrc%2Flinux-headers-6.8.0-85%2Finclude%2Flinux%2Fsched HTTP/1.1" 200 3043 "-" "Mozilla/5.0 AppleWebKit/537.36 (KHTML, like Gecko; compatible; ClaudeBot/1.0; +claudebot@anthropic.com)"
216.73.216.84 - - [07/Nov/2025:00:26:17 +0000] "GET /?fileloc=%2F%2Fusr%2Flib%2Fpython3%2Fdist-packages%2Fjwt%2Falgorithms.py&path=%2F%2Fusr%2Flib%2Fpython3%2Fdist-packages%2Fjwt HTTP/1.1" 200 10022 "-" "Mozilla/5.0 AppleWebKit/537.36 (KHTML, like Gecko; compatible; ClaudeBot/1.0; +claudebot@anthropic.com)"
74.7.227.155 - - [07/Nov/2025:00:26:17 +0000] "GET /?path=//sys/class/net/enp1s0/device/net/enp1s0/device/subsystem/devices/virtio1/block/vda/subsystem/vda/device/block/vda/device/block/vda/subsystem/loop6/queue HTTP/1.1" 200 5600 "-" "Mozilla/5.0 AppleWebKit/537.36 (KHTML, like Gecko; compatible; GPTBot/1.2; +https://openai.com/gptbot)"
216.73.216.84 - - [07/Nov/2025:00:26:17 +0000] "GET /?fileloc=%2F%2Fusr%2Flib%2Fpython3%2Fdist-packages%2Ftwisted%2Fpython%2F__pycache__%2Fthreadable.cpython-312.pyc&path=%2F%2Fusr%2Flib%2Fpython3%2Fdist-packages%2Ftwisted%2Fpython%2F__pycache__ HTTP/1.1" 200 5690 "-" "Mozilla/5.0 AppleWebKit/537.36 (KHTML, like Gecko; compatible; ClaudeBot/1.0; +claudebot@anthropic.com)"
57.141.0.24 - - [07/Nov/2025:00:26:17 +0000] "GET /?fileloc=//bin/X11/X11/X11/getopt&path=//bin/X11/X11/X11 HTTP/1.1" 200 40077 "-" "meta-externalagent/1.1 (+https://developers.facebook.com/docs/sharing/webmasters/crawler)"
216.73.216.84 - - [07/Nov/2025:00:26:18 +0000] "GET /?fileloc=%2F%2Fusr%2Flib%2Fpython3%2Fdist-packages%2Ftwisted%2Fpython%2F__pycache__%2Fwin32.cpython-312.pyc&path=%2F%2Fusr%2Flib%2Fpython3%2Fdist-packages%2Ftwisted%2Fpython%2F__pycache__ HTTP/1.1" 200 6339 "-" "Mozilla/5.0 AppleWebKit/537.36 (KHTML, like Gecko; compatible; ClaudeBot/1.0; +claudebot@anthropic.com)"
216.73.216.84 - - [07/Nov/2025:00:26:18 +0000] "GET /?fileloc=%2F%2Fusr%2Flib%2Fpython3.12%2Fgenericpath.py&path=%2F%2Fusr%2Flib%2Fpython3.12 HTTP/1.1" 200 5218 "-" "Mozilla/5.0 AppleWebKit/537.36 (KHTML, like Gecko; compatible; ClaudeBot/1.0; +claudebot@anthropic.com)"
216.73.216.84 - - [07/Nov/2025:00:26:18 +0000] "GET /?fileloc=%2F%2Fusr%2Fsrc%2Flinux-headers-6.8.0-85%2Finclude%2Flinux%2Fplatform_data%2Fgpio_backlight.h&path=%2F%2Fusr%2Fsrc%2Flinux-headers-6.8.0-85%2Finclude%2Flinux%2Fplatform_data HTTP/1.1" 200 3179 "-" "Mozilla/5.0 AppleWebKit/537.36 (KHTML, like Gecko; compatible; ClaudeBot/1.0; +claudebot@anthropic.com)"
216.73.216.84 - - [07/Nov/2025:00:26:18 +0000] "GET /?fileloc=%2F%2Fusr%2Flib%2Fpython3%2Fdist-packages%2Ftwisted%2Fpython%2F__pycache__%2Fsystemd.cpython-312.pyc&path=%2F%2Fusr%2Flib%2Fpython3%2Fdist-packages%2Ftwisted%2Fpython%2F__pycache__ HTTP/1.1" 200 5998 "-" "Mozilla/5.0 AppleWebKit/537.36 (KHTML, like Gecko; compatible; ClaudeBot/1.0; +claudebot@anthropic.com)"
216.73.216.84 - - [07/Nov/2025:00:26:18 +0000] "GET /?fileloc=%2F%2Fusr%2Finclude%2Fpython3.12%2Fcpython%2Fframeobject.h&path=%2F%2Fusr%2Finclude%2Fpython3.12%2Fcpython HTTP/1.1" 200 3578 "-" "Mozilla/5.0 AppleWebKit/537.36 (KHTML, like Gecko; compatible; ClaudeBot/1.0; +claudebot@anthropic.com)"
216.73.216.84 - - [07/Nov/2025:00:26:18 +0000] "GET /?fileloc=%2F%2Fusr%2Fsrc%2Flinux-headers-6.8.0-85%2Finclude%2Flinux%2Fplatform_data%2Fgpio-davinci.h&path=%2F%2Fusr%2Fsrc%2Flinux-headers-6.8.0-85%2Finclude%2Flinux%2Fplatform_data HTTP/1.1" 200 3316 "-" "Mozilla/5.0 AppleWebKit/537.36 (KHTML, like Gecko; compatible; ClaudeBot/1.0; +claudebot@anthropic.com)"
216.73.216.84 - - [07/Nov/2025:00:26:18 +0000] "GET /?fileloc=%2F%2Fusr%2Finclude%2Fpython3.12%2Fcpython%2Fsetobject.h&path=%2F%2Fusr%2Finclude%2Fpython3.12%2Fcpython HTTP/1.1" 200 4051 "-" "Mozilla/5.0 AppleWebKit/537.36 (KHTML, like Gecko; compatible; ClaudeBot/1.0; +claudebot@anthropic.com)"
135.181.166.38 - - [07/Nov/2025:00:26:18 +0000] "GET /?path=/etc/security HTTP/1.1" 200 4128 "-" "Mozilla/5.0 (compatible; BLEXBot/1.0; +https://help.seranking.com/en/blex-crawler)"
216.73.216.84 - - [07/Nov/2025:00:26:18 +0000] "GET /?fileloc=%2F%2Fusr%2Flib%2Fpython3.12%2Fasyncio%2Fstreams.py&path=%2F%2Fusr%2Flib%2Fpython3.12%2Fasyncio HTTP/1.1" 200 11600 "-" "Mozilla/5.0 AppleWebKit/537.36 (KHTML, like Gecko; compatible; ClaudeBot/1.0; +claudebot@anthropic.com)"
74.7.227.68 - - [07/Nov/2025:00:26:18 +0000] "GET /?path=//sys/bus/node/devices/node0/memory6/subsystem/devices/memory3/node0/cpu0/subsystem/drivers/processor/cpu0/cache/index0 HTTP/1.1" 200 4096 "-" "Mozilla/5.0 AppleWebKit/537.36 (KHTML, like Gecko; compatible; GPTBot/1.2; +https://openai.com/gptbot)"
216.73.216.84 - - [07/Nov/2025:00:26:18 +0000] "GET /?fileloc=%2F%2Fusr%2Flib%2Fpython3.12%2Fweakref.py&path=%2F%2Fusr%2Flib%2Fpython3.12 HTTP/1.1" 200 8908 "-" "Mozilla/5.0 AppleWebKit/537.36 (KHTML, like Gecko; compatible; ClaudeBot/1.0; +claudebot@anthropic.com)"
216.73.216.84 - - [07/Nov/2025:00:26:18 +0000] "GET /?fileloc=%2F%2Fusr%2Fsrc%2Flinux-headers-6.8.0-85%2Finclude%2Flinux%2Fceph%2Fstring_table.h&path=%2F%2Fusr%2Fsrc%2Flinux-headers-6.8.0-85%2Finclude%2Flinux%2Fceph HTTP/1.1" 200 3643 "-" "Mozilla/5.0 AppleWebKit/537.36 (KHTML, like Gecko; compatible; ClaudeBot/1.0; +claudebot@anthropic.com)"
216.73.216.84 - - [07/Nov/2025:00:26:18 +0000] "GET /?fileloc=%2F%2Fusr%2Fsrc%2Flinux-headers-6.8.0-85%2Finclude%2Flinux%2Fplatform_data%2Ftda9950.h&path=%2F%2Fusr%2Fsrc%2Flinux-headers-6.8.0-85%2Finclude%2Flinux%2Fplatform_data HTTP/1.1" 200 3184 "-" "Mozilla/5.0 AppleWebKit/537.36 (KHTML, like Gecko; compatible; ClaudeBot/1.0; +claudebot@anthropic.com)"
216.73.216.84 - - [07/Nov/2025:00:26:19 +0000] "GET /?fileloc=%2F%2Fusr%2Flib%2Fpython3.12%2Fsocket.py&path=%2F%2Fusr%2Flib%2Fpython3.12 HTTP/1.1" 200 15807 "-" "Mozilla/5.0 AppleWebKit/537.36 (KHTML, like Gecko; compatible; ClaudeBot/1.0; +claudebot@anthropic.com)"
74.7.227.155 - - [07/Nov/2025:00:26:19 +0000] "GET /?path=//sys/class/net/enp1s0/device/net/enp1s0/device/subsystem/devices/virtio1/block/vda/subsystem/vda/device/block/vda/device/block/vda/subsystem/loop6/bdi/power HTTP/1.1" 200 4027 "-" "Mozilla/5.0 AppleWebKit/537.36 (KHTML, like Gecko; compatible; GPTBot/1.2; +https://openai.com/gptbot)"
216.73.216.84 - - [07/Nov/2025:00:26:19 +0000] "GET /?fileloc=%2F%2Fusr%2Flib%2Fpython3.12%2Fasyncio%2Ftasks.py&path=%2F%2Fusr%2Flib%2Fpython3.12%2Fasyncio HTTP/1.1" 200 15538 "-" "Mozilla/5.0 AppleWebKit/537.36 (KHTML, like Gecko; compatible; ClaudeBot/1.0; +claudebot@anthropic.com)"
216.73.216.84 - - [07/Nov/2025:00:26:19 +0000] "GET /?fileloc=%2F%2Fusr%2Flib%2Fpython3.12%2Fpathlib.py&path=%2F%2Fusr%2Flib%2Fpython3.12 HTTP/1.1" 200 18640 "-" "Mozilla/5.0 AppleWebKit/537.36 (KHTML, like Gecko; compatible; ClaudeBot/1.0; +claudebot@anthropic.com)"
216.73.216.84 - - [07/Nov/2025:00:26:19 +0000] "GET /?fileloc=%2F%2Fusr%2Flib%2Fpython3.12%2Fasyncio%2Fbase_subprocess.py&path=%2F%2Fusr%2Flib%2Fpython3.12%2Fasyncio HTTP/1.1" 200 5625 "-" "Mozilla/5.0 AppleWebKit/537.36 (KHTML, like Gecko; compatible; ClaudeBot/1.0; +claudebot@anthropic.com)"
216.73.216.84 - - [07/Nov/2025:00:26:19 +0000] "GET /?fileloc=%2F%2Fusr%2Fsrc%2Flinux-headers-6.8.0-85%2Finclude%2Flinux%2Fplatform_data%2Fi2c-davinci.h&path=%2F%2Fusr%2Fsrc%2Flinux-headers-6.8.0-85%2Finclude%2Flinux%2Fplatform_data HTTP/1.1" 200 3522 "-" "Mozilla/5.0 AppleWebKit/537.36 (KHTML, like Gecko; compatible; ClaudeBot/1.0; +claudebot@anthropic.com)"
216.73.216.84 - - [07/Nov/2025:00:26:19 +0000] "GET /?fileloc=%2F%2Fusr%2Flib%2Fpython3%2Fdist-packages%2Fapport_python_hook.py&path=%2F%2Fusr%2Flib%2Fpython3%2Fdist-packages HTTP/1.1" 200 6693 "-" "Mozilla/5.0 AppleWebKit/537.36 (KHTML, like Gecko; compatible; ClaudeBot/1.0; +claudebot@anthropic.com)"
216.73.216.84 - - [07/Nov/2025:00:26:19 +0000] "GET /?fileloc=%2F%2Fusr%2Fsrc%2Flinux-headers-6.8.0-85%2Finclude%2Flinux%2Fceph%2Flibceph.h&path=%2F%2Fusr%2Fsrc%2Flinux-headers-6.8.0-85%2Finclude%2Flinux%2Fceph HTTP/1.1" 200 6768 "-" "Mozilla/5.0 AppleWebKit/537.36 (KHTML, like Gecko; compatible; ClaudeBot/1.0; +claudebot@anthropic.com)"
216.73.216.84 - - [07/Nov/2025:00:26:19 +0000] "GET /?fileloc=%2F%2Fusr%2Fsrc%2Flinux-headers-6.8.0-85%2Finclude%2Flinux%2Fiio%2Fbuffer_impl.h&path=%2F%2Fusr%2Fsrc%2Flinux-headers-6.8.0-85%2Finclude%2Flinux%2Fiio HTTP/1.1" 200 5225 "-" "Mozilla/5.0 AppleWebKit/537.36 (KHTML, like Gecko; compatible; ClaudeBot/1.0; +claudebot@anthropic.com)"
216.73.216.84 - - [07/Nov/2025:00:26:19 +0000] "GET /?fileloc=%2F%2Fusr%2Flib%2Fpython3%2Fdist-packages%2Ftwisted%2Fpython%2F__pycache__%2Fruntime.cpython-312.pyc&path=%2F%2Fusr%2Flib%2Fpython3%2Fdist-packages%2Ftwisted%2Fpython%2F__pycache__ HTTP/1.1" 200 6563 "-" "Mozilla/5.0 AppleWebKit/537.36 (KHTML, like Gecko; compatible; ClaudeBot/1.0; +claudebot@anthropic.com)"
216.73.216.84 - - [07/Nov/2025:00:26:19 +0000] "GET /?fileloc=%2F%2Fusr%2Flib%2Fpython3%2Fdist-packages%2Ftwisted%2Fpython%2F__pycache__%2Fformmethod.cpython-312.pyc&path=%2F%2Fusr%2Flib%2Fpython3%2Fdist-packages%2Ftwisted%2Fpython%2F__pycache__ HTTP/1.1" 200 10755 "-" "Mozilla/5.0 AppleWebKit/537.36 (KHTML, like Gecko; compatible; ClaudeBot/1.0; +claudebot@anthropic.com)"
216.73.216.84 - - [07/Nov/2025:00:26:19 +0000] "GET /?fileloc=%2F%2Fusr%2Flib%2Fpython3.12%2Fasyncio%2Fthreads.py&path=%2F%2Fusr%2Flib%2Fpython3.12%2Fasyncio HTTP/1.1" 200 3431 "-" "Mozilla/5.0 AppleWebKit/537.36 (KHTML, like Gecko; compatible; ClaudeBot/1.0; +claudebot@anthropic.com)"
74.7.227.155 - - [07/Nov/2025:00:26:19 +0000] "GET /?path=//sys/class/net/enp1s0/device/net/enp1s0/device/subsystem/devices/virtio1/block/vda/subsystem/vda/device/block/vda/device/block/vda/subsystem/loop6/integrity HTTP/1.1" 200 3890 "-" "Mozilla/5.0 AppleWebKit/537.36 (KHTML, like Gecko; compatible; GPTBot/1.2; +https://openai.com/gptbot)"
216.73.216.84 - - [07/Nov/2025:00:26:20 +0000] "GET /?fileloc=%2F%2Fusr%2Fsrc%2Flinux-headers-6.8.0-85%2Finclude%2Fuapi%2Fasm-generic%2Fhugetlb_encode.h&path=%2F%2Fusr%2Fsrc%2Flinux-headers-6.8.0-85%2Finclude%2Fuapi%2Fasm-generic HTTP/1.1" 200 3608 "-" "Mozilla/5.0 AppleWebKit/537.36 (KHTML, like Gecko; compatible; ClaudeBot/1.0; +claudebot@anthropic.com)"
216.73.216.84 - - [07/Nov/2025:00:26:20 +0000] "GET /?fileloc=%2F%2Fusr%2Flib%2Fpython3.12%2Fasyncio%2Fconstants.py&path=%2F%2Fusr%2Flib%2Fpython3.12%2Fasyncio HTTP/1.1" 200 3837 "-" "Mozilla/5.0 AppleWebKit/537.36 (KHTML, like Gecko; compatible; ClaudeBot/1.0; +claudebot@anthropic.com)"
216.73.216.84 - - [07/Nov/2025:00:26:20 +0000] "GET /?fileloc=%2F%2Fusr%2Fsrc%2Flinux-headers-6.8.0-85%2Finclude%2Flinux%2Fplatform_data%2Fi2c-imx.h&path=%2F%2Fusr%2Fsrc%2Flinux-headers-6.8.0-85%2Finclude%2Flinux%2Fplatform_data HTTP/1.1" 200 3283 "-" "Mozilla/5.0 AppleWebKit/537.36 (KHTML, like Gecko; compatible; ClaudeBot/1.0; +claudebot@anthropic.com)"
74.7.227.68 - - [07/Nov/2025:00:26:20 +0000] "GET /?path=//sys/bus/node/devices/node0/memory6/subsystem/devices/memory3/node0/cpu0/node0/memory7/subsystem/drivers HTTP/1.1" 200 3190 "-" "Mozilla/5.0 AppleWebKit/537.36 (KHTML, like Gecko; compatible; GPTBot/1.2; +https://openai.com/gptbot)"
216.73.216.84 - - [07/Nov/2025:00:26:20 +0000] "GET /?fileloc=%2F%2Fusr%2Fsrc%2Flinux-headers-6.8.0-85%2Finclude%2Flinux%2Fplatform_data%2Fti-aemif.h&path=%2F%2Fusr%2Fsrc%2Flinux-headers-6.8.0-85%2Finclude%2Flinux%2Fplatform_data HTTP/1.1" 200 3546 "-" "Mozilla/5.0 AppleWebKit/537.36 (KHTML, like Gecko; compatible; ClaudeBot/1.0; +claudebot@anthropic.com)"
216.73.216.84 - - [07/Nov/2025:00:26:20 +0000] "GET /?fileloc=%2F%2Fusr%2Fsrc%2Flinux-headers-6.8.0-85%2Finclude%2Flinux%2Fusb%2Ffunctionfs.h&path=%2F%2Fusr%2Fsrc%2Flinux-headers-6.8.0-85%2Finclude%2Flinux%2Fusb HTTP/1.1" 200 3122 "-" "Mozilla/5.0 AppleWebKit/537.36 (KHTML, like Gecko; compatible; ClaudeBot/1.0; +claudebot@anthropic.com)"
216.73.216.84 - - [07/Nov/2025:00:26:20 +0000] "GET /?fileloc=%2F%2Fusr%2Fsrc%2Flinux-headers-6.8.0-85%2Finclude%2Flinux%2Fplatform_data%2Fmcs.h&path=%2F%2Fusr%2Fsrc%2Flinux-headers-6.8.0-85%2Finclude%2Flinux%2Fplatform_data HTTP/1.1" 200 3434 "-" "Mozilla/5.0 AppleWebKit/537.36 (KHTML, like Gecko; compatible; ClaudeBot/1.0; +claudebot@anthropic.com)"
216.73.216.84 - - [07/Nov/2025:00:26:20 +0000] "GET /?fileloc=%2F%2Fusr%2Fsrc%2Flinux-headers-6.8.0-85%2Finclude%2Flinux%2Fplatform_data%2Fi2c-gpio.h&path=%2F%2Fusr%2Fsrc%2Flinux-headers-6.8.0-85%2Finclude%2Flinux%2Fplatform_data HTTP/1.1" 200 3730 "-" "Mozilla/5.0 AppleWebKit/537.36 (KHTML, like Gecko; compatible; ClaudeBot/1.0; +claudebot@anthropic.com)"
216.73.216.84 - - [07/Nov/2025:00:26:20 +0000] "GET /?fileloc=%2F%2Fusr%2Fsrc%2Flinux-headers-6.8.0-85%2Finclude%2Flinux%2Fplatform_data%2Fad7266.h&path=%2F%2Fusr%2Fsrc%2Flinux-headers-6.8.0-85%2Finclude%2Flinux%2Fplatform_data HTTP/1.1" 200 3552 "-" "Mozilla/5.0 AppleWebKit/537.36 (KHTML, like Gecko; compatible; ClaudeBot/1.0; +claudebot@anthropic.com)"
216.73.216.84 - - [07/Nov/2025:00:26:20 +0000] "GET /?fileloc=%2F%2Fusr%2Fshare%2Fpython3%2Fpy3versions.py&path=%2F%2Fusr%2Fshare%2Fpython3 HTTP/1.1" 200 6718 "-" "Mozilla/5.0 AppleWebKit/537.36 (KHTML, like Gecko; compatible; ClaudeBot/1.0; +claudebot@anthropic.com)"
216.73.216.84 - - [07/Nov/2025:00:26:20 +0000] "GET /?fileloc=%2F%2Fusr%2Fsrc%2Flinux-headers-6.8.0-85%2Finclude%2Flinux%2Funaligned%2Fpacked_struct.h&path=%2F%2Fusr%2Fsrc%2Flinux-headers-6.8.0-85%2Finclude%2Flinux%2Funaligned HTTP/1.1" 200 3328 "-" "Mozilla/5.0 AppleWebKit/537.36 (KHTML, like Gecko; compatible; ClaudeBot/1.0; +claudebot@anthropic.com)"
216.73.216.84 - - [07/Nov/2025:00:26:20 +0000] "GET /?fileloc=%2F%2Fusr%2Finclude%2Fpython3.12%2Fcpython%2Finterpreteridobject.h&path=%2F%2Fusr%2Finclude%2Fpython3.12%2Fcpython HTTP/1.1" 200 3199 "-" "Mozilla/5.0 AppleWebKit/537.36 (KHTML, like Gecko; compatible; ClaudeBot/1.0; +claudebot@anthropic.com)"
216.73.216.84 - - [07/Nov/2025:00:26:21 +0000] "GET /?fileloc=%2F%2Fusr%2Flib%2Fpython3%2Fdist-packages%2Ftwisted%2Fpython%2F__pycache__%2Fthreadpool.cpython-312.pyc&path=%2F%2Fusr%2Flib%2Fpython3%2Fdist-packages%2Ftwisted%2Fpython%2F__pycache__ HTTP/1.1" 200 9938 "-" "Mozilla/5.0 AppleWebKit/537.36 (KHTML, like Gecko; compatible; ClaudeBot/1.0; +claudebot@anthropic.com)"
216.73.216.84 - - [07/Nov/2025:00:26:21 +0000] "GET /?fileloc=%2F%2Fusr%2Flib%2Fpython3.12%2Fasyncio%2Fbase_tasks.py&path=%2F%2Fusr%2Flib%2Fpython3.12%2Fasyncio HTTP/1.1" 200 3957 "-" "Mozilla/5.0 AppleWebKit/537.36 (KHTML, like Gecko; compatible; ClaudeBot/1.0; +claudebot@anthropic.com)"
216.73.216.84 - - [07/Nov/2025:00:26:21 +0000] "GET /?fileloc=%2F%2Fusr%2Finclude%2Fpython3.12%2FPython.h&path=%2F%2Fusr%2Finclude%2Fpython3.12 HTTP/1.1" 200 4022 "-" "Mozilla/5.0 AppleWebKit/537.36 (KHTML, like Gecko; compatible; ClaudeBot/1.0; +claudebot@anthropic.com)"
216.73.216.84 - - [07/Nov/2025:00:26:21 +0000] "GET /?fileloc=%2F%2Fusr%2Flib%2Fpython3.12%2Fpkgutil.py&path=%2F%2Fusr%2Flib%2Fpython3.12 HTTP/1.1" 200 9977 "-" "Mozilla/5.0 AppleWebKit/537.36 (KHTML, like Gecko; compatible; ClaudeBot/1.0; +claudebot@anthropic.com)"
216.73.216.84 - - [07/Nov/2025:00:26:21 +0000] "GET /?fileloc=%2F%2Fusr%2Flib%2Fpython3%2Fdist-packages%2Ftwisted%2Fpython%2F__pycache__%2Fconstants.cpython-312.pyc&path=%2F%2Fusr%2Flib%2Fpython3%2Fdist-packages%2Ftwisted%2Fpython%2F__pycache__ HTTP/1.1" 200 3395 "-" "Mozilla/5.0 AppleWebKit/537.36 (KHTML, like Gecko; compatible; ClaudeBot/1.0; +claudebot@anthropic.com)"
74.7.227.68 - - [07/Nov/2025:00:26:21 +0000] "GET /?path=//sys/bus/node/devices/node0/memory6/subsystem/devices/memory3/node0/memory0/node0/cpu0/firmware_node/subsystem/drivers/hpet HTTP/1.1" 200 3665 "-" "Mozilla/5.0 AppleWebKit/537.36 (KHTML, like Gecko; compatible; GPTBot/1.2; +https://openai.com/gptbot)"
216.73.216.84 - - [07/Nov/2025:00:26:21 +0000] "GET /?fileloc=%2F%2Fusr%2Fsrc%2Flinux-headers-6.8.0-85%2Finclude%2Flinux%2Fceph%2Fauth.h&path=%2F%2Fusr%2Fsrc%2Flinux-headers-6.8.0-85%2Finclude%2Flinux%2Fceph HTTP/1.1" 200 4912 "-" "Mozilla/5.0 AppleWebKit/537.36 (KHTML, like Gecko; compatible; ClaudeBot/1.0; +claudebot@anthropic.com)"
34.234.200.207 - - [07/Nov/2025:00:26:21 +0000] "GET /about-us/?path=//sys/class/leds/input1::capslock/subsystem/input1::numlock/device/device/firmware_node/physical_node/firmware_node/subsystem/devices/device:11/subsystem/devices/device:3a/subsystem/drivers/ec HTTP/1.1" 200 3771 "-" "Mozilla/5.0 AppleWebKit/537.36 (KHTML, like Gecko; compatible; Amazonbot/0.1; +https://developer.amazon.com/support/amazonbot) Chrome/119.0.6045.214 Safari/537.36"
216.73.216.84 - - [07/Nov/2025:00:26:21 +0000] "GET /?fileloc=%2F%2Fusr%2Flib%2Fpython3%2Fdist-packages%2Fbcc%2Fdisassembler.py&path=%2F%2Fusr%2Flib%2Fpython3%2Fdist-packages%2Fbcc HTTP/1.1" 200 8329 "-" "Mozilla/5.0 AppleWebKit/537.36 (KHTML, like Gecko; compatible; ClaudeBot/1.0; +claudebot@anthropic.com)"
216.73.216.84 - - [07/Nov/2025:00:26:21 +0000] "GET /?fileloc=%2F%2Fusr%2Fsrc%2Flinux-headers-6.8.0-85%2Finclude%2Flinux%2Fplatform_data%2Fsyscon.h&path=%2F%2Fusr%2Fsrc%2Flinux-headers-6.8.0-85%2Finclude%2Flinux%2Fplatform_data HTTP/1.1" 200 3137 "-" "Mozilla/5.0 AppleWebKit/537.36 (KHTML, like Gecko; compatible; ClaudeBot/1.0; +claudebot@anthropic.com)"
216.73.216.84 - - [07/Nov/2025:00:26:21 +0000] "GET /?fileloc=%2F%2Fusr%2Finclude%2Fpython3.12%2Fcpython%2Fweakrefobject.h&path=%2F%2Fusr%2Finclude%2Fpython3.12%2Fcpython HTTP/1.1" 200 4018 "-" "Mozilla/5.0 AppleWebKit/537.36 (KHTML, like Gecko; compatible; ClaudeBot/1.0; +claudebot@anthropic.com)"
135.181.166.38 - - [07/Nov/2025:00:26:21 +0000] "GET /?path=/etc/supercat HTTP/1.1" 200 3411 "-" "Mozilla/5.0 (compatible; BLEXBot/1.0; +https://help.seranking.com/en/blex-crawler)"
216.73.216.84 - - [07/Nov/2025:00:26:21 +0000] "GET /?fileloc=%2F%2Fusr%2Fsrc%2Flinux-headers-6.8.0-85%2Finclude%2Flinux%2Fplatform_data%2Fspi-davinci.h&path=%2F%2Fusr%2Fsrc%2Flinux-headers-6.8.0-85%2Finclude%2Flinux%2Fplatform_data HTTP/1.1" 200 4101 "-" "Mozilla/5.0 AppleWebKit/537.36 (KHTML, like Gecko; compatible; ClaudeBot/1.0; +claudebot@anthropic.com)"
216.73.216.84 - - [07/Nov/2025:00:26:21 +0000] "GET /?fileloc=%2F%2Fusr%2Fsrc%2Flinux-headers-6.8.0-85%2Finclude%2Flinux%2Fspi%2Frspi.h&path=%2F%2Fusr%2Fsrc%2Flinux-headers-6.8.0-85%2Finclude%2Flinux%2Fspi HTTP/1.1" 200 3217 "-" "Mozilla/5.0 AppleWebKit/537.36 (KHTML, like Gecko; compatible; ClaudeBot/1.0; +claudebot@anthropic.com)"
216.73.216.84 - - [07/Nov/2025:00:26:22 +0000] "GET /?fileloc=%2F%2Fusr%2Flib%2Fpython3%2Fdist-packages%2Ftwisted%2Fpython%2F__pycache__%2Fsyslog.cpython-312.pyc&path=%2F%2Fusr%2Flib%2Fpython3%2Fdist-packages%2Ftwisted%2Fpython%2F__pycache__ HTTP/1.1" 200 5328 "-" "Mozilla/5.0 AppleWebKit/537.36 (KHTML, like Gecko; compatible; ClaudeBot/1.0; +claudebot@anthropic.com)"
216.73.216.84 - - [07/Nov/2025:00:26:22 +0000] "GET /?fileloc=%2F%2Fusr%2Flib%2Fpython3%2Fdist-packages%2Ftwisted%2Fpython%2F__pycache__%2Fsendmsg.cpython-312.pyc&path=%2F%2Fusr%2Flib%2Fpython3%2Fdist-packages%2Ftwisted%2Fpython%2F__pycache__ HTTP/1.1" 200 4562 "-" "Mozilla/5.0 AppleWebKit/537.36 (KHTML, like Gecko; compatible; ClaudeBot/1.0; +claudebot@anthropic.com)"
216.73.216.84 - - [07/Nov/2025:00:26:22 +0000] "GET /?fileloc=%2F%2Fusr%2Finclude%2Fpython3.12%2Fcpython%2Fclassobject.h&path=%2F%2Fusr%2Finclude%2Fpython3.12%2Fcpython HTTP/1.1" 200 3743 "-" "Mozilla/5.0 AppleWebKit/537.36 (KHTML, like Gecko; compatible; ClaudeBot/1.0; +claudebot@anthropic.com)"
57.141.0.1 - - [07/Nov/2025:00:26:22 +0000] "GET /?fileloc=//sys/class/misc/udmabuf/power/runtime_active_kids&path=//sys/class/misc/udmabuf/power HTTP/1.1" 200 12459 "-" "meta-externalagent/1.1 (+https://developers.facebook.com/docs/sharing/webmasters/crawler)"
216.73.216.84 - - [07/Nov/2025:00:26:22 +0000] "GET /?fileloc=%2F%2Fusr%2Fsrc%2Flinux-headers-6.8.0-85%2Finclude%2Flinux%2Flockd%2Fdebug.h&path=%2F%2Fusr%2Fsrc%2Flinux-headers-6.8.0-85%2Finclude%2Flinux%2Flockd HTTP/1.1" 200 3441 "-" "Mozilla/5.0 AppleWebKit/537.36 (KHTML, like Gecko; compatible; ClaudeBot/1.0; +claudebot@anthropic.com)"
216.73.216.84 - - [07/Nov/2025:00:26:22 +0000] "GET /?fileloc=%2F%2Fusr%2Flib%2Fpython3%2Fdist-packages%2Ftwisted%2Fpython%2F__pycache__%2Fmodules.cpython-312.pyc&path=%2F%2Fusr%2Flib%2Fpython3%2Fdist-packages%2Ftwisted%2Fpython%2F__pycache__ HTTP/1.1" 200 17799 "-" "Mozilla/5.0 AppleWebKit/537.36 (KHTML, like Gecko; compatible; ClaudeBot/1.0; +claudebot@anthropic.com)"
216.73.216.84 - - [07/Nov/2025:00:26:22 +0000] "GET /?fileloc=%2F%2Fusr%2Flib%2Fpython3.12%2Frandom.py&path=%2F%2Fusr%2Flib%2Fpython3.12 HTTP/1.1" 200 15822 "-" "Mozilla/5.0 AppleWebKit/537.36 (KHTML, like Gecko; compatible; ClaudeBot/1.0; +claudebot@anthropic.com)"
216.73.216.84 - - [07/Nov/2025:00:26:22 +0000] "GET /?fileloc=%2F%2Fusr%2Finclude%2Fpython3.12%2Fcpython%2Ffuncobject.h&path=%2F%2Fusr%2Finclude%2Fpython3.12%2Fcpython HTTP/1.1" 200 5359 "-" "Mozilla/5.0 AppleWebKit/537.36 (KHTML, like Gecko; compatible; ClaudeBot/1.0; +claudebot@anthropic.com)"
74.7.227.68 - - [07/Nov/2025:00:26:22 +0000] "GET /?path=//sys/bus/node/devices/node0/memory6/subsystem/devices/memory3/node0/memory0/node0/cpu0/firmware_node/subsystem/drivers/ec HTTP/1.1" 200 3663 "-" "Mozilla/5.0 AppleWebKit/537.36 (KHTML, like Gecko; compatible; GPTBot/1.2; +https://openai.com/gptbot)"
57.141.0.40 - - [07/Nov/2025:00:26:22 +0000] "GET /?path=//sys/class/input/input4/device/input HTTP/1.1" 200 15679 "-" "meta-externalagent/1.1 (+https://developers.facebook.com/docs/sharing/webmasters/crawler)"
216.73.216.84 - - [07/Nov/2025:00:26:22 +0000] "GET /?fileloc=%2F%2Fusr%2Fsrc%2Flinux-headers-6.8.0-85%2Finclude%2Flinux%2Fplatform_data%2Fdavinci_asp.h&path=%2F%2Fusr%2Fsrc%2Flinux-headers-6.8.0-85%2Finclude%2Flinux%2Fplatform_data HTTP/1.1" 200 4425 "-" "Mozilla/5.0 AppleWebKit/537.36 (KHTML, like Gecko; compatible; ClaudeBot/1.0; +claudebot@anthropic.com)"
216.73.216.84 - - [07/Nov/2025:00:26:22 +0000] "GET /?fileloc=%2F%2Fusr%2Fsrc%2Flinux-headers-6.8.0-85%2Finclude%2Flinux%2Fceph%2Fceph_debug.h&path=%2F%2Fusr%2Fsrc%2Flinux-headers-6.8.0-85%2Finclude%2Flinux%2Fceph HTTP/1.1" 200 3830 "-" "Mozilla/5.0 AppleWebKit/537.36 (KHTML, like Gecko; compatible; ClaudeBot/1.0; +claudebot@anthropic.com)"
216.73.216.84 - - [07/Nov/2025:00:26:22 +0000] "GET /?fileloc=%2F%2Fusr%2Flib%2Fpython3%2Fdist-packages%2Ftwisted%2Fpython%2F__pycache__%2Fmonkey.cpython-312.pyc&path=%2F%2Fusr%2Flib%2Fpython3%2Fdist-packages%2Ftwisted%2Fpython%2F__pycache__ HTTP/1.1" 200 4862 "-" "Mozilla/5.0 AppleWebKit/537.36 (KHTML, like Gecko; compatible; ClaudeBot/1.0; +claudebot@anthropic.com)"
216.73.216.84 - - [07/Nov/2025:00:26:23 +0000] "GET /?fileloc=%2F%2Fusr%2Flib%2Fpython3%2Fdist-packages%2Ftwisted%2Fpython%2F__pycache__%2Ffilepath.cpython-312.pyc&path=%2F%2Fusr%2Flib%2Fpython3%2Fdist-packages%2Ftwisted%2Fpython%2F__pycache__ HTTP/1.1" 200 30767 "-" "Mozilla/5.0 AppleWebKit/537.36 (KHTML, like Gecko; compatible; ClaudeBot/1.0; +claudebot@anthropic.com)"
216.73.216.84 - - [07/Nov/2025:00:26:23 +0000] "GET /?fileloc=%2F%2Fusr%2Flib%2Fpython3.12%2Fenum.py&path=%2F%2Fusr%2Flib%2Fpython3.12 HTTP/1.1" 200 27493 "-" "Mozilla/5.0 AppleWebKit/537.36 (KHTML, like Gecko; compatible; ClaudeBot/1.0; +claudebot@anthropic.com)"
74.7.227.155 - - [07/Nov/2025:00:26:23 +0000] "GET /?path=//sys/class/net/enp1s0/device/net/enp1s0/device/subsystem/devices/virtio1/block/vda/subsystem/vda/device/block/vda/device/block/vda/subsystem/loop6/slaves HTTP/1.1" 200 3261 "-" "Mozilla/5.0 AppleWebKit/537.36 (KHTML, like Gecko; compatible; GPTBot/1.2; +https://openai.com/gptbot)"
216.73.216.84 - - [07/Nov/2025:00:26:23 +0000] "GET /?fileloc=%2F%2Fusr%2Finclude%2Fpython3.12%2Fcpython%2Fpythread.h&path=%2F%2Fusr%2Finclude%2Fpython3.12%2Fcpython HTTP/1.1" 200 3752 "-" "Mozilla/5.0 AppleWebKit/537.36 (KHTML, like Gecko; compatible; ClaudeBot/1.0; +claudebot@anthropic.com)"
216.73.216.84 - - [07/Nov/2025:00:26:23 +0000] "GET /?fileloc=%2F%2Fusr%2Fsrc%2Flinux-headers-6.8.0-85%2Finclude%2Flinux%2Fceph%2Fbuffer.h&path=%2F%2Fusr%2Fsrc%2Flinux-headers-6.8.0-85%2Finclude%2Flinux%2Fceph HTTP/1.1" 200 3405 "-" "Mozilla/5.0 AppleWebKit/537.36 (KHTML, like Gecko; compatible; ClaudeBot/1.0; +claudebot@anthropic.com)"
216.73.216.84 - - [07/Nov/2025:00:26:23 +0000] "GET /?fileloc=%2F%2Fusr%2Flib%2Fpython3.12%2Funittest%2Fasync_case.py&path=%2F%2Fusr%2Flib%2Fpython3.12%2Funittest HTTP/1.1" 200 5029 "-" "Mozilla/5.0 AppleWebKit/537.36 (KHTML, like Gecko; compatible; ClaudeBot/1.0; +claudebot@anthropic.com)"
57.141.0.49 - - [07/Nov/2025:00:26:23 +0000] "GET /big-data/?fileloc=//proc/1042/task/37136/schedstat&path=//proc/1042/task/37136 HTTP/1.1" 200 12392 "-" "meta-externalagent/1.1 (+https://developers.facebook.com/docs/sharing/webmasters/crawler)"
216.73.216.84 - - [07/Nov/2025:00:26:23 +0000] "GET /?fileloc=%2F%2Fusr%2Flib%2Fpython3%2Fdist-packages%2Ftwisted%2Fpython%2F__pycache__%2Furlpath.cpython-312.pyc&path=%2F%2Fusr%2Flib%2Fpython3%2Fdist-packages%2Ftwisted%2Fpython%2F__pycache__ HTTP/1.1" 200 8404 "-" "Mozilla/5.0 AppleWebKit/537.36 (KHTML, like Gecko; compatible; ClaudeBot/1.0; +claudebot@anthropic.com)"
216.73.216.84 - - [07/Nov/2025:00:26:23 +0000] "GET /?fileloc=%2F%2Fusr%2Fsrc%2Flinux-headers-6.8.0-85%2Finclude%2Flinux%2Fplatform_data%2Fti-sysc.h&path=%2F%2Fusr%2Fsrc%2Flinux-headers-6.8.0-85%2Finclude%2Flinux%2Fplatform_data HTTP/1.1" 200 4846 "-" "Mozilla/5.0 AppleWebKit/537.36 (KHTML, like Gecko; compatible; ClaudeBot/1.0; +claudebot@anthropic.com)"
216.73.216.84 - - [07/Nov/2025:00:26:23 +0000] "GET /?path=%2F%2Fusr%2Flib%2Fpython3.12%2Fpydoc_data HTTP/1.1" 200 3594 "-" "Mozilla/5.0 AppleWebKit/537.36 (KHTML, like Gecko; compatible; ClaudeBot/1.0; +claudebot@anthropic.com)"
216.73.216.84 - - [07/Nov/2025:00:26:23 +0000] "GET /?fileloc=%2F%2Fusr%2Fsrc%2Flinux-headers-6.8.0-85%2Finclude%2Flinux%2Fplatform_data%2Fuio_pruss.h&path=%2F%2Fusr%2Fsrc%2Flinux-headers-6.8.0-85%2Finclude%2Flinux%2Fplatform_data HTTP/1.1" 200 3286 "-" "Mozilla/5.0 AppleWebKit/537.36 (KHTML, like Gecko; compatible; ClaudeBot/1.0; +claudebot@anthropic.com)"
216.73.216.84 - - [07/Nov/2025:00:26:23 +0000] "GET /?fileloc=%2F%2Fusr%2Fsrc%2Flinux-headers-6.8.0-85%2Finclude%2Flinux%2Fplatform_data%2Fwiznet.h&path=%2F%2Fusr%2Fsrc%2Flinux-headers-6.8.0-85%2Finclude%2Flinux%2Fplatform_data HTTP/1.1" 200 3312 "-" "Mozilla/5.0 AppleWebKit/537.36 (KHTML, like Gecko; compatible; ClaudeBot/1.0; +claudebot@anthropic.com)"
216.73.216.84 - - [07/Nov/2025:00:26:23 +0000] "GET /?fileloc=%2F%2Fusr%2Flib%2Fpython3.12%2Fasyncio%2Flocks.py&path=%2F%2Fusr%2Flib%2Fpython3.12%2Fasyncio HTTP/1.1" 200 8876 "-" "Mozilla/5.0 AppleWebKit/537.36 (KHTML, like Gecko; compatible; ClaudeBot/1.0; +claudebot@anthropic.com)"
216.73.216.84 - - [07/Nov/2025:00:26:23 +0000] "GET /?fileloc=%2F%2Fusr%2Flib%2Fpython3%2Fdist-packages%2Ftwisted%2Fpython%2F__pycache__%2F_textattributes.cpython-312.pyc&path=%2F%2Fusr%2Flib%2Fpython3%2Fdist-packages%2Ftwisted%2Fpython%2F__pycache__ HTTP/1.1" 200 8809 "-" "Mozilla/5.0 AppleWebKit/537.36 (KHTML, like Gecko; compatible; ClaudeBot/1.0; +claudebot@anthropic.com)"
216.73.216.84 - - [07/Nov/2025:00:26:24 +0000] "GET /?fileloc=%2F%2Fusr%2Flib%2Fpython3.12%2Fqueue.py&path=%2F%2Fusr%2Flib%2Fpython3.12 HTTP/1.1" 200 6382 "-" "Mozilla/5.0 AppleWebKit/537.36 (KHTML, like Gecko; compatible; ClaudeBot/1.0; +claudebot@anthropic.com)"
57.141.0.66 - - [07/Nov/2025:00:26:24 +0000] "GET /?fileloc=//proc/thread-self/root/etc/hosts.allow&path=//proc/thread-self/root/etc HTTP/1.1" 200 12850 "-" "meta-externalagent/1.1 (+https://developers.facebook.com/docs/sharing/webmasters/crawler)"
216.73.216.84 - - [07/Nov/2025:00:26:24 +0000] "GET /?fileloc=%2F%2Fusr%2Flib%2Fpython3%2Fdist-packages%2Ftwisted%2Fpython%2F__pycache__%2F_shellcomp.cpython-312.pyc&path=%2F%2Fusr%2Flib%2Fpython3%2Fdist-packages%2Ftwisted%2Fpython%2F__pycache__ HTTP/1.1" 200 15596 "-" "Mozilla/5.0 AppleWebKit/537.36 (KHTML, like Gecko; compatible; ClaudeBot/1.0; +claudebot@anthropic.com)"
216.73.216.84 - - [07/Nov/2025:00:26:24 +0000] "GET /?fileloc=%2F%2Fusr%2Flib%2Fpython3.12%2Fcodecs.py&path=%2F%2Fusr%2Flib%2Fpython3.12 HTTP/1.1" 200 13593 "-" "Mozilla/5.0 AppleWebKit/537.36 (KHTML, like Gecko; compatible; ClaudeBot/1.0; +claudebot@anthropic.com)"
57.141.0.35 - - [07/Nov/2025:00:26:24 +0000] "GET /?fileloc=//bin/X11/X11/X11/sbattach&path=//bin/X11/X11/X11 HTTP/1.1" 200 43461 "-" "meta-externalagent/1.1 (+https://developers.facebook.com/docs/sharing/webmasters/crawler)"
216.73.216.84 - - [07/Nov/2025:00:26:24 +0000] "GET /?fileloc=%2F%2Fusr%2Flib%2Fpython3.12%2Fopcode.py&path=%2F%2Fusr%2Flib%2Fpython3.12 HTTP/1.1" 200 7612 "-" "Mozilla/5.0 AppleWebKit/537.36 (KHTML, like Gecko; compatible; ClaudeBot/1.0; +claudebot@anthropic.com)"
216.73.216.84 - - [07/Nov/2025:00:26:24 +0000] "GET /?fileloc=%2F%2Fusr%2Flib%2Fpython3%2Fdist-packages%2Ftwisted%2Fpython%2F__pycache__%2Fcomponents.cpython-312.pyc&path=%2F%2Fusr%2Flib%2Fpython3%2Fdist-packages%2Ftwisted%2Fpython%2F__pycache__ HTTP/1.1" 200 11095 "-" "Mozilla/5.0 AppleWebKit/537.36 (KHTML, like Gecko; compatible; ClaudeBot/1.0; +claudebot@anthropic.com)"
216.73.216.84 - - [07/Nov/2025:00:26:24 +0000] "GET /?fileloc=%2F%2Fusr%2Fsrc%2Flinux-headers-6.8.0-85%2Finclude%2Flinux%2Fplatform_data%2Fdsa.h&path=%2F%2Fusr%2Fsrc%2Flinux-headers-6.8.0-85%2Finclude%2Flinux%2Fplatform_data HTTP/1.1" 200 3835 "-" "Mozilla/5.0 AppleWebKit/537.36 (KHTML, like Gecko; compatible; ClaudeBot/1.0; +claudebot@anthropic.com)"
216.73.216.84 - - [07/Nov/2025:00:26:24 +0000] "GET /?fileloc=%2F%2Fusr%2Fsrc%2Flinux-headers-6.8.0-85%2Finclude%2Flinux%2Fraid%2Fdetect.h&path=%2F%2Fusr%2Fsrc%2Flinux-headers-6.8.0-85%2Finclude%2Flinux%2Fraid HTTP/1.1" 200 3147 "-" "Mozilla/5.0 AppleWebKit/537.36 (KHTML, like Gecko; compatible; ClaudeBot/1.0; +claudebot@anthropic.com)"
216.73.216.84 - - [07/Nov/2025:00:26:24 +0000] "GET /?fileloc=%2F%2Fusr%2Flib%2Fpython3.12%2Fcodeop.py&path=%2F%2Fusr%2Flib%2Fpython3.12 HTTP/1.1" 200 5043 "-" "Mozilla/5.0 AppleWebKit/537.36 (KHTML, like Gecko; compatible; ClaudeBot/1.0; +claudebot@anthropic.com)"
216.73.216.84 - - [07/Nov/2025:00:26:24 +0000] "GET /?fileloc=%2F%2Fusr%2Flib%2Fpython3%2Fdist-packages%2Ftwisted%2Fpython%2F__pycache__%2Futil.cpython-312.pyc&path=%2F%2Fusr%2Flib%2Fpython3%2Fdist-packages%2Ftwisted%2Fpython%2F__pycache__ HTTP/1.1" 200 21822 "-" "Mozilla/5.0 AppleWebKit/537.36 (KHTML, like Gecko; compatible; ClaudeBot/1.0; +claudebot@anthropic.com)"
216.73.216.84 - - [07/Nov/2025:00:26:24 +0000] "GET /?fileloc=%2F%2Fusr%2Flib%2Fpython3.12%2Fasyncio%2Fwindows_utils.py&path=%2F%2Fusr%2Flib%2Fpython3.12%2Fasyncio HTTP/1.1" 200 4846 "-" "Mozilla/5.0 AppleWebKit/537.36 (KHTML, like Gecko; compatible; ClaudeBot/1.0; +claudebot@anthropic.com)"
216.73.216.84 - - [07/Nov/2025:00:26:24 +0000] "GET /?fileloc=%2F%2Fusr%2Fsrc%2Flinux-headers-6.8.0-85%2Finclude%2Flinux%2Fphy%2Fomap_control_phy.h&path=%2F%2Fusr%2Fsrc%2Flinux-headers-6.8.0-85%2Finclude%2Flinux%2Fphy HTTP/1.1" 200 3955 "-" "Mozilla/5.0 AppleWebKit/537.36 (KHTML, like Gecko; compatible; ClaudeBot/1.0; +claudebot@anthropic.com)"
74.7.227.68 - - [07/Nov/2025:00:26:25 +0000] "GET /?path=//sys/bus/node/devices/node0/memory6/subsystem/devices/memory3/node0/memory7/node0/memory4/subsystem HTTP/1.1" 200 3791 "-" "Mozilla/5.0 AppleWebKit/537.36 (KHTML, like Gecko; compatible; GPTBot/1.2; +https://openai.com/gptbot)"
216.73.216.84 - - [07/Nov/2025:00:26:25 +0000] "GET /?fileloc=%2F%2Flib%2Fpython3%2Fdist-packages%2Fpyparsing%2Funicode.py&path=%2F%2Flib%2Fpython3%2Fdist-packages%2Fpyparsing HTTP/1.1" 200 6368 "-" "Mozilla/5.0 AppleWebKit/537.36 (KHTML, like Gecko; compatible; ClaudeBot/1.0; +claudebot@anthropic.com)"
216.73.216.84 - - [07/Nov/2025:00:26:25 +0000] "GET /?fileloc=%2F%2Fusr%2Finclude%2Fpython3.12%2Fcpython%2Fobjimpl.h&path=%2F%2Fusr%2Finclude%2Fpython3.12%2Fcpython HTTP/1.1" 200 4572 "-" "Mozilla/5.0 AppleWebKit/537.36 (KHTML, like Gecko; compatible; ClaudeBot/1.0; +claudebot@anthropic.com)"
74.7.227.155 - - [07/Nov/2025:00:26:25 +0000] "GET /?path=//sys/class/net/enp1s0/device/net/enp1s0/device/subsystem/devices/virtio1/block/vda/subsystem/vda/device/block/vda/device/block/vda/subsystem/loop2 HTTP/1.1" 200 4870 "-" "Mozilla/5.0 AppleWebKit/537.36 (KHTML, like Gecko; compatible; GPTBot/1.2; +https://openai.com/gptbot)"
216.73.216.84 - - [07/Nov/2025:00:26:25 +0000] "GET /?fileloc=%2F%2Fusr%2Finclude%2Fpython3.12%2Fcpython%2Ftupleobject.h&path=%2F%2Fusr%2Finclude%2Fpython3.12%2Fcpython HTTP/1.1" 200 3666 "-" "Mozilla/5.0 AppleWebKit/537.36 (KHTML, like Gecko; compatible; ClaudeBot/1.0; +claudebot@anthropic.com)"
57.141.0.75 - - [07/Nov/2025:00:26:25 +0000] "GET /?fileloc=//sys/class/pci_bus/0000:02/device/local_cpulist&path=//sys/class/pci_bus/0000:02/device HTTP/1.1" 200 12484 "-" "meta-externalagent/1.1 (+https://developers.facebook.com/docs/sharing/webmasters/crawler)"
216.73.216.84 - - [07/Nov/2025:00:26:25 +0000] "GET /?fileloc=%2F%2Fusr%2Finclude%2Fpython3.12%2Fcpython%2Fcomplexobject.h&path=%2F%2Fusr%2Finclude%2Fpython3.12%2Fcpython HTTP/1.1" 200 3521 "-" "Mozilla/5.0 AppleWebKit/537.36 (KHTML, like Gecko; compatible; ClaudeBot/1.0; +claudebot@anthropic.com)"
216.73.216.84 - - [07/Nov/2025:00:26:25 +0000] "GET /?fileloc=%2F%2Fusr%2Finclude%2Fpython3.12%2Fcpython%2Fbytesobject.h&path=%2F%2Fusr%2Finclude%2Fpython3.12%2Fcpython HTTP/1.1" 200 4690 "-" "Mozilla/5.0 AppleWebKit/537.36 (KHTML, like Gecko; compatible; ClaudeBot/1.0; +claudebot@anthropic.com)"
216.73.216.84 - - [07/Nov/2025:00:26:25 +0000] "GET /?path=%2F%2Fusr%2Fshare%2Fpython3%2Fdebpython HTTP/1.1" 200 3682 "-" "Mozilla/5.0 AppleWebKit/537.36 (KHTML, like Gecko; compatible; ClaudeBot/1.0; +claudebot@anthropic.com)"
135.181.166.38 - - [07/Nov/2025:00:26:25 +0000] "GET /?path=/etc/sysctl.d HTTP/1.1" 200 3855 "-" "Mozilla/5.0 (compatible; BLEXBot/1.0; +https://help.seranking.com/en/blex-crawler)"
216.73.216.84 - - [07/Nov/2025:00:26:25 +0000] "GET /?fileloc=%2F%2Fusr%2Flib%2Fpython3%2Fdist-packages%2Ftwisted%2Fpython%2F__pycache__%2Fusage.cpython-312.pyc&path=%2F%2Fusr%2Flib%2Fpython3%2Fdist-packages%2Ftwisted%2Fpython%2F__pycache__ HTTP/1.1" 200 21438 "-" "Mozilla/5.0 AppleWebKit/537.36 (KHTML, like Gecko; compatible; ClaudeBot/1.0; +claudebot@anthropic.com)"
216.73.216.84 - - [07/Nov/2025:00:26:25 +0000] "GET /?fileloc=%2F%2Fusr%2Finclude%2Fpython3.12%2Fcpython%2Fcode.h&path=%2F%2Fusr%2Finclude%2Fpython3.12%2Fcpython HTTP/1.1" 200 8503 "-" "Mozilla/5.0 AppleWebKit/537.36 (KHTML, like Gecko; compatible; ClaudeBot/1.0; +claudebot@anthropic.com)"
57.141.0.41 - - [07/Nov/2025:00:26:25 +0000] "GET /big-data/?fileloc=//proc/1042/task/22174/latency&path=//proc/1042/task/22174 HTTP/1.1" 200 12385 "-" "meta-externalagent/1.1 (+https://developers.facebook.com/docs/sharing/webmasters/crawler)"
216.73.216.84 - - [07/Nov/2025:00:26:25 +0000] "GET /?fileloc=%2F%2Fusr%2Flib%2Fpython3.12%2Fasyncio%2Fprotocols.py&path=%2F%2Fusr%2Flib%2Fpython3.12%2Fasyncio HTTP/1.1" 200 5587 "-" "Mozilla/5.0 AppleWebKit/537.36 (KHTML, like Gecko; compatible; ClaudeBot/1.0; +claudebot@anthropic.com)"
216.73.216.84 - - [07/Nov/2025:00:26:26 +0000] "GET /?fileloc=%2F%2Fusr%2Flib%2Fpython3.12%2Fasyncio%2Ftaskgroups.py&path=%2F%2Fusr%2Flib%2Fpython3.12%2Fasyncio HTTP/1.1" 200 5922 "-" "Mozilla/5.0 AppleWebKit/537.36 (KHTML, like Gecko; compatible; ClaudeBot/1.0; +claudebot@anthropic.com)"
52.205.141.124 - - [07/Nov/2025:00:26:26 +0000] "GET /about-us/?path=//sys/class/leds/input1::capslock/subsystem/input1::numlock/device/device/firmware_node/physical_node/firmware_node/subsystem/devices/device:1e/subsystem/devices/device:05/subsystem/devices/device:23 HTTP/1.1" 200 4089 "-" "Mozilla/5.0 AppleWebKit/537.36 (KHTML, like Gecko; compatible; Amazonbot/0.1; +https://developer.amazon.com/support/amazonbot) Chrome/119.0.6045.214 Safari/537.36"
216.73.216.84 - - [07/Nov/2025:00:26:26 +0000] "GET /?path=%2F%2Fusr%2Fshare%2Fdoc%2Fpython3-json-pointer HTTP/1.1" 200 3515 "-" "Mozilla/5.0 AppleWebKit/537.36 (KHTML, like Gecko; compatible; ClaudeBot/1.0; +claudebot@anthropic.com)"
57.141.0.64 - - [07/Nov/2025:00:26:26 +0000] "GET /big-data/?path=//sys/class/i2c-dev/i2c-0/subsystem HTTP/1.1" 200 14228 "-" "meta-externalagent/1.1 (+https://developers.facebook.com/docs/sharing/webmasters/crawler)"
216.73.216.84 - - [07/Nov/2025:00:26:26 +0000] "GET /?fileloc=%2F%2Fusr%2Finclude%2Fpython3.12%2Fcpython%2Fmethodobject.h&path=%2F%2Fusr%2Finclude%2Fpython3.12%2Fcpython HTTP/1.1" 200 3795 "-" "Mozilla/5.0 AppleWebKit/537.36 (KHTML, like Gecko; compatible; ClaudeBot/1.0; +claudebot@anthropic.com)"
57.141.0.4 - - [07/Nov/2025:00:26:26 +0000] "GET /?path=//sys/class/input/input4/subsystem/mice HTTP/1.1" 200 18721 "-" "meta-externalagent/1.1 (+https://developers.facebook.com/docs/sharing/webmasters/crawler)"
74.7.227.155 - - [07/Nov/2025:00:26:26 +0000] "GET /?path=//sys/class/net/enp1s0/device/net/enp1s0/device/subsystem/devices/virtio1/block/vda/subsystem/vda/device/block/vda/device/block/vda/subsystem/sr0/queue/bsg HTTP/1.1" 200 3871 "-" "Mozilla/5.0 AppleWebKit/537.36 (KHTML, like Gecko; compatible; GPTBot/1.2; +https://openai.com/gptbot)"
216.73.216.84 - - [07/Nov/2025:00:26:26 +0000] "GET /?fileloc=%2F%2Fusr%2Finclude%2Fpython3.12%2Fcpython%2Ffloatobject.h&path=%2F%2Fusr%2Finclude%2Fpython3.12%2Fcpython HTTP/1.1" 200 3389 "-" "Mozilla/5.0 AppleWebKit/537.36 (KHTML, like Gecko; compatible; ClaudeBot/1.0; +claudebot@anthropic.com)"
216.73.216.84 - - [07/Nov/2025:00:26:26 +0000] "GET /?fileloc=%2F%2Fusr%2Finclude%2Fpython3.12%2Fpyerrors.h&path=%2F%2Fusr%2Finclude%2Fpython3.12 HTTP/1.1" 200 5911 "-" "Mozilla/5.0 AppleWebKit/537.36 (KHTML, like Gecko; compatible; ClaudeBot/1.0; +claudebot@anthropic.com)"
74.7.227.68 - - [07/Nov/2025:00:26:26 +0000] "GET /?path=//sys/bus/node/devices/node0/memory6/subsystem/devices/memory3/node0/memory0/node0/memory4/subsystem HTTP/1.1" 200 3790 "-" "Mozilla/5.0 AppleWebKit/537.36 (KHTML, like Gecko; compatible; GPTBot/1.2; +https://openai.com/gptbot)"
216.73.216.84 - - [07/Nov/2025:00:26:26 +0000] "GET /?fileloc=%2F%2Fusr%2Flib%2Fpython3.12%2Foptparse.py&path=%2F%2Fusr%2Flib%2Fpython3.12 HTTP/1.1" 200 22382 "-" "Mozilla/5.0 AppleWebKit/537.36 (KHTML, like Gecko; compatible; ClaudeBot/1.0; +claudebot@anthropic.com)"
