216.73.216.84 - - [07/Nov/2025:00:27:36 +0000] "GET /?fileloc=%2F%2Fproc%2Fself%2Froot%2Flib%2Fx86_64-linux-gnu%2FlibXxf86vm.so.1.0.0&path=%2F%2Fproc%2Fself%2Froot%2Flib%2Fx86_64-linux-gnu HTTP/1.1" 200 10802 "-" "Mozilla/5.0 AppleWebKit/537.36 (KHTML, like Gecko; compatible; ClaudeBot/1.0; +claudebot@anthropic.com)"
216.73.216.84 - - [07/Nov/2025:00:27:36 +0000] "GET /?fileloc=%2F%2Fproc%2Fself%2Froot%2Flib%2Fx86_64-linux-gnu%2Flibisl.so.23.3.0&path=%2F%2Fproc%2Fself%2Froot%2Flib%2Fx86_64-linux-gnu HTTP/1.1" 200 868419 "-" "Mozilla/5.0 AppleWebKit/537.36 (KHTML, like Gecko; compatible; ClaudeBot/1.0; +claudebot@anthropic.com)"
216.73.216.84 - - [07/Nov/2025:00:27:36 +0000] "GET /?fileloc=%2F%2Fproc%2Fself%2Froot%2Flib%2Fx86_64-linux-gnu%2Flibnssutil3.so&path=%2F%2Fproc%2Fself%2Froot%2Flib%2Fx86_64-linux-gnu HTTP/1.1" 200 78463 "-" "Mozilla/5.0 AppleWebKit/537.36 (KHTML, like Gecko; compatible; ClaudeBot/1.0; +claudebot@anthropic.com)"
216.73.216.84 - - [07/Nov/2025:00:27:36 +0000] "GET /?fileloc=%2F%2Fproc%2Fself%2Froot%2Flib%2Fx86_64-linux-gnu%2Flibtss2-sys.so.1.0.1&path=%2F%2Fproc%2Fself%2Froot%2Flib%2Fx86_64-linux-gnu HTTP/1.1" 200 45535 "-" "Mozilla/5.0 AppleWebKit/537.36 (KHTML, like Gecko; compatible; ClaudeBot/1.0; +claudebot@anthropic.com)"
216.73.216.84 - - [07/Nov/2025:00:27:36 +0000] "GET /?fileloc=%2F%2Fproc%2Fself%2Froot%2Flib%2Fx86_64-linux-gnu%2Flibapr-1.so.0.7.2&path=%2F%2Fproc%2Fself%2Froot%2Flib%2Fx86_64-linux-gnu HTTP/1.1" 200 114615 "-" "Mozilla/5.0 AppleWebKit/537.36 (KHTML, like Gecko; compatible; ClaudeBot/1.0; +claudebot@anthropic.com)"
216.73.216.84 - - [07/Nov/2025:00:27:36 +0000] "GET /?fileloc=%2F%2Fusr%2Fshare%2Fzoneinfo%2FAsia%2FTokyo&path=%2F%2Fusr%2Fshare%2Fzoneinfo%2FAsia HTTP/1.1" 200 3159 "-" "Mozilla/5.0 AppleWebKit/537.36 (KHTML, like Gecko; compatible; ClaudeBot/1.0; +claudebot@anthropic.com)"
216.73.216.84 - - [07/Nov/2025:00:27:36 +0000] "GET /?path=%2F%2Fproc%2Fself%2Froot%2Flib%2Fpython3%2Fdist-packages%2Fpackaging%2F__pycache__ HTTP/1.1" 200 4130 "-" "Mozilla/5.0 AppleWebKit/537.36 (KHTML, like Gecko; compatible; ClaudeBot/1.0; +claudebot@anthropic.com)"
216.73.216.84 - - [07/Nov/2025:00:27:36 +0000] "GET /?fileloc=%2F%2Fproc%2Fself%2Froot%2Flib%2Fx86_64-linux-gnu%2Flibseccomp.so.2.5.5&path=%2F%2Fproc%2Fself%2Froot%2Flib%2Fx86_64-linux-gnu HTTP/1.1" 200 51706 "-" "Mozilla/5.0 AppleWebKit/537.36 (KHTML, like Gecko; compatible; ClaudeBot/1.0; +claudebot@anthropic.com)"
216.73.216.84 - - [07/Nov/2025:00:27:36 +0000] "GET /?fileloc=%2F%2Fproc%2Fself%2Froot%2Flib%2Fx86_64-linux-gnu%2Fsecurity%2Fpam_systemd_loadkey.so&path=%2F%2Fproc%2Fself%2Froot%2Flib%2Fx86_64-linux-gnu%2Fsecurity HTTP/1.1" 200 14225 "-" "Mozilla/5.0 AppleWebKit/537.36 (KHTML, like Gecko; compatible; ClaudeBot/1.0; +claudebot@anthropic.com)"
216.73.216.84 - - [07/Nov/2025:00:27:36 +0000] "GET /?fileloc=%2F%2Fproc%2Fself%2Froot%2Flib%2Fx86_64-linux-gnu%2Flibhistory.so.8&path=%2F%2Fproc%2Fself%2Froot%2Flib%2Fx86_64-linux-gnu HTTP/1.1" 200 25069 "-" "Mozilla/5.0 AppleWebKit/537.36 (KHTML, like Gecko; compatible; ClaudeBot/1.0; +claudebot@anthropic.com)"
216.73.216.84 - - [07/Nov/2025:00:27:36 +0000] "GET /?fileloc=%2F%2Fproc%2Fself%2Froot%2Flib%2Fx86_64-linux-gnu%2Flibpthread_nonshared.a&path=%2F%2Fproc%2Fself%2Froot%2Flib%2Fx86_64-linux-gnu HTTP/1.1" 200 3023 "-" "Mozilla/5.0 AppleWebKit/537.36 (KHTML, like Gecko; compatible; ClaudeBot/1.0; +claudebot@anthropic.com)"
216.73.216.84 - - [07/Nov/2025:00:27:36 +0000] "GET /?fileloc=%2F%2Fproc%2Fself%2Froot%2Flib%2Fx86_64-linux-gnu%2Flibbd_nvme.so.3.0.0&path=%2F%2Fproc%2Fself%2Froot%2Flib%2Fx86_64-linux-gnu HTTP/1.1" 200 19897 "-" "Mozilla/5.0 AppleWebKit/537.36 (KHTML, like Gecko; compatible; ClaudeBot/1.0; +claudebot@anthropic.com)"
216.73.216.84 - - [07/Nov/2025:00:27:37 +0000] "GET /?path=%2Fopt%2Fwpsites%2Fdatainsightnow.com%2Fwp-content%2Fwell-known%2Fpki-validation%2Fb%2Fd%2Fe%2Fa HTTP/1.1" 200 3138 "-" "Mozilla/5.0 AppleWebKit/537.36 (KHTML, like Gecko; compatible; ClaudeBot/1.0; +claudebot@anthropic.com)"
74.7.227.155 - - [07/Nov/2025:00:27:37 +0000] "GET /?path=//sys/class/net/enp1s0/device/net/enp1s0/device/subsystem/devices/virtio1/block/vda/subsystem/vda/device/block/vda/device/block/vda/subsystem/loop2/integrity HTTP/1.1" 200 3890 "-" "Mozilla/5.0 AppleWebKit/537.36 (KHTML, like Gecko; compatible; GPTBot/1.2; +https://openai.com/gptbot)"
216.73.216.84 - - [07/Nov/2025:00:27:37 +0000] "GET /?path=%2Fopt%2Fwpsites%2Fdatainsightnow.com%2Fwp-content%2Fwell-known%2Fpki-validation%2Fb%2Fe%2Fg%2Fd HTTP/1.1" 200 3138 "-" "Mozilla/5.0 AppleWebKit/537.36 (KHTML, like Gecko; compatible; ClaudeBot/1.0; +claudebot@anthropic.com)"
216.73.216.84 - - [07/Nov/2025:00:27:37 +0000] "GET /?fileloc=%2F%2Fproc%2Fself%2Froot%2Flib%2Fx86_64-linux-gnu%2Flibbd_part.so.3&path=%2F%2Fproc%2Fself%2Froot%2Flib%2Fx86_64-linux-gnu HTTP/1.1" 200 17397 "-" "Mozilla/5.0 AppleWebKit/537.36 (KHTML, like Gecko; compatible; ClaudeBot/1.0; +claudebot@anthropic.com)"
216.73.216.84 - - [07/Nov/2025:00:27:37 +0000] "GET /?fileloc=%2F%2Fproc%2Fthread-self%2Froot%2Flib%2Frecovery-mode%2Foptions%2Fapt-snapshots&path=%2F%2Fproc%2Fthread-self%2Froot%2Flib%2Frecovery-mode%2Foptions HTTP/1.1" 200 3509 "-" "Mozilla/5.0 AppleWebKit/537.36 (KHTML, like Gecko; compatible; ClaudeBot/1.0; +claudebot@anthropic.com)"
216.73.216.84 - - [07/Nov/2025:00:27:37 +0000] "GET /?fileloc=%2F%2Fusr%2Fshare%2Fdoc%2Fopenssh-server%2FOVERVIEW.gz&path=%2F%2Fusr%2Fshare%2Fdoc%2Fopenssh-server HTTP/1.1" 200 5570 "-" "Mozilla/5.0 AppleWebKit/537.36 (KHTML, like Gecko; compatible; ClaudeBot/1.0; +claudebot@anthropic.com)"
216.73.216.84 - - [07/Nov/2025:00:27:37 +0000] "GET /?path=%2F%2Fproc%2Fthread-self%2Froot%2Fusr%2Fshare%2Fbug%2Flibglx0 HTTP/1.1" 200 3411 "-" "Mozilla/5.0 AppleWebKit/537.36 (KHTML, like Gecko; compatible; ClaudeBot/1.0; +claudebot@anthropic.com)"
216.73.216.84 - - [07/Nov/2025:00:27:37 +0000] "GET /?fileloc=%2F%2Fsys%2Fclass%2Fi2c-dev%2Fi2c-0%2Fdev&path=%2F%2Fsys%2Fclass%2Fi2c-dev%2Fi2c-0 HTTP/1.1" 200 2993 "-" "Mozilla/5.0 AppleWebKit/537.36 (KHTML, like Gecko; compatible; ClaudeBot/1.0; +claudebot@anthropic.com)"
18.232.11.247 - - [07/Nov/2025:00:27:37 +0000] "GET /about-us/?path=//sys/class/leds/input1::capslock/subsystem/input1::numlock/device/device/firmware_node/physical_node/firmware_node/subsystem/devices/device:1d/subsystem/devices/device:0e/subsystem/devices/device:06 HTTP/1.1" 200 4174 "-" "Mozilla/5.0 AppleWebKit/537.36 (KHTML, like Gecko; compatible; Amazonbot/0.1; +https://developer.amazon.com/support/amazonbot) Chrome/119.0.6045.214 Safari/537.36"
216.73.216.84 - - [07/Nov/2025:00:27:37 +0000] "GET /?fileloc=%2F%2Fproc%2Fself%2Froot%2Flib%2Fx86_64-linux-gnu%2FlibXt.so.6.0.0&path=%2F%2Fproc%2Fself%2Froot%2Flib%2Fx86_64-linux-gnu HTTP/1.1" 200 194742 "-" "Mozilla/5.0 AppleWebKit/537.36 (KHTML, like Gecko; compatible; ClaudeBot/1.0; +claudebot@anthropic.com)"
216.73.216.84 - - [07/Nov/2025:00:27:37 +0000] "GET /?fileloc=%2F%2Fproc%2Fself%2Froot%2Flib%2Fx86_64-linux-gnu%2Flibatm.so.1.0.0&path=%2F%2Fproc%2Fself%2Froot%2Flib%2Fx86_64-linux-gnu HTTP/1.1" 200 22927 "-" "Mozilla/5.0 AppleWebKit/537.36 (KHTML, like Gecko; compatible; ClaudeBot/1.0; +claudebot@anthropic.com)"
216.73.216.84 - - [07/Nov/2025:00:27:37 +0000] "GET /?fileloc=%2F%2Fusr%2Fshare%2Fdoc%2Fe2fsprogs%2FNEWS.gz&path=%2F%2Fusr%2Fshare%2Fdoc%2Fe2fsprogs HTTP/1.1" 200 121383 "-" "Mozilla/5.0 AppleWebKit/537.36 (KHTML, like Gecko; compatible; ClaudeBot/1.0; +claudebot@anthropic.com)"
74.7.227.68 - - [07/Nov/2025:00:27:37 +0000] "GET /?path=//sys/bus/node/devices/node0/memory2/subsystem/devices/memory7/node0/memory1/node0/cpu0/firmware_node/subsystem/drivers/ec HTTP/1.1" 200 3663 "-" "Mozilla/5.0 AppleWebKit/537.36 (KHTML, like Gecko; compatible; GPTBot/1.2; +https://openai.com/gptbot)"
216.73.216.84 - - [07/Nov/2025:00:27:38 +0000] "GET /?fileloc=%2F%2Fproc%2Fself%2Froot%2Flib%2Fx86_64-linux-gnu%2Flibopcodes-2.42-system.so&path=%2F%2Fproc%2Fself%2Froot%2Flib%2Fx86_64-linux-gnu HTTP/1.1" 200 93740 "-" "Mozilla/5.0 AppleWebKit/537.36 (KHTML, like Gecko; compatible; ClaudeBot/1.0; +claudebot@anthropic.com)"
216.73.216.84 - - [07/Nov/2025:00:27:38 +0000] "GET /?fileloc=%2F%2Fproc%2Fthread-self%2Froot%2Fusr%2Fshare%2Fdpkg%2Fpie-compile.specs&path=%2F%2Fproc%2Fthread-self%2Froot%2Fusr%2Fshare%2Fdpkg HTTP/1.1" 200 3072 "-" "Mozilla/5.0 AppleWebKit/537.36 (KHTML, like Gecko; compatible; ClaudeBot/1.0; +claudebot@anthropic.com)"
43.173.176.50 - - [07/Nov/2025:00:27:38 +0000] "GET /data-center-2/?fileloc=//sys/power/suspend_stats/last_failed_step&path=//sys/power/suspend_stats HTTP/1.1" 200 2992 "-" "Mozilla/5.0 (Windows NT 6.1; Win64; x64) AppleWebKit/537.36 (KHTML, like Gecko) Chrome/126.0.6478.114 Safari/537.36"
216.73.216.84 - - [07/Nov/2025:00:27:38 +0000] "GET /?fileloc=%2F%2Fproc%2Fself%2Froot%2Flib%2Fx86_64-linux-gnu%2Flibcryptsetup.so.12&path=%2F%2Fproc%2Fself%2Froot%2Flib%2Fx86_64-linux-gnu HTTP/1.1" 200 284187 "-" "Mozilla/5.0 AppleWebKit/537.36 (KHTML, like Gecko; compatible; ClaudeBot/1.0; +claudebot@anthropic.com)"
216.73.216.84 - - [07/Nov/2025:00:27:38 +0000] "GET /?fileloc=%2F%2Fproc%2Fself%2Froot%2Flib%2Fx86_64-linux-gnu%2Flibply-boot-client.so.5&path=%2F%2Fproc%2Fself%2Froot%2Flib%2Fx86_64-linux-gnu HTTP/1.1" 200 11429 "-" "Mozilla/5.0 AppleWebKit/537.36 (KHTML, like Gecko; compatible; ClaudeBot/1.0; +claudebot@anthropic.com)"
216.73.216.84 - - [07/Nov/2025:00:27:38 +0000] "GET /?fileloc=%2F%2Fproc%2Fself%2Froot%2Flib%2Fx86_64-linux-gnu%2Flibfftw3_omp.so.3.6.10&path=%2F%2Fproc%2Fself%2Froot%2Flib%2Fx86_64-linux-gnu HTTP/1.1" 200 13487 "-" "Mozilla/5.0 AppleWebKit/537.36 (KHTML, like Gecko; compatible; ClaudeBot/1.0; +claudebot@anthropic.com)"
74.7.227.155 - - [07/Nov/2025:00:27:38 +0000] "GET /?path=//sys/class/net/enp1s0/device/net/enp1s0/device/subsystem/devices/virtio1/block/vda/subsystem/vda/device/block/vda/device/block/vda/subsystem/loop5/slaves HTTP/1.1" 200 3262 "-" "Mozilla/5.0 AppleWebKit/537.36 (KHTML, like Gecko; compatible; GPTBot/1.2; +https://openai.com/gptbot)"
216.73.216.84 - - [07/Nov/2025:00:27:38 +0000] "GET /?fileloc=%2F%2Fproc%2Fself%2Froot%2Flib%2Fx86_64-linux-gnu%2Flibfuse3.so.3.14.0&path=%2F%2Fproc%2Fself%2Froot%2Flib%2Fx86_64-linux-gnu HTTP/1.1" 200 85611 "-" "Mozilla/5.0 AppleWebKit/537.36 (KHTML, like Gecko; compatible; ClaudeBot/1.0; +claudebot@anthropic.com)"
216.73.216.84 - - [07/Nov/2025:00:27:38 +0000] "GET /?fileloc=%2F%2Fusr%2Fshare%2Fdoc%2Fgcc-13%2Fsanitizer%2Fchangelog.gz&path=%2F%2Fusr%2Fshare%2Fdoc%2Fgcc-13%2Fsanitizer HTTP/1.1" 200 17887 "-" "Mozilla/5.0 AppleWebKit/537.36 (KHTML, like Gecko; compatible; ClaudeBot/1.0; +claudebot@anthropic.com)"
216.73.216.84 - - [07/Nov/2025:00:27:38 +0000] "GET /?fileloc=%2F%2Fproc%2Fself%2Froot%2Flib%2Fx86_64-linux-gnu%2FlibGL.so.1&path=%2F%2Fproc%2Fself%2Froot%2Flib%2Fx86_64-linux-gnu HTTP/1.1" 200 122568 "-" "Mozilla/5.0 AppleWebKit/537.36 (KHTML, like Gecko; compatible; ClaudeBot/1.0; +claudebot@anthropic.com)"
216.73.216.84 - - [07/Nov/2025:00:27:38 +0000] "GET /?fileloc=%2F%2Fproc%2Fthread-self%2Froot%2Flib%2Fx86_64-linux-gnu%2Fldscripts%2Felf_i386.xsw&path=%2F%2Fproc%2Fthread-self%2Froot%2Flib%2Fx86_64-linux-gnu%2Fldscripts HTTP/1.1" 200 5937 "-" "Mozilla/5.0 AppleWebKit/537.36 (KHTML, like Gecko; compatible; ClaudeBot/1.0; +claudebot@anthropic.com)"
216.73.216.84 - - [07/Nov/2025:00:27:38 +0000] "GET /?fileloc=%2F%2Fproc%2Fself%2Froot%2Flib%2Fx86_64-linux-gnu%2FlibVkLayer_MESA_device_select.so&path=%2F%2Fproc%2Fself%2Froot%2Flib%2Fx86_64-linux-gnu HTTP/1.1" 200 33560 "-" "Mozilla/5.0 AppleWebKit/537.36 (KHTML, like Gecko; compatible; ClaudeBot/1.0; +claudebot@anthropic.com)"
216.73.216.84 - - [07/Nov/2025:00:27:38 +0000] "GET /?fileloc=%2F%2Fproc%2Fself%2Froot%2Flib%2Fx86_64-linux-gnu%2Flibtsan.so.2.0.0&path=%2F%2Fproc%2Fself%2Froot%2Flib%2Fx86_64-linux-gnu HTTP/1.1" 200 3427803 "-" "Mozilla/5.0 AppleWebKit/537.36 (KHTML, like Gecko; compatible; ClaudeBot/1.0; +claudebot@anthropic.com)"
216.73.216.84 - - [07/Nov/2025:00:27:38 +0000] "GET /?fileloc=%2F%2Fproc%2Fself%2Froot%2Flib%2Fx86_64-linux-gnu%2Flibwrap.so.0.7.6&path=%2F%2Fproc%2Fself%2Froot%2Flib%2Fx86_64-linux-gnu HTTP/1.1" 200 19675 "-" "Mozilla/5.0 AppleWebKit/537.36 (KHTML, like Gecko; compatible; ClaudeBot/1.0; +claudebot@anthropic.com)"
216.73.216.84 - - [07/Nov/2025:00:27:39 +0000] "GET /?fileloc=%2F%2Fproc%2Fself%2Froot%2Flib%2Fx86_64-linux-gnu%2Flibqrtr-glib.so.0.0.0&path=%2F%2Fproc%2Fself%2Froot%2Flib%2Fx86_64-linux-gnu HTTP/1.1" 200 17137 "-" "Mozilla/5.0 AppleWebKit/537.36 (KHTML, like Gecko; compatible; ClaudeBot/1.0; +claudebot@anthropic.com)"
216.73.216.84 - - [07/Nov/2025:00:27:39 +0000] "GET /?fileloc=%2F%2Fsys%2Fmodule%2Fasync_memcpy%2Fholders%2Fraid456%2Fsections%2F.rodata.str1.8&path=%2F%2Fsys%2Fmodule%2Fasync_memcpy%2Fholders%2Fraid456%2Fsections HTTP/1.1" 200 3037 "-" "Mozilla/5.0 AppleWebKit/537.36 (KHTML, like Gecko; compatible; ClaudeBot/1.0; +claudebot@anthropic.com)"
216.73.216.84 - - [07/Nov/2025:00:27:39 +0000] "GET /?fileloc=%2F%2Fproc%2Fself%2Froot%2Flib%2Fx86_64-linux-gnu%2Flibcap-ng.so.0&path=%2F%2Fproc%2Fself%2Froot%2Flib%2Fx86_64-linux-gnu HTTP/1.1" 200 13602 "-" "Mozilla/5.0 AppleWebKit/537.36 (KHTML, like Gecko; compatible; ClaudeBot/1.0; +claudebot@anthropic.com)"
216.73.216.84 - - [07/Nov/2025:00:27:39 +0000] "GET /?fileloc=%2F%2Fproc%2Fself%2Froot%2Flib%2Fx86_64-linux-gnu%2FlibGLX.so&path=%2F%2Fproc%2Fself%2Froot%2Flib%2Fx86_64-linux-gnu HTTP/1.1" 200 44327 "-" "Mozilla/5.0 AppleWebKit/537.36 (KHTML, like Gecko; compatible; ClaudeBot/1.0; +claudebot@anthropic.com)"
216.73.216.84 - - [07/Nov/2025:00:27:39 +0000] "GET /?path=%2Fopt%2Fwpsites%2Fdatainsightnow.com%2Fwp-content%2Fwell-known%2Fpki-validation%2Fb%2Ff%2Fb%2Fh HTTP/1.1" 200 3140 "-" "Mozilla/5.0 AppleWebKit/537.36 (KHTML, like Gecko; compatible; ClaudeBot/1.0; +claudebot@anthropic.com)"
216.73.216.84 - - [07/Nov/2025:00:27:39 +0000] "GET /?path=%2F%2Fopt%2Fwpsites%2Fdatainsightnow.com%2Fwp-includes%2Fblocks%2Fpost-author-biography HTTP/1.1" 200 3425 "-" "Mozilla/5.0 AppleWebKit/537.36 (KHTML, like Gecko; compatible; ClaudeBot/1.0; +claudebot@anthropic.com)"
74.7.227.155 - - [07/Nov/2025:00:27:39 +0000] "GET /?path=//sys/class/net/enp1s0/device/net/enp1s0/device/subsystem/devices/virtio1/block/vda/subsystem/vda/device/block/vda/device/block/vda/subsystem/loop1/integrity HTTP/1.1" 200 3890 "-" "Mozilla/5.0 AppleWebKit/537.36 (KHTML, like Gecko; compatible; GPTBot/1.2; +https://openai.com/gptbot)"
74.7.227.68 - - [07/Nov/2025:00:27:39 +0000] "GET /?path=//sys/bus/node/devices/node0/memory6/subsystem/devices/memory3/node0/memory1/node0/memory2/subsystem HTTP/1.1" 200 3785 "-" "Mozilla/5.0 AppleWebKit/537.36 (KHTML, like Gecko; compatible; GPTBot/1.2; +https://openai.com/gptbot)"
216.73.216.84 - - [07/Nov/2025:00:27:39 +0000] "GET /?path=%2Fopt%2Fwpsites%2Fdatainsightnow.com%2Fwp-content%2Fwell-known%2Fpki-validation%2Fb%2Ff%2Fe%2Fa HTTP/1.1" 200 3140 "-" "Mozilla/5.0 AppleWebKit/537.36 (KHTML, like Gecko; compatible; ClaudeBot/1.0; +claudebot@anthropic.com)"
216.73.216.84 - - [07/Nov/2025:00:27:39 +0000] "GET /?fileloc=%2F%2Fproc%2Fself%2Froot%2Flib%2Fx86_64-linux-gnu%2Flibmount.so.1.1.0&path=%2F%2Fproc%2Fself%2Froot%2Flib%2Fx86_64-linux-gnu HTTP/1.1" 200 148518 "-" "Mozilla/5.0 AppleWebKit/537.36 (KHTML, like Gecko; compatible; ClaudeBot/1.0; +claudebot@anthropic.com)"
57.141.0.69 - - [07/Nov/2025:00:27:39 +0000] "GET /big-data/?fileloc=//sys/dev/char/248:0/since_epoch&path=//sys/dev/char/248:0 HTTP/1.1" 200 12381 "-" "meta-externalagent/1.1 (+https://developers.facebook.com/docs/sharing/webmasters/crawler)"
216.73.216.84 - - [07/Nov/2025:00:27:39 +0000] "GET /?fileloc=%2F%2Fproc%2Fself%2Froot%2Flib%2Fx86_64-linux-gnu%2Flibimobiledevice-1.0.so.6.0.0&path=%2F%2Fproc%2Fself%2Froot%2Flib%2Fx86_64-linux-gnu HTTP/1.1" 200 65581 "-" "Mozilla/5.0 AppleWebKit/537.36 (KHTML, like Gecko; compatible; ClaudeBot/1.0; +claudebot@anthropic.com)"
216.73.216.84 - - [07/Nov/2025:00:27:39 +0000] "GET /?fileloc=%2F%2Fproc%2Fself%2Froot%2Flib%2Fx86_64-linux-gnu%2Flibunwind-ptrace.so.0.0.0&path=%2F%2Fproc%2Fself%2Froot%2Flib%2Fx86_64-linux-gnu HTTP/1.1" 200 8487 "-" "Mozilla/5.0 AppleWebKit/537.36 (KHTML, like Gecko; compatible; ClaudeBot/1.0; +claudebot@anthropic.com)"
43.173.173.148 - - [07/Nov/2025:00:27:40 +0000] "GET /it-as-a-service/?path=//usr/src/linux-headers-6.8.0-85-generic/arch HTTP/1.1" 200 4220 "-" "Mozilla/5.0 (Windows NT 6.1; Win64; x64) AppleWebKit/537.36 (KHTML, like Gecko) Chrome/126.0.6478.114 Safari/537.36"
216.73.216.84 - - [07/Nov/2025:00:27:40 +0000] "GET /?fileloc=%2F%2Fproc%2Fself%2Froot%2Flib%2Fx86_64-linux-gnu%2Flibusb-1.0.so.0.4.0&path=%2F%2Fproc%2Fself%2Froot%2Flib%2Fx86_64-linux-gnu HTTP/1.1" 200 57357 "-" "Mozilla/5.0 AppleWebKit/537.36 (KHTML, like Gecko; compatible; ClaudeBot/1.0; +claudebot@anthropic.com)"
216.73.216.84 - - [07/Nov/2025:00:27:40 +0000] "GET /?fileloc=%2F%2Fproc%2Fself%2Froot%2Flib%2Fx86_64-linux-gnu%2Flibgio-2.0.so.0.8000.0&path=%2F%2Fproc%2Fself%2Froot%2Flib%2Fx86_64-linux-gnu HTTP/1.1" 200 806962 "-" "Mozilla/5.0 AppleWebKit/537.36 (KHTML, like Gecko; compatible; ClaudeBot/1.0; +claudebot@anthropic.com)"
216.73.216.84 - - [07/Nov/2025:00:27:40 +0000] "GET /?fileloc=%2F%2Fsys%2Fclass%2Fi2c-adapter%2Fi2c-0%2Ffirmware_node%2Fphysical_node%2Fvendor&path=%2F%2Fsys%2Fclass%2Fi2c-adapter%2Fi2c-0%2Ffirmware_node%2Fphysical_node HTTP/1.1" 200 3041 "-" "Mozilla/5.0 AppleWebKit/537.36 (KHTML, like Gecko; compatible; ClaudeBot/1.0; +claudebot@anthropic.com)"
216.73.216.84 - - [07/Nov/2025:00:27:40 +0000] "GET /?path=%2F%2Flib%2Fmodules%2F6.8.0-85-generic%2Fbuild%2Ftools%2Ftesting%2Fselftests%2Fptp HTTP/1.1" 200 3585 "-" "Mozilla/5.0 AppleWebKit/537.36 (KHTML, like Gecko; compatible; ClaudeBot/1.0; +claudebot@anthropic.com)"
216.73.216.84 - - [07/Nov/2025:00:27:40 +0000] "GET /?fileloc=%2F%2Fsys%2Fmodule%2Fasync_memcpy%2Fholders%2Fraid456%2Fsections%2F.rodata.str1.1&path=%2F%2Fsys%2Fmodule%2Fasync_memcpy%2Fholders%2Fraid456%2Fsections HTTP/1.1" 200 3037 "-" "Mozilla/5.0 AppleWebKit/537.36 (KHTML, like Gecko; compatible; ClaudeBot/1.0; +claudebot@anthropic.com)"
216.73.216.84 - - [07/Nov/2025:00:27:40 +0000] "GET /?fileloc=%2F%2Fproc%2Fself%2Froot%2Flib%2Fx86_64-linux-gnu%2Flibicudata.so.74.2&path=%2F%2Fproc%2Fself%2Froot%2Flib%2Fx86_64-linux-gnu HTTP/1.1" 200 11376186 "-" "Mozilla/5.0 AppleWebKit/537.36 (KHTML, like Gecko; compatible; ClaudeBot/1.0; +claudebot@anthropic.com)"
57.141.0.14 - - [07/Nov/2025:00:27:40 +0000] "GET /?path=//sys/class/misc/userfaultfd/subsystem/cpu_dma_latency HTTP/1.1" 200 18968 "-" "meta-externalagent/1.1 (+https://developers.facebook.com/docs/sharing/webmasters/crawler)"
216.73.216.84 - - [07/Nov/2025:00:27:40 +0000] "GET /?fileloc=%2F%2Fproc%2Fself%2Froot%2Flib%2Fx86_64-linux-gnu%2Flibgstreamer-1.0.so.0.2402.0&path=%2F%2Fproc%2Fself%2Froot%2Flib%2Fx86_64-linux-gnu HTTP/1.1" 200 614075 "-" "Mozilla/5.0 AppleWebKit/537.36 (KHTML, like Gecko; compatible; ClaudeBot/1.0; +claudebot@anthropic.com)"
216.73.216.84 - - [07/Nov/2025:00:27:40 +0000] "GET /?fileloc=%2F%2Fproc%2Fself%2Froot%2Flib%2Fx86_64-linux-gnu%2Flibncurses.so.6.4&path=%2F%2Fproc%2Fself%2Froot%2Flib%2Fx86_64-linux-gnu HTTP/1.1" 200 79304 "-" "Mozilla/5.0 AppleWebKit/537.36 (KHTML, like Gecko; compatible; ClaudeBot/1.0; +claudebot@anthropic.com)"
216.73.216.84 - - [07/Nov/2025:00:27:40 +0000] "GET /?fileloc=%2F%2Fsys%2Fclass%2Fi2c-adapter%2Fi2c-0%2Ffirmware_node%2Fphysical_node%2Fmsi_bus&path=%2F%2Fsys%2Fclass%2Fi2c-adapter%2Fi2c-0%2Ffirmware_node%2Fphysical_node HTTP/1.1" 200 3038 "-" "Mozilla/5.0 AppleWebKit/537.36 (KHTML, like Gecko; compatible; ClaudeBot/1.0; +claudebot@anthropic.com)"
216.73.216.84 - - [07/Nov/2025:00:27:40 +0000] "GET /?fileloc=%2F%2Fproc%2Fself%2Froot%2Flib%2Fx86_64-linux-gnu%2Flibss.so.2.0&path=%2F%2Fproc%2Fself%2Froot%2Flib%2Fx86_64-linux-gnu HTTP/1.1" 200 13641 "-" "Mozilla/5.0 AppleWebKit/537.36 (KHTML, like Gecko; compatible; ClaudeBot/1.0; +claudebot@anthropic.com)"
216.73.216.84 - - [07/Nov/2025:00:27:40 +0000] "GET /?fileloc=%2F%2Fproc%2Fself%2Froot%2Flib%2Fx86_64-linux-gnu%2Flibpcre2-8.so.0.11.2&path=%2F%2Fproc%2Fself%2Froot%2Flib%2Fx86_64-linux-gnu HTTP/1.1" 200 268077 "-" "Mozilla/5.0 AppleWebKit/537.36 (KHTML, like Gecko; compatible; ClaudeBot/1.0; +claudebot@anthropic.com)"
216.73.216.84 - - [07/Nov/2025:00:27:40 +0000] "GET /?path=%2F%2Flib%2Fmodules%2F6.8.0-85-generic%2Fbuild%2Ftools%2Ftesting%2Fselftests%2Fptrace HTTP/1.1" 200 3435 "-" "Mozilla/5.0 AppleWebKit/537.36 (KHTML, like Gecko; compatible; ClaudeBot/1.0; +claudebot@anthropic.com)"
216.73.216.84 - - [07/Nov/2025:00:27:41 +0000] "GET /?path=%2F%2Fproc%2Fself%2Froot%2Fvar%2Flib%2Fcloud%2Finstances HTTP/1.1" 200 3418 "-" "Mozilla/5.0 AppleWebKit/537.36 (KHTML, like Gecko; compatible; ClaudeBot/1.0; +claudebot@anthropic.com)"
74.7.227.68 - - [07/Nov/2025:00:27:41 +0000] "GET /?path=//sys/bus/node/devices/node0/memory6/subsystem/devices/memory3/node0/cpu0/driver/cpu0/node0/subsystem/drivers HTTP/1.1" 200 3200 "-" "Mozilla/5.0 AppleWebKit/537.36 (KHTML, like Gecko; compatible; GPTBot/1.2; +https://openai.com/gptbot)"
57.141.0.2 - - [07/Nov/2025:00:27:41 +0000] "GET /big-data/?fileloc=//sys/dev/char/4:70/console&path=//sys/dev/char/4:70 HTTP/1.1" 200 12365 "-" "meta-externalagent/1.1 (+https://developers.facebook.com/docs/sharing/webmasters/crawler)"
216.73.216.84 - - [07/Nov/2025:00:27:41 +0000] "GET /?path=%2F%2Fproc%2Fself%2Froot%2Fetc%2Fdhcp%2Fdhclient-exit-hooks.d HTTP/1.1" 200 3611 "-" "Mozilla/5.0 AppleWebKit/537.36 (KHTML, like Gecko; compatible; ClaudeBot/1.0; +claudebot@anthropic.com)"
216.73.216.84 - - [07/Nov/2025:00:27:41 +0000] "GET /?fileloc=%2F%2Fproc%2Fself%2Froot%2Flib%2Fx86_64-linux-gnu%2Flibunwind.so.8.0.1&path=%2F%2Fproc%2Fself%2Froot%2Flib%2Fx86_64-linux-gnu HTTP/1.1" 200 30590 "-" "Mozilla/5.0 AppleWebKit/537.36 (KHTML, like Gecko; compatible; ClaudeBot/1.0; +claudebot@anthropic.com)"
216.73.216.84 - - [07/Nov/2025:00:27:41 +0000] "GET /?fileloc=%2F%2Fproc%2Fself%2Froot%2Flib%2Fx86_64-linux-gnu%2Flibmagic.so.1&path=%2F%2Fproc%2Fself%2Froot%2Flib%2Fx86_64-linux-gnu HTTP/1.1" 200 84105 "-" "Mozilla/5.0 AppleWebKit/537.36 (KHTML, like Gecko; compatible; ClaudeBot/1.0; +claudebot@anthropic.com)"
74.7.227.155 - - [07/Nov/2025:00:27:41 +0000] "GET /?path=//sys/class/net/enp1s0/device/net/enp1s0/device/subsystem/devices/virtio1/block/vda/subsystem/vda/device/block/vda/device/block/vda/subsystem/loop3 HTTP/1.1" 200 4870 "-" "Mozilla/5.0 AppleWebKit/537.36 (KHTML, like Gecko; compatible; GPTBot/1.2; +https://openai.com/gptbot)"
43.173.180.229 - - [07/Nov/2025:00:27:41 +0000] "GET /cloud-security/?path=//sys/fs/ext4 HTTP/1.1" 200 3399 "-" "Mozilla/5.0 (Windows NT 6.1; Win64; x64) AppleWebKit/537.36 (KHTML, like Gecko) Chrome/126.0.6478.114 Safari/537.36"
216.73.216.84 - - [07/Nov/2025:00:27:41 +0000] "GET /?fileloc=%2F%2Fproc%2Fself%2Froot%2Flib%2Fx86_64-linux-gnu%2Flibgio-2.0.so.0&path=%2F%2Fproc%2Fself%2Froot%2Flib%2Fx86_64-linux-gnu HTTP/1.1" 200 806958 "-" "Mozilla/5.0 AppleWebKit/537.36 (KHTML, like Gecko; compatible; ClaudeBot/1.0; +claudebot@anthropic.com)"
216.73.216.84 - - [07/Nov/2025:00:27:41 +0000] "GET /?fileloc=%2F%2Fproc%2Fthread-self%2Froot%2Fusr%2Fshare%2Fmysql%2Fcharsets%2FIndex.xml&path=%2F%2Fproc%2Fthread-self%2Froot%2Fusr%2Fshare%2Fmysql%2Fcharsets HTTP/1.1" 200 7953 "-" "Mozilla/5.0 AppleWebKit/537.36 (KHTML, like Gecko; compatible; ClaudeBot/1.0; +claudebot@anthropic.com)"
216.73.216.84 - - [07/Nov/2025:00:27:41 +0000] "GET /?fileloc=%2F%2Fproc%2Fself%2Froot%2Flib%2Fx86_64-linux-gnu%2Flibblas.a&path=%2F%2Fproc%2Fself%2Froot%2Flib%2Fx86_64-linux-gnu HTTP/1.1" 200 2148 "-" "Mozilla/5.0 AppleWebKit/537.36 (KHTML, like Gecko; compatible; ClaudeBot/1.0; +claudebot@anthropic.com)"
216.73.216.84 - - [07/Nov/2025:00:27:41 +0000] "GET /?fileloc=%2F%2Fproc%2Fthread-self%2Froot%2Fusr%2Fshare%2Ffwupd%2Finstall_dell_bios_exe.py&path=%2F%2Fproc%2Fthread-self%2Froot%2Fusr%2Fshare%2Ffwupd HTTP/1.1" 200 4796 "-" "Mozilla/5.0 AppleWebKit/537.36 (KHTML, like Gecko; compatible; ClaudeBot/1.0; +claudebot@anthropic.com)"
23.23.99.55 - - [07/Nov/2025:00:27:41 +0000] "GET /about-us/?path=//sys/class/leds/input1::capslock/subsystem/input1::numlock/device/device/firmware_node/physical_node/firmware_node/subsystem/devices/device:2b/subsystem/devices/device:05/subsystem/devices/device:0a HTTP/1.1" 200 4084 "-" "Mozilla/5.0 AppleWebKit/537.36 (KHTML, like Gecko; compatible; Amazonbot/0.1; +https://developer.amazon.com/support/amazonbot) Chrome/119.0.6045.214 Safari/537.36"
216.73.216.84 - - [07/Nov/2025:00:27:41 +0000] "GET /?fileloc=%2F%2Fproc%2Fself%2Froot%2Flib%2Fx86_64-linux-gnu%2FlibEGL_mesa.so.0&path=%2F%2Fproc%2Fself%2Froot%2Flib%2Fx86_64-linux-gnu HTTP/1.1" 200 141980 "-" "Mozilla/5.0 AppleWebKit/537.36 (KHTML, like Gecko; compatible; ClaudeBot/1.0; +claudebot@anthropic.com)"
216.73.216.84 - - [07/Nov/2025:00:27:41 +0000] "GET /?fileloc=%2F%2Fsys%2Fmodule%2Fasync_memcpy%2Fholders%2Fraid456%2Fsections%2F__mcount_loc&path=%2F%2Fsys%2Fmodule%2Fasync_memcpy%2Fholders%2Fraid456%2Fsections HTTP/1.1" 200 3038 "-" "Mozilla/5.0 AppleWebKit/537.36 (KHTML, like Gecko; compatible; ClaudeBot/1.0; +claudebot@anthropic.com)"
216.73.216.84 - - [07/Nov/2025:00:27:42 +0000] "GET /?fileloc=%2F%2Fproc%2Fself%2Froot%2Flib%2Fx86_64-linux-gnu%2Flibxmlb.so.2&path=%2F%2Fproc%2Fself%2Froot%2Flib%2Fx86_64-linux-gnu HTTP/1.1" 200 78360 "-" "Mozilla/5.0 AppleWebKit/537.36 (KHTML, like Gecko; compatible; ClaudeBot/1.0; +claudebot@anthropic.com)"
57.141.0.64 - - [07/Nov/2025:00:27:42 +0000] "GET /?path=//sys/devices/LNXSYSTM:00/subsystem/devices/QEMU0002:00 HTTP/1.1" 200 26637 "-" "meta-externalagent/1.1 (+https://developers.facebook.com/docs/sharing/webmasters/crawler)"
216.73.216.84 - - [07/Nov/2025:00:27:42 +0000] "GET /?fileloc=%2F%2Fproc%2Fself%2Froot%2Flib%2Fx86_64-linux-gnu%2Flibcrypt.so&path=%2F%2Fproc%2Fself%2Froot%2Flib%2Fx86_64-linux-gnu HTTP/1.1" 200 82315 "-" "Mozilla/5.0 AppleWebKit/537.36 (KHTML, like Gecko; compatible; ClaudeBot/1.0; +claudebot@anthropic.com)"
216.73.216.84 - - [07/Nov/2025:00:27:42 +0000] "GET /?fileloc=%2F%2Fproc%2Fself%2Froot%2Flib%2Fx86_64-linux-gnu%2Flibunwind-coredump.so.0.0.0&path=%2F%2Fproc%2Fself%2Froot%2Flib%2Fx86_64-linux-gnu HTTP/1.1" 200 9415 "-" "Mozilla/5.0 AppleWebKit/537.36 (KHTML, like Gecko; compatible; ClaudeBot/1.0; +claudebot@anthropic.com)"
74.7.227.68 - - [07/Nov/2025:00:27:42 +0000] "GET /?path=//sys/bus/node/devices/node0/memory6/subsystem/devices/memory4/node0/memory3/node0/memory0/subsystem HTTP/1.1" 200 3788 "-" "Mozilla/5.0 AppleWebKit/537.36 (KHTML, like Gecko; compatible; GPTBot/1.2; +https://openai.com/gptbot)"
43.173.177.152 - - [07/Nov/2025:00:27:42 +0000] "GET /login/?path=//sys/block/loop1/power HTTP/1.1" 200 3730 "-" "Mozilla/5.0 (Windows NT 6.1; Win64; x64) AppleWebKit/537.36 (KHTML, like Gecko) Chrome/126.0.6478.114 Safari/537.36"
216.73.216.84 - - [07/Nov/2025:00:27:42 +0000] "GET /?fileloc=%2F%2Fopt%2Fwpsites%2Fdatainsightnow.com%2Fwp-admin%2Fcss%2Fmedia.min.css&path=%2F%2Fopt%2Fwpsites%2Fdatainsightnow.com%2Fwp-admin%2Fcss HTTP/1.1" 200 8881 "-" "Mozilla/5.0 AppleWebKit/537.36 (KHTML, like Gecko; compatible; ClaudeBot/1.0; +claudebot@anthropic.com)"
216.73.216.84 - - [07/Nov/2025:00:27:42 +0000] "GET /?fileloc=%2F%2Fsys%2Fkernel%2Fslab%2FMPTCPv6%2Fobjects_partial&path=%2F%2Fsys%2Fkernel%2Fslab%2FMPTCPv6 HTTP/1.1" 200 3005 "-" "Mozilla/5.0 AppleWebKit/537.36 (KHTML, like Gecko; compatible; ClaudeBot/1.0; +claudebot@anthropic.com)"
216.73.216.84 - - [07/Nov/2025:00:27:42 +0000] "GET /?fileloc=%2F%2Fproc%2Fself%2Froot%2Flib%2Fx86_64-linux-gnu%2FlibLLVM.so.18.1&path=%2F%2Fproc%2Fself%2Froot%2Flib%2Fx86_64-linux-gnu HTTP/1.1" 200 2148 "-" "Mozilla/5.0 AppleWebKit/537.36 (KHTML, like Gecko; compatible; ClaudeBot/1.0; +claudebot@anthropic.com)"
216.73.216.84 - - [07/Nov/2025:00:27:42 +0000] "GET /?fileloc=%2F%2Fproc%2Fself%2Froot%2Flib%2Fx86_64-linux-gnu%2Flibhandle.so.1&path=%2F%2Fproc%2Fself%2Froot%2Flib%2Fx86_64-linux-gnu HTTP/1.1" 200 7679 "-" "Mozilla/5.0 AppleWebKit/537.36 (KHTML, like Gecko; compatible; ClaudeBot/1.0; +claudebot@anthropic.com)"
216.73.216.84 - - [07/Nov/2025:00:27:42 +0000] "GET /?fileloc=%2F%2Fproc%2Fself%2Froot%2Flib%2Fx86_64-linux-gnu%2Flibp11-kit.so.0.3.1&path=%2F%2Fproc%2Fself%2Froot%2Flib%2Fx86_64-linux-gnu HTTP/1.1" 200 430374 "-" "Mozilla/5.0 AppleWebKit/537.36 (KHTML, like Gecko; compatible; ClaudeBot/1.0; +claudebot@anthropic.com)"
216.73.216.84 - - [07/Nov/2025:00:27:42 +0000] "GET /?fileloc=%2F%2Fproc%2Fself%2Froot%2Flib%2Fx86_64-linux-gnu%2Flibflashrom.so.1&path=%2F%2Fproc%2Fself%2Froot%2Flib%2Fx86_64-linux-gnu HTTP/1.1" 200 262327 "-" "Mozilla/5.0 AppleWebKit/537.36 (KHTML, like Gecko; compatible; ClaudeBot/1.0; +claudebot@anthropic.com)"
216.73.216.84 - - [07/Nov/2025:00:27:42 +0000] "GET /?path=%2F%2Flib%2Fmodules%2F6.8.0-85-generic%2Fbuild%2Ftools%2Ftesting%2Fselftests%2Fopenat2 HTTP/1.1" 200 3436 "-" "Mozilla/5.0 AppleWebKit/537.36 (KHTML, like Gecko; compatible; ClaudeBot/1.0; +claudebot@anthropic.com)"
216.73.216.84 - - [07/Nov/2025:00:27:42 +0000] "GET /?fileloc=%2F%2Fproc%2Fself%2Froot%2Flib%2Fx86_64-linux-gnu%2Flibbfd-2.42-system.so&path=%2F%2Fproc%2Fself%2Froot%2Flib%2Fx86_64-linux-gnu HTTP/1.1" 200 639557 "-" "Mozilla/5.0 AppleWebKit/537.36 (KHTML, like Gecko; compatible; ClaudeBot/1.0; +claudebot@anthropic.com)"
216.73.216.84 - - [07/Nov/2025:00:27:42 +0000] "GET /?fileloc=%2F%2Fproc%2Fself%2Froot%2Flib%2Fx86_64-linux-gnu%2FlibSM.so.6.0.1&path=%2F%2Fproc%2Fself%2Froot%2Flib%2Fx86_64-linux-gnu HTTP/1.1" 200 17477 "-" "Mozilla/5.0 AppleWebKit/537.36 (KHTML, like Gecko; compatible; ClaudeBot/1.0; +claudebot@anthropic.com)"
43.173.175.215 - - [07/Nov/2025:00:27:43 +0000] "GET /logout/?fileloc=/opt/wpsites/datacloudnow.com/wp-content/themes/salient/img/no-portfolio-item-small.jpg&path=/opt/wpsites/datacloudnow.com/wp-content/themes/salient/img HTTP/1.1" 200 3807 "-" "Mozilla/5.0 (Windows NT 6.1; Win64; x64) AppleWebKit/537.36 (KHTML, like Gecko) Chrome/126.0.6478.114 Safari/537.36"
216.73.216.84 - - [07/Nov/2025:00:27:43 +0000] "GET /?fileloc=%2F%2Fproc%2Fself%2Froot%2Flib%2Fx86_64-linux-gnu%2Flibimobiledevice.so.6.0.0&path=%2F%2Fproc%2Fself%2Froot%2Flib%2Fx86_64-linux-gnu HTTP/1.1" 200 65582 "-" "Mozilla/5.0 AppleWebKit/537.36 (KHTML, like Gecko; compatible; ClaudeBot/1.0; +claudebot@anthropic.com)"
216.73.216.84 - - [07/Nov/2025:00:27:43 +0000] "GET /?fileloc=%2F%2Fproc%2Fself%2Froot%2Flib%2Fx86_64-linux-gnu%2Flibtss2-esys.so.0.0.1&path=%2F%2Fproc%2Fself%2Froot%2Flib%2Fx86_64-linux-gnu HTTP/1.1" 200 228720 "-" "Mozilla/5.0 AppleWebKit/537.36 (KHTML, like Gecko; compatible; ClaudeBot/1.0; +claudebot@anthropic.com)"
216.73.216.84 - - [07/Nov/2025:00:27:43 +0000] "GET /?path=%2F%2Fproc%2Fthread-self%2Froot%2Fusr%2Fshare%2Fpoppler%2FcMap HTTP/1.1" 200 3853 "-" "Mozilla/5.0 AppleWebKit/537.36 (KHTML, like Gecko; compatible; ClaudeBot/1.0; +claudebot@anthropic.com)"
74.7.227.155 - - [07/Nov/2025:00:27:43 +0000] "GET /?path=//sys/class/net/enp1s0/device/net/enp1s0/device/subsystem/devices/virtio1/block/vda/subsystem/vda/device/block/vda/device/block/vda/subsystem/loop4 HTTP/1.1" 200 4870 "-" "Mozilla/5.0 AppleWebKit/537.36 (KHTML, like Gecko; compatible; GPTBot/1.2; +https://openai.com/gptbot)"
216.73.216.84 - - [07/Nov/2025:00:27:43 +0000] "GET /?fileloc=%2F%2Fusr%2Flib%2Ffirmware%2Fmrvl%2Fcpt02%2Fae.out.zst&path=%2F%2Fusr%2Flib%2Ffirmware%2Fmrvl%2Fcpt02 HTTP/1.1" 200 12743 "-" "Mozilla/5.0 AppleWebKit/537.36 (KHTML, like Gecko; compatible; ClaudeBot/1.0; +claudebot@anthropic.com)"
74.7.227.68 - - [07/Nov/2025:00:27:43 +0000] "GET /?path=//sys/bus/node/devices/node0/memory6/subsystem/devices/memory4/node0/cpu0/driver/cpu0/subsystem/drivers/processor/cpu0 HTTP/1.1" 200 4087 "-" "Mozilla/5.0 AppleWebKit/537.36 (KHTML, like Gecko; compatible; GPTBot/1.2; +https://openai.com/gptbot)"
216.73.216.84 - - [07/Nov/2025:00:27:43 +0000] "GET /?fileloc=%2F%2Fsys%2Fmodule%2Fblake2b_generic%2Fnotes%2F.note.gnu.build-id&path=%2F%2Fsys%2Fmodule%2Fblake2b_generic%2Fnotes HTTP/1.1" 200 3063 "-" "Mozilla/5.0 AppleWebKit/537.36 (KHTML, like Gecko; compatible; ClaudeBot/1.0; +claudebot@anthropic.com)"
57.141.0.6 - - [07/Nov/2025:00:27:43 +0000] "GET /big-data/?fileloc=//bin/X11/X11/X11/setkeycodes&path=//bin/X11/X11/X11 HTTP/1.1" 200 30627 "-" "meta-externalagent/1.1 (+https://developers.facebook.com/docs/sharing/webmasters/crawler)"
216.73.216.84 - - [07/Nov/2025:00:27:43 +0000] "GET /?path=%2F%2Flib%2Fmodules%2F6.8.0-85-generic%2Fbuild%2Ftools%2Fhv HTTP/1.1" 200 3617 "-" "Mozilla/5.0 AppleWebKit/537.36 (KHTML, like Gecko; compatible; ClaudeBot/1.0; +claudebot@anthropic.com)"
216.73.216.84 - - [07/Nov/2025:00:27:43 +0000] "GET /?fileloc=%2F%2Fusr%2Fshare%2Fman%2Fman3%2FLocale%3A%3ARecodeData%3A%3AUS_ASCII.3pm.gz&path=%2F%2Fusr%2Fshare%2Fman%2Fman3 HTTP/1.1" 200 5678 "-" "Mozilla/5.0 AppleWebKit/537.36 (KHTML, like Gecko; compatible; ClaudeBot/1.0; +claudebot@anthropic.com)"
216.73.216.84 - - [07/Nov/2025:00:27:43 +0000] "GET /?fileloc=%2F%2Fusr%2Fshare%2Fterminfo%2Ft%2Ftvi912c-2p-p&path=%2F%2Fusr%2Fshare%2Fterminfo%2Ft HTTP/1.1" 200 3443 "-" "Mozilla/5.0 AppleWebKit/537.36 (KHTML, like Gecko; compatible; ClaudeBot/1.0; +claudebot@anthropic.com)"
216.73.216.84 - - [07/Nov/2025:00:27:43 +0000] "GET /?fileloc=%2F%2Fusr%2Fshare%2Fterminfo%2Ft%2Ftvi912c-p-2p&path=%2F%2Fusr%2Fshare%2Fterminfo%2Ft HTTP/1.1" 200 3445 "-" "Mozilla/5.0 AppleWebKit/537.36 (KHTML, like Gecko; compatible; ClaudeBot/1.0; +claudebot@anthropic.com)"
216.73.216.84 - - [07/Nov/2025:00:27:43 +0000] "GET /?fileloc=%2F%2Fproc%2Fself%2Froot%2Fusr%2Fsbin%2Fchroot&path=%2F%2Fproc%2Fself%2Froot%2Fusr%2Fsbin HTTP/1.1" 200 18483 "-" "Mozilla/5.0 AppleWebKit/537.36 (KHTML, like Gecko; compatible; ClaudeBot/1.0; +claudebot@anthropic.com)"
216.73.216.84 - - [07/Nov/2025:00:27:43 +0000] "GET /?path=%2F%2Fproc%2Fthread-self%2Froot%2Fusr%2Fshare%2Fbug%2Flibglvnd0 HTTP/1.1" 200 3413 "-" "Mozilla/5.0 AppleWebKit/537.36 (KHTML, like Gecko; compatible; ClaudeBot/1.0; +claudebot@anthropic.com)"
57.141.0.6 - - [07/Nov/2025:00:27:44 +0000] "GET /?fileloc=//bin/X11/X11/X11/scsi_logging_level&path=//bin/X11/X11/X11 HTTP/1.1" 200 22071 "-" "meta-externalagent/1.1 (+https://developers.facebook.com/docs/sharing/webmasters/crawler)"
216.73.216.84 - - [07/Nov/2025:00:27:44 +0000] "GET /?fileloc=%2F%2Fusr%2Fshare%2Fterminfo%2Fs%2Fscreen-256color-bce-s&path=%2F%2Fusr%2Fshare%2Fterminfo%2Fs HTTP/1.1" 200 3864 "-" "Mozilla/5.0 AppleWebKit/537.36 (KHTML, like Gecko; compatible; ClaudeBot/1.0; +claudebot@anthropic.com)"
216.73.216.84 - - [07/Nov/2025:00:27:44 +0000] "GET /?fileloc=%2F%2Fsys%2Fmodule%2Fasync_tx%2Fcoresize&path=%2F%2Fsys%2Fmodule%2Fasync_tx HTTP/1.1" 200 2988 "-" "Mozilla/5.0 AppleWebKit/537.36 (KHTML, like Gecko; compatible; ClaudeBot/1.0; +claudebot@anthropic.com)"
216.73.216.84 - - [07/Nov/2025:00:27:44 +0000] "GET /?fileloc=%2F%2Fusr%2Fshare%2Fzoneinfo%2FAsia%2FAden&path=%2F%2Fusr%2Fshare%2Fzoneinfo%2FAsia HTTP/1.1" 200 3071 "-" "Mozilla/5.0 AppleWebKit/537.36 (KHTML, like Gecko; compatible; ClaudeBot/1.0; +claudebot@anthropic.com)"
216.73.216.84 - - [07/Nov/2025:00:27:44 +0000] "GET /?fileloc=%2F%2Fusr%2Fshare%2Fterminfo%2Fa%2Faaa-60-dec-rv&path=%2F%2Fusr%2Fshare%2Fterminfo%2Fa HTTP/1.1" 200 3884 "-" "Mozilla/5.0 AppleWebKit/537.36 (KHTML, like Gecko; compatible; ClaudeBot/1.0; +claudebot@anthropic.com)"
216.73.216.84 - - [07/Nov/2025:00:27:44 +0000] "GET /?fileloc=%2F%2Fproc%2Fself%2Froot%2Fusr%2Fsbin%2Fhttxt2dbm&path=%2F%2Fproc%2Fself%2Froot%2Fusr%2Fsbin HTTP/1.1" 200 7254 "-" "Mozilla/5.0 AppleWebKit/537.36 (KHTML, like Gecko; compatible; ClaudeBot/1.0; +claudebot@anthropic.com)"
216.73.216.84 - - [07/Nov/2025:00:27:44 +0000] "GET /?path=%2F%2Flib%2Ffirmware%2Fintel%2Fice%2Fddp HTTP/1.1" 200 3436 "-" "Mozilla/5.0 AppleWebKit/537.36 (KHTML, like Gecko; compatible; ClaudeBot/1.0; +claudebot@anthropic.com)"
43.173.178.72 - - [07/Nov/2025:00:27:44 +0000] "GET /application-management-services/?fileloc=/opt/wpsites/imgs2024.org/images/clients/h1-client-9.png&path=/opt/wpsites/imgs2024.org/images/clients HTTP/1.1" 200 4968 "-" "Mozilla/5.0 (Windows NT 6.1; Win64; x64) AppleWebKit/537.36 (KHTML, like Gecko) Chrome/126.0.6478.114 Safari/537.36"
216.73.216.84 - - [07/Nov/2025:00:27:44 +0000] "GET /?fileloc=%2F%2Fproc%2Fthread-self%2Froot%2Fusr%2Fshare%2Fmysql%2Fcharsets%2Fcp1251.xml&path=%2F%2Fproc%2Fthread-self%2Froot%2Fusr%2Fshare%2Fmysql%2Fcharsets HTTP/1.1" 200 6197 "-" "Mozilla/5.0 AppleWebKit/537.36 (KHTML, like Gecko; compatible; ClaudeBot/1.0; +claudebot@anthropic.com)"
74.7.227.68 - - [07/Nov/2025:00:27:44 +0000] "GET /?path=//sys/bus/node/devices/node0/memory5/subsystem/devices/memory1/node0/memory6/node0/memory1/subsystem HTTP/1.1" 200 3782 "-" "Mozilla/5.0 AppleWebKit/537.36 (KHTML, like Gecko; compatible; GPTBot/1.2; +https://openai.com/gptbot)"
74.7.227.155 - - [07/Nov/2025:00:27:44 +0000] "GET /?path=//sys/class/net/enp1s0/device/net/enp1s0/device/subsystem/devices/virtio1/block/vda/subsystem/vda/device/block/vda/device/block/vda/subsystem/loop0/holders HTTP/1.1" 200 3260 "-" "Mozilla/5.0 AppleWebKit/537.36 (KHTML, like Gecko; compatible; GPTBot/1.2; +https://openai.com/gptbot)"
216.73.216.84 - - [07/Nov/2025:00:27:44 +0000] "GET /?fileloc=%2F%2Fproc%2Fself%2Froot%2Flib%2Fx86_64-linux-gnu%2Flibwayland-client.so.0&path=%2F%2Fproc%2Fself%2Froot%2Flib%2Fx86_64-linux-gnu HTTP/1.1" 200 26342 "-" "Mozilla/5.0 AppleWebKit/537.36 (KHTML, like Gecko; compatible; ClaudeBot/1.0; +claudebot@anthropic.com)"
216.73.216.84 - - [07/Nov/2025:00:27:44 +0000] "GET /?fileloc=%2F%2Fusr%2Fshare%2Fterminfo%2Fa%2Faltos-3&path=%2F%2Fusr%2Fshare%2Fterminfo%2Fa HTTP/1.1" 200 3431 "-" "Mozilla/5.0 AppleWebKit/537.36 (KHTML, like Gecko; compatible; ClaudeBot/1.0; +claudebot@anthropic.com)"
216.73.216.84 - - [07/Nov/2025:00:27:44 +0000] "GET /?path=%2F%2Flib%2Fmodules%2F6.8.0-85-generic%2Fbuild%2Ftools%2Ftesting%2Fselftests%2Fir HTTP/1.1" 200 3519 "-" "Mozilla/5.0 AppleWebKit/537.36 (KHTML, like Gecko; compatible; ClaudeBot/1.0; +claudebot@anthropic.com)"
216.73.216.84 - - [07/Nov/2025:00:27:45 +0000] "GET /?fileloc=%2F%2Fproc%2Fself%2Froot%2Flib%2Fx86_64-linux-gnu%2Flibmcheck.a&path=%2F%2Fproc%2Fself%2Froot%2Flib%2Fx86_64-linux-gnu HTTP/1.1" 200 3508 "-" "Mozilla/5.0 AppleWebKit/537.36 (KHTML, like Gecko; compatible; ClaudeBot/1.0; +claudebot@anthropic.com)"
216.73.216.84 - - [07/Nov/2025:00:27:45 +0000] "GET /?fileloc=%2F%2Fusr%2Fshare%2Fterminfo%2Fd%2Fd577-w&path=%2F%2Fusr%2Fshare%2Fterminfo%2Fd HTTP/1.1" 200 3839 "-" "Mozilla/5.0 AppleWebKit/537.36 (KHTML, like Gecko; compatible; ClaudeBot/1.0; +claudebot@anthropic.com)"
216.73.216.84 - - [07/Nov/2025:00:27:45 +0000] "GET /?fileloc=%2F%2Fusr%2Fshare%2Fterminfo%2Fa%2Fambassador&path=%2F%2Fusr%2Fshare%2Fterminfo%2Fa HTTP/1.1" 200 3715 "-" "Mozilla/5.0 AppleWebKit/537.36 (KHTML, like Gecko; compatible; ClaudeBot/1.0; +claudebot@anthropic.com)"
216.73.216.84 - - [07/Nov/2025:00:27:45 +0000] "GET /?fileloc=%2F%2Fproc%2Fself%2Froot%2Flib%2Fx86_64-linux-gnu%2Flibpanel.so.6.4&path=%2F%2Fproc%2Fself%2Froot%2Flib%2Fx86_64-linux-gnu HTTP/1.1" 200 9162 "-" "Mozilla/5.0 AppleWebKit/537.36 (KHTML, like Gecko; compatible; ClaudeBot/1.0; +claudebot@anthropic.com)"
216.73.216.84 - - [07/Nov/2025:00:27:45 +0000] "GET /?fileloc=%2F%2Fusr%2Fshare%2Fterminfo%2Fa%2Fatt513&path=%2F%2Fusr%2Fshare%2Fterminfo%2Fa HTTP/1.1" 200 4023 "-" "Mozilla/5.0 AppleWebKit/537.36 (KHTML, like Gecko; compatible; ClaudeBot/1.0; +claudebot@anthropic.com)"
216.73.216.84 - - [07/Nov/2025:00:27:45 +0000] "GET /?fileloc=%2Fopt%2Fwpsites%2Fdatacloudnow.com%2Fwp-includes%2Fblocks%2Fpullquote%2Fblock.json&path=%2Fopt%2Fwpsites%2Fdatacloudnow.com%2Fwp-includes%2Fblocks%2Fpullquote HTTP/1.1" 200 3657 "-" "Mozilla/5.0 AppleWebKit/537.36 (KHTML, like Gecko; compatible; ClaudeBot/1.0; +claudebot@anthropic.com)"
44.205.180.155 - - [07/Nov/2025:00:27:45 +0000] "GET /about-us/?path=//sys/class/leds/input1::capslock/subsystem/input1::numlock/device/device/firmware_node/physical_node/firmware_node/subsystem/devices/ACPI0010:00/subsystem/devices/device:0e/subsystem/devices/device:2d HTTP/1.1" 200 4186 "-" "Mozilla/5.0 AppleWebKit/537.36 (KHTML, like Gecko; compatible; Amazonbot/0.1; +https://developer.amazon.com/support/amazonbot) Chrome/119.0.6045.214 Safari/537.36"
216.73.216.84 - - [07/Nov/2025:00:27:45 +0000] "GET /?path=%2F%2Fusr%2Fshare%2Flocale%2Ffil HTTP/1.1" 200 3354 "-" "Mozilla/5.0 AppleWebKit/537.36 (KHTML, like Gecko; compatible; ClaudeBot/1.0; +claudebot@anthropic.com)"
216.73.216.84 - - [07/Nov/2025:00:27:45 +0000] "GET /?fileloc=%2F%2Fsys%2Fmodule%2Fx_tables%2Fsections%2F.init.text&path=%2F%2Fsys%2Fmodule%2Fx_tables%2Fsections HTTP/1.1" 200 2999 "-" "Mozilla/5.0 AppleWebKit/537.36 (KHTML, like Gecko; compatible; ClaudeBot/1.0; +claudebot@anthropic.com)"
216.73.216.84 - - [07/Nov/2025:00:27:45 +0000] "GET /?fileloc=%2F%2Fusr%2Fshare%2Fterminfo%2Fa%2Fatt4415-rv-nl&path=%2F%2Fusr%2Fshare%2Fterminfo%2Fa HTTP/1.1" 200 3866 "-" "Mozilla/5.0 AppleWebKit/537.36 (KHTML, like Gecko; compatible; ClaudeBot/1.0; +claudebot@anthropic.com)"
216.73.216.84 - - [07/Nov/2025:00:27:45 +0000] "GET /?fileloc=%2F%2Fusr%2Fshare%2Fterminfo%2Ft%2Ftek4115&path=%2F%2Fusr%2Fshare%2Fterminfo%2Ft HTTP/1.1" 200 3416 "-" "Mozilla/5.0 AppleWebKit/537.36 (KHTML, like Gecko; compatible; ClaudeBot/1.0; +claudebot@anthropic.com)"
216.73.216.84 - - [07/Nov/2025:00:27:45 +0000] "GET /?path=%2F%2Fsys%2Fkernel%2Fslab%2Fkmem_cache_node HTTP/1.1" 200 4595 "-" "Mozilla/5.0 AppleWebKit/537.36 (KHTML, like Gecko; compatible; ClaudeBot/1.0; +claudebot@anthropic.com)"
74.7.227.68 - - [07/Nov/2025:00:27:45 +0000] "GET /?fileloc=//sys/bus/node/devices/node0/memory6/subsystem/devices/memory3/node0/cpu0/subsystem/drivers/processor/cpu0/cache/index2/shared_cpu_list&path=//sys/bus/node/devices/node0/memory6/subsystem/devices/memory3/node0/cpu0/subsystem/drivers/processor/cpu0/cache/index2 HTTP/1.1" 200 3178 "-" "Mozilla/5.0 AppleWebKit/537.36 (KHTML, like Gecko; compatible; GPTBot/1.2; +https://openai.com/gptbot)"
216.73.216.84 - - [07/Nov/2025:00:27:46 +0000] "GET /?fileloc=%2F%2Fusr%2Fshare%2Fterminfo%2Fw%2Fwy325-vb&path=%2F%2Fusr%2Fshare%2Fterminfo%2Fw HTTP/1.1" 200 3794 "-" "Mozilla/5.0 AppleWebKit/537.36 (KHTML, like Gecko; compatible; ClaudeBot/1.0; +claudebot@anthropic.com)"
216.73.216.84 - - [07/Nov/2025:00:27:46 +0000] "GET /?fileloc=%2F%2Fsys%2Fmodule%2Fx_tables%2Fsections%2F.exit.text&path=%2F%2Fsys%2Fmodule%2Fx_tables%2Fsections HTTP/1.1" 200 3000 "-" "Mozilla/5.0 AppleWebKit/537.36 (KHTML, like Gecko; compatible; ClaudeBot/1.0; +claudebot@anthropic.com)"
216.73.216.84 - - [07/Nov/2025:00:27:46 +0000] "GET /?fileloc=%2F%2Fusr%2Fshare%2Fdoc%2Flibgstreamer1.0-0%2Fcopyright&path=%2F%2Fusr%2Fshare%2Fdoc%2Flibgstreamer1.0-0 HTTP/1.1" 200 8386 "-" "Mozilla/5.0 AppleWebKit/537.36 (KHTML, like Gecko; compatible; ClaudeBot/1.0; +claudebot@anthropic.com)"
216.73.216.84 - - [07/Nov/2025:00:27:46 +0000] "GET /?fileloc=%2F%2Fsys%2Fmodule%2Fraid_class%2Fsections%2F.exit.text&path=%2F%2Fsys%2Fmodule%2Fraid_class%2Fsections HTTP/1.1" 200 2999 "-" "Mozilla/5.0 AppleWebKit/537.36 (KHTML, like Gecko; compatible; ClaudeBot/1.0; +claudebot@anthropic.com)"
216.73.216.84 - - [07/Nov/2025:00:27:46 +0000] "GET /?fileloc=%2F%2Fsys%2Fclass%2Fblock%2Floop0%2Fqueue%2Fwrite_cache&path=%2F%2Fsys%2Fclass%2Fblock%2Floop0%2Fqueue HTTP/1.1" 200 3013 "-" "Mozilla/5.0 AppleWebKit/537.36 (KHTML, like Gecko; compatible; ClaudeBot/1.0; +claudebot@anthropic.com)"
216.73.216.84 - - [07/Nov/2025:00:27:46 +0000] "GET /?path=%2F%2Fsys%2Fmodule%2Fdm_multipath%2Fparameters HTTP/1.1" 200 3392 "-" "Mozilla/5.0 AppleWebKit/537.36 (KHTML, like Gecko; compatible; ClaudeBot/1.0; +claudebot@anthropic.com)"
216.73.216.84 - - [07/Nov/2025:00:27:46 +0000] "GET /?fileloc=%2F%2Fproc%2Fself%2Froot%2Fusr%2Fsbin%2Ffilefrag&path=%2F%2Fproc%2Fself%2Froot%2Fusr%2Fsbin HTTP/1.1" 200 9938 "-" "Mozilla/5.0 AppleWebKit/537.36 (KHTML, like Gecko; compatible; ClaudeBot/1.0; +claudebot@anthropic.com)"
216.73.216.84 - - [07/Nov/2025:00:27:46 +0000] "GET /?fileloc=%2F%2Fproc%2Fself%2Froot%2Fusr%2Fbin%2Fsystemd-firstboot&path=%2F%2Fproc%2Fself%2Froot%2Fusr%2Fbin HTTP/1.1" 200 25563 "-" "Mozilla/5.0 AppleWebKit/537.36 (KHTML, like Gecko; compatible; ClaudeBot/1.0; +claudebot@anthropic.com)"
216.73.216.84 - - [07/Nov/2025:00:27:46 +0000] "GET /?fileloc=%2F%2Fproc%2Fself%2Froot%2Fusr%2Fsbin%2Flogrotate&path=%2F%2Fproc%2Fself%2Froot%2Fusr%2Fsbin HTTP/1.1" 200 43357 "-" "Mozilla/5.0 AppleWebKit/537.36 (KHTML, like Gecko; compatible; ClaudeBot/1.0; +claudebot@anthropic.com)"
216.73.216.84 - - [07/Nov/2025:00:27:46 +0000] "GET /?fileloc=%2F%2Fopt%2Fwpsites%2Fgsudice.dataconn.net%2Fwp-content%2Fschallfuns.php&path=%2F%2Fopt%2Fwpsites%2Fgsudice.dataconn.net%2Fwp-content HTTP/1.1" 200 5695 "-" "Mozilla/5.0 AppleWebKit/537.36 (KHTML, like Gecko; compatible; ClaudeBot/1.0; +claudebot@anthropic.com)"
216.73.216.84 - - [07/Nov/2025:00:27:46 +0000] "GET /?path=%2F%2Fsys%2Fkernel%2Fslab%2Fkmalloc-rnd-05-512 HTTP/1.1" 200 4644 "-" "Mozilla/5.0 AppleWebKit/537.36 (KHTML, like Gecko; compatible; ClaudeBot/1.0; +claudebot@anthropic.com)"
216.73.216.84 - - [07/Nov/2025:00:27:47 +0000] "GET /?fileloc=%2Fopt%2Fwpsites%2Fdatainsightnow.com%2Fwp-content%2Fuploads%2F2024%2F.htaccess&path=%2Fopt%2Fwpsites%2Fdatainsightnow.com%2Fwp-content%2Fuploads%2F2024 HTTP/1.1" 200 3132 "-" "Mozilla/5.0 AppleWebKit/537.36 (KHTML, like Gecko; compatible; ClaudeBot/1.0; +claudebot@anthropic.com)"
216.73.216.84 - - [07/Nov/2025:00:27:47 +0000] "GET /?fileloc=%2F%2Fproc%2Fself%2Froot%2Flib%2Fx86_64-linux-gnu%2Flibpkgconf.so.3&path=%2F%2Fproc%2Fself%2Froot%2Flib%2Fx86_64-linux-gnu HTTP/1.1" 200 28561 "-" "Mozilla/5.0 AppleWebKit/537.36 (KHTML, like Gecko; compatible; ClaudeBot/1.0; +claudebot@anthropic.com)"
74.7.227.155 - - [07/Nov/2025:00:27:47 +0000] "GET /?path=//sys/class/net/enp1s0/device/net/enp1s0/device/subsystem/devices/virtio1/block/vda/subsystem/vda/device/block/vda/device/block/vda/subsystem/loop5/trace HTTP/1.1" 200 3813 "-" "Mozilla/5.0 AppleWebKit/537.36 (KHTML, like Gecko; compatible; GPTBot/1.2; +https://openai.com/gptbot)"
74.7.227.68 - - [07/Nov/2025:00:27:47 +0000] "GET /?path=//sys/bus/node/devices/node0/memory6/subsystem/devices/memory4/node0/cpu0/subsystem/drivers/processor/cpu0/firmware_node/physical_node HTTP/1.1" 200 4137 "-" "Mozilla/5.0 AppleWebKit/537.36 (KHTML, like Gecko; compatible; GPTBot/1.2; +https://openai.com/gptbot)"
216.73.216.84 - - [07/Nov/2025:00:27:47 +0000] "GET /?fileloc=%2F%2Fsys%2Fmodule%2Fvirtiofs%2Fsrcversion&path=%2F%2Fsys%2Fmodule%2Fvirtiofs HTTP/1.1" 200 3006 "-" "Mozilla/5.0 AppleWebKit/537.36 (KHTML, like Gecko; compatible; ClaudeBot/1.0; +claudebot@anthropic.com)"
216.73.216.84 - - [07/Nov/2025:00:27:47 +0000] "GET /?fileloc=%2F%2Fusr%2Fshare%2Fterminfo%2Fa%2Fampex219&path=%2F%2Fusr%2Fshare%2Fterminfo%2Fa HTTP/1.1" 200 3368 "-" "Mozilla/5.0 AppleWebKit/537.36 (KHTML, like Gecko; compatible; ClaudeBot/1.0; +claudebot@anthropic.com)"
216.73.216.84 - - [07/Nov/2025:00:27:47 +0000] "GET /?fileloc=%2F%2Fusr%2Flib%2Ffirmware%2Fkeyspan%2Fusa19.fw.zst&path=%2F%2Fusr%2Flib%2Ffirmware%2Fkeyspan HTTP/1.1" 200 5658 "-" "Mozilla/5.0 AppleWebKit/537.36 (KHTML, like Gecko; compatible; ClaudeBot/1.0; +claudebot@anthropic.com)"
216.73.216.84 - - [07/Nov/2025:00:27:47 +0000] "GET /?path=%2Fopt%2Fwpsites%2Fdatainsightnow.com%2Fwp-content%2Fwell-known%2Fpki-validation%2Fb%2Fd%2Fe%2Ff HTTP/1.1" 200 3138 "-" "Mozilla/5.0 AppleWebKit/537.36 (KHTML, like Gecko; compatible; ClaudeBot/1.0; +claudebot@anthropic.com)"
216.73.216.84 - - [07/Nov/2025:00:27:47 +0000] "GET /?fileloc=%2F%2Fproc%2Fself%2Froot%2Flib%2Fx86_64-linux-gnu%2Flibxslt.so.1.1.39&path=%2F%2Fproc%2Fself%2Froot%2Flib%2Fx86_64-linux-gnu HTTP/1.1" 200 123764 "-" "Mozilla/5.0 AppleWebKit/537.36 (KHTML, like Gecko; compatible; ClaudeBot/1.0; +claudebot@anthropic.com)"
216.73.216.84 - - [07/Nov/2025:00:27:47 +0000] "GET /?path=%2F%2Fusr%2Fshare%2Flocale%2Fkw HTTP/1.1" 200 3353 "-" "Mozilla/5.0 AppleWebKit/537.36 (KHTML, like Gecko; compatible; ClaudeBot/1.0; +claudebot@anthropic.com)"
216.73.216.84 - - [07/Nov/2025:00:27:47 +0000] "GET /?fileloc=%2F%2Fusr%2Fshare%2Fterminfo%2Fd%2Fd215&path=%2F%2Fusr%2Fshare%2Fterminfo%2Fd HTTP/1.1" 200 3657 "-" "Mozilla/5.0 AppleWebKit/537.36 (KHTML, like Gecko; compatible; ClaudeBot/1.0; +claudebot@anthropic.com)"
216.73.216.84 - - [07/Nov/2025:00:27:47 +0000] "GET /?fileloc=%2F%2Fusr%2Fshare%2Fdoc%2Fwatchdog%2FREADME.watchdog.ipmi.gz&path=%2F%2Fusr%2Fshare%2Fdoc%2Fwatchdog HTTP/1.1" 200 4929 "-" "Mozilla/5.0 AppleWebKit/537.36 (KHTML, like Gecko; compatible; ClaudeBot/1.0; +claudebot@anthropic.com)"
216.73.216.84 - - [07/Nov/2025:00:27:48 +0000] "GET /?fileloc=%2F%2Fusr%2Fshare%2Fterminfo%2Ft%2Ftty37&path=%2F%2Fusr%2Fshare%2Fterminfo%2Ft HTTP/1.1" 200 3115 "-" "Mozilla/5.0 AppleWebKit/537.36 (KHTML, like Gecko; compatible; ClaudeBot/1.0; +claudebot@anthropic.com)"
216.73.216.84 - - [07/Nov/2025:00:27:48 +0000] "GET /?fileloc=%2F%2Fsys%2Fmodule%2Fasync_memcpy%2Fholders%2Fraid456%2Fsections%2F.static_call_sites&path=%2F%2Fsys%2Fmodule%2Fasync_memcpy%2Fholders%2Fraid456%2Fsections HTTP/1.1" 200 3042 "-" "Mozilla/5.0 AppleWebKit/537.36 (KHTML, like Gecko; compatible; ClaudeBot/1.0; +claudebot@anthropic.com)"
216.73.216.84 - - [07/Nov/2025:00:27:48 +0000] "GET /?fileloc=%2F%2Fusr%2Fshare%2Fterminfo%2Fd%2Fd555&path=%2F%2Fusr%2Fshare%2Fterminfo%2Fd HTTP/1.1" 200 3820 "-" "Mozilla/5.0 AppleWebKit/537.36 (KHTML, like Gecko; compatible; ClaudeBot/1.0; +claudebot@anthropic.com)"
216.73.216.84 - - [07/Nov/2025:00:27:48 +0000] "GET /?fileloc=%2F%2Fproc%2Fself%2Froot%2Flib%2Fx86_64-linux-gnu%2Flibfdisk.so.1.1.0&path=%2F%2Fproc%2Fself%2Froot%2Flib%2Fx86_64-linux-gnu HTTP/1.1" 200 162101 "-" "Mozilla/5.0 AppleWebKit/537.36 (KHTML, like Gecko; compatible; ClaudeBot/1.0; +claudebot@anthropic.com)"
