196.251.83.100 - - [06/Nov/2025:08:33:53 +0000] "POST /xmlrpc.php HTTP/1.1" 301 178 "-" "Mozilla/5.0 (iPhone; CPU iPhone OS 17_2 like Mac OS X) AppleWebKit/605.1.15 (KHTML, like Gecko) Version/17.2 Mobile/15E148 Safari/604.1"
196.251.83.100 - - [06/Nov/2025:08:33:53 +0000] "POST /xmlrpc.php HTTP/1.1" 301 178 "-" "Mozilla/5.0 (Linux; Android 13; Pixel 7) AppleWebKit/537.36 (KHTML, like Gecko) Chrome/119.0.0.0 Mobile Safari/537.36"
196.251.83.100 - - [06/Nov/2025:08:33:54 +0000] "POST /xmlrpc.php HTTP/1.1" 301 178 "-" "Mozilla/5.0 (Windows NT 11.0; Win64; x64) AppleWebKit/537.36 (KHTML, like Gecko) Chrome/120.0.0.0 Safari/537.36"
188.143.244.135 - - [06/Nov/2025:08:33:54 +0000] "GET /big-data/?path=/opt/wpsites/datacloudnow.com/wp-includes HTTP/1.1" 301 178 "-" "Mozilla/5.0 X11; Ubuntu; Linux x86_64; rv:126.0 Gecko/20100101 Firefox/126.0"
188.143.244.135 - - [06/Nov/2025:08:34:02 +0000] "GET /big-data/?fileloc=/opt/wpsites/datacloudnow.com/wp-signup.php&path=/opt/wpsites/datacloudnow.com HTTP/1.1" 301 178 "-" "Mozilla/5.0 X11; Ubuntu; Linux x86_64; rv:126.0 Gecko/20100101 Firefox/126.0"
196.251.83.100 - - [06/Nov/2025:08:34:03 +0000] "POST /xmlrpc.php HTTP/1.1" 301 178 "-" "Mozilla/5.0 (Windows NT 11.0; Win64; x64) AppleWebKit/537.36 (KHTML, like Gecko) Chrome/121.0.0.0 Safari/537.36"
196.251.83.100 - - [06/Nov/2025:08:34:04 +0000] "POST /xmlrpc.php HTTP/1.1" 301 178 "-" "Mozilla/5.0 (Macintosh; Intel Mac OS X 14_2_1) AppleWebKit/537.36 (KHTML, like Gecko) Chrome/120.0.0.0 Safari/537.36"
188.143.244.135 - - [06/Nov/2025:08:34:05 +0000] "GET /remote-workforce-solution/?fileloc=/opt/wpsites/datacloudnow.com/readme.html&path=/opt/wpsites/datacloudnow.com HTTP/1.1" 301 178 "-" "Mozilla/5.0 X11; Ubuntu; Linux x86_64; rv:126.0 Gecko/20100101 Firefox/126.0"
196.251.83.100 - - [06/Nov/2025:08:34:06 +0000] "POST /xmlrpc.php HTTP/1.1" 301 178 "-" "Mozilla/5.0 (X11; Ubuntu; Linux x86_64; rv:121.0) Gecko/20100101 Firefox/121.0"
196.251.83.100 - - [06/Nov/2025:08:34:08 +0000] "POST /xmlrpc.php HTTP/1.1" 301 178 "-" "Mozilla/5.0 (Windows NT 10.0; Win64; x64; rv:120.0) Gecko/20100101 Firefox/120.0"
188.143.244.135 - - [06/Nov/2025:08:34:09 +0000] "GET /terms-conditions/?fileloc=/opt/wpsites/datacloudnow.com/wp-blog-header.php&path=/opt/wpsites/datacloudnow.com HTTP/1.1" 301 178 "-" "Mozilla/5.0 X11; Ubuntu; Linux x86_64; rv:126.0 Gecko/20100101 Firefox/126.0"
196.251.83.100 - - [06/Nov/2025:08:34:09 +0000] "POST /xmlrpc.php HTTP/1.1" 301 178 "-" "Mozilla/5.0 (X11; Linux x86_64) AppleWebKit/537.36 (KHTML, like Gecko) Chrome/120.0.0.0 Safari/537.36"
196.251.83.100 - - [06/Nov/2025:08:34:09 +0000] "POST /xmlrpc.php HTTP/1.1" 301 178 "-" "Mozilla/5.0 (Windows NT 10.0; Win64; x64) AppleWebKit/537.36 (KHTML, like Gecko) Chrome/120.0.0.0 Safari/537.36"
196.251.83.100 - - [06/Nov/2025:08:34:10 +0000] "POST /xmlrpc.php HTTP/1.1" 301 178 "-" "Mozilla/5.0 (Windows NT 10.0; Win64; x64; rv:121.0) Gecko/20100101 Firefox/121.0"
188.143.244.135 - - [06/Nov/2025:08:34:11 +0000] "GET /career/?fileloc=/opt/wpsites/datacloudnow.com/readme.html&path=/opt/wpsites/datacloudnow.com HTTP/1.1" 301 178 "-" "Mozilla/5.0 X11; Ubuntu; Linux x86_64; rv:126.0 Gecko/20100101 Firefox/126.0"
196.251.83.100 - - [06/Nov/2025:08:34:11 +0000] "POST /xmlrpc.php HTTP/1.1" 301 178 "-" "Mozilla/5.0 (X11; Ubuntu; Linux x86_64; rv:121.0) Gecko/20100101 Firefox/121.0"
196.251.83.100 - - [06/Nov/2025:08:34:12 +0000] "POST /xmlrpc.php HTTP/1.1" 301 178 "-" "Mozilla/5.0 (Linux; Android 14; SM-G998B) AppleWebKit/537.36 (KHTML, like Gecko) Chrome/121.0.0.0 Mobile Safari/537.36"
196.251.83.100 - - [06/Nov/2025:08:34:13 +0000] "POST /xmlrpc.php HTTP/1.1" 301 178 "-" "Mozilla/5.0 (Windows NT 10.0; Win64; x64; rv:120.0) Gecko/20100101 Firefox/120.0"
188.143.244.135 - - [06/Nov/2025:08:34:13 +0000] "GET /cloud-security/?path=/opt/wpsites HTTP/1.1" 301 178 "-" "Mozilla/5.0 X11; Ubuntu; Linux x86_64; rv:126.0 Gecko/20100101 Firefox/126.0"
196.251.83.100 - - [06/Nov/2025:08:34:13 +0000] "POST /xmlrpc.php HTTP/1.1" 301 178 "-" "Mozilla/5.0 (Windows NT 10.0; Win64; x64; rv:121.0) Gecko/20100101 Firefox/121.0"
188.143.244.135 - - [06/Nov/2025:08:34:21 +0000] "GET /terms-conditions/?fileloc=/opt/wpsites/datacloudnow.com/wp-links-opml.php&path=/opt/wpsites/datacloudnow.com HTTP/1.1" 301 178 "-" "Mozilla/5.0 X11; Ubuntu; Linux x86_64; rv:126.0 Gecko/20100101 Firefox/126.0"
188.143.244.135 - - [06/Nov/2025:08:34:27 +0000] "GET /remote-workforce-solution/?fileloc=/opt/wpsites/datacloudnow.com/wp-activate.php&path=/opt/wpsites/datacloudnow.com HTTP/1.1" 301 178 "-" "Mozilla/5.0 X11; Ubuntu; Linux x86_64; rv:126.0 Gecko/20100101 Firefox/126.0"
188.143.244.135 - - [06/Nov/2025:08:34:34 +0000] "GET /networking/?path=/opt/wpsites/datacloudnow.com HTTP/1.1" 301 178 "-" "Mozilla/5.0 X11; Ubuntu; Linux x86_64; rv:126.0 Gecko/20100101 Firefox/126.0"
196.251.83.100 - - [06/Nov/2025:08:34:39 +0000] "POST /xmlrpc.php HTTP/1.1" 301 178 "-" "Mozilla/5.0 (Macintosh; Intel Mac OS X 14_2_1) AppleWebKit/605.1.15 (KHTML, like Gecko) Version/17.1 Safari/605.1.15"
188.143.244.135 - - [06/Nov/2025:08:34:40 +0000] "GET /it-as-a-service/?fileloc=/opt/wpsites/datacloudnow.com/wp-links-opml.php&path=/opt/wpsites/datacloudnow.com HTTP/1.1" 301 178 "-" "Mozilla/5.0 X11; Ubuntu; Linux x86_64; rv:126.0 Gecko/20100101 Firefox/126.0"
188.143.244.135 - - [06/Nov/2025:08:34:48 +0000] "GET /career/?path=/opt/wpsites/datacloudnow.com/wp-admin HTTP/1.1" 301 178 "-" "Mozilla/5.0 X11; Ubuntu; Linux x86_64; rv:126.0 Gecko/20100101 Firefox/126.0"
188.143.244.135 - - [06/Nov/2025:08:34:55 +0000] "GET /terms-conditions/?path=/opt/wpsites/datacloudnow.com/wp-includes HTTP/1.1" 301 178 "-" "Mozilla/5.0 X11; Ubuntu; Linux x86_64; rv:126.0 Gecko/20100101 Firefox/126.0"
188.143.244.135 - - [06/Nov/2025:08:35:02 +0000] "GET /terms-conditions/?path=/opt/wpsites HTTP/1.1" 301 178 "-" "Mozilla/5.0 X11; Ubuntu; Linux x86_64; rv:126.0 Gecko/20100101 Firefox/126.0"
196.251.83.100 - - [06/Nov/2025:08:35:06 +0000] "POST /xmlrpc.php HTTP/1.1" 301 178 "-" "Mozilla/5.0 (iPhone; CPU iPhone OS 17_1 like Mac OS X) AppleWebKit/605.1.15 (KHTML, like Gecko) Version/17.1 Mobile/15E148 Safari/604.1"
188.143.244.135 - - [06/Nov/2025:08:35:09 +0000] "GET /big-data/?fileloc=/opt/wpsites/datacloudnow.com/wp-settings.php&path=/opt/wpsites/datacloudnow.com HTTP/1.1" 301 178 "-" "Mozilla/5.0 X11; Ubuntu; Linux x86_64; rv:126.0 Gecko/20100101 Firefox/126.0"
188.143.244.135 - - [06/Nov/2025:08:35:16 +0000] "GET /register/?fileloc=/opt/wpsites/datacloudnow.com/wp-settings.php&path=/opt/wpsites/datacloudnow.com HTTP/1.1" 301 178 "-" "Mozilla/5.0 X11; Ubuntu; Linux x86_64; rv:126.0 Gecko/20100101 Firefox/126.0"
196.251.83.100 - - [06/Nov/2025:08:35:19 +0000] "POST /xmlrpc.php HTTP/1.1" 301 178 "-" "Mozilla/5.0 (Macintosh; Intel Mac OS X 14_3) AppleWebKit/537.36 (KHTML, like Gecko) Chrome/121.0.0.0 Safari/537.36"
188.143.244.135 - - [06/Nov/2025:08:35:20 +0000] "GET /networking/?fileloc=/opt/wpsites/datacloudnow.com/wp-activate.php&path=/opt/wpsites/datacloudnow.com HTTP/1.1" 301 178 "-" "Mozilla/5.0 X11; Ubuntu; Linux x86_64; rv:126.0 Gecko/20100101 Firefox/126.0"
196.251.83.100 - - [06/Nov/2025:08:35:21 +0000] "POST /xmlrpc.php HTTP/1.1" 301 178 "-" "Mozilla/5.0 (Windows NT 11.0; Win64; x64) AppleWebKit/537.36 (KHTML, like Gecko) Chrome/121.0.0.0 Safari/537.36"
188.143.244.135 - - [06/Nov/2025:08:35:23 +0000] "GET /networking/?fileloc=/opt/wpsites/datacloudnow.com/wp-config-sample.php&path=/opt/wpsites/datacloudnow.com HTTP/1.1" 301 178 "-" "Mozilla/5.0 X11; Ubuntu; Linux x86_64; rv:126.0 Gecko/20100101 Firefox/126.0"
196.251.83.100 - - [06/Nov/2025:08:35:23 +0000] "POST /xmlrpc.php HTTP/1.1" 301 178 "-" "Mozilla/5.0 (Macintosh; Intel Mac OS X 14_3) AppleWebKit/537.36 (KHTML, like Gecko) Chrome/121.0.0.0 Safari/537.36"
196.251.83.100 - - [06/Nov/2025:08:35:24 +0000] "POST /xmlrpc.php HTTP/1.1" 301 178 "-" "Mozilla/5.0 (Macintosh; Intel Mac OS X 14_2_1) AppleWebKit/537.36 (KHTML, like Gecko) Chrome/120.0.0.0 Safari/537.36"
188.143.244.135 - - [06/Nov/2025:08:35:26 +0000] "GET /networking/?path=/opt/wpsites/datacloudnow.com/wp-includes HTTP/1.1" 301 178 "-" "Mozilla/5.0 X11; Ubuntu; Linux x86_64; rv:126.0 Gecko/20100101 Firefox/126.0"
188.143.244.135 - - [06/Nov/2025:08:35:33 +0000] "GET /register/?fileloc=/opt/wpsites/datacloudnow.com/wp-load.php&path=/opt/wpsites/datacloudnow.com HTTP/1.1" 301 178 "-" "Mozilla/5.0 X11; Ubuntu; Linux x86_64; rv:126.0 Gecko/20100101 Firefox/126.0"
188.143.244.135 - - [06/Nov/2025:08:35:40 +0000] "GET /remote-workforce-solution/?fileloc=/opt/wpsites/datacloudnow.com/wp-login.php&path=/opt/wpsites/datacloudnow.com HTTP/1.1" 301 178 "-" "Mozilla/5.0 X11; Ubuntu; Linux x86_64; rv:126.0 Gecko/20100101 Firefox/126.0"
188.143.244.135 - - [06/Nov/2025:08:35:47 +0000] "GET /big-data/?fileloc=/opt/wpsites/datacloudnow.com/wp-mail.php&path=/opt/wpsites/datacloudnow.com HTTP/1.1" 301 178 "-" "Mozilla/5.0 X11; Ubuntu; Linux x86_64; rv:126.0 Gecko/20100101 Firefox/126.0"
196.251.83.100 - - [06/Nov/2025:08:35:50 +0000] "POST /xmlrpc.php HTTP/1.1" 301 178 "-" "Mozilla/5.0 (X11; Ubuntu; Linux x86_64; rv:121.0) Gecko/20100101 Firefox/121.0"
204.76.203.219 - - [06/Nov/2025:08:35:52 +0000] "GET / HTTP/1.1" 301 178 "-" "Mozilla/5.0 (Windows NT 10.0; Win64; x64) AppleWebKit/537.36 (KHTML, like Gecko) Chrome/90.0.4430.85 Safari/537.36 Edg/90.0.818.46"
188.143.244.135 - - [06/Nov/2025:08:35:54 +0000] "GET /career/?fileloc=/opt/wpsites/datacloudnow.com/wp-settings.php&path=/opt/wpsites/datacloudnow.com HTTP/1.1" 301 178 "-" "Mozilla/5.0 X11; Ubuntu; Linux x86_64; rv:126.0 Gecko/20100101 Firefox/126.0"
188.143.244.135 - - [06/Nov/2025:08:36:01 +0000] "GET /career/?fileloc=/opt/wpsites/datacloudnow.com/wp-load.php&path=/opt/wpsites/datacloudnow.com HTTP/1.1" 301 178 "-" "Mozilla/5.0 X11; Ubuntu; Linux x86_64; rv:126.0 Gecko/20100101 Firefox/126.0"
196.251.83.100 - - [06/Nov/2025:08:36:03 +0000] "POST /xmlrpc.php HTTP/1.1" 301 178 "-" "Mozilla/5.0 (iPhone; CPU iPhone OS 17_2 like Mac OS X) AppleWebKit/605.1.15 (KHTML, like Gecko) Version/17.2 Mobile/15E148 Safari/604.1"
196.251.83.100 - - [06/Nov/2025:08:36:04 +0000] "POST /xmlrpc.php HTTP/1.1" 301 178 "-" "Mozilla/5.0 (Macintosh; Intel Mac OS X 14_2_1) AppleWebKit/605.1.15 (KHTML, like Gecko) Version/17.1 Safari/605.1.15"
196.251.83.100 - - [06/Nov/2025:08:36:04 +0000] "POST /xmlrpc.php HTTP/1.1" 301 178 "-" "Mozilla/5.0 (Windows NT 10.0; Win64; x64) AppleWebKit/537.36 (KHTML, like Gecko) Edge/119.0.2151.97"
196.251.83.100 - - [06/Nov/2025:08:36:04 +0000] "POST /xmlrpc.php HTTP/1.1" 301 178 "-" "Mozilla/5.0 (Linux; Android 13; Pixel 7) AppleWebKit/537.36 (KHTML, like Gecko) Chrome/119.0.0.0 Mobile Safari/537.36"
196.251.83.100 - - [06/Nov/2025:08:36:05 +0000] "POST /xmlrpc.php HTTP/1.1" 301 178 "-" "Mozilla/5.0 (iPhone; CPU iPhone OS 17_2 like Mac OS X) AppleWebKit/605.1.15 (KHTML, like Gecko) Version/17.2 Mobile/15E148 Safari/604.1"
188.143.244.135 - - [06/Nov/2025:08:36:05 +0000] "GET /career/?fileloc=/opt/wpsites/datacloudnow.com/xmlrpc.php&path=/opt/wpsites/datacloudnow.com HTTP/1.1" 301 178 "-" "Mozilla/5.0 X11; Ubuntu; Linux x86_64; rv:126.0 Gecko/20100101 Firefox/126.0"
103.74.118.39 - - [06/Nov/2025:08:36:05 +0000] "POST /xmlrpc.php HTTP/1.1" 301 178 "http://datainsightnow.com" "Mozilla/5.0 (Windows NT 10.0; Win64; x64) AppleWebKit/537.36 (KHTML, like Gecko) Chrome/112.0.5615.138 Safari/537.36"
196.251.83.100 - - [06/Nov/2025:08:36:05 +0000] "POST /xmlrpc.php HTTP/1.1" 301 178 "-" "Mozilla/5.0 (Macintosh; Intel Mac OS X 14_2_1) AppleWebKit/537.36 (KHTML, like Gecko) Chrome/120.0.0.0 Safari/537.36"
196.251.83.100 - - [06/Nov/2025:08:36:06 +0000] "POST /xmlrpc.php HTTP/1.1" 301 178 "-" "Mozilla/5.0 (Macintosh; Intel Mac OS X 14_2_1) AppleWebKit/537.36 (KHTML, like Gecko) Chrome/120.0.0.0 Safari/537.36"
196.251.83.100 - - [06/Nov/2025:08:36:06 +0000] "POST /xmlrpc.php HTTP/1.1" 301 178 "-" "Mozilla/5.0 (Macintosh; Intel Mac OS X 14_1) AppleWebKit/605.1.15 (KHTML, like Gecko) Version/17.0 Safari/605.1.15"
188.143.244.135 - - [06/Nov/2025:08:36:06 +0000] "GET /terms-conditions/?fileloc=/opt/wpsites/datacloudnow.com/wp-load.php&path=/opt/wpsites/datacloudnow.com HTTP/1.1" 301 178 "-" "Mozilla/5.0 X11; Ubuntu; Linux x86_64; rv:126.0 Gecko/20100101 Firefox/126.0"
196.251.83.100 - - [06/Nov/2025:08:36:07 +0000] "POST /xmlrpc.php HTTP/1.1" 301 178 "-" "Mozilla/5.0 (Linux; Android 14; SM-S918B) AppleWebKit/537.36 (KHTML, like Gecko) Chrome/120.0.0.0 Mobile Safari/537.36"
196.251.83.100 - - [06/Nov/2025:08:36:08 +0000] "POST /xmlrpc.php HTTP/1.1" 301 178 "-" "Mozilla/5.0 (Macintosh; Intel Mac OS X 14_2_1) AppleWebKit/537.36 (KHTML, like Gecko) Chrome/120.0.0.0 Safari/537.36"
196.251.83.100 - - [06/Nov/2025:08:36:08 +0000] "POST /xmlrpc.php HTTP/1.1" 301 178 "-" "Mozilla/5.0 (Windows NT 11.0; Win64; x64) AppleWebKit/537.36 (KHTML, like Gecko) Chrome/121.0.0.0 Safari/537.36"
188.143.244.135 - - [06/Nov/2025:08:36:09 +0000] "GET /it-as-a-service/?path=/ HTTP/1.1" 301 178 "-" "Mozilla/5.0 X11; Ubuntu; Linux x86_64; rv:126.0 Gecko/20100101 Firefox/126.0"
196.251.83.100 - - [06/Nov/2025:08:36:09 +0000] "POST /xmlrpc.php HTTP/1.1" 301 178 "-" "Mozilla/5.0 (Windows NT 10.0; Win64; x64) AppleWebKit/537.36 (KHTML, like Gecko) Edge/119.0.2151.97"
196.251.83.100 - - [06/Nov/2025:08:36:10 +0000] "POST /xmlrpc.php HTTP/1.1" 301 178 "-" "Mozilla/5.0 (Macintosh; Intel Mac OS X 14_2_1) AppleWebKit/537.36 (KHTML, like Gecko) Chrome/120.0.0.0 Safari/537.36"
188.143.244.135 - - [06/Nov/2025:08:36:11 +0000] "GET /big-data/?fileloc=/opt/wpsites/datacloudnow.com/wp-trackback.php&path=/opt/wpsites/datacloudnow.com HTTP/1.1" 301 178 "-" "Mozilla/5.0 X11; Ubuntu; Linux x86_64; rv:126.0 Gecko/20100101 Firefox/126.0"
196.251.83.100 - - [06/Nov/2025:08:36:12 +0000] "POST /xmlrpc.php HTTP/1.1" 301 178 "-" "Mozilla/5.0 (Windows NT 10.0; Win64; x64) AppleWebKit/537.36 (KHTML, like Gecko) Edge/119.0.2151.97"
188.143.244.135 - - [06/Nov/2025:08:36:13 +0000] "GET /cloud-security/?path=/ HTTP/1.1" 301 178 "-" "Mozilla/5.0 X11; Ubuntu; Linux x86_64; rv:126.0 Gecko/20100101 Firefox/126.0"
188.143.244.135 - - [06/Nov/2025:08:36:20 +0000] "GET /contact-u/?fileloc=/opt/wpsites/datacloudnow.com/wp-config-sample.php&path=/opt/wpsites/datacloudnow.com HTTP/1.1" 301 178 "-" "Mozilla/5.0 X11; Ubuntu; Linux x86_64; rv:126.0 Gecko/20100101 Firefox/126.0"
188.143.244.135 - - [06/Nov/2025:08:36:27 +0000] "GET /register/?fileloc=/opt/wpsites/datacloudnow.com/wp-signup.php&path=/opt/wpsites/datacloudnow.com HTTP/1.1" 301 178 "-" "Mozilla/5.0 X11; Ubuntu; Linux x86_64; rv:126.0 Gecko/20100101 Firefox/126.0"
196.251.83.100 - - [06/Nov/2025:08:36:28 +0000] "POST /xmlrpc.php HTTP/1.1" 301 178 "-" "Mozilla/5.0 (Linux; Android 14; SM-G998B) AppleWebKit/537.36 (KHTML, like Gecko) Chrome/121.0.0.0 Mobile Safari/537.36"
196.251.83.100 - - [06/Nov/2025:08:36:29 +0000] "POST /xmlrpc.php HTTP/1.1" 301 178 "-" "Mozilla/5.0 (Windows NT 10.0; Win64; x64) AppleWebKit/537.36 (KHTML, like Gecko) Edge/119.0.2151.97"
196.251.83.100 - - [06/Nov/2025:08:36:29 +0000] "POST /xmlrpc.php HTTP/1.1" 301 178 "-" "Mozilla/5.0 (iPhone; CPU iPhone OS 17_2 like Mac OS X) AppleWebKit/605.1.15 (KHTML, like Gecko) Version/17.2 Mobile/15E148 Safari/604.1"
196.251.83.100 - - [06/Nov/2025:08:36:29 +0000] "POST /xmlrpc.php HTTP/1.1" 301 178 "-" "Mozilla/5.0 (Windows NT 10.0; Win64; x64; rv:120.0) Gecko/20100101 Firefox/120.0"
188.143.244.135 - - [06/Nov/2025:08:36:29 +0000] "GET /it-as-a-service/?fileloc=/opt/wpsites/datacloudnow.com/wp-mail.php&path=/opt/wpsites/datacloudnow.com HTTP/1.1" 301 178 "-" "Mozilla/5.0 X11; Ubuntu; Linux x86_64; rv:126.0 Gecko/20100101 Firefox/126.0"
104.6.76.51 - - [06/Nov/2025:08:36:29 +0000] "GET /robots.txt HTTP/1.1" 404 196 "-" "Mozilla/5.0 (Linux; Android 8.0; Pixel 2 Build/OPD3.170816.012) AppleWebKit/537.36 (KHTML, like Gecko) Chrome/57.0.6410.1225 Mobile Safari/537.36"
196.251.83.100 - - [06/Nov/2025:08:36:30 +0000] "POST /xmlrpc.php HTTP/1.1" 301 178 "-" "Mozilla/5.0 (iPhone; CPU iPhone OS 17_1 like Mac OS X) AppleWebKit/605.1.15 (KHTML, like Gecko) Version/17.1 Mobile/15E148 Safari/604.1"
196.251.83.100 - - [06/Nov/2025:08:36:30 +0000] "POST /xmlrpc.php HTTP/1.1" 301 178 "-" "Mozilla/5.0 (Windows NT 10.0; Win64; x64; rv:120.0) Gecko/20100101 Firefox/120.0"
188.143.244.135 - - [06/Nov/2025:08:36:31 +0000] "GET /terms-conditions/?fileloc=/opt/wpsites/datacloudnow.com/wp-trackback.php&path=/opt/wpsites/datacloudnow.com HTTP/1.1" 301 178 "-" "Mozilla/5.0 X11; Ubuntu; Linux x86_64; rv:126.0 Gecko/20100101 Firefox/126.0"
188.143.244.135 - - [06/Nov/2025:08:36:38 +0000] "GET /career/?fileloc=/opt/wpsites/datacloudnow.com/license.txt&path=/opt/wpsites/datacloudnow.com HTTP/1.1" 301 178 "-" "Mozilla/5.0 X11; Ubuntu; Linux x86_64; rv:126.0 Gecko/20100101 Firefox/126.0"
188.143.244.135 - - [06/Nov/2025:08:36:45 +0000] "GET /networking/?fileloc=/opt/wpsites/datacloudnow.com/wp-comments-post.php&path=/opt/wpsites/datacloudnow.com HTTP/1.1" 301 178 "-" "Mozilla/5.0 X11; Ubuntu; Linux x86_64; rv:126.0 Gecko/20100101 Firefox/126.0"
188.143.244.135 - - [06/Nov/2025:08:36:50 +0000] "GET /register/?fileloc=/opt/wpsites/datacloudnow.com/wp-activate.php&path=/opt/wpsites/datacloudnow.com HTTP/1.1" 301 178 "-" "Mozilla/5.0 X11; Ubuntu; Linux x86_64; rv:126.0 Gecko/20100101 Firefox/126.0"
188.143.244.135 - - [06/Nov/2025:08:36:53 +0000] "GET /contact-u/?fileloc=/opt/wpsites/datacloudnow.com/wp-login.php&path=/opt/wpsites/datacloudnow.com HTTP/1.1" 301 178 "-" "Mozilla/5.0 X11; Ubuntu; Linux x86_64; rv:126.0 Gecko/20100101 Firefox/126.0"
188.143.244.135 - - [06/Nov/2025:08:37:00 +0000] "GET /it-as-a-service/?fileloc=/opt/wpsites/datacloudnow.com/wp-config.php&path=/opt/wpsites/datacloudnow.com HTTP/1.1" 301 178 "-" "Mozilla/5.0 X11; Ubuntu; Linux x86_64; rv:126.0 Gecko/20100101 Firefox/126.0"
188.143.244.135 - - [06/Nov/2025:08:37:07 +0000] "GET /big-data/?fileloc=/opt/wpsites/datacloudnow.com/wp-activate.php&path=/opt/wpsites/datacloudnow.com HTTP/1.1" 301 178 "-" "Mozilla/5.0 X11; Ubuntu; Linux x86_64; rv:126.0 Gecko/20100101 Firefox/126.0"
188.143.244.135 - - [06/Nov/2025:08:37:14 +0000] "GET /it-as-a-service/?fileloc=/opt/wpsites/datacloudnow.com/wp-comments-post.php&path=/opt/wpsites/datacloudnow.com HTTP/1.1" 301 178 "-" "Mozilla/5.0 X11; Ubuntu; Linux x86_64; rv:126.0 Gecko/20100101 Firefox/126.0"
139.59.143.140 - - [06/Nov/2025:08:37:19 +0000] "GET / HTTP/1.1" 301 178 "-" "Mozilla/5.0 (X11; Linux x86_64) AppleWebKit/537.36 (KHTML, like Gecko) Chrome/139.0.0.0 Safari/537.36"
139.59.143.140 - - [06/Nov/2025:08:37:20 +0000] "GET /favicon.ico HTTP/1.1" 301 178 "http://66.135.21.75/" "Mozilla/5.0 (X11; Linux x86_64) AppleWebKit/537.36 (KHTML, like Gecko) Chrome/139.0.0.0 Safari/537.36"
188.143.244.135 - - [06/Nov/2025:08:37:21 +0000] "GET /remote-workforce-solution/?fileloc=/opt/wpsites/datacloudnow.com/wp-links-opml.php&path=/opt/wpsites/datacloudnow.com HTTP/1.1" 301 178 "-" "Mozilla/5.0 X11; Ubuntu; Linux x86_64; rv:126.0 Gecko/20100101 Firefox/126.0"
188.143.244.135 - - [06/Nov/2025:08:37:28 +0000] "GET /networking/?fileloc=/opt/wpsites/datacloudnow.com/wp-config.php&path=/opt/wpsites/datacloudnow.com HTTP/1.1" 301 178 "-" "Mozilla/5.0 X11; Ubuntu; Linux x86_64; rv:126.0 Gecko/20100101 Firefox/126.0"
188.143.244.135 - - [06/Nov/2025:08:37:35 +0000] "GET /big-data/?path=/ HTTP/1.1" 301 178 "-" "Mozilla/5.0 X11; Ubuntu; Linux x86_64; rv:126.0 Gecko/20100101 Firefox/126.0"
188.143.244.135 - - [06/Nov/2025:08:37:42 +0000] "GET /remote-workforce-solution/?path=/opt HTTP/1.1" 301 178 "-" "Mozilla/5.0 X11; Ubuntu; Linux x86_64; rv:126.0 Gecko/20100101 Firefox/126.0"
188.143.244.135 - - [06/Nov/2025:08:37:48 +0000] "GET /big-data/?fileloc=/opt/wpsites/datacloudnow.com/wp-links-opml.php&path=/opt/wpsites/datacloudnow.com HTTP/1.1" 301 178 "-" "Mozilla/5.0 X11; Ubuntu; Linux x86_64; rv:126.0 Gecko/20100101 Firefox/126.0"
188.143.244.135 - - [06/Nov/2025:08:37:55 +0000] "GET /big-data/?fileloc=/opt/wpsites/datacloudnow.com/license.txt&path=/opt/wpsites/datacloudnow.com HTTP/1.1" 301 178 "-" "Mozilla/5.0 X11; Ubuntu; Linux x86_64; rv:126.0 Gecko/20100101 Firefox/126.0"
188.143.244.135 - - [06/Nov/2025:08:37:59 +0000] "GET /register/?path=/opt/wpsites/datacloudnow.com/wp-includes HTTP/1.1" 301 178 "-" "Mozilla/5.0 X11; Ubuntu; Linux x86_64; rv:126.0 Gecko/20100101 Firefox/126.0"
188.143.244.135 - - [06/Nov/2025:08:38:02 +0000] "GET /big-data/?path=/opt/wpsites/datacloudnow.com/wp-content HTTP/1.1" 301 178 "-" "Mozilla/5.0 X11; Ubuntu; Linux x86_64; rv:126.0 Gecko/20100101 Firefox/126.0"
188.143.244.135 - - [06/Nov/2025:08:38:05 +0000] "GET /terms-conditions/?fileloc=/opt/wpsites/datacloudnow.com/index.php&path=/opt/wpsites/datacloudnow.com HTTP/1.1" 301 178 "-" "Mozilla/5.0 X11; Ubuntu; Linux x86_64; rv:126.0 Gecko/20100101 Firefox/126.0"
188.143.244.135 - - [06/Nov/2025:08:38:07 +0000] "GET /cloud-security/?fileloc=/opt/wpsites/datacloudnow.com/xmlrpc.php&path=/opt/wpsites/datacloudnow.com HTTP/1.1" 301 178 "-" "Mozilla/5.0 X11; Ubuntu; Linux x86_64; rv:126.0 Gecko/20100101 Firefox/126.0"
188.143.244.135 - - [06/Nov/2025:08:38:10 +0000] "GET /career/?fileloc=/opt/wpsites/datacloudnow.com/wp-login.php&path=/opt/wpsites/datacloudnow.com HTTP/1.1" 301 178 "-" "Mozilla/5.0 X11; Ubuntu; Linux x86_64; rv:126.0 Gecko/20100101 Firefox/126.0"
188.143.244.135 - - [06/Nov/2025:08:38:12 +0000] "GET /cloud-security/?fileloc=/opt/wpsites/datacloudnow.com/wp-load.php&path=/opt/wpsites/datacloudnow.com HTTP/1.1" 301 178 "-" "Mozilla/5.0 X11; Ubuntu; Linux x86_64; rv:126.0 Gecko/20100101 Firefox/126.0"
188.143.244.135 - - [06/Nov/2025:08:38:14 +0000] "GET /networking/?fileloc=/opt/wpsites/datacloudnow.com/wp-links-opml.php&path=/opt/wpsites/datacloudnow.com HTTP/1.1" 301 178 "-" "Mozilla/5.0 X11; Ubuntu; Linux x86_64; rv:126.0 Gecko/20100101 Firefox/126.0"
188.143.244.135 - - [06/Nov/2025:08:38:16 +0000] "GET /terms-conditions/?fileloc=/opt/wpsites/datacloudnow.com/wp-config.php&path=/opt/wpsites/datacloudnow.com HTTP/1.1" 301 178 "-" "Mozilla/5.0 X11; Ubuntu; Linux x86_64; rv:126.0 Gecko/20100101 Firefox/126.0"
188.143.244.135 - - [06/Nov/2025:08:38:17 +0000] "GET /terms-conditions/?fileloc=/opt/wpsites/datacloudnow.com/wp-comments-post.php&path=/opt/wpsites/datacloudnow.com HTTP/1.1" 301 178 "-" "Mozilla/5.0 X11; Ubuntu; Linux x86_64; rv:126.0 Gecko/20100101 Firefox/126.0"
188.143.244.135 - - [06/Nov/2025:08:38:21 +0000] "GET /networking/?path=/opt/wpsites HTTP/1.1" 301 178 "-" "Mozilla/5.0 X11; Ubuntu; Linux x86_64; rv:126.0 Gecko/20100101 Firefox/126.0"
188.143.244.135 - - [06/Nov/2025:08:38:24 +0000] "GET /contact-u/?path=/opt HTTP/1.1" 301 178 "-" "Mozilla/5.0 X11; Ubuntu; Linux x86_64; rv:126.0 Gecko/20100101 Firefox/126.0"
188.143.244.135 - - [06/Nov/2025:08:38:26 +0000] "GET /it-as-a-service/?fileloc=/opt/wpsites/datacloudnow.com/wp-load.php&path=/opt/wpsites/datacloudnow.com HTTP/1.1" 301 178 "-" "Mozilla/5.0 X11; Ubuntu; Linux x86_64; rv:126.0 Gecko/20100101 Firefox/126.0"
188.143.244.135 - - [06/Nov/2025:08:38:29 +0000] "GET /register/?path=/opt/wpsites HTTP/1.1" 301 178 "-" "Mozilla/5.0 X11; Ubuntu; Linux x86_64; rv:126.0 Gecko/20100101 Firefox/126.0"
188.143.244.135 - - [06/Nov/2025:08:38:30 +0000] "GET /terms-conditions/?fileloc=/opt/wpsites/datacloudnow.com/wp-cron.php&path=/opt/wpsites/datacloudnow.com HTTP/1.1" 301 178 "-" "Mozilla/5.0 X11; Ubuntu; Linux x86_64; rv:126.0 Gecko/20100101 Firefox/126.0"
188.143.244.135 - - [06/Nov/2025:08:38:32 +0000] "GET /cloud-security/?fileloc=/opt/wpsites/datacloudnow.com/wp-cron.php&path=/opt/wpsites/datacloudnow.com HTTP/1.1" 301 178 "-" "Mozilla/5.0 X11; Ubuntu; Linux x86_64; rv:126.0 Gecko/20100101 Firefox/126.0"
188.143.244.135 - - [06/Nov/2025:08:38:39 +0000] "GET /contact-u/?path=/opt/wpsites/datacloudnow.com/wp-admin HTTP/1.1" 301 178 "-" "Mozilla/5.0 X11; Ubuntu; Linux x86_64; rv:126.0 Gecko/20100101 Firefox/126.0"
188.143.244.135 - - [06/Nov/2025:08:38:46 +0000] "GET /career/?fileloc=/opt/wpsites/datacloudnow.com/wp-config.php&path=/opt/wpsites/datacloudnow.com HTTP/1.1" 301 178 "-" "Mozilla/5.0 X11; Ubuntu; Linux x86_64; rv:126.0 Gecko/20100101 Firefox/126.0"
188.143.244.135 - - [06/Nov/2025:08:38:51 +0000] "GET /register/?fileloc=/opt/wpsites/datacloudnow.com/wp-links-opml.php&path=/opt/wpsites/datacloudnow.com HTTP/1.1" 301 178 "-" "Mozilla/5.0 X11; Ubuntu; Linux x86_64; rv:126.0 Gecko/20100101 Firefox/126.0"
188.143.244.135 - - [06/Nov/2025:08:38:53 +0000] "GET /register/?fileloc=/opt/wpsites/datacloudnow.com/wp-blog-header.php&path=/opt/wpsites/datacloudnow.com HTTP/1.1" 301 178 "-" "Mozilla/5.0 X11; Ubuntu; Linux x86_64; rv:126.0 Gecko/20100101 Firefox/126.0"
188.143.244.135 - - [06/Nov/2025:08:39:00 +0000] "GET /career/?fileloc=/opt/wpsites/datacloudnow.com/wp-cron.php&path=/opt/wpsites/datacloudnow.com HTTP/1.1" 301 178 "-" "Mozilla/5.0 X11; Ubuntu; Linux x86_64; rv:126.0 Gecko/20100101 Firefox/126.0"
188.143.244.135 - - [06/Nov/2025:08:39:07 +0000] "GET /networking/?fileloc=/opt/wpsites/datacloudnow.com/license.txt&path=/opt/wpsites/datacloudnow.com HTTP/1.1" 301 178 "-" "Mozilla/5.0 X11; Ubuntu; Linux x86_64; rv:126.0 Gecko/20100101 Firefox/126.0"
188.143.244.135 - - [06/Nov/2025:08:39:14 +0000] "GET /it-as-a-service/?path=/opt/wpsites/datacloudnow.com/wp-admin HTTP/1.1" 301 178 "-" "Mozilla/5.0 X11; Ubuntu; Linux x86_64; rv:126.0 Gecko/20100101 Firefox/126.0"
188.143.244.135 - - [06/Nov/2025:08:39:21 +0000] "GET /remote-workforce-solution/?path=/opt/wpsites/datacloudnow.com HTTP/1.1" 301 178 "-" "Mozilla/5.0 X11; Ubuntu; Linux x86_64; rv:126.0 Gecko/20100101 Firefox/126.0"
103.92.85.202 - - [06/Nov/2025:08:39:25 +0000] "POST /xmlrpc.php HTTP/1.1" 301 178 "http://datainsightnow.com" "Mozilla/5.0 (Windows NT 10.0; Win64; x64) AppleWebKit/537.36 (KHTML, like Gecko) Chrome/115.0.5790.102 Safari/537.36"
188.143.244.135 - - [06/Nov/2025:08:39:28 +0000] "GET /contact-u/?path=/ HTTP/1.1" 301 178 "-" "Mozilla/5.0 X11; Ubuntu; Linux x86_64; rv:126.0 Gecko/20100101 Firefox/126.0"
188.143.244.135 - - [06/Nov/2025:08:39:35 +0000] "GET /contact-u/?fileloc=/opt/wpsites/datacloudnow.com/wp-mail.php&path=/opt/wpsites/datacloudnow.com HTTP/1.1" 301 178 "-" "Mozilla/5.0 X11; Ubuntu; Linux x86_64; rv:126.0 Gecko/20100101 Firefox/126.0"
188.143.244.135 - - [06/Nov/2025:08:39:41 +0000] "GET /cloud-security/?fileloc=/opt/wpsites/datacloudnow.com/wp-trackback.php&path=/opt/wpsites/datacloudnow.com HTTP/1.1" 301 178 "-" "Mozilla/5.0 X11; Ubuntu; Linux x86_64; rv:126.0 Gecko/20100101 Firefox/126.0"
188.143.244.135 - - [06/Nov/2025:08:39:49 +0000] "GET /cloud-security/?fileloc=/opt/wpsites/datacloudnow.com/wp-settings.php&path=/opt/wpsites/datacloudnow.com HTTP/1.1" 301 178 "-" "Mozilla/5.0 X11; Ubuntu; Linux x86_64; rv:126.0 Gecko/20100101 Firefox/126.0"
188.143.244.135 - - [06/Nov/2025:08:39:56 +0000] "GET /register/?fileloc=/opt/wpsites/datacloudnow.com/xmlrpc.php&path=/opt/wpsites/datacloudnow.com HTTP/1.1" 301 178 "-" "Mozilla/5.0 X11; Ubuntu; Linux x86_64; rv:126.0 Gecko/20100101 Firefox/126.0"
188.143.244.135 - - [06/Nov/2025:08:40:03 +0000] "GET /it-as-a-service/?path=/opt/wpsites HTTP/1.1" 301 178 "-" "Mozilla/5.0 X11; Ubuntu; Linux x86_64; rv:126.0 Gecko/20100101 Firefox/126.0"
216.180.246.2 - - [06/Nov/2025:08:40:05 +0000] "GET / HTTP/1.0" 200 615 "-" "'Mozilla/5.0 (compatible; GenomeCrawlerd/1.0; +https://www.nokia.com/genomecrawler)'"
188.143.244.135 - - [06/Nov/2025:08:40:10 +0000] "GET /career/?path=/opt/wpsites/datacloudnow.com/wp-includes HTTP/1.1" 301 178 "-" "Mozilla/5.0 X11; Ubuntu; Linux x86_64; rv:126.0 Gecko/20100101 Firefox/126.0"
188.143.244.135 - - [06/Nov/2025:08:40:17 +0000] "GET /it-as-a-service/?fileloc=/opt/wpsites/datacloudnow.com/wp-cron.php&path=/opt/wpsites/datacloudnow.com HTTP/1.1" 301 178 "-" "Mozilla/5.0 X11; Ubuntu; Linux x86_64; rv:126.0 Gecko/20100101 Firefox/126.0"
216.180.246.2 - - [06/Nov/2025:08:40:19 +0000] "\x16\x03\x01\x00\xEE\x01\x00\x00\xEA\x03\x037j\x8Ei\xBA\xE7\xF0\xBC\x5C\x19}j\x98?SA0\x9E3c\x8CbN+`\x15q\x0B\xF0^Yr )\xFF\x17((^\xEAl\xB8g\x97\x95~tTF\xB1\x9A\x80" 400 166 "-" "-"
188.143.244.135 - - [06/Nov/2025:08:40:21 +0000] "GET /register/?fileloc=/opt/wpsites/datacloudnow.com/readme.html&path=/opt/wpsites/datacloudnow.com HTTP/1.1" 301 178 "-" "Mozilla/5.0 X11; Ubuntu; Linux x86_64; rv:126.0 Gecko/20100101 Firefox/126.0"
188.143.244.135 - - [06/Nov/2025:08:40:23 +0000] "GET /remote-workforce-solution/?path=/opt/wpsites/datacloudnow.com/wp-content HTTP/1.1" 301 178 "-" "Mozilla/5.0 X11; Ubuntu; Linux x86_64; rv:126.0 Gecko/20100101 Firefox/126.0"
188.143.244.135 - - [06/Nov/2025:08:40:25 +0000] "GET /big-data/?path=/opt/wpsites/datacloudnow.com/wp-admin HTTP/1.1" 301 178 "-" "Mozilla/5.0 X11; Ubuntu; Linux x86_64; rv:126.0 Gecko/20100101 Firefox/126.0"
188.143.244.135 - - [06/Nov/2025:08:40:27 +0000] "GET /networking/?fileloc=/opt/wpsites/datacloudnow.com/wp-settings.php&path=/opt/wpsites/datacloudnow.com HTTP/1.1" 301 178 "-" "Mozilla/5.0 X11; Ubuntu; Linux x86_64; rv:126.0 Gecko/20100101 Firefox/126.0"
188.143.244.135 - - [06/Nov/2025:08:40:34 +0000] "GET /contact-u/?fileloc=/opt/wpsites/datacloudnow.com/wp-load.php&path=/opt/wpsites/datacloudnow.com HTTP/1.1" 301 178 "-" "Mozilla/5.0 X11; Ubuntu; Linux x86_64; rv:126.0 Gecko/20100101 Firefox/126.0"
216.180.246.2 - - [06/Nov/2025:08:40:38 +0000] "GET / HTTP/1.1" 301 178 "-" "'Mozilla/5.0 (compatible; GenomeCrawlerd/1.0; +https://www.nokia.com/genomecrawler)'"
188.143.244.135 - - [06/Nov/2025:08:40:41 +0000] "GET /career/?fileloc=/opt/wpsites/datacloudnow.com/wp-signup.php&path=/opt/wpsites/datacloudnow.com HTTP/1.1" 301 178 "-" "Mozilla/5.0 X11; Ubuntu; Linux x86_64; rv:126.0 Gecko/20100101 Firefox/126.0"
188.143.244.135 - - [06/Nov/2025:08:40:48 +0000] "GET /contact-u/?fileloc=/opt/wpsites/datacloudnow.com/wp-blog-header.php&path=/opt/wpsites/datacloudnow.com HTTP/1.1" 301 178 "-" "Mozilla/5.0 X11; Ubuntu; Linux x86_64; rv:126.0 Gecko/20100101 Firefox/126.0"
188.143.244.135 - - [06/Nov/2025:08:40:55 +0000] "GET /terms-conditions/?fileloc=/opt/wpsites/datacloudnow.com/wp-settings.php&path=/opt/wpsites/datacloudnow.com HTTP/1.1" 301 178 "-" "Mozilla/5.0 X11; Ubuntu; Linux x86_64; rv:126.0 Gecko/20100101 Firefox/126.0"
188.143.244.135 - - [06/Nov/2025:08:41:02 +0000] "GET /cloud-security/?path=/opt/wpsites/datacloudnow.com/wp-content HTTP/1.1" 301 178 "-" "Mozilla/5.0 X11; Ubuntu; Linux x86_64; rv:126.0 Gecko/20100101 Firefox/126.0"
148.251.121.91 - - [06/Nov/2025:08:41:04 +0000] "GET /robots.txt HTTP/1.1" 301 178 "-" "DomainStatsBot/1.0 (https://domainstats.com/pages/our-bot)"
148.251.121.91 - - [06/Nov/2025:08:41:04 +0000] "HEAD / HTTP/1.1" 301 0 "-" "DomainStatsBot/1.0 (https://domainstats.com/pages/our-bot)"
148.251.121.91 - - [06/Nov/2025:08:41:04 +0000] "HEAD / HTTP/1.1" 200 0 "-" "DomainStatsBot/1.0 (https://domainstats.com/pages/our-bot)"
148.251.121.91 - - [06/Nov/2025:08:41:05 +0000] "GET /robots.txt HTTP/1.1" 404 162 "-" "DomainStatsBot/1.0 (https://domainstats.com/pages/our-bot)"
148.251.121.91 - - [06/Nov/2025:08:41:05 +0000] "GET / HTTP/1.1" 200 1952 "-" "DomainStatsBot/1.0 (https://domainstats.com/pages/our-bot)"
216.180.246.2 - - [06/Nov/2025:08:41:06 +0000] "GET /manage/account/login HTTP/1.1" 301 178 "-" "'Mozilla/5.0 (compatible; GenomeCrawlerd/1.0; +https://www.nokia.com/genomecrawler)'"
188.143.244.135 - - [06/Nov/2025:08:41:07 +0000] "GET /it-as-a-service/?fileloc=/opt/wpsites/datacloudnow.com/wp-settings.php&path=/opt/wpsites/datacloudnow.com HTTP/1.1" 301 178 "-" "Mozilla/5.0 X11; Ubuntu; Linux x86_64; rv:126.0 Gecko/20100101 Firefox/126.0"
188.143.244.135 - - [06/Nov/2025:08:41:10 +0000] "GET /terms-conditions/?fileloc=/opt/wpsites/datacloudnow.com/license.txt&path=/opt/wpsites/datacloudnow.com HTTP/1.1" 301 178 "-" "Mozilla/5.0 X11; Ubuntu; Linux x86_64; rv:126.0 Gecko/20100101 Firefox/126.0"
188.143.244.135 - - [06/Nov/2025:08:41:13 +0000] "GET /register/?fileloc=/opt/wpsites/datacloudnow.com/wp-cron.php&path=/opt/wpsites/datacloudnow.com HTTP/1.1" 301 178 "-" "Mozilla/5.0 X11; Ubuntu; Linux x86_64; rv:126.0 Gecko/20100101 Firefox/126.0"
188.143.244.135 - - [06/Nov/2025:08:41:20 +0000] "GET /networking/?path=/ HTTP/1.1" 301 178 "-" "Mozilla/5.0 X11; Ubuntu; Linux x86_64; rv:126.0 Gecko/20100101 Firefox/126.0"
216.180.246.2 - - [06/Nov/2025:08:41:24 +0000] "GET /admin/index.html HTTP/1.1" 301 178 "-" "'Mozilla/5.0 (compatible; GenomeCrawlerd/1.0; +https://www.nokia.com/genomecrawler)'"
188.143.244.135 - - [06/Nov/2025:08:41:27 +0000] "GET /register/?fileloc=/opt/wpsites/datacloudnow.com/wp-trackback.php&path=/opt/wpsites/datacloudnow.com HTTP/1.1" 301 178 "-" "Mozilla/5.0 X11; Ubuntu; Linux x86_64; rv:126.0 Gecko/20100101 Firefox/126.0"
188.143.244.135 - - [06/Nov/2025:08:41:33 +0000] "GET /remote-workforce-solution/?fileloc=/opt/wpsites/datacloudnow.com/wp-load.php&path=/opt/wpsites/datacloudnow.com HTTP/1.1" 301 178 "-" "Mozilla/5.0 X11; Ubuntu; Linux x86_64; rv:126.0 Gecko/20100101 Firefox/126.0"
188.143.244.135 - - [06/Nov/2025:08:41:40 +0000] "GET /cloud-security/?fileloc=/opt/wpsites/datacloudnow.com/wp-config.php&path=/opt/wpsites/datacloudnow.com HTTP/1.1" 301 178 "-" "Mozilla/5.0 X11; Ubuntu; Linux x86_64; rv:126.0 Gecko/20100101 Firefox/126.0"
216.180.246.2 - - [06/Nov/2025:08:41:42 +0000] "GET /index.html HTTP/1.1" 301 178 "-" "'Mozilla/5.0 (compatible; GenomeCrawlerd/1.0; +https://www.nokia.com/genomecrawler)'"
188.143.244.135 - - [06/Nov/2025:08:41:47 +0000] "GET /big-data/?fileloc=/opt/wpsites/datacloudnow.com/wp-comments-post.php&path=/opt/wpsites/datacloudnow.com HTTP/1.1" 301 178 "-" "Mozilla/5.0 X11; Ubuntu; Linux x86_64; rv:126.0 Gecko/20100101 Firefox/126.0"
78.153.140.149 - - [06/Nov/2025:08:41:54 +0000] "GET /.env HTTP/1.1" 301 178 "-" "Mozilla/5.0 (Windows NT 10.0; Win64; x64) AppleWebKit/537.36 (KHTML, like Gecko) Chrome/116.0.5845.140 Safari/537.36"
78.153.140.149 - - [06/Nov/2025:08:41:55 +0000] "POST / HTTP/1.1" 301 178 "-" "Mozilla/5.0 (Windows NT 10.0; Win64; x64) AppleWebKit/537.36 (KHTML, like Gecko) Chrome/116.0.5845.140 Safari/537.36"
188.143.244.135 - - [06/Nov/2025:08:41:55 +0000] "GET /remote-workforce-solution/?fileloc=/opt/wpsites/datacloudnow.com/wp-trackback.php&path=/opt/wpsites/datacloudnow.com HTTP/1.1" 301 178 "-" "Mozilla/5.0 X11; Ubuntu; Linux x86_64; rv:126.0 Gecko/20100101 Firefox/126.0"
188.143.244.135 - - [06/Nov/2025:08:42:01 +0000] "GET /career/?fileloc=/opt/wpsites/datacloudnow.com/wp-links-opml.php&path=/opt/wpsites/datacloudnow.com HTTP/1.1" 301 178 "-" "Mozilla/5.0 X11; Ubuntu; Linux x86_64; rv:126.0 Gecko/20100101 Firefox/126.0"
188.143.244.135 - - [06/Nov/2025:08:42:08 +0000] "GET /big-data/?fileloc=/opt/wpsites/datacloudnow.com/index.php&path=/opt/wpsites/datacloudnow.com HTTP/1.1" 301 178 "-" "Mozilla/5.0 X11; Ubuntu; Linux x86_64; rv:126.0 Gecko/20100101 Firefox/126.0"
216.180.246.2 - - [06/Nov/2025:08:42:11 +0000] "GET /+CSCOE+/logon.html HTTP/1.1" 301 178 "-" "'Mozilla/5.0 (compatible; GenomeCrawlerd/1.0; +https://www.nokia.com/genomecrawler)'"
188.143.244.135 - - [06/Nov/2025:08:42:15 +0000] "GET /it-as-a-service/?fileloc=/opt/wpsites/datacloudnow.com/readme.html&path=/opt/wpsites/datacloudnow.com HTTP/1.1" 301 178 "-" "Mozilla/5.0 X11; Ubuntu; Linux x86_64; rv:126.0 Gecko/20100101 Firefox/126.0"
188.143.244.135 - - [06/Nov/2025:08:42:22 +0000] "GET /register/?path=/opt/wpsites/datacloudnow.com/wp-content HTTP/1.1" 301 178 "-" "Mozilla/5.0 X11; Ubuntu; Linux x86_64; rv:126.0 Gecko/20100101 Firefox/126.0"
188.143.244.135 - - [06/Nov/2025:08:42:29 +0000] "GET /cloud-security/?fileloc=/opt/wpsites/datacloudnow.com/wp-signup.php&path=/opt/wpsites/datacloudnow.com HTTP/1.1" 301 178 "-" "Mozilla/5.0 X11; Ubuntu; Linux x86_64; rv:126.0 Gecko/20100101 Firefox/126.0"
188.143.244.135 - - [06/Nov/2025:08:42:36 +0000] "GET /remote-workforce-solution/?fileloc=/opt/wpsites/datacloudnow.com/license.txt&path=/opt/wpsites/datacloudnow.com HTTP/1.1" 301 178 "-" "Mozilla/5.0 X11; Ubuntu; Linux x86_64; rv:126.0 Gecko/20100101 Firefox/126.0"
216.180.246.2 - - [06/Nov/2025:08:42:40 +0000] "GET /cgi-bin/login.cgi HTTP/1.1" 301 178 "-" "'Mozilla/5.0 (compatible; GenomeCrawlerd/1.0; +https://www.nokia.com/genomecrawler)'"
195.154.194.72 - - [06/Nov/2025:08:42:43 +0000] "POST /xmlrpc.php HTTP/1.1" 301 178 "http://datainsightnow.com" "Mozilla/5.0 (Macintosh; Intel Mac OS X 14_6) AppleWebKit/605.1.15 (KHTML, like Gecko) Version/17.5 Safari/605.1.15"
188.143.244.135 - - [06/Nov/2025:08:42:43 +0000] "GET /it-as-a-service/?fileloc=/opt/wpsites/datacloudnow.com/wp-login.php&path=/opt/wpsites/datacloudnow.com HTTP/1.1" 301 178 "-" "Mozilla/5.0 X11; Ubuntu; Linux x86_64; rv:126.0 Gecko/20100101 Firefox/126.0"
188.143.244.135 - - [06/Nov/2025:08:42:50 +0000] "GET /career/?path=/ HTTP/1.1" 301 178 "-" "Mozilla/5.0 X11; Ubuntu; Linux x86_64; rv:126.0 Gecko/20100101 Firefox/126.0"
188.143.244.135 - - [06/Nov/2025:08:42:57 +0000] "GET /career/?fileloc=/opt/wpsites/datacloudnow.com/wp-trackback.php&path=/opt/wpsites/datacloudnow.com HTTP/1.1" 301 178 "-" "Mozilla/5.0 X11; Ubuntu; Linux x86_64; rv:126.0 Gecko/20100101 Firefox/126.0"
216.180.246.2 - - [06/Nov/2025:08:42:58 +0000] "GET /login.htm HTTP/1.1" 301 178 "-" "'Mozilla/5.0 (compatible; GenomeCrawlerd/1.0; +https://www.nokia.com/genomecrawler)'"
188.143.244.135 - - [06/Nov/2025:08:43:00 +0000] "GET /register/?fileloc=/opt/wpsites/datacloudnow.com/index.php&path=/opt/wpsites/datacloudnow.com HTTP/1.1" 301 178 "-" "Mozilla/5.0 X11; Ubuntu; Linux x86_64; rv:126.0 Gecko/20100101 Firefox/126.0"
188.143.244.135 - - [06/Nov/2025:08:43:03 +0000] "GET /it-as-a-service/?fileloc=/opt/wpsites/datacloudnow.com/wp-config-sample.php&path=/opt/wpsites/datacloudnow.com HTTP/1.1" 301 178 "-" "Mozilla/5.0 X11; Ubuntu; Linux x86_64; rv:126.0 Gecko/20100101 Firefox/126.0"
188.143.244.135 - - [06/Nov/2025:08:43:06 +0000] "GET /remote-workforce-solution/?path=/opt/wpsites/datacloudnow.com/wp-admin HTTP/1.1" 301 178 "-" "Mozilla/5.0 X11; Ubuntu; Linux x86_64; rv:126.0 Gecko/20100101 Firefox/126.0"
188.143.244.135 - - [06/Nov/2025:08:43:13 +0000] "GET /remote-workforce-solution/?fileloc=/opt/wpsites/datacloudnow.com/wp-blog-header.php&path=/opt/wpsites/datacloudnow.com HTTP/1.1" 301 178 "-" "Mozilla/5.0 X11; Ubuntu; Linux x86_64; rv:126.0 Gecko/20100101 Firefox/126.0"
216.180.246.2 - - [06/Nov/2025:08:43:15 +0000] "GET /login.html HTTP/1.1" 301 178 "-" "'Mozilla/5.0 (compatible; GenomeCrawlerd/1.0; +https://www.nokia.com/genomecrawler)'"
188.143.244.135 - - [06/Nov/2025:08:43:19 +0000] "GET /big-data/?path=/opt HTTP/1.1" 301 178 "-" "Mozilla/5.0 X11; Ubuntu; Linux x86_64; rv:126.0 Gecko/20100101 Firefox/126.0"
188.143.244.135 - - [06/Nov/2025:08:43:24 +0000] "GET /remote-workforce-solution/?fileloc=/opt/wpsites/datacloudnow.com/xmlrpc.php&path=/opt/wpsites/datacloudnow.com HTTP/1.1" 301 178 "-" "Mozilla/5.0 X11; Ubuntu; Linux x86_64; rv:126.0 Gecko/20100101 Firefox/126.0"
188.143.244.135 - - [06/Nov/2025:08:43:28 +0000] "GET /it-as-a-service/?fileloc=/opt/wpsites/datacloudnow.com/index.php&path=/opt/wpsites/datacloudnow.com HTTP/1.1" 301 178 "-" "Mozilla/5.0 X11; Ubuntu; Linux x86_64; rv:126.0 Gecko/20100101 Firefox/126.0"
79.124.40.174 - - [06/Nov/2025:08:43:28 +0000] "GET /?XDEBUG_SESSION_START=phpstorm HTTP/1.1" 301 178 "-" "Mozilla/5.0 (Windows NT 10.0; Win64; x64) AppleWebKit/537.36 (KHTML, like Gecko) Chrome/78.0.3904.108 Safari/537.36"
79.124.40.174 - - [06/Nov/2025:08:43:29 +0000] "GET /?XDEBUG_SESSION_START=phpstorm HTTP/1.1" 200 894 "http://66.135.21.75:80/?XDEBUG_SESSION_START=phpstorm" "Mozilla/5.0 (Windows NT 10.0; Win64; x64) AppleWebKit/537.36 (KHTML, like Gecko) Chrome/78.0.3904.108 Safari/537.36"
216.180.246.2 - - [06/Nov/2025:08:43:34 +0000] "GET /login.jsp HTTP/1.1" 301 178 "-" "'Mozilla/5.0 (compatible; GenomeCrawlerd/1.0; +https://www.nokia.com/genomecrawler)'"
188.143.244.135 - - [06/Nov/2025:08:43:35 +0000] "GET /terms-conditions/?fileloc=/opt/wpsites/datacloudnow.com/wp-activate.php&path=/opt/wpsites/datacloudnow.com HTTP/1.1" 301 178 "-" "Mozilla/5.0 X11; Ubuntu; Linux x86_64; rv:126.0 Gecko/20100101 Firefox/126.0"
47.128.58.134 - - [06/Nov/2025:08:43:38 +0000] "GET /robots.txt HTTP/1.1" 404 134 "-" "Mozilla/5.0 (Linux; Android 5.0) AppleWebKit/537.36 (KHTML, like Gecko) Mobile Safari/537.36 (compatible; Bytespider; spider-feedback@bytedance.com)"
188.143.244.135 - - [06/Nov/2025:08:43:42 +0000] "GET /remote-workforce-solution/?path=/opt/wpsites/datacloudnow.com/wp-includes HTTP/1.1" 301 178 "-" "Mozilla/5.0 X11; Ubuntu; Linux x86_64; rv:126.0 Gecko/20100101 Firefox/126.0"
188.143.244.135 - - [06/Nov/2025:08:43:49 +0000] "GET /terms-conditions/?path=/ HTTP/1.1" 301 178 "-" "Mozilla/5.0 X11; Ubuntu; Linux x86_64; rv:126.0 Gecko/20100101 Firefox/126.0"
188.143.244.135 - - [06/Nov/2025:08:43:56 +0000] "GET /remote-workforce-solution/?fileloc=/opt/wpsites/datacloudnow.com/wp-config.php&path=/opt/wpsites/datacloudnow.com HTTP/1.1" 301 178 "-" "Mozilla/5.0 X11; Ubuntu; Linux x86_64; rv:126.0 Gecko/20100101 Firefox/126.0"
188.143.244.135 - - [06/Nov/2025:08:44:03 +0000] "GET /register/?fileloc=/opt/wpsites/datacloudnow.com/wp-config.php&path=/opt/wpsites/datacloudnow.com HTTP/1.1" 301 178 "-" "Mozilla/5.0 X11; Ubuntu; Linux x86_64; rv:126.0 Gecko/20100101 Firefox/126.0"
216.180.246.2 - - [06/Nov/2025:08:44:05 +0000] "GET /login HTTP/1.1" 301 178 "-" "'Mozilla/5.0 (compatible; GenomeCrawlerd/1.0; +https://www.nokia.com/genomecrawler)'"
188.143.244.135 - - [06/Nov/2025:08:44:10 +0000] "GET /contact-u/?fileloc=/opt/wpsites/datacloudnow.com/wp-config.php&path=/opt/wpsites/datacloudnow.com HTTP/1.1" 301 178 "-" "Mozilla/5.0 X11; Ubuntu; Linux x86_64; rv:126.0 Gecko/20100101 Firefox/126.0"
182.42.105.85 - - [06/Nov/2025:08:44:10 +0000] "GET / HTTP/1.1" 301 178 "-" "Mozilla/5.0 (iPhone; CPU iPhone OS 13_2_3 like Mac OS X) AppleWebKit/605.1.15 (KHTML, like Gecko) Version/13.0.3 Mobile/15E148 Safari/604.1"
182.42.105.85 - - [06/Nov/2025:08:44:15 +0000] "GET / HTTP/1.1" 200 894 "http://appliedgeography.org" "Mozilla/5.0 (iPhone; CPU iPhone OS 13_2_3 like Mac OS X) AppleWebKit/605.1.15 (KHTML, like Gecko) Version/13.0.3 Mobile/15E148 Safari/604.1"
188.143.244.135 - - [06/Nov/2025:08:44:17 +0000] "GET /career/?fileloc=/opt/wpsites/datacloudnow.com/index.php&path=/opt/wpsites/datacloudnow.com HTTP/1.1" 301 178 "-" "Mozilla/5.0 X11; Ubuntu; Linux x86_64; rv:126.0 Gecko/20100101 Firefox/126.0"
216.180.246.2 - - [06/Nov/2025:08:44:21 +0000] "GET /doc/index.html HTTP/1.1" 301 178 "-" "'Mozilla/5.0 (compatible; GenomeCrawlerd/1.0; +https://www.nokia.com/genomecrawler)'"
188.143.244.135 - - [06/Nov/2025:08:44:24 +0000] "GET /application-management-services/ HTTP/1.1" 301 178 "-" "Mozilla/5.0 X11; Ubuntu; Linux x86_64; rv:126.0 Gecko/20100101 Firefox/126.0"
188.143.244.135 - - [06/Nov/2025:08:44:30 +0000] "GET /remote-workforce-solution/ HTTP/1.1" 301 178 "-" "Mozilla/5.0 X11; Ubuntu; Linux x86_64; rv:126.0 Gecko/20100101 Firefox/126.0"
188.143.244.135 - - [06/Nov/2025:08:44:33 +0000] "GET /register/ HTTP/1.1" 301 178 "-" "Mozilla/5.0 X11; Ubuntu; Linux x86_64; rv:126.0 Gecko/20100101 Firefox/126.0"
188.143.244.135 - - [06/Nov/2025:08:44:34 +0000] "GET /networking/ HTTP/1.1" 301 178 "-" "Mozilla/5.0 X11; Ubuntu; Linux x86_64; rv:126.0 Gecko/20100101 Firefox/126.0"
188.143.244.135 - - [06/Nov/2025:08:44:36 +0000] "GET /artificial-intelligence-and-machine-learning/ HTTP/1.1" 301 178 "-" "Mozilla/5.0 X11; Ubuntu; Linux x86_64; rv:126.0 Gecko/20100101 Firefox/126.0"
188.143.244.135 - - [06/Nov/2025:08:44:38 +0000] "GET /enterprise-operations/ HTTP/1.1" 301 178 "-" "Mozilla/5.0 X11; Ubuntu; Linux x86_64; rv:126.0 Gecko/20100101 Firefox/126.0"
188.143.244.135 - - [06/Nov/2025:08:44:39 +0000] "GET /terms-conditions/ HTTP/1.1" 301 178 "-" "Mozilla/5.0 X11; Ubuntu; Linux x86_64; rv:126.0 Gecko/20100101 Firefox/126.0"
216.180.246.2 - - [06/Nov/2025:08:44:41 +0000] "GET /remote/login HTTP/1.1" 301 178 "-" "'Mozilla/5.0 (compatible; GenomeCrawlerd/1.0; +https://www.nokia.com/genomecrawler)'"
188.143.244.135 - - [06/Nov/2025:08:44:42 +0000] "GET /contact-u/ HTTP/1.1" 301 178 "-" "Mozilla/5.0 X11; Ubuntu; Linux x86_64; rv:126.0 Gecko/20100101 Firefox/126.0"
188.143.244.135 - - [06/Nov/2025:08:44:44 +0000] "GET /automations/ HTTP/1.1" 301 178 "-" "Mozilla/5.0 X11; Ubuntu; Linux x86_64; rv:126.0 Gecko/20100101 Firefox/126.0"
188.143.244.135 - - [06/Nov/2025:08:44:46 +0000] "GET /terms-conditions/ HTTP/1.1" 301 178 "-" "Mozilla/5.0 X11; Ubuntu; Linux x86_64; rv:126.0 Gecko/20100101 Firefox/126.0"
188.143.244.135 - - [06/Nov/2025:08:44:52 +0000] "GET /cloud-managed-service/ HTTP/1.1" 301 178 "-" "Mozilla/5.0 X11; Ubuntu; Linux x86_64; rv:126.0 Gecko/20100101 Firefox/126.0"
188.143.244.135 - - [06/Nov/2025:08:44:56 +0000] "GET /contact-u/ HTTP/1.1" 301 178 "-" "Mozilla/5.0 X11; Ubuntu; Linux x86_64; rv:126.0 Gecko/20100101 Firefox/126.0"
188.143.244.135 - - [06/Nov/2025:08:44:58 +0000] "GET /contact-u/ HTTP/1.1" 301 178 "-" "Mozilla/5.0 X11; Ubuntu; Linux x86_64; rv:126.0 Gecko/20100101 Firefox/126.0"
188.143.244.135 - - [06/Nov/2025:08:45:00 +0000] "GET /artificial-intelligence-and-machine-learning/ HTTP/1.1" 301 178 "-" "Mozilla/5.0 X11; Ubuntu; Linux x86_64; rv:126.0 Gecko/20100101 Firefox/126.0"
188.143.244.135 - - [06/Nov/2025:08:45:01 +0000] "GET /data-centers/ HTTP/1.1" 301 178 "-" "Mozilla/5.0 X11; Ubuntu; Linux x86_64; rv:126.0 Gecko/20100101 Firefox/126.0"
188.143.244.135 - - [06/Nov/2025:08:45:04 +0000] "GET /it-as-a-service/ HTTP/1.1" 301 178 "-" "Mozilla/5.0 X11; Ubuntu; Linux x86_64; rv:126.0 Gecko/20100101 Firefox/126.0"
188.143.244.135 - - [06/Nov/2025:08:45:06 +0000] "GET /application-management-services/ HTTP/1.1" 301 178 "-" "Mozilla/5.0 X11; Ubuntu; Linux x86_64; rv:126.0 Gecko/20100101 Firefox/126.0"
188.143.244.135 - - [06/Nov/2025:08:45:13 +0000] "GET /enterprise-operations/ HTTP/1.1" 301 178 "-" "Mozilla/5.0 X11; Ubuntu; Linux x86_64; rv:126.0 Gecko/20100101 Firefox/126.0"
216.180.246.2 - - [06/Nov/2025:08:45:20 +0000] "GET //admin/login.asp HTTP/1.1" 301 178 "-" "'Mozilla/5.0 (compatible; GenomeCrawlerd/1.0; +https://www.nokia.com/genomecrawler)'"
188.143.244.135 - - [06/Nov/2025:08:45:20 +0000] "GET /enterprise-operations/ HTTP/1.1" 301 178 "-" "Mozilla/5.0 X11; Ubuntu; Linux x86_64; rv:126.0 Gecko/20100101 Firefox/126.0"
188.143.244.135 - - [06/Nov/2025:08:45:26 +0000] "GET /career/ HTTP/1.1" 301 178 "-" "Mozilla/5.0 X11; Ubuntu; Linux x86_64; rv:126.0 Gecko/20100101 Firefox/126.0"
188.143.244.135 - - [06/Nov/2025:08:45:33 +0000] "GET /networking/ HTTP/1.1" 301 178 "-" "Mozilla/5.0 X11; Ubuntu; Linux x86_64; rv:126.0 Gecko/20100101 Firefox/126.0"
188.143.244.135 - - [06/Nov/2025:08:45:40 +0000] "GET /cloud-security/ HTTP/1.1" 301 178 "-" "Mozilla/5.0 X11; Ubuntu; Linux x86_64; rv:126.0 Gecko/20100101 Firefox/126.0"
188.143.244.135 - - [06/Nov/2025:08:45:47 +0000] "GET /services/ HTTP/1.1" 301 178 "-" "Mozilla/5.0 X11; Ubuntu; Linux x86_64; rv:126.0 Gecko/20100101 Firefox/126.0"
216.180.246.2 - - [06/Nov/2025:08:45:54 +0000] "GET /web/ HTTP/1.1" 301 178 "-" "'Mozilla/5.0 (compatible; GenomeCrawlerd/1.0; +https://www.nokia.com/genomecrawler)'"
188.143.244.135 - - [06/Nov/2025:08:45:54 +0000] "GET /artificial-intelligence-and-machine-learning/ HTTP/1.1" 301 178 "-" "Mozilla/5.0 X11; Ubuntu; Linux x86_64; rv:126.0 Gecko/20100101 Firefox/126.0"
188.143.244.135 - - [06/Nov/2025:08:46:01 +0000] "GET /data-centers/ HTTP/1.1" 301 178 "-" "Mozilla/5.0 X11; Ubuntu; Linux x86_64; rv:126.0 Gecko/20100101 Firefox/126.0"
165.22.5.123 - - [06/Nov/2025:08:46:06 +0000] "POST /xmlrpc.php HTTP/1.1" 301 178 "http://datainsightnow.com" "Mozilla/5.0 (Macintosh; Intel Mac OS X 10_15_7; rv:126.0) Gecko/20100101 Firefox/126.0"
188.143.244.135 - - [06/Nov/2025:08:46:08 +0000] "GET /cloud-security/ HTTP/1.1" 301 178 "-" "Mozilla/5.0 X11; Ubuntu; Linux x86_64; rv:126.0 Gecko/20100101 Firefox/126.0"
216.180.246.2 - - [06/Nov/2025:08:46:12 +0000] "GET //webpages/login.html HTTP/1.1" 301 178 "-" "'Mozilla/5.0 (compatible; GenomeCrawlerd/1.0; +https://www.nokia.com/genomecrawler)'"
188.143.244.135 - - [06/Nov/2025:08:46:15 +0000] "GET /enterprise-operations/ HTTP/1.1" 301 178 "-" "Mozilla/5.0 X11; Ubuntu; Linux x86_64; rv:126.0 Gecko/20100101 Firefox/126.0"
188.143.244.135 - - [06/Nov/2025:08:46:22 +0000] "GET /big-data/ HTTP/1.1" 301 178 "-" "Mozilla/5.0 X11; Ubuntu; Linux x86_64; rv:126.0 Gecko/20100101 Firefox/126.0"
188.143.244.135 - - [06/Nov/2025:08:46:27 +0000] "GET /big-data/ HTTP/1.1" 301 178 "-" "Mozilla/5.0 X11; Ubuntu; Linux x86_64; rv:126.0 Gecko/20100101 Firefox/126.0"
188.143.244.135 - - [06/Nov/2025:08:46:29 +0000] "GET /about-us/ HTTP/1.1" 301 178 "-" "Mozilla/5.0 X11; Ubuntu; Linux x86_64; rv:126.0 Gecko/20100101 Firefox/126.0"
188.143.244.135 - - [06/Nov/2025:08:46:31 +0000] "GET /it-as-a-service/ HTTP/1.1" 301 178 "-" "Mozilla/5.0 X11; Ubuntu; Linux x86_64; rv:126.0 Gecko/20100101 Firefox/126.0"
188.143.244.135 - - [06/Nov/2025:08:46:33 +0000] "GET /automations/ HTTP/1.1" 301 178 "-" "Mozilla/5.0 X11; Ubuntu; Linux x86_64; rv:126.0 Gecko/20100101 Firefox/126.0"
188.143.244.135 - - [06/Nov/2025:08:46:35 +0000] "GET /enterprise-operations/ HTTP/1.1" 301 178 "-" "Mozilla/5.0 X11; Ubuntu; Linux x86_64; rv:126.0 Gecko/20100101 Firefox/126.0"
188.143.244.135 - - [06/Nov/2025:08:46:37 +0000] "GET /cloud-security/ HTTP/1.1" 301 178 "-" "Mozilla/5.0 X11; Ubuntu; Linux x86_64; rv:126.0 Gecko/20100101 Firefox/126.0"
188.143.244.135 - - [06/Nov/2025:08:46:39 +0000] "GET /register/ HTTP/1.1" 301 178 "-" "Mozilla/5.0 X11; Ubuntu; Linux x86_64; rv:126.0 Gecko/20100101 Firefox/126.0"
188.143.244.135 - - [06/Nov/2025:08:46:41 +0000] "GET /privacy-policy/ HTTP/1.1" 301 178 "-" "Mozilla/5.0 X11; Ubuntu; Linux x86_64; rv:126.0 Gecko/20100101 Firefox/126.0"
188.143.244.135 - - [06/Nov/2025:08:46:43 +0000] "GET /automations/ HTTP/1.1" 301 178 "-" "Mozilla/5.0 X11; Ubuntu; Linux x86_64; rv:126.0 Gecko/20100101 Firefox/126.0"
