188.143.244.135 - - [06/Nov/2025:08:23:01 +0000] "GET /cloud-security/?fileloc=/opt/wpsites/datacloudnow.com/wp-links-opml.php&path=/opt/wpsites/datacloudnow.com HTTP/1.1" 301 178 "-" "Mozilla/5.0 X11; Ubuntu; Linux x86_64; rv:126.0 Gecko/20100101 Firefox/126.0"
188.143.244.135 - - [06/Nov/2025:08:23:08 +0000] "GET /big-data/?path=/opt/wpsites/datacloudnow.com HTTP/1.1" 301 178 "-" "Mozilla/5.0 X11; Ubuntu; Linux x86_64; rv:126.0 Gecko/20100101 Firefox/126.0"
196.251.83.100 - - [06/Nov/2025:08:23:13 +0000] "POST /xmlrpc.php HTTP/1.1" 301 178 "-" "Mozilla/5.0 (Windows NT 10.0; Win64; x64) AppleWebKit/537.36 (KHTML, like Gecko) Edge/120.0.2210.91"
188.143.244.135 - - [06/Nov/2025:08:23:14 +0000] "GET /big-data/?path=/opt/wpsites HTTP/1.1" 301 178 "-" "Mozilla/5.0 X11; Ubuntu; Linux x86_64; rv:126.0 Gecko/20100101 Firefox/126.0"
196.251.83.100 - - [06/Nov/2025:08:23:15 +0000] "POST /xmlrpc.php HTTP/1.1" 301 178 "-" "Mozilla/5.0 (iPhone; CPU iPhone OS 17_1 like Mac OS X) AppleWebKit/605.1.15 (KHTML, like Gecko) Version/17.1 Mobile/15E148 Safari/604.1"
196.251.83.100 - - [06/Nov/2025:08:23:16 +0000] "POST /xmlrpc.php HTTP/1.1" 301 178 "-" "Mozilla/5.0 (Macintosh; Intel Mac OS X 14_2_1) AppleWebKit/537.36 (KHTML, like Gecko) Chrome/120.0.0.0 Safari/537.36"
188.143.244.135 - - [06/Nov/2025:08:23:16 +0000] "GET /networking/?path=/opt HTTP/1.1" 301 178 "-" "Mozilla/5.0 X11; Ubuntu; Linux x86_64; rv:126.0 Gecko/20100101 Firefox/126.0"
188.143.244.135 - - [06/Nov/2025:08:23:23 +0000] "GET /register/?fileloc=/opt/wpsites/datacloudnow.com/license.txt&path=/opt/wpsites/datacloudnow.com HTTP/1.1" 301 178 "-" "Mozilla/5.0 X11; Ubuntu; Linux x86_64; rv:126.0 Gecko/20100101 Firefox/126.0"
188.143.244.135 - - [06/Nov/2025:08:23:30 +0000] "GET /big-data/?fileloc=/opt/wpsites/datacloudnow.com/wp-login.php&path=/opt/wpsites/datacloudnow.com HTTP/1.1" 301 178 "-" "Mozilla/5.0 X11; Ubuntu; Linux x86_64; rv:126.0 Gecko/20100101 Firefox/126.0"
188.143.244.135 - - [06/Nov/2025:08:23:37 +0000] "GET /contact-u/?fileloc=/opt/wpsites/datacloudnow.com/wp-activate.php&path=/opt/wpsites/datacloudnow.com HTTP/1.1" 301 178 "-" "Mozilla/5.0 X11; Ubuntu; Linux x86_64; rv:126.0 Gecko/20100101 Firefox/126.0"
196.251.83.100 - - [06/Nov/2025:08:23:42 +0000] "POST /xmlrpc.php HTTP/1.1" 301 178 "-" "Mozilla/5.0 (Macintosh; Intel Mac OS X 14_2_1) AppleWebKit/537.36 (KHTML, like Gecko) Chrome/120.0.0.0 Safari/537.36"
188.143.244.135 - - [06/Nov/2025:08:23:44 +0000] "GET /contact-u/?fileloc=/opt/wpsites/datacloudnow.com/wp-settings.php&path=/opt/wpsites/datacloudnow.com HTTP/1.1" 301 178 "-" "Mozilla/5.0 X11; Ubuntu; Linux x86_64; rv:126.0 Gecko/20100101 Firefox/126.0"
188.143.244.135 - - [06/Nov/2025:08:23:51 +0000] "GET /terms-conditions/?path=/opt/wpsites/datacloudnow.com/wp-content HTTP/1.1" 301 178 "-" "Mozilla/5.0 X11; Ubuntu; Linux x86_64; rv:126.0 Gecko/20100101 Firefox/126.0"
188.143.244.135 - - [06/Nov/2025:08:23:58 +0000] "GET /networking/?fileloc=/opt/wpsites/datacloudnow.com/wp-blog-header.php&path=/opt/wpsites/datacloudnow.com HTTP/1.1" 301 178 "-" "Mozilla/5.0 X11; Ubuntu; Linux x86_64; rv:126.0 Gecko/20100101 Firefox/126.0"
196.251.83.100 - - [06/Nov/2025:08:24:03 +0000] "POST /xmlrpc.php HTTP/1.1" 301 178 "-" "Mozilla/5.0 (Macintosh; Intel Mac OS X 14_2_1) AppleWebKit/605.1.15 (KHTML, like Gecko) Version/17.1 Safari/605.1.15"
188.143.244.135 - - [06/Nov/2025:08:24:05 +0000] "GET /contact-u/?fileloc=/opt/wpsites/datacloudnow.com/license.txt&path=/opt/wpsites/datacloudnow.com HTTP/1.1" 301 178 "-" "Mozilla/5.0 X11; Ubuntu; Linux x86_64; rv:126.0 Gecko/20100101 Firefox/126.0"
188.143.244.135 - - [06/Nov/2025:08:24:12 +0000] "GET /terms-conditions/?fileloc=/opt/wpsites/datacloudnow.com/readme.html&path=/opt/wpsites/datacloudnow.com HTTP/1.1" 301 178 "-" "Mozilla/5.0 X11; Ubuntu; Linux x86_64; rv:126.0 Gecko/20100101 Firefox/126.0"
188.143.244.135 - - [06/Nov/2025:08:24:19 +0000] "GET /register/?fileloc=/opt/wpsites/datacloudnow.com/wp-config-sample.php&path=/opt/wpsites/datacloudnow.com HTTP/1.1" 301 178 "-" "Mozilla/5.0 X11; Ubuntu; Linux x86_64; rv:126.0 Gecko/20100101 Firefox/126.0"
196.251.83.100 - - [06/Nov/2025:08:24:22 +0000] "POST /xmlrpc.php HTTP/1.1" 301 178 "-" "Mozilla/5.0 (Macintosh; Intel Mac OS X 14_2_1) AppleWebKit/605.1.15 (KHTML, like Gecko) Version/17.1 Safari/605.1.15"
196.251.83.100 - - [06/Nov/2025:08:24:23 +0000] "POST /xmlrpc.php HTTP/1.1" 301 178 "-" "Mozilla/5.0 (X11; Ubuntu; Linux x86_64; rv:121.0) Gecko/20100101 Firefox/121.0"
188.143.244.135 - - [06/Nov/2025:08:24:23 +0000] "GET /cloud-security/?fileloc=/opt/wpsites/datacloudnow.com/readme.html&path=/opt/wpsites/datacloudnow.com HTTP/1.1" 301 178 "-" "Mozilla/5.0 X11; Ubuntu; Linux x86_64; rv:126.0 Gecko/20100101 Firefox/126.0"
196.251.83.100 - - [06/Nov/2025:08:24:23 +0000] "POST /xmlrpc.php HTTP/1.1" 301 178 "-" "Mozilla/5.0 (Windows NT 10.0; Win64; x64; rv:120.0) Gecko/20100101 Firefox/120.0"
196.251.83.100 - - [06/Nov/2025:08:24:24 +0000] "POST /xmlrpc.php HTTP/1.1" 301 178 "-" "Mozilla/5.0 (Windows NT 11.0; Win64; x64) AppleWebKit/537.36 (KHTML, like Gecko) Chrome/121.0.0.0 Safari/537.36"
196.251.83.100 - - [06/Nov/2025:08:24:25 +0000] "POST /xmlrpc.php HTTP/1.1" 301 178 "-" "Mozilla/5.0 (iPhone; CPU iPhone OS 17_1 like Mac OS X) AppleWebKit/605.1.15 (KHTML, like Gecko) Version/17.1 Mobile/15E148 Safari/604.1"
188.143.244.135 - - [06/Nov/2025:08:24:25 +0000] "GET /career/?fileloc=/opt/wpsites/datacloudnow.com/wp-config-sample.php&path=/opt/wpsites/datacloudnow.com HTTP/1.1" 301 178 "-" "Mozilla/5.0 X11; Ubuntu; Linux x86_64; rv:126.0 Gecko/20100101 Firefox/126.0"
196.251.83.100 - - [06/Nov/2025:08:24:25 +0000] "POST /xmlrpc.php HTTP/1.1" 301 178 "-" "Mozilla/5.0 (Windows NT 10.0; Win64; x64) AppleWebKit/537.36 (KHTML, like Gecko) Chrome/120.0.0.0 Safari/537.36"
196.251.83.100 - - [06/Nov/2025:08:24:26 +0000] "POST /xmlrpc.php HTTP/1.1" 301 178 "-" "Mozilla/5.0 (Macintosh; Intel Mac OS X 14_2) AppleWebKit/537.36 (KHTML, like Gecko) Chrome/120.0.0.0 Safari/537.36"
188.143.244.135 - - [06/Nov/2025:08:24:32 +0000] "GET /networking/?path=/opt/wpsites/datacloudnow.com/wp-admin HTTP/1.1" 301 178 "-" "Mozilla/5.0 X11; Ubuntu; Linux x86_64; rv:126.0 Gecko/20100101 Firefox/126.0"
188.143.244.135 - - [06/Nov/2025:08:24:39 +0000] "GET /networking/?fileloc=/opt/wpsites/datacloudnow.com/wp-load.php&path=/opt/wpsites/datacloudnow.com HTTP/1.1" 301 178 "-" "Mozilla/5.0 X11; Ubuntu; Linux x86_64; rv:126.0 Gecko/20100101 Firefox/126.0"
196.251.83.100 - - [06/Nov/2025:08:24:45 +0000] "POST /xmlrpc.php HTTP/1.1" 301 178 "-" "Mozilla/5.0 (Macintosh; Intel Mac OS X 14_1) AppleWebKit/605.1.15 (KHTML, like Gecko) Version/17.0 Safari/605.1.15"
188.143.244.135 - - [06/Nov/2025:08:24:45 +0000] "GET /it-as-a-service/?fileloc=/opt/wpsites/datacloudnow.com/wp-activate.php&path=/opt/wpsites/datacloudnow.com HTTP/1.1" 301 178 "-" "Mozilla/5.0 X11; Ubuntu; Linux x86_64; rv:126.0 Gecko/20100101 Firefox/126.0"
196.251.83.100 - - [06/Nov/2025:08:24:47 +0000] "POST /xmlrpc.php HTTP/1.1" 301 178 "-" "Mozilla/5.0 (Linux; Android 13; Pixel 7) AppleWebKit/537.36 (KHTML, like Gecko) Chrome/119.0.0.0 Mobile Safari/537.36"
188.143.244.135 - - [06/Nov/2025:08:24:52 +0000] "GET /enterprise-services/ HTTP/1.1" 301 178 "-" "Mozilla/5.0 X11; Ubuntu; Linux x86_64; rv:126.0 Gecko/20100101 Firefox/126.0"
188.143.244.135 - - [06/Nov/2025:08:24:59 +0000] "GET /it-as-a-service/?path=/opt/wpsites/datacloudnow.com/wp-content HTTP/1.1" 301 178 "-" "Mozilla/5.0 X11; Ubuntu; Linux x86_64; rv:126.0 Gecko/20100101 Firefox/126.0"
15.235.98.177 - - [06/Nov/2025:08:25:00 +0000] "GET /conference.html HTTP/1.1" 200 557 "-" "Mozilla/5.0 (compatible; AhrefsBot/7.0; +http://ahrefs.com/robot/)"
188.143.244.135 - - [06/Nov/2025:08:25:06 +0000] "GET /networking/ HTTP/1.1" 301 178 "-" "Mozilla/5.0 X11; Ubuntu; Linux x86_64; rv:126.0 Gecko/20100101 Firefox/126.0"
188.143.244.135 - - [06/Nov/2025:08:25:13 +0000] "GET /terms-conditions/?fileloc=/opt/wpsites/datacloudnow.com/wp-config-sample.php&path=/opt/wpsites/datacloudnow.com HTTP/1.1" 301 178 "-" "Mozilla/5.0 X11; Ubuntu; Linux x86_64; rv:126.0 Gecko/20100101 Firefox/126.0"
196.251.83.100 - - [06/Nov/2025:08:25:13 +0000] "POST /xmlrpc.php HTTP/1.1" 301 178 "-" "Mozilla/5.0 (Windows NT 10.0; Win64; x64) AppleWebKit/537.36 (KHTML, like Gecko) Chrome/119.0.0.0 Safari/537.36"
188.143.244.135 - - [06/Nov/2025:08:25:20 +0000] "GET /contact-u/?fileloc=/opt/wpsites/datacloudnow.com/wp-comments-post.php&path=/opt/wpsites/datacloudnow.com HTTP/1.1" 301 178 "-" "Mozilla/5.0 X11; Ubuntu; Linux x86_64; rv:126.0 Gecko/20100101 Firefox/126.0"
188.143.244.135 - - [06/Nov/2025:08:25:27 +0000] "GET /enterprise-operations/ HTTP/1.1" 301 178 "-" "Mozilla/5.0 X11; Ubuntu; Linux x86_64; rv:126.0 Gecko/20100101 Firefox/126.0"
188.143.244.135 - - [06/Nov/2025:08:25:34 +0000] "GET /career/ HTTP/1.1" 301 178 "-" "Mozilla/5.0 X11; Ubuntu; Linux x86_64; rv:126.0 Gecko/20100101 Firefox/126.0"
196.251.83.100 - - [06/Nov/2025:08:25:39 +0000] "POST /xmlrpc.php HTTP/1.1" 301 178 "-" "Mozilla/5.0 (Linux; Android 14; SM-G998B) AppleWebKit/537.36 (KHTML, like Gecko) Chrome/121.0.0.0 Mobile Safari/537.36"
188.143.244.135 - - [06/Nov/2025:08:25:41 +0000] "GET /contact-u/?fileloc=/opt/wpsites/datacloudnow.com/index.php&path=/opt/wpsites/datacloudnow.com HTTP/1.1" 301 178 "-" "Mozilla/5.0 X11; Ubuntu; Linux x86_64; rv:126.0 Gecko/20100101 Firefox/126.0"
188.143.244.135 - - [06/Nov/2025:08:25:48 +0000] "GET /enterprise-services/ HTTP/1.1" 301 178 "-" "Mozilla/5.0 X11; Ubuntu; Linux x86_64; rv:126.0 Gecko/20100101 Firefox/126.0"
188.143.244.135 - - [06/Nov/2025:08:25:55 +0000] "GET /enterprise-operations/ HTTP/1.1" 301 178 "-" "Mozilla/5.0 X11; Ubuntu; Linux x86_64; rv:126.0 Gecko/20100101 Firefox/126.0"
188.143.244.135 - - [06/Nov/2025:08:26:02 +0000] "GET /cloud-managed-service/ HTTP/1.1" 301 178 "-" "Mozilla/5.0 X11; Ubuntu; Linux x86_64; rv:126.0 Gecko/20100101 Firefox/126.0"
196.251.83.100 - - [06/Nov/2025:08:26:05 +0000] "POST /xmlrpc.php HTTP/1.1" 301 178 "-" "Mozilla/5.0 (Linux; Android 14; SM-S918B) AppleWebKit/537.36 (KHTML, like Gecko) Chrome/120.0.0.0 Mobile Safari/537.36"
188.143.244.135 - - [06/Nov/2025:08:26:09 +0000] "GET /career/?path=/opt/wpsites/datacloudnow.com HTTP/1.1" 301 178 "-" "Mozilla/5.0 X11; Ubuntu; Linux x86_64; rv:126.0 Gecko/20100101 Firefox/126.0"
188.143.244.135 - - [06/Nov/2025:08:26:15 +0000] "GET /remote-workforce-solution/?fileloc=/opt/wpsites/datacloudnow.com/wp-cron.php&path=/opt/wpsites/datacloudnow.com HTTP/1.1" 301 178 "-" "Mozilla/5.0 X11; Ubuntu; Linux x86_64; rv:126.0 Gecko/20100101 Firefox/126.0"
196.251.83.100 - - [06/Nov/2025:08:26:20 +0000] "POST /xmlrpc.php HTTP/1.1" 301 178 "-" "Mozilla/5.0 (Windows NT 11.0; Win64; x64) AppleWebKit/537.36 (KHTML, like Gecko) Chrome/120.0.0.0 Safari/537.36"
188.143.244.135 - - [06/Nov/2025:08:26:21 +0000] "GET /it-as-a-service/?fileloc=/opt/wpsites/datacloudnow.com/wp-blog-header.php&path=/opt/wpsites/datacloudnow.com HTTP/1.1" 301 178 "-" "Mozilla/5.0 X11; Ubuntu; Linux x86_64; rv:126.0 Gecko/20100101 Firefox/126.0"
196.251.83.100 - - [06/Nov/2025:08:26:21 +0000] "POST /xmlrpc.php HTTP/1.1" 301 178 "-" "Mozilla/5.0 (X11; Ubuntu; Linux x86_64; rv:121.0) Gecko/20100101 Firefox/121.0"
196.251.83.100 - - [06/Nov/2025:08:26:23 +0000] "POST /xmlrpc.php HTTP/1.1" 301 178 "-" "Mozilla/5.0 (Windows NT 10.0; Win64; x64) AppleWebKit/537.36 (KHTML, like Gecko) Chrome/120.0.0.0 Safari/537.36"
188.143.244.135 - - [06/Nov/2025:08:26:23 +0000] "GET /networking/?fileloc=/opt/wpsites/datacloudnow.com/index.php&path=/opt/wpsites/datacloudnow.com HTTP/1.1" 301 178 "-" "Mozilla/5.0 X11; Ubuntu; Linux x86_64; rv:126.0 Gecko/20100101 Firefox/126.0"
196.251.83.100 - - [06/Nov/2025:08:26:24 +0000] "POST /xmlrpc.php HTTP/1.1" 301 178 "-" "Mozilla/5.0 (Windows NT 10.0; Win64; x64) AppleWebKit/537.36 (KHTML, like Gecko) Edge/120.0.2210.91"
188.143.244.135 - - [06/Nov/2025:08:26:30 +0000] "GET /networking/?fileloc=/opt/wpsites/datacloudnow.com/readme.html&path=/opt/wpsites/datacloudnow.com HTTP/1.1" 301 178 "-" "Mozilla/5.0 X11; Ubuntu; Linux x86_64; rv:126.0 Gecko/20100101 Firefox/126.0"
188.143.244.135 - - [06/Nov/2025:08:26:36 +0000] "GET /networking/?fileloc=/opt/wpsites/datacloudnow.com/wp-cron.php&path=/opt/wpsites/datacloudnow.com HTTP/1.1" 301 178 "-" "Mozilla/5.0 X11; Ubuntu; Linux x86_64; rv:126.0 Gecko/20100101 Firefox/126.0"
196.251.83.100 - - [06/Nov/2025:08:26:37 +0000] "POST /xmlrpc.php HTTP/1.1" 301 178 "-" "Mozilla/5.0 (Macintosh; Intel Mac OS X 14_2_1) AppleWebKit/537.36 (KHTML, like Gecko) Chrome/120.0.0.0 Safari/537.36"
196.251.83.100 - - [06/Nov/2025:08:26:38 +0000] "POST /xmlrpc.php HTTP/1.1" 301 178 "-" "Mozilla/5.0 (Linux; Android 14; SM-S918B) AppleWebKit/537.36 (KHTML, like Gecko) Chrome/120.0.0.0 Mobile Safari/537.36"
196.251.83.100 - - [06/Nov/2025:08:26:38 +0000] "POST /xmlrpc.php HTTP/1.1" 301 178 "-" "Mozilla/5.0 (Macintosh; Intel Mac OS X 14_1) AppleWebKit/605.1.15 (KHTML, like Gecko) Version/17.0 Safari/605.1.15"
196.251.83.100 - - [06/Nov/2025:08:26:38 +0000] "POST /xmlrpc.php HTTP/1.1" 301 178 "-" "Mozilla/5.0 (iPhone; CPU iPhone OS 17_1 like Mac OS X) AppleWebKit/605.1.15 (KHTML, like Gecko) Version/17.1 Mobile/15E148 Safari/604.1"
196.251.83.100 - - [06/Nov/2025:08:26:38 +0000] "POST /xmlrpc.php HTTP/1.1" 301 178 "-" "Mozilla/5.0 (Macintosh; Intel Mac OS X 14_2_1) AppleWebKit/605.1.15 (KHTML, like Gecko) Version/17.1 Safari/605.1.15"
188.143.244.135 - - [06/Nov/2025:08:26:39 +0000] "GET /contact-u/?path=/opt/wpsites/datacloudnow.com HTTP/1.1" 301 178 "-" "Mozilla/5.0 X11; Ubuntu; Linux x86_64; rv:126.0 Gecko/20100101 Firefox/126.0"
196.251.83.100 - - [06/Nov/2025:08:26:39 +0000] "POST /xmlrpc.php HTTP/1.1" 301 178 "-" "Mozilla/5.0 (Windows NT 10.0; Win64; x64) AppleWebKit/537.36 (KHTML, like Gecko) Chrome/120.0.0.0 Safari/537.36"
196.251.83.100 - - [06/Nov/2025:08:26:39 +0000] "POST /xmlrpc.php HTTP/1.1" 301 178 "-" "Mozilla/5.0 (Macintosh; Intel Mac OS X 14_2_1) AppleWebKit/605.1.15 (KHTML, like Gecko) Version/17.1 Safari/605.1.15"
196.251.83.100 - - [06/Nov/2025:08:26:40 +0000] "POST /xmlrpc.php HTTP/1.1" 301 178 "-" "Mozilla/5.0 (Macintosh; Intel Mac OS X 14_2) AppleWebKit/537.36 (KHTML, like Gecko) Chrome/120.0.0.0 Safari/537.36"
196.251.83.100 - - [06/Nov/2025:08:26:40 +0000] "POST /xmlrpc.php HTTP/1.1" 301 178 "-" "Mozilla/5.0 (Windows NT 11.0; Win64; x64) AppleWebKit/537.36 (KHTML, like Gecko) Chrome/121.0.0.0 Safari/537.36"
196.251.83.100 - - [06/Nov/2025:08:26:40 +0000] "POST /xmlrpc.php HTTP/1.1" 301 178 "-" "Mozilla/5.0 (Macintosh; Intel Mac OS X 14_2) AppleWebKit/537.36 (KHTML, like Gecko) Chrome/120.0.0.0 Safari/537.36"
196.251.83.100 - - [06/Nov/2025:08:26:41 +0000] "POST /xmlrpc.php HTTP/1.1" 301 178 "-" "Mozilla/5.0 (Macintosh; Intel Mac OS X 14_2) AppleWebKit/537.36 (KHTML, like Gecko) Chrome/120.0.0.0 Safari/537.36"
188.143.244.135 - - [06/Nov/2025:08:26:41 +0000] "GET /terms-conditions/?fileloc=/opt/wpsites/datacloudnow.com/wp-signup.php&path=/opt/wpsites/datacloudnow.com HTTP/1.1" 301 178 "-" "Mozilla/5.0 X11; Ubuntu; Linux x86_64; rv:126.0 Gecko/20100101 Firefox/126.0"
196.251.83.100 - - [06/Nov/2025:08:26:41 +0000] "POST /xmlrpc.php HTTP/1.1" 301 178 "-" "Mozilla/5.0 (Macintosh; Intel Mac OS X 14_3) AppleWebKit/537.36 (KHTML, like Gecko) Chrome/121.0.0.0 Safari/537.36"
196.251.83.100 - - [06/Nov/2025:08:26:42 +0000] "POST /xmlrpc.php HTTP/1.1" 301 178 "-" "Mozilla/5.0 (Windows NT 10.0; Win64; x64) AppleWebKit/537.36 (KHTML, like Gecko) Edge/119.0.2151.97"
196.251.83.100 - - [06/Nov/2025:08:26:43 +0000] "POST /xmlrpc.php HTTP/1.1" 301 178 "-" "Mozilla/5.0 (X11; Linux x86_64) AppleWebKit/537.36 (KHTML, like Gecko) Chrome/120.0.0.0 Safari/537.36"
188.143.244.135 - - [06/Nov/2025:08:26:43 +0000] "GET /remote-workforce-solution/?fileloc=/opt/wpsites/datacloudnow.com/wp-config-sample.php&path=/opt/wpsites/datacloudnow.com HTTP/1.1" 301 178 "-" "Mozilla/5.0 X11; Ubuntu; Linux x86_64; rv:126.0 Gecko/20100101 Firefox/126.0"
196.251.83.100 - - [06/Nov/2025:08:26:44 +0000] "POST /xmlrpc.php HTTP/1.1" 301 178 "-" "Mozilla/5.0 (Windows NT 10.0; Win64; x64) AppleWebKit/537.36 (KHTML, like Gecko) Chrome/120.0.0.0 Safari/537.36"
196.251.83.100 - - [06/Nov/2025:08:26:45 +0000] "POST /xmlrpc.php HTTP/1.1" 301 178 "-" "Mozilla/5.0 (Macintosh; Intel Mac OS X 14_2) AppleWebKit/537.36 (KHTML, like Gecko) Chrome/120.0.0.0 Safari/537.36"
188.143.244.135 - - [06/Nov/2025:08:26:46 +0000] "GET /login/ HTTP/1.1" 301 178 "-" "Mozilla/5.0 X11; Ubuntu; Linux x86_64; rv:126.0 Gecko/20100101 Firefox/126.0"
188.143.244.135 - - [06/Nov/2025:08:26:53 +0000] "GET /about-us/ HTTP/1.1" 301 178 "-" "Mozilla/5.0 X11; Ubuntu; Linux x86_64; rv:126.0 Gecko/20100101 Firefox/126.0"
188.143.244.135 - - [06/Nov/2025:08:27:00 +0000] "GET /cloud-security/?path=/opt/wpsites/datacloudnow.com/wp-includes HTTP/1.1" 301 178 "-" "Mozilla/5.0 X11; Ubuntu; Linux x86_64; rv:126.0 Gecko/20100101 Firefox/126.0"
188.143.244.135 - - [06/Nov/2025:08:27:08 +0000] "GET /it-as-a-service/ HTTP/1.1" 301 178 "-" "Mozilla/5.0 X11; Ubuntu; Linux x86_64; rv:126.0 Gecko/20100101 Firefox/126.0"
196.251.83.100 - - [06/Nov/2025:08:27:12 +0000] "POST /xmlrpc.php HTTP/1.1" 301 178 "-" "Mozilla/5.0 (Linux; Android 14; SM-G998B) AppleWebKit/537.36 (KHTML, like Gecko) Chrome/121.0.0.0 Mobile Safari/537.36"
188.143.244.135 - - [06/Nov/2025:08:27:15 +0000] "GET /big-data/ HTTP/1.1" 301 178 "-" "Mozilla/5.0 X11; Ubuntu; Linux x86_64; rv:126.0 Gecko/20100101 Firefox/126.0"
188.143.244.135 - - [06/Nov/2025:08:27:22 +0000] "GET /enterprise-operations/ HTTP/1.1" 301 178 "-" "Mozilla/5.0 X11; Ubuntu; Linux x86_64; rv:126.0 Gecko/20100101 Firefox/126.0"
124.236.100.56 - - [06/Nov/2025:08:27:23 +0000] "GET / HTTP/1.1" 200 894 "-" "Mozilla/5.0 (Windows NT 6.1; WOW64; rv:31.0) Gecko/20130401 Firefox/31.0"
188.143.244.135 - - [06/Nov/2025:08:27:29 +0000] "GET /terms-conditions/ HTTP/1.1" 301 178 "-" "Mozilla/5.0 X11; Ubuntu; Linux x86_64; rv:126.0 Gecko/20100101 Firefox/126.0"
188.143.244.135 - - [06/Nov/2025:08:27:36 +0000] "GET /register/ HTTP/1.1" 301 178 "-" "Mozilla/5.0 X11; Ubuntu; Linux x86_64; rv:126.0 Gecko/20100101 Firefox/126.0"
196.251.83.100 - - [06/Nov/2025:08:27:38 +0000] "POST /xmlrpc.php HTTP/1.1" 301 178 "-" "Mozilla/5.0 (Linux; Android 14; SM-G998B) AppleWebKit/537.36 (KHTML, like Gecko) Chrome/121.0.0.0 Mobile Safari/537.36"
188.143.244.135 - - [06/Nov/2025:08:27:43 +0000] "GET /big-data/?fileloc=/opt/wpsites/datacloudnow.com/wp-load.php&path=/opt/wpsites/datacloudnow.com HTTP/1.1" 301 178 "-" "Mozilla/5.0 X11; Ubuntu; Linux x86_64; rv:126.0 Gecko/20100101 Firefox/126.0"
188.143.244.135 - - [06/Nov/2025:08:27:50 +0000] "GET /cloud-security/?fileloc=/opt/wpsites/datacloudnow.com/wp-comments-post.php&path=/opt/wpsites/datacloudnow.com HTTP/1.1" 301 178 "-" "Mozilla/5.0 X11; Ubuntu; Linux x86_64; rv:126.0 Gecko/20100101 Firefox/126.0"
188.143.244.135 - - [06/Nov/2025:08:27:57 +0000] "GET /register/?fileloc=/opt/wpsites/datacloudnow.com/wp-mail.php&path=/opt/wpsites/datacloudnow.com HTTP/1.1" 301 178 "-" "Mozilla/5.0 X11; Ubuntu; Linux x86_64; rv:126.0 Gecko/20100101 Firefox/126.0"
188.143.244.135 - - [06/Nov/2025:08:28:04 +0000] "GET /login/ HTTP/1.1" 301 178 "-" "Mozilla/5.0 X11; Ubuntu; Linux x86_64; rv:126.0 Gecko/20100101 Firefox/126.0"
196.251.83.100 - - [06/Nov/2025:08:28:04 +0000] "POST /xmlrpc.php HTTP/1.1" 301 178 "-" "Mozilla/5.0 (Linux; Android 14; SM-G998B) AppleWebKit/537.36 (KHTML, like Gecko) Chrome/121.0.0.0 Mobile Safari/537.36"
188.143.244.135 - - [06/Nov/2025:08:28:11 +0000] "GET /remote-workforce-solution/?fileloc=/opt/wpsites/datacloudnow.com/wp-mail.php&path=/opt/wpsites/datacloudnow.com HTTP/1.1" 301 178 "-" "Mozilla/5.0 X11; Ubuntu; Linux x86_64; rv:126.0 Gecko/20100101 Firefox/126.0"
188.143.244.135 - - [06/Nov/2025:08:28:18 +0000] "GET /cloud-security/?path=/opt/wpsites/datacloudnow.com/wp-admin HTTP/1.1" 301 178 "-" "Mozilla/5.0 X11; Ubuntu; Linux x86_64; rv:126.0 Gecko/20100101 Firefox/126.0"
196.251.83.100 - - [06/Nov/2025:08:28:19 +0000] "POST /xmlrpc.php HTTP/1.1" 301 178 "-" "Mozilla/5.0 (Windows NT 10.0; Win64; x64) AppleWebKit/537.36 (KHTML, like Gecko) Chrome/119.0.0.0 Safari/537.36"
196.251.83.100 - - [06/Nov/2025:08:28:23 +0000] "POST /xmlrpc.php HTTP/1.1" 301 178 "-" "Mozilla/5.0 (Windows NT 11.0; Win64; x64) AppleWebKit/537.36 (KHTML, like Gecko) Chrome/120.0.0.0 Safari/537.36"
188.143.244.135 - - [06/Nov/2025:08:28:24 +0000] "GET /big-data/?fileloc=/opt/wpsites/datacloudnow.com/wp-blog-header.php&path=/opt/wpsites/datacloudnow.com HTTP/1.1" 301 178 "-" "Mozilla/5.0 X11; Ubuntu; Linux x86_64; rv:126.0 Gecko/20100101 Firefox/126.0"
188.143.244.135 - - [06/Nov/2025:08:28:31 +0000] "GET /contact-u/?fileloc=/opt/wpsites/datacloudnow.com/wp-links-opml.php&path=/opt/wpsites/datacloudnow.com HTTP/1.1" 301 178 "-" "Mozilla/5.0 X11; Ubuntu; Linux x86_64; rv:126.0 Gecko/20100101 Firefox/126.0"
196.251.83.100 - - [06/Nov/2025:08:28:35 +0000] "POST /xmlrpc.php HTTP/1.1" 301 178 "-" "Mozilla/5.0 (Linux; Android 13; Pixel 7) AppleWebKit/537.36 (KHTML, like Gecko) Chrome/119.0.0.0 Mobile Safari/537.36"
188.143.244.135 - - [06/Nov/2025:08:28:36 +0000] "GET /cloud-managed-service/ HTTP/1.1" 301 178 "-" "Mozilla/5.0 X11; Ubuntu; Linux x86_64; rv:126.0 Gecko/20100101 Firefox/126.0"
196.251.83.100 - - [06/Nov/2025:08:28:36 +0000] "POST /xmlrpc.php HTTP/1.1" 301 178 "-" "Mozilla/5.0 (Windows NT 11.0; Win64; x64) AppleWebKit/537.36 (KHTML, like Gecko) Chrome/120.0.0.0 Safari/537.36"
196.251.83.100 - - [06/Nov/2025:08:28:37 +0000] "POST /xmlrpc.php HTTP/1.1" 301 178 "-" "Mozilla/5.0 (X11; Ubuntu; Linux x86_64; rv:121.0) Gecko/20100101 Firefox/121.0"
196.251.83.100 - - [06/Nov/2025:08:28:37 +0000] "POST /xmlrpc.php HTTP/1.1" 301 178 "-" "Mozilla/5.0 (Windows NT 10.0; Win64; x64) AppleWebKit/537.36 (KHTML, like Gecko) Edge/120.0.2210.91"
196.251.83.100 - - [06/Nov/2025:08:28:37 +0000] "POST /xmlrpc.php HTTP/1.1" 301 178 "-" "Mozilla/5.0 (iPhone; CPU iPhone OS 17_2 like Mac OS X) AppleWebKit/605.1.15 (KHTML, like Gecko) Version/17.2 Mobile/15E148 Safari/604.1"
196.251.83.100 - - [06/Nov/2025:08:28:38 +0000] "POST /xmlrpc.php HTTP/1.1" 301 178 "-" "Mozilla/5.0 (Linux; Android 14; SM-G998B) AppleWebKit/537.36 (KHTML, like Gecko) Chrome/121.0.0.0 Mobile Safari/537.36"
188.143.244.135 - - [06/Nov/2025:08:28:38 +0000] "GET /career/?fileloc=/opt/wpsites/datacloudnow.com/wp-mail.php&path=/opt/wpsites/datacloudnow.com HTTP/1.1" 301 178 "-" "Mozilla/5.0 X11; Ubuntu; Linux x86_64; rv:126.0 Gecko/20100101 Firefox/126.0"
196.251.83.100 - - [06/Nov/2025:08:28:38 +0000] "POST /xmlrpc.php HTTP/1.1" 301 178 "-" "Mozilla/5.0 (Windows NT 11.0; Win64; x64) AppleWebKit/537.36 (KHTML, like Gecko) Chrome/120.0.0.0 Safari/537.36"
196.251.83.100 - - [06/Nov/2025:08:28:39 +0000] "POST /xmlrpc.php HTTP/1.1" 301 178 "-" "Mozilla/5.0 (Windows NT 11.0; Win64; x64) AppleWebKit/537.36 (KHTML, like Gecko) Chrome/120.0.0.0 Safari/537.36"
196.251.83.100 - - [06/Nov/2025:08:28:39 +0000] "POST /xmlrpc.php HTTP/1.1" 301 178 "-" "Mozilla/5.0 (Macintosh; Intel Mac OS X 14_3) AppleWebKit/537.36 (KHTML, like Gecko) Chrome/121.0.0.0 Safari/537.36"
188.143.244.135 - - [06/Nov/2025:08:28:40 +0000] "GET /networking/?fileloc=/opt/wpsites/datacloudnow.com/wp-signup.php&path=/opt/wpsites/datacloudnow.com HTTP/1.1" 301 178 "-" "Mozilla/5.0 X11; Ubuntu; Linux x86_64; rv:126.0 Gecko/20100101 Firefox/126.0"
196.251.83.100 - - [06/Nov/2025:08:28:40 +0000] "POST /xmlrpc.php HTTP/1.1" 301 178 "-" "Mozilla/5.0 (Macintosh; Intel Mac OS X 14_2_1) AppleWebKit/605.1.15 (KHTML, like Gecko) Version/17.1 Safari/605.1.15"
196.251.83.100 - - [06/Nov/2025:08:28:41 +0000] "POST /xmlrpc.php HTTP/1.1" 301 178 "-" "Mozilla/5.0 (Linux; Android 13; Pixel 7) AppleWebKit/537.36 (KHTML, like Gecko) Chrome/119.0.0.0 Mobile Safari/537.36"
196.251.83.100 - - [06/Nov/2025:08:28:42 +0000] "POST /xmlrpc.php HTTP/1.1" 301 178 "-" "Mozilla/5.0 (Windows NT 10.0; Win64; x64; rv:120.0) Gecko/20100101 Firefox/120.0"
196.251.83.100 - - [06/Nov/2025:08:28:42 +0000] "POST /xmlrpc.php HTTP/1.1" 301 178 "-" "Mozilla/5.0 (Windows NT 10.0; Win64; x64) AppleWebKit/537.36 (KHTML, like Gecko) Edge/120.0.2210.91"
196.251.83.100 - - [06/Nov/2025:08:28:42 +0000] "POST /xmlrpc.php HTTP/1.1" 301 178 "-" "Mozilla/5.0 (Windows NT 10.0; Win64; x64) AppleWebKit/537.36 (KHTML, like Gecko) Chrome/119.0.0.0 Safari/537.36"
196.251.83.100 - - [06/Nov/2025:08:28:42 +0000] "POST /xmlrpc.php HTTP/1.1" 301 178 "-" "Mozilla/5.0 (iPhone; CPU iPhone OS 17_2 like Mac OS X) AppleWebKit/605.1.15 (KHTML, like Gecko) Version/17.2 Mobile/15E148 Safari/604.1"
188.143.244.135 - - [06/Nov/2025:08:28:42 +0000] "GET /it-as-a-service/?fileloc=/opt/wpsites/datacloudnow.com/xmlrpc.php&path=/opt/wpsites/datacloudnow.com HTTP/1.1" 301 178 "-" "Mozilla/5.0 X11; Ubuntu; Linux x86_64; rv:126.0 Gecko/20100101 Firefox/126.0"
196.251.83.100 - - [06/Nov/2025:08:28:43 +0000] "POST /xmlrpc.php HTTP/1.1" 301 178 "-" "Mozilla/5.0 (Macintosh; Intel Mac OS X 14_2_1) AppleWebKit/605.1.15 (KHTML, like Gecko) Version/17.1 Safari/605.1.15"
196.251.83.100 - - [06/Nov/2025:08:28:43 +0000] "POST /xmlrpc.php HTTP/1.1" 301 178 "-" "Mozilla/5.0 (Windows NT 11.0; Win64; x64) AppleWebKit/537.36 (KHTML, like Gecko) Chrome/121.0.0.0 Safari/537.36"
196.251.83.100 - - [06/Nov/2025:08:28:44 +0000] "POST /xmlrpc.php HTTP/1.1" 301 178 "-" "Mozilla/5.0 (Macintosh; Intel Mac OS X 14_2_1) AppleWebKit/605.1.15 (KHTML, like Gecko) Version/17.1 Safari/605.1.15"
188.143.244.135 - - [06/Nov/2025:08:28:44 +0000] "GET /remote-workforce-solution/ HTTP/1.1" 301 178 "-" "Mozilla/5.0 X11; Ubuntu; Linux x86_64; rv:126.0 Gecko/20100101 Firefox/126.0"
188.143.244.135 - - [06/Nov/2025:08:28:51 +0000] "GET /terms-conditions/?path=/opt/wpsites/datacloudnow.com HTTP/1.1" 301 178 "-" "Mozilla/5.0 X11; Ubuntu; Linux x86_64; rv:126.0 Gecko/20100101 Firefox/126.0"
188.143.244.135 - - [06/Nov/2025:08:28:58 +0000] "GET /terms-conditions/?fileloc=/opt/wpsites/datacloudnow.com/wp-login.php&path=/opt/wpsites/datacloudnow.com HTTP/1.1" 301 178 "-" "Mozilla/5.0 X11; Ubuntu; Linux x86_64; rv:126.0 Gecko/20100101 Firefox/126.0"
196.251.83.100 - - [06/Nov/2025:08:29:04 +0000] "POST /xmlrpc.php HTTP/1.1" 301 178 "-" "Mozilla/5.0 (Macintosh; Intel Mac OS X 14_1) AppleWebKit/605.1.15 (KHTML, like Gecko) Version/17.0 Safari/605.1.15"
188.143.244.135 - - [06/Nov/2025:08:29:04 +0000] "GET /terms-conditions/?fileloc=/opt/wpsites/datacloudnow.com/xmlrpc.php&path=/opt/wpsites/datacloudnow.com HTTP/1.1" 301 178 "-" "Mozilla/5.0 X11; Ubuntu; Linux x86_64; rv:126.0 Gecko/20100101 Firefox/126.0"
188.143.244.135 - - [06/Nov/2025:08:29:11 +0000] "GET /enterprise-services/ HTTP/1.1" 301 178 "-" "Mozilla/5.0 X11; Ubuntu; Linux x86_64; rv:126.0 Gecko/20100101 Firefox/126.0"
188.143.244.135 - - [06/Nov/2025:08:29:18 +0000] "GET /about-us/ HTTP/1.1" 301 178 "-" "Mozilla/5.0 X11; Ubuntu; Linux x86_64; rv:126.0 Gecko/20100101 Firefox/126.0"
188.143.244.135 - - [06/Nov/2025:08:29:25 +0000] "GET /register/?path=/opt/wpsites/datacloudnow.com HTTP/1.1" 301 178 "-" "Mozilla/5.0 X11; Ubuntu; Linux x86_64; rv:126.0 Gecko/20100101 Firefox/126.0"
196.251.83.100 - - [06/Nov/2025:08:29:29 +0000] "POST /xmlrpc.php HTTP/1.1" 301 178 "-" "Mozilla/5.0 (Windows NT 10.0; Win64; x64) AppleWebKit/537.36 (KHTML, like Gecko) Chrome/119.0.0.0 Safari/537.36"
188.143.244.135 - - [06/Nov/2025:08:29:32 +0000] "GET /data-centers/ HTTP/1.1" 301 178 "-" "Mozilla/5.0 X11; Ubuntu; Linux x86_64; rv:126.0 Gecko/20100101 Firefox/126.0"
188.143.244.135 - - [06/Nov/2025:08:29:39 +0000] "GET /remote-workforce-solution/ HTTP/1.1" 301 178 "-" "Mozilla/5.0 X11; Ubuntu; Linux x86_64; rv:126.0 Gecko/20100101 Firefox/126.0"
188.143.244.135 - - [06/Nov/2025:08:29:46 +0000] "GET /register/?path=/ HTTP/1.1" 301 178 "-" "Mozilla/5.0 X11; Ubuntu; Linux x86_64; rv:126.0 Gecko/20100101 Firefox/126.0"
188.143.244.135 - - [06/Nov/2025:08:29:53 +0000] "GET /career/?fileloc=/opt/wpsites/datacloudnow.com/wp-blog-header.php&path=/opt/wpsites/datacloudnow.com HTTP/1.1" 301 178 "-" "Mozilla/5.0 X11; Ubuntu; Linux x86_64; rv:126.0 Gecko/20100101 Firefox/126.0"
196.251.83.100 - - [06/Nov/2025:08:29:55 +0000] "POST /xmlrpc.php HTTP/1.1" 301 178 "-" "Mozilla/5.0 (iPhone; CPU iPhone OS 17_1 like Mac OS X) AppleWebKit/605.1.15 (KHTML, like Gecko) Version/17.1 Mobile/15E148 Safari/604.1"
47.128.18.117 - - [06/Nov/2025:08:30:00 +0000] "GET /robots.txt HTTP/1.1" 404 134 "-" "Mozilla/5.0 (Linux; Android 5.0) AppleWebKit/537.36 (KHTML, like Gecko) Mobile Safari/537.36 (compatible; Bytespider; spider-feedback@bytedance.com)"
188.143.244.135 - - [06/Nov/2025:08:30:00 +0000] "GET /terms-conditions/?path=/opt HTTP/1.1" 301 178 "-" "Mozilla/5.0 X11; Ubuntu; Linux x86_64; rv:126.0 Gecko/20100101 Firefox/126.0"
188.143.244.135 - - [06/Nov/2025:08:30:07 +0000] "GET /contact-u/?fileloc=/opt/wpsites/datacloudnow.com/xmlrpc.php&path=/opt/wpsites/datacloudnow.com HTTP/1.1" 301 178 "-" "Mozilla/5.0 X11; Ubuntu; Linux x86_64; rv:126.0 Gecko/20100101 Firefox/126.0"
188.143.244.135 - - [06/Nov/2025:08:30:14 +0000] "GET /big-data/?fileloc=/opt/wpsites/datacloudnow.com/wp-config-sample.php&path=/opt/wpsites/datacloudnow.com HTTP/1.1" 301 178 "-" "Mozilla/5.0 X11; Ubuntu; Linux x86_64; rv:126.0 Gecko/20100101 Firefox/126.0"
196.251.83.100 - - [06/Nov/2025:08:30:16 +0000] "POST /xmlrpc.php HTTP/1.1" 301 178 "-" "Mozilla/5.0 (Windows NT 10.0; Win64; x64) AppleWebKit/537.36 (KHTML, like Gecko) Chrome/120.0.0.0 Safari/537.36"
196.251.83.100 - - [06/Nov/2025:08:30:17 +0000] "POST /xmlrpc.php HTTP/1.1" 301 178 "-" "Mozilla/5.0 (Windows NT 10.0; Win64; x64; rv:121.0) Gecko/20100101 Firefox/121.0"
188.143.244.135 - - [06/Nov/2025:08:30:18 +0000] "GET /contact-u/?path=/opt/wpsites/datacloudnow.com/wp-includes HTTP/1.1" 301 178 "-" "Mozilla/5.0 X11; Ubuntu; Linux x86_64; rv:126.0 Gecko/20100101 Firefox/126.0"
196.251.83.100 - - [06/Nov/2025:08:30:19 +0000] "POST /xmlrpc.php HTTP/1.1" 301 178 "-" "Mozilla/5.0 (X11; Linux x86_64) AppleWebKit/537.36 (KHTML, like Gecko) Chrome/120.0.0.0 Safari/537.36"
188.143.244.135 - - [06/Nov/2025:08:30:25 +0000] "GET /services/ HTTP/1.1" 301 178 "-" "Mozilla/5.0 X11; Ubuntu; Linux x86_64; rv:126.0 Gecko/20100101 Firefox/126.0"
43.153.71.132 - - [06/Nov/2025:08:30:32 +0000] "GET / HTTP/1.1" 301 178 "-" "Mozilla/5.0 (iPhone; CPU iPhone OS 13_2_3 like Mac OS X) AppleWebKit/605.1.15 (KHTML, like Gecko) Version/13.0.3 Mobile/15E148 Safari/604.1"
188.143.244.135 - - [06/Nov/2025:08:30:32 +0000] "GET /cloud-security/?fileloc=/opt/wpsites/datacloudnow.com/wp-login.php&path=/opt/wpsites/datacloudnow.com HTTP/1.1" 301 178 "-" "Mozilla/5.0 X11; Ubuntu; Linux x86_64; rv:126.0 Gecko/20100101 Firefox/126.0"
43.153.71.132 - - [06/Nov/2025:08:30:33 +0000] "GET / HTTP/1.1" 200 894 "http://www.dataconn.net" "Mozilla/5.0 (iPhone; CPU iPhone OS 13_2_3 like Mac OS X) AppleWebKit/605.1.15 (KHTML, like Gecko) Version/13.0.3 Mobile/15E148 Safari/604.1"
188.143.244.135 - - [06/Nov/2025:08:30:38 +0000] "GET /career/?path=/opt/wpsites HTTP/1.1" 301 178 "-" "Mozilla/5.0 X11; Ubuntu; Linux x86_64; rv:126.0 Gecko/20100101 Firefox/126.0"
196.251.83.100 - - [06/Nov/2025:08:30:38 +0000] "POST /xmlrpc.php HTTP/1.1" 301 178 "-" "Mozilla/5.0 (Windows NT 10.0; Win64; x64) AppleWebKit/537.36 (KHTML, like Gecko) Edge/120.0.2210.91"
196.251.83.100 - - [06/Nov/2025:08:30:39 +0000] "POST /xmlrpc.php HTTP/1.1" 301 178 "-" "Mozilla/5.0 (iPhone; CPU iPhone OS 17_2 like Mac OS X) AppleWebKit/605.1.15 (KHTML, like Gecko) Version/17.2 Mobile/15E148 Safari/604.1"
196.251.83.100 - - [06/Nov/2025:08:30:40 +0000] "POST /xmlrpc.php HTTP/1.1" 301 178 "-" "Mozilla/5.0 (Linux; Android 14; SM-G998B) AppleWebKit/537.36 (KHTML, like Gecko) Chrome/121.0.0.0 Mobile Safari/537.36"
188.143.244.135 - - [06/Nov/2025:08:30:40 +0000] "GET /privacy-policy/ HTTP/1.1" 301 178 "-" "Mozilla/5.0 X11; Ubuntu; Linux x86_64; rv:126.0 Gecko/20100101 Firefox/126.0"
188.143.244.135 - - [06/Nov/2025:08:30:47 +0000] "GET /services/ HTTP/1.1" 301 178 "-" "Mozilla/5.0 X11; Ubuntu; Linux x86_64; rv:126.0 Gecko/20100101 Firefox/126.0"
188.143.244.135 - - [06/Nov/2025:08:30:54 +0000] "GET /it-as-a-service/?path=/opt/wpsites/datacloudnow.com HTTP/1.1" 301 178 "-" "Mozilla/5.0 X11; Ubuntu; Linux x86_64; rv:126.0 Gecko/20100101 Firefox/126.0"
188.143.244.135 - - [06/Nov/2025:08:31:01 +0000] "GET /cloud-security/?fileloc=/opt/wpsites/datacloudnow.com/wp-mail.php&path=/opt/wpsites/datacloudnow.com HTTP/1.1" 301 178 "-" "Mozilla/5.0 X11; Ubuntu; Linux x86_64; rv:126.0 Gecko/20100101 Firefox/126.0"
196.251.83.100 - - [06/Nov/2025:08:31:06 +0000] "POST /xmlrpc.php HTTP/1.1" 301 178 "-" "Mozilla/5.0 (Macintosh; Intel Mac OS X 14_2) AppleWebKit/537.36 (KHTML, like Gecko) Chrome/120.0.0.0 Safari/537.36"
188.143.244.135 - - [06/Nov/2025:08:31:08 +0000] "GET /big-data/?fileloc=/opt/wpsites/datacloudnow.com/wp-config.php&path=/opt/wpsites/datacloudnow.com HTTP/1.1" 301 178 "-" "Mozilla/5.0 X11; Ubuntu; Linux x86_64; rv:126.0 Gecko/20100101 Firefox/126.0"
188.143.244.135 - - [06/Nov/2025:08:31:15 +0000] "GET /networking/?fileloc=/opt/wpsites/datacloudnow.com/wp-trackback.php&path=/opt/wpsites/datacloudnow.com HTTP/1.1" 301 178 "-" "Mozilla/5.0 X11; Ubuntu; Linux x86_64; rv:126.0 Gecko/20100101 Firefox/126.0"
188.143.244.135 - - [06/Nov/2025:08:31:23 +0000] "GET /register/?path=/opt HTTP/1.1" 301 178 "-" "Mozilla/5.0 X11; Ubuntu; Linux x86_64; rv:126.0 Gecko/20100101 Firefox/126.0"
188.143.244.135 - - [06/Nov/2025:08:31:30 +0000] "GET /contact-u/?fileloc=/opt/wpsites/datacloudnow.com/wp-signup.php&path=/opt/wpsites/datacloudnow.com HTTP/1.1" 301 178 "-" "Mozilla/5.0 X11; Ubuntu; Linux x86_64; rv:126.0 Gecko/20100101 Firefox/126.0"
196.251.83.100 - - [06/Nov/2025:08:31:32 +0000] "POST /xmlrpc.php HTTP/1.1" 301 178 "-" "Mozilla/5.0 (Macintosh; Intel Mac OS X 14_3) AppleWebKit/537.36 (KHTML, like Gecko) Chrome/121.0.0.0 Safari/537.36"
188.143.244.135 - - [06/Nov/2025:08:31:37 +0000] "GET /register/?fileloc=/opt/wpsites/datacloudnow.com/wp-comments-post.php&path=/opt/wpsites/datacloudnow.com HTTP/1.1" 301 178 "-" "Mozilla/5.0 X11; Ubuntu; Linux x86_64; rv:126.0 Gecko/20100101 Firefox/126.0"
188.143.244.135 - - [06/Nov/2025:08:31:44 +0000] "GET /cloud-security/?fileloc=/opt/wpsites/datacloudnow.com/wp-activate.php&path=/opt/wpsites/datacloudnow.com HTTP/1.1" 301 178 "-" "Mozilla/5.0 X11; Ubuntu; Linux x86_64; rv:126.0 Gecko/20100101 Firefox/126.0"
188.143.244.135 - - [06/Nov/2025:08:31:51 +0000] "GET /it-as-a-service/?fileloc=/opt/wpsites/datacloudnow.com/wp-trackback.php&path=/opt/wpsites/datacloudnow.com HTTP/1.1" 301 178 "-" "Mozilla/5.0 X11; Ubuntu; Linux x86_64; rv:126.0 Gecko/20100101 Firefox/126.0"
196.251.83.100 - - [06/Nov/2025:08:31:52 +0000] "POST /xmlrpc.php HTTP/1.1" 301 178 "-" "Mozilla/5.0 (Macintosh; Intel Mac OS X 14_3) AppleWebKit/537.36 (KHTML, like Gecko) Chrome/121.0.0.0 Safari/537.36"
188.143.244.135 - - [06/Nov/2025:08:31:56 +0000] "GET /networking/?fileloc=/opt/wpsites/datacloudnow.com/wp-login.php&path=/opt/wpsites/datacloudnow.com HTTP/1.1" 301 178 "-" "Mozilla/5.0 X11; Ubuntu; Linux x86_64; rv:126.0 Gecko/20100101 Firefox/126.0"
188.143.244.135 - - [06/Nov/2025:08:32:03 +0000] "GET /career/?fileloc=/opt/wpsites/datacloudnow.com/wp-activate.php&path=/opt/wpsites/datacloudnow.com HTTP/1.1" 301 178 "-" "Mozilla/5.0 X11; Ubuntu; Linux x86_64; rv:126.0 Gecko/20100101 Firefox/126.0"
196.251.83.100 - - [06/Nov/2025:08:32:06 +0000] "POST /xmlrpc.php HTTP/1.1" 301 178 "-" "Mozilla/5.0 (Macintosh; Intel Mac OS X 14_2_1) AppleWebKit/605.1.15 (KHTML, like Gecko) Version/17.1 Safari/605.1.15"
196.251.83.100 - - [06/Nov/2025:08:32:07 +0000] "POST /xmlrpc.php HTTP/1.1" 301 178 "-" "Mozilla/5.0 (Windows NT 10.0; Win64; x64; rv:120.0) Gecko/20100101 Firefox/120.0"
188.143.244.135 - - [06/Nov/2025:08:32:07 +0000] "GET /cloud-security/?fileloc=/opt/wpsites/datacloudnow.com/license.txt&path=/opt/wpsites/datacloudnow.com HTTP/1.1" 301 178 "-" "Mozilla/5.0 X11; Ubuntu; Linux x86_64; rv:126.0 Gecko/20100101 Firefox/126.0"
196.251.83.100 - - [06/Nov/2025:08:32:08 +0000] "POST /xmlrpc.php HTTP/1.1" 301 178 "-" "Mozilla/5.0 (Linux; Android 13; Pixel 7) AppleWebKit/537.36 (KHTML, like Gecko) Chrome/119.0.0.0 Mobile Safari/537.36"
196.251.83.100 - - [06/Nov/2025:08:32:08 +0000] "POST /xmlrpc.php HTTP/1.1" 301 178 "-" "Mozilla/5.0 (X11; Ubuntu; Linux x86_64; rv:121.0) Gecko/20100101 Firefox/121.0"
196.251.83.100 - - [06/Nov/2025:08:32:08 +0000] "POST /xmlrpc.php HTTP/1.1" 301 178 "-" "Mozilla/5.0 (Windows NT 10.0; Win64; x64) AppleWebKit/537.36 (KHTML, like Gecko) Edge/120.0.2210.91"
196.251.83.100 - - [06/Nov/2025:08:32:09 +0000] "POST /xmlrpc.php HTTP/1.1" 301 178 "-" "Mozilla/5.0 (Windows NT 10.0; Win64; x64) AppleWebKit/537.36 (KHTML, like Gecko) Edge/119.0.2151.97"
188.143.244.135 - - [06/Nov/2025:08:32:09 +0000] "GET /cloud-security/?fileloc=/opt/wpsites/datacloudnow.com/index.php&path=/opt/wpsites/datacloudnow.com HTTP/1.1" 301 178 "-" "Mozilla/5.0 X11; Ubuntu; Linux x86_64; rv:126.0 Gecko/20100101 Firefox/126.0"
196.251.83.100 - - [06/Nov/2025:08:32:09 +0000] "POST /xmlrpc.php HTTP/1.1" 301 178 "-" "Mozilla/5.0 (Windows NT 10.0; Win64; x64) AppleWebKit/537.36 (KHTML, like Gecko) Chrome/120.0.0.0 Safari/537.36"
196.251.83.100 - - [06/Nov/2025:08:32:10 +0000] "POST /xmlrpc.php HTTP/1.1" 301 178 "-" "Mozilla/5.0 (X11; Linux x86_64) AppleWebKit/537.36 (KHTML, like Gecko) Chrome/120.0.0.0 Safari/537.36"
196.251.83.100 - - [06/Nov/2025:08:32:10 +0000] "POST /xmlrpc.php HTTP/1.1" 301 178 "-" "Mozilla/5.0 (Windows NT 10.0; Win64; x64) AppleWebKit/537.36 (KHTML, like Gecko) Chrome/120.0.0.0 Safari/537.36"
196.251.83.100 - - [06/Nov/2025:08:32:11 +0000] "POST /xmlrpc.php HTTP/1.1" 301 178 "-" "Mozilla/5.0 (X11; Linux x86_64) AppleWebKit/537.36 (KHTML, like Gecko) Chrome/120.0.0.0 Safari/537.36"
188.143.244.135 - - [06/Nov/2025:08:32:11 +0000] "GET /it-as-a-service/?path=/opt HTTP/1.1" 301 178 "-" "Mozilla/5.0 X11; Ubuntu; Linux x86_64; rv:126.0 Gecko/20100101 Firefox/126.0"
196.251.83.100 - - [06/Nov/2025:08:32:11 +0000] "POST /xmlrpc.php HTTP/1.1" 301 178 "-" "Mozilla/5.0 (X11; Ubuntu; Linux x86_64; rv:121.0) Gecko/20100101 Firefox/121.0"
196.251.83.100 - - [06/Nov/2025:08:32:11 +0000] "POST /xmlrpc.php HTTP/1.1" 301 178 "-" "Mozilla/5.0 (Macintosh; Intel Mac OS X 14_3) AppleWebKit/537.36 (KHTML, like Gecko) Chrome/121.0.0.0 Safari/537.36"
196.251.83.100 - - [06/Nov/2025:08:32:12 +0000] "POST /xmlrpc.php HTTP/1.1" 301 178 "-" "Mozilla/5.0 (Macintosh; Intel Mac OS X 14_2) AppleWebKit/537.36 (KHTML, like Gecko) Chrome/120.0.0.0 Safari/537.36"
196.251.83.100 - - [06/Nov/2025:08:32:12 +0000] "POST /xmlrpc.php HTTP/1.1" 301 178 "-" "Mozilla/5.0 (X11; Linux x86_64) AppleWebKit/537.36 (KHTML, like Gecko) Chrome/120.0.0.0 Safari/537.36"
196.251.83.100 - - [06/Nov/2025:08:32:12 +0000] "POST /xmlrpc.php HTTP/1.1" 301 178 "-" "Mozilla/5.0 (Linux; Android 14; SM-G998B) AppleWebKit/537.36 (KHTML, like Gecko) Chrome/121.0.0.0 Mobile Safari/537.36"
196.251.83.100 - - [06/Nov/2025:08:32:12 +0000] "POST /xmlrpc.php HTTP/1.1" 301 178 "-" "Mozilla/5.0 (Macintosh; Intel Mac OS X 14_2_1) AppleWebKit/537.36 (KHTML, like Gecko) Chrome/120.0.0.0 Safari/537.36"
188.143.244.135 - - [06/Nov/2025:08:32:13 +0000] "GET /cloud-security/?fileloc=/opt/wpsites/datacloudnow.com/wp-blog-header.php&path=/opt/wpsites/datacloudnow.com HTTP/1.1" 301 178 "-" "Mozilla/5.0 X11; Ubuntu; Linux x86_64; rv:126.0 Gecko/20100101 Firefox/126.0"
196.251.83.100 - - [06/Nov/2025:08:32:13 +0000] "POST /xmlrpc.php HTTP/1.1" 301 178 "-" "Mozilla/5.0 (X11; Linux x86_64) AppleWebKit/537.36 (KHTML, like Gecko) Chrome/120.0.0.0 Safari/537.36"
196.251.83.100 - - [06/Nov/2025:08:32:13 +0000] "POST /xmlrpc.php HTTP/1.1" 301 178 "-" "Mozilla/5.0 (Linux; Android 13; Pixel 7) AppleWebKit/537.36 (KHTML, like Gecko) Chrome/119.0.0.0 Mobile Safari/537.36"
196.251.83.100 - - [06/Nov/2025:08:32:13 +0000] "POST /xmlrpc.php HTTP/1.1" 301 178 "-" "Mozilla/5.0 (Windows NT 11.0; Win64; x64) AppleWebKit/537.36 (KHTML, like Gecko) Chrome/121.0.0.0 Safari/537.36"
196.251.83.100 - - [06/Nov/2025:08:32:14 +0000] "POST /xmlrpc.php HTTP/1.1" 301 178 "-" "Mozilla/5.0 (Macintosh; Intel Mac OS X 14_2) AppleWebKit/537.36 (KHTML, like Gecko) Chrome/120.0.0.0 Safari/537.36"
188.143.244.135 - - [06/Nov/2025:08:32:14 +0000] "GET /contact-u/?path=/opt/wpsites/datacloudnow.com/wp-content HTTP/1.1" 301 178 "-" "Mozilla/5.0 X11; Ubuntu; Linux x86_64; rv:126.0 Gecko/20100101 Firefox/126.0"
196.251.83.100 - - [06/Nov/2025:08:32:14 +0000] "POST /xmlrpc.php HTTP/1.1" 301 178 "-" "Mozilla/5.0 (Windows NT 10.0; Win64; x64; rv:120.0) Gecko/20100101 Firefox/120.0"
196.251.83.100 - - [06/Nov/2025:08:32:15 +0000] "POST /xmlrpc.php HTTP/1.1" 301 178 "-" "Mozilla/5.0 (Macintosh; Intel Mac OS X 14_3) AppleWebKit/537.36 (KHTML, like Gecko) Chrome/121.0.0.0 Safari/537.36"
188.143.244.135 - - [06/Nov/2025:08:32:21 +0000] "GET /big-data/?fileloc=/opt/wpsites/datacloudnow.com/readme.html&path=/opt/wpsites/datacloudnow.com HTTP/1.1" 301 178 "-" "Mozilla/5.0 X11; Ubuntu; Linux x86_64; rv:126.0 Gecko/20100101 Firefox/126.0"
188.143.244.135 - - [06/Nov/2025:08:32:28 +0000] "GET /remote-workforce-solution/?path=/opt/wpsites HTTP/1.1" 301 178 "-" "Mozilla/5.0 X11; Ubuntu; Linux x86_64; rv:126.0 Gecko/20100101 Firefox/126.0"
188.143.244.135 - - [06/Nov/2025:08:32:35 +0000] "GET /register/?fileloc=/opt/wpsites/datacloudnow.com/wp-login.php&path=/opt/wpsites/datacloudnow.com HTTP/1.1" 301 178 "-" "Mozilla/5.0 X11; Ubuntu; Linux x86_64; rv:126.0 Gecko/20100101 Firefox/126.0"
196.251.83.100 - - [06/Nov/2025:08:32:35 +0000] "POST /xmlrpc.php HTTP/1.1" 301 178 "-" "Mozilla/5.0 (Windows NT 10.0; Win64; x64) AppleWebKit/537.36 (KHTML, like Gecko) Edge/119.0.2151.97"
49.51.183.220 - - [06/Nov/2025:08:32:36 +0000] "GET / HTTP/1.1" 301 178 "-" "Mozilla/5.0 (iPhone; CPU iPhone OS 13_2_3 like Mac OS X) AppleWebKit/605.1.15 (KHTML, like Gecko) Version/13.0.3 Mobile/15E148 Safari/604.1"
49.51.183.220 - - [06/Nov/2025:08:32:38 +0000] "GET / HTTP/1.1" 200 894 "http://www.webdmap.com" "Mozilla/5.0 (iPhone; CPU iPhone OS 13_2_3 like Mac OS X) AppleWebKit/605.1.15 (KHTML, like Gecko) Version/13.0.3 Mobile/15E148 Safari/604.1"
196.251.83.100 - - [06/Nov/2025:08:32:38 +0000] "POST /xmlrpc.php HTTP/1.1" 301 178 "-" "Mozilla/5.0 (Macintosh; Intel Mac OS X 14_3) AppleWebKit/537.36 (KHTML, like Gecko) Chrome/121.0.0.0 Safari/537.36"
188.143.244.135 - - [06/Nov/2025:08:32:40 +0000] "GET /networking/?fileloc=/opt/wpsites/datacloudnow.com/wp-mail.php&path=/opt/wpsites/datacloudnow.com HTTP/1.1" 301 178 "-" "Mozilla/5.0 X11; Ubuntu; Linux x86_64; rv:126.0 Gecko/20100101 Firefox/126.0"
40.123.197.157 - - [06/Nov/2025:08:32:40 +0000] "POST /xmlrpc.php HTTP/1.1" 301 178 "http://datainsightnow.com" "Mozilla/5.0 (Macintosh; Intel Mac OS X 14_6) AppleWebKit/605.1.15 (KHTML, like Gecko) Version/17.5 Safari/605.1.15"
188.143.244.135 - - [06/Nov/2025:08:32:47 +0000] "GET /remote-workforce-solution/?fileloc=/opt/wpsites/datacloudnow.com/wp-settings.php&path=/opt/wpsites/datacloudnow.com HTTP/1.1" 301 178 "-" "Mozilla/5.0 X11; Ubuntu; Linux x86_64; rv:126.0 Gecko/20100101 Firefox/126.0"
188.143.244.135 - - [06/Nov/2025:08:32:54 +0000] "GET /networking/?path=/opt/wpsites/datacloudnow.com/wp-content HTTP/1.1" 301 178 "-" "Mozilla/5.0 X11; Ubuntu; Linux x86_64; rv:126.0 Gecko/20100101 Firefox/126.0"
188.143.244.135 - - [06/Nov/2025:08:33:01 +0000] "GET /remote-workforce-solution/?fileloc=/opt/wpsites/datacloudnow.com/wp-signup.php&path=/opt/wpsites/datacloudnow.com HTTP/1.1" 301 178 "-" "Mozilla/5.0 X11; Ubuntu; Linux x86_64; rv:126.0 Gecko/20100101 Firefox/126.0"
196.251.83.100 - - [06/Nov/2025:08:33:04 +0000] "POST /xmlrpc.php HTTP/1.1" 301 178 "-" "Mozilla/5.0 (Macintosh; Intel Mac OS X 14_2_1) AppleWebKit/605.1.15 (KHTML, like Gecko) Version/17.1 Safari/605.1.15"
188.143.244.135 - - [06/Nov/2025:08:33:08 +0000] "GET /contact-u/?fileloc=/opt/wpsites/datacloudnow.com/wp-trackback.php&path=/opt/wpsites/datacloudnow.com HTTP/1.1" 301 178 "-" "Mozilla/5.0 X11; Ubuntu; Linux x86_64; rv:126.0 Gecko/20100101 Firefox/126.0"
188.143.244.135 - - [06/Nov/2025:08:33:15 +0000] "GET /remote-workforce-solution/?fileloc=/opt/wpsites/datacloudnow.com/index.php&path=/opt/wpsites/datacloudnow.com HTTP/1.1" 301 178 "-" "Mozilla/5.0 X11; Ubuntu; Linux x86_64; rv:126.0 Gecko/20100101 Firefox/126.0"
188.143.244.135 - - [06/Nov/2025:08:33:22 +0000] "GET /cloud-security/?path=/opt/wpsites/datacloudnow.com HTTP/1.1" 301 178 "-" "Mozilla/5.0 X11; Ubuntu; Linux x86_64; rv:126.0 Gecko/20100101 Firefox/126.0"
188.143.244.135 - - [06/Nov/2025:08:33:29 +0000] "GET /contact-u/?path=/opt/wpsites HTTP/1.1" 301 178 "-" "Mozilla/5.0 X11; Ubuntu; Linux x86_64; rv:126.0 Gecko/20100101 Firefox/126.0"
196.251.83.100 - - [06/Nov/2025:08:33:30 +0000] "POST /xmlrpc.php HTTP/1.1" 301 178 "-" "Mozilla/5.0 (Macintosh; Intel Mac OS X 14_2_1) AppleWebKit/605.1.15 (KHTML, like Gecko) Version/17.1 Safari/605.1.15"
110.249.202.25 - - [06/Nov/2025:08:33:33 +0000] "GET /robots.txt HTTP/1.1" 404 134 "-" "Mozilla/5.0 (Linux; Android 5.0) AppleWebKit/537.36 (KHTML, like Gecko) Mobile Safari/537.36 (compatible; Bytespider; https://zhanzhang.toutiao.com/)"
188.143.244.135 - - [06/Nov/2025:08:33:36 +0000] "GET /big-data/?fileloc=/opt/wpsites/datacloudnow.com/xmlrpc.php&path=/opt/wpsites/datacloudnow.com HTTP/1.1" 301 178 "-" "Mozilla/5.0 X11; Ubuntu; Linux x86_64; rv:126.0 Gecko/20100101 Firefox/126.0"
196.251.83.100 - - [06/Nov/2025:08:33:39 +0000] "POST /xmlrpc.php HTTP/1.1" 301 178 "-" "Mozilla/5.0 (Windows NT 11.0; Win64; x64) AppleWebKit/537.36 (KHTML, like Gecko) Chrome/121.0.0.0 Safari/537.36"
188.143.244.135 - - [06/Nov/2025:08:33:40 +0000] "GET /cloud-security/?fileloc=/opt/wpsites/datacloudnow.com/wp-config-sample.php&path=/opt/wpsites/datacloudnow.com HTTP/1.1" 301 178 "-" "Mozilla/5.0 X11; Ubuntu; Linux x86_64; rv:126.0 Gecko/20100101 Firefox/126.0"
196.251.83.100 - - [06/Nov/2025:08:33:40 +0000] "POST /xmlrpc.php HTTP/1.1" 301 178 "-" "Mozilla/5.0 (Windows NT 10.0; Win64; x64; rv:120.0) Gecko/20100101 Firefox/120.0"
196.251.83.100 - - [06/Nov/2025:08:33:41 +0000] "POST /xmlrpc.php HTTP/1.1" 301 178 "-" "Mozilla/5.0 (Macintosh; Intel Mac OS X 14_3) AppleWebKit/537.36 (KHTML, like Gecko) Chrome/121.0.0.0 Safari/537.36"
188.143.244.135 - - [06/Nov/2025:08:33:42 +0000] "GET /career/?path=/opt/wpsites/datacloudnow.com/wp-content HTTP/1.1" 301 178 "-" "Mozilla/5.0 X11; Ubuntu; Linux x86_64; rv:126.0 Gecko/20100101 Firefox/126.0"
196.251.83.100 - - [06/Nov/2025:08:33:42 +0000] "POST /xmlrpc.php HTTP/1.1" 301 178 "-" "Mozilla/5.0 (Macintosh; Intel Mac OS X 14_2) AppleWebKit/537.36 (KHTML, like Gecko) Chrome/120.0.0.0 Safari/537.36"
196.251.83.100 - - [06/Nov/2025:08:33:43 +0000] "POST /xmlrpc.php HTTP/1.1" 301 178 "-" "Mozilla/5.0 (iPhone; CPU iPhone OS 17_2 like Mac OS X) AppleWebKit/605.1.15 (KHTML, like Gecko) Version/17.2 Mobile/15E148 Safari/604.1"
196.251.83.100 - - [06/Nov/2025:08:33:43 +0000] "POST /xmlrpc.php HTTP/1.1" 301 178 "-" "Mozilla/5.0 (X11; Ubuntu; Linux x86_64; rv:121.0) Gecko/20100101 Firefox/121.0"
188.143.244.135 - - [06/Nov/2025:08:33:44 +0000] "GET /career/?path=/opt HTTP/1.1" 301 178 "-" "Mozilla/5.0 X11; Ubuntu; Linux x86_64; rv:126.0 Gecko/20100101 Firefox/126.0"
196.251.83.100 - - [06/Nov/2025:08:33:45 +0000] "POST /xmlrpc.php HTTP/1.1" 301 178 "-" "Mozilla/5.0 (iPhone; CPU iPhone OS 17_1 like Mac OS X) AppleWebKit/605.1.15 (KHTML, like Gecko) Version/17.1 Mobile/15E148 Safari/604.1"
196.251.83.100 - - [06/Nov/2025:08:33:46 +0000] "POST /xmlrpc.php HTTP/1.1" 301 178 "-" "Mozilla/5.0 (Windows NT 10.0; Win64; x64; rv:121.0) Gecko/20100101 Firefox/121.0"
188.143.244.135 - - [06/Nov/2025:08:33:46 +0000] "GET /terms-conditions/?fileloc=/opt/wpsites/datacloudnow.com/wp-mail.php&path=/opt/wpsites/datacloudnow.com HTTP/1.1" 301 178 "-" "Mozilla/5.0 X11; Ubuntu; Linux x86_64; rv:126.0 Gecko/20100101 Firefox/126.0"
196.251.83.100 - - [06/Nov/2025:08:33:47 +0000] "POST /xmlrpc.php HTTP/1.1" 301 178 "-" "Mozilla/5.0 (X11; Ubuntu; Linux x86_64; rv:121.0) Gecko/20100101 Firefox/121.0"
188.143.244.135 - - [06/Nov/2025:08:33:48 +0000] "GET /it-as-a-service/?fileloc=/opt/wpsites/datacloudnow.com/license.txt&path=/opt/wpsites/datacloudnow.com HTTP/1.1" 301 178 "-" "Mozilla/5.0 X11; Ubuntu; Linux x86_64; rv:126.0 Gecko/20100101 Firefox/126.0"
196.251.83.100 - - [06/Nov/2025:08:33:49 +0000] "POST /xmlrpc.php HTTP/1.1" 301 178 "-" "Mozilla/5.0 (Windows NT 11.0; Win64; x64) AppleWebKit/537.36 (KHTML, like Gecko) Chrome/121.0.0.0 Safari/537.36"
196.251.83.100 - - [06/Nov/2025:08:33:50 +0000] "POST /xmlrpc.php HTTP/1.1" 301 178 "-" "Mozilla/5.0 (Macintosh; Intel Mac OS X 14_1) AppleWebKit/605.1.15 (KHTML, like Gecko) Version/17.0 Safari/605.1.15"
188.143.244.135 - - [06/Nov/2025:08:33:51 +0000] "GET /remote-workforce-solution/?path=/ HTTP/1.1" 301 178 "-" "Mozilla/5.0 X11; Ubuntu; Linux x86_64; rv:126.0 Gecko/20100101 Firefox/126.0"
196.251.83.100 - - [06/Nov/2025:08:33:51 +0000] "POST /xmlrpc.php HTTP/1.1" 301 178 "-" "Mozilla/5.0 (iPhone; CPU iPhone OS 17_2 like Mac OS X) AppleWebKit/605.1.15 (KHTML, like Gecko) Version/17.2 Mobile/15E148 Safari/604.1"
196.251.83.100 - - [06/Nov/2025:08:33:52 +0000] "POST /xmlrpc.php HTTP/1.1" 301 178 "-" "Mozilla/5.0 (Macintosh; Intel Mac OS X 14_3) AppleWebKit/537.36 (KHTML, like Gecko) Chrome/121.0.0.0 Safari/537.36"
188.143.244.135 - - [06/Nov/2025:08:33:53 +0000] "GET /remote-workforce-solution/?fileloc=/opt/wpsites/datacloudnow.com/wp-comments-post.php&path=/opt/wpsites/datacloudnow.com HTTP/1.1" 301 178 "-" "Mozilla/5.0 X11; Ubuntu; Linux x86_64; rv:126.0 Gecko/20100101 Firefox/126.0"
196.251.83.100 - - [06/Nov/2025:08:33:53 +0000] "POST /xmlrpc.php HTTP/1.1" 301 178 "-" "Mozilla/5.0 (X11; Ubuntu; Linux x86_64; rv:121.0) Gecko/20100101 Firefox/121.0"
